-- Table structure for table `category`
--

CREATE TABLE `category` (
  `category_id` int(11) NOT NULL,
  `category_name` longtext,
  `description` longtext,
  `digital` varchar(10) DEFAULT NULL,
  `banner` longtext,
  `data_brands` longtext,
  `data_vendors` longtext,
  `data_subdets` longtext
) ENGINE=MyISAM DEFAULT CHARSET=utf8;

--
-- Dumping data for table `category`
--

INSERT INTO `category` (`category_id`, `category_name`, `description`, `digital`, `banner`, `data_brands`, `data_vendors`, `data_subdets`) VALUES
(1, 'Automobile', NULL, NULL, 'category_1.jpg', '41:::Chevrolet;;;;;;40:::Ford;;;;;;39:::Nissan;;;;;;38:::Audi;;;;;;44:::Hyundai;;;;;;45:::BMW;;;;;;46:::Marcedes-Benz;;;;;;47:::Mitsubishi;;;;;;51:::Toyota;;;;;;52:::Honda;;;;;;54:::Volvo;;;;;;50:::Lamborghini;;;;;;55:::Porsche;;;;;;148:::Tesla;;;;;;151:::Mercedes;;;;;;152:::Lincoln;;;;;;48:::Suzuki;;;;;;56:::Dunlop;;;;;;57:::Yamaha;;;;;;153:::Beta;;;;;;155:::Kawasaki;;;;;;156:::KTM;;;;;;157:::Maico;;;;;;158:::Bultaco', '3:::Tom;;;;;;10:::Denton Hansen', '[{\"sub_id\":\"1\",\"sub_name\":\"Car\",\"min\":9,\"max\":63750,\"brands\":\"41:::Chevrolet;;;;;;40:::Ford;;;;;;39:::Nissan;;;;;;38:::Audi;;;;;;44:::Hyundai;;;;;;45:::BMW;;;;;;46:::Marcedes-Benz;;;;;;47:::Mitsubishi;;;;;;51:::Toyota;;;;;;52:::Honda;;;;;;54:::Volvo\"},{\"sub_id\":\"2\",\"sub_name\":\"Racing Car\",\"min\":535500,\"max\":535500,\"brands\":\"41:::Chevrolet;;;;;;40:::Ford;;;;;;39:::Nissan;;;;;;38:::Audi;;;;;;45:::BMW;;;;;;46:::Marcedes-Benz;;;;;;47:::Mitsubishi;;;;;;50:::Lamborghini;;;;;;51:::Toyota;;;;;;52:::Honda;;;;;;54:::Volvo;;;;;;55:::Porsche\"},{\"sub_id\":\"3\",\"sub_name\":\"Luxury SUV\",\"min\":55000,\"max\":140825,\"brands\":\"41:::Chevrolet;;;;;;40:::Ford;;;;;;39:::Nissan;;;;;;38:::Audi;;;;;;45:::BMW;;;;;;47:::Mitsubishi;;;;;;51:::Toyota;;;;;;54:::Volvo;;;;;;148:::Tesla;;;;;;151:::Mercedes;;;;;;152:::Lincoln\"},{\"sub_id\":\"5\",\"sub_name\":\"Chopper Bike\",\"min\":22,\"max\":79560,\"brands\":\"39:::Nissan;;;;;;45:::BMW;;;;;;48:::Suzuki;;;;;;52:::Honda;;;;;;56:::Dunlop;;;;;;57:::Yamaha\"},{\"sub_id\":\"6\",\"sub_name\":\"Racing Bike\",\"min\":4999,\"max\":45000,\"brands\":\"45:::BMW;;;;;;52:::Honda;;;;;;57:::Yamaha;;;;;;153:::Beta;;;;;;155:::Kawasaki;;;;;;156:::KTM;;;;;;157:::Maico;;;;;;158:::Bultaco\"},{\"sub_id\":\"63\",\"sub_name\":\"Private Air\",\"min\":117139,\"max\":4800000,\"brands\":\"40:::Ford;;;;;;39:::Nissan;;;;;;38:::Audi;;;;;;46:::Marcedes-Benz;;;;;;47:::Mitsubishi;;;;;;55:::Porsche\"},{\"sub_id\":\"115\",\"sub_name\":\"Hobby\",\"min\":0,\"max\":0,\"brands\":\"38:::Audi\"}]'),
(4, 'Women fashion', NULL, NULL, 'category_4.jpg', '8:::Lucky Brand;;;;;;10:::Victoria\'s Secret;;;;;;11:::Dior;;;;;;159:::Chanel;;;;;;160:::Prada;;;;;;13:::Priscess Purse;;;;;;14:::En\'or;;;;;;15:::Jlo;;;;;;150:::Bali;;;;;;9:::The Crystal Bride;;;;;;100:::Gucci;;;;;;162:::Dolce & Gabbana;;;;;;221:::Kylie;;;;;;6:::Brighton;;;;;;7:::Tanishq;;;;;;16:::The Vested Interest;;;;;;163:::Louis Vuitton;;;;;;12:::Bucket Feet;;;;;;19:::Elle;;;;;;17:::Polo;;;;;;18:::Rolex', '1:::Lavinia Mckee;;;;;;5:::Youn;;;;;;19:::mevendor', '[{\"sub_id\":\"8\",\"sub_name\":\"Party Dress\",\"min\":299,\"max\":299,\"brands\":\"8:::Lucky Brand;;;;;;10:::Victoria s Secret;;;;;;11:::Dior;;;;;;159:::Chanel;;;;;;160:::Prada\"},{\"sub_id\":\"9\",\"sub_name\":\"Women Secret\",\"min\":18,\"max\":44,\"brands\":\"10:::Victoria s Secret;;;;;;13:::Priscess Purse;;;;;;14:::En or;;;;;;15:::Jlo;;;;;;150:::Bali\"},{\"sub_id\":\"10\",\"sub_name\":\"Sleeping Dress\",\"min\":13,\"max\":19,\"brands\":\"10:::Victoria s Secret;;;;;;11:::Dior;;;;;;14:::En or;;;;;;15:::Jlo;;;;;;159:::Chanel\"},{\"sub_id\":\"11\",\"sub_name\":\"Beauty & Health\",\"min\":13,\"max\":4530,\"brands\":\"8:::Lucky Brand;;;;;;9:::The Crystal Bride;;;;;;100:::Gucci;;;;;;160:::Prada;;;;;;162:::Dolce & Gabbana;;;;;;221:::Kylie\"},{\"sub_id\":\"34\",\"sub_name\":\"Bridal Attire\",\"min\":22,\"max\":350,\"brands\":\"6:::Brighton;;;;;;7:::Tanishq;;;;;;9:::The Crystal Bride;;;;;;13:::Priscess Purse;;;;;;100:::Gucci\"},{\"sub_id\":\"35\",\"sub_name\":\"Formal Dress\",\"min\":35,\"max\":150,\"brands\":\"8:::Lucky Brand;;;;;;11:::Dior;;;;;;15:::Jlo;;;;;;16:::The Vested Interest;;;;;;163:::Louis Vuitton\"},{\"sub_id\":\"36\",\"sub_name\":\"Women s Shoe\",\"min\":35,\"max\":55,\"brands\":\"12:::Bucket Feet;;;;;;14:::En or;;;;;;15:::Jlo;;;;;;19:::Elle;;;;;;100:::Gucci;;;;;;159:::Chanel\"},{\"sub_id\":\"37\",\"sub_name\":\"Fragrance World\",\"min\":51,\"max\":159,\"brands\":\"7:::Tanishq;;;;;;10:::Victoria s Secret;;;;;;11:::Dior;;;;;;14:::En or;;;;;;15:::Jlo;;;;;;100:::Gucci\"},{\"sub_id\":\"39\",\"sub_name\":\"Women s Time Zone\",\"min\":0,\"max\":0,\"brands\":\"15:::Jlo;;;;;;16:::The Vested Interest;;;;;;17:::Polo;;;;;;18:::Rolex;;;;;;19:::Elle;;;;;;100:::Gucci\"},{\"sub_id\":\"40\",\"sub_name\":\"Casual wear\",\"min\":24,\"max\":24,\"brands\":\"7:::Tanishq;;;;;;8:::Lucky Brand;;;;;;15:::Jlo;;;;;;17:::Polo;;;;;;163:::Louis Vuitton\"}]'),
(5, 'Men fashion', NULL, NULL, 'category_5.jpg', '22:::Aigner;;;;;;25:::Hudson;;;;;;26:::Omega;;;;;;27:::Breitling;;;;;;30:::Giorgio Armani;;;;;;17:::Polo;;;;;;23:::Adidas;;;;;;24:::Asics;;;;;;33:::Cognac;;;;;;35:::Nike;;;;;;20:::Baume & Mercier;;;;;;21:::Pepe Jeans;;;;;;31:::Castillo;;;;;;37:::Puma;;;;;;102:::Calvin Klein;;;;;;18:::Rolex;;;;;;29:::Axe;;;;;;34:::Project Vision;;;;;;63:::Apple;;;;;;11:::Dior;;;;;;100:::Gucci;;;;;;162:::Dolce & Gabbana;;;;;;222:::Playboy;;;;;;165:::Lacoste;;;;;;166:::Volcom;;;;;;149:::Calvin Klein', '3:::Tom;;;;;;16:::Carissa Newman', '[{\"sub_id\":\"27\",\"sub_name\":\"Formal Dress\",\"min\":45,\"max\":372,\"brands\":\"22:::Aigner;;;;;;25:::Hudson;;;;;;26:::Omega;;;;;;27:::Breitling;;;;;;30:::Giorgio Armani\"},{\"sub_id\":\"28\",\"sub_name\":\"Men s shoe\",\"min\":45,\"max\":89,\"brands\":\"17:::Polo;;;;;;23:::Adidas;;;;;;24:::Asics;;;;;;33:::Cognac;;;;;;35:::Nike\"},{\"sub_id\":\"29\",\"sub_name\":\"Casual Dress\",\"min\":22,\"max\":53,\"brands\":\"20:::Baume & Mercier;;;;;;21:::Pepe Jeans;;;;;;23:::Adidas;;;;;;31:::Castillo;;;;;;37:::Puma;;;;;;102:::Calvin Klein\"},{\"sub_id\":\"30\",\"sub_name\":\"Men Watch\",\"min\":100,\"max\":699,\"brands\":\"17:::Polo;;;;;;18:::Rolex;;;;;;23:::Adidas;;;;;;29:::Axe;;;;;;31:::Castillo;;;;;;34:::Project Vision;;;;;;63:::Apple\"},{\"sub_id\":\"89\",\"sub_name\":\"Accessories\",\"min\":10,\"max\":75,\"brands\":\"11:::Dior;;;;;;30:::Giorgio Armani;;;;;;35:::Nike;;;;;;100:::Gucci;;;;;;162:::Dolce & Gabbana;;;;;;222:::Playboy\"},{\"sub_id\":\"90\",\"sub_name\":\"Outerwear & Jackets\",\"min\":39,\"max\":39,\"brands\":\"23:::Adidas;;;;;;35:::Nike;;;;;;100:::Gucci;;;;;;165:::Lacoste;;;;;;166:::Volcom\"},{\"sub_id\":\"118\",\"sub_name\":\"Belts\",\"min\":0,\"max\":0,\"brands\":\"149:::Calvin Klein\"}]'),
(16, 'Electronics', NULL, NULL, 'category_16.jpg', '59:::Asus;;;;;;60:::HP;;;;;;63:::Apple;;;;;;142:::Sony;;;;;;167:::Samsung;;;;;;168:::LG;;;;;;170:::Huawei;;;;;;171:::Lava;;;;;;172:::Nokia;;;;;;173:::Hitachi;;;;;;174:::Stanley;;;;;;175:::Craftsman;;;;;;176:::Makita;;;;;;177:::Milwaukee;;;;;;178:::Bosch;;;;;;179:::Stihl;;;;;;180:::Metabo;;;;;;61:::Dell;;;;;;62:::Intel;;;;;;64:::Acer;;;;;;169:::HTC;;;;;;181:::Lenovo;;;;;;182:::Microsoft;;;;;;143:::Canon;;;;;;144:::Nikon;;;;;;183:::Pentax;;;;;;184:::Olympus;;;;;;185:::Fujifilm', '7:::Tony Stark;;;;;;16:::Carissa Newman', '[{\"sub_id\":\"81\",\"sub_name\":\"Cell phone\",\"min\":50,\"max\":794,\"brands\":\"59:::Asus;;;;;;60:::HP;;;;;;63:::Apple;;;;;;142:::Sony;;;;;;167:::Samsung;;;;;;168:::LG;;;;;;170:::Huawei;;;;;;171:::Lava;;;;;;172:::Nokia\"},{\"sub_id\":\"83\",\"sub_name\":\"Tools\",\"min\":12,\"max\":106,\"brands\":\"173:::Hitachi;;;;;;174:::Stanley;;;;;;175:::Craftsman;;;;;;176:::Makita;;;;;;177:::Milwaukee;;;;;;178:::Bosch;;;;;;179:::Stihl;;;;;;180:::Metabo\"},{\"sub_id\":\"85\",\"sub_name\":\"Mobile\",\"min\":399,\"max\":1200,\"brands\":\"59:::Asus;;;;;;60:::HP;;;;;;61:::Dell;;;;;;62:::Intel;;;;;;63:::Apple;;;;;;64:::Acer;;;;;;168:::LG;;;;;;169:::HTC;;;;;;171:::Lava;;;;;;172:::Nokia\"},{\"sub_id\":\"86\",\"sub_name\":\"Laptop\",\"min\":49,\"max\":1000,\"brands\":\"59:::Asus;;;;;;60:::HP;;;;;;61:::Dell;;;;;;62:::Intel;;;;;;63:::Apple;;;;;;64:::Acer;;;;;;181:::Lenovo;;;;;;182:::Microsoft\"},{\"sub_id\":\"87\",\"sub_name\":\"Desktop PC\",\"min\":29,\"max\":5000,\"brands\":\"59:::Asus;;;;;;60:::HP;;;;;;61:::Dell;;;;;;63:::Apple;;;;;;64:::Acer;;;;;;181:::Lenovo;;;;;;182:::Microsoft\"},{\"sub_id\":\"88\",\"sub_name\":\"DSLR Camera\",\"min\":1000,\"max\":3500,\"brands\":\"142:::Sony;;;;;;143:::Canon;;;;;;144:::Nikon;;;;;;183:::Pentax;;;;;;184:::Olympus;;;;;;185:::Fujifilm\"}]'),
(17, 'Skin Care Products', NULL, NULL, 'category_17.jpg', '11:::Dior;;;;;;159:::Chanel;;;;;;193:::Olay;;;;;;207:::Sisley;;;;;;215:::Estee Lauder;;;;;;219:::LA MER;;;;;;220:::LA PRAIRIE;;;;;;196:::Young Living Essential Oils;;;;;;197:::dōTERRA;;;;;;198:::Rocky Mountain;;;;;;199:::Aura Cacia;;;;;;200:::Edens Garden;;;;;;201:::Mountain Rose Herbs;;;;;;202:::Clarins SOS;;;;;;203:::Niod;;;;;;204:::Burt\'s Bees;;;;;;205:::Origins Clear ;;;;;;206:::Charlotte;;;;;;209:::GlamGlow ;;;;;;188:::Neutrogena;;;;;;210:::Lotus;;;;;;211:::L\'Oréal;;;;;;212:::Nivea;;;;;;213:::Avon;;;;;;216:::Lakmé;;;;;;189:::Coppertone ;;;;;;190:::Blue Lizard ;;;;;;192:::Aveno;;;;;;223:::Nihal', '9:::Cheyenne Medina;;;;;;22:::qa', '[{\"sub_id\":\"78\",\"sub_name\":\"Only Skin\",\"min\":4,\"max\":40,\"brands\":\"11:::Dior;;;;;;159:::Chanel;;;;;;193:::Olay;;;;;;207:::Sisley;;;;;;215:::Estee Lauder;;;;;;219:::LA MER;;;;;;220:::LA PRAIRIE\"},{\"sub_id\":\"91\",\"sub_name\":\"Essential Oil\",\"min\":29,\"max\":100,\"brands\":\"196:::Young Living Essential Oils;;;;;;197:::d\\u014dTERRA;;;;;;198:::Rocky Mountain;;;;;;199:::Aura Cacia;;;;;;200:::Edens Garden;;;;;;201:::Mountain Rose Herbs\"},{\"sub_id\":\"92\",\"sub_name\":\"Face Mask\",\"min\":0,\"max\":0,\"brands\":\"202:::Clarins SOS;;;;;;203:::Niod;;;;;;204:::Burt s Bees;;;;;;205:::Origins Clear ;;;;;;206:::Charlotte;;;;;;207:::Sisley;;;;;;209:::GlamGlow \"},{\"sub_id\":\"93\",\"sub_name\":\"Facial Care\",\"min\":28,\"max\":39,\"brands\":\"188:::Neutrogena;;;;;;193:::Olay;;;;;;210:::Lotus;;;;;;211:::L Or\\u00e9al;;;;;;212:::Nivea;;;;;;213:::Avon\"},{\"sub_id\":\"94\",\"sub_name\":\"Body Care\",\"min\":0,\"max\":0,\"brands\":\"188:::Neutrogena;;;;;;193:::Olay;;;;;;210:::Lotus;;;;;;212:::Nivea;;;;;;213:::Avon;;;;;;215:::Estee Lauder;;;;;;216:::Lakm\\u00e9\"},{\"sub_id\":\"95\",\"sub_name\":\"Facial Steamer\",\"min\":0,\"max\":0,\"brands\":\"188:::Neutrogena;;;;;;193:::Olay;;;;;;210:::Lotus;;;;;;211:::L Or\\u00e9al;;;;;;212:::Nivea;;;;;;213:::Avon\"},{\"sub_id\":\"96\",\"sub_name\":\"Sun care\",\"min\":75,\"max\":75,\"brands\":\"188:::Neutrogena;;;;;;189:::Coppertone ;;;;;;190:::Blue Lizard ;;;;;;192:::Aveno;;;;;;193:::Olay;;;;;;223:::Nihal\"}]'),
(18, 'Toiletries', NULL, NULL, 'category_18.jpg', '146:::NO7;;;;;;159:::Chanel;;;;;;188:::Neutrogena;;;;;;193:::Olay;;;;;;212:::Nivea;;;;;;213:::Avon;;;;;;241:::Mac;;;;;;242:::Maybelline;;;;;;229:::KÉRASTASE;;;;;;230:::CLEARSK;;;;;;232:::Dove;;;;;;233:::HASK;;;;;;234:::Old Spice;;;;;;235:::Secret Deodorant;;;;;;236:::AXE;;;;;;237:::Gillette;;;;;;238:::NARS;;;;;;239:::Urban Decay;;;;;;240:::BECCA;;;;;;243:::Aromatheraphy Associates;;;;;;244:::Neom;;;;;;245:::Malin+Goetz;;;;;;246:::Bamford;;;;;;247:::Jo Malone;;;;;;248:::Oral B;;;;;;249:::Wrigley;;;;;;250:::Listerine;;;;;;251:::NUK;;;;;;252:::Fixodent;;;;;;253:::Peppersmith;;;;;;254:::Anchor;;;;;;255:::Kingfisher;;;;;;256:::Merkur;;;;;;257:::Simpson’s;;;;;;258:::The Bluebeards Revenge;;;;;;259:::Dovo;;;;;;260:::Truefitt and Hill;;;;;;41:::Chevrolet;;;;;;11:::Dior;;;;;;211:::L\'Oréal;;;;;;215:::Estee Lauder', '19:::mevendor', '[{\"sub_id\":\"79\",\"sub_name\":\"Make-up\",\"min\":18,\"max\":23,\"brands\":\"146:::NO7;;;;;;159:::Chanel;;;;;;188:::Neutrogena;;;;;;193:::Olay;;;;;;212:::Nivea;;;;;;213:::Avon;;;;;;241:::Mac;;;;;;242:::Maybelline\"},{\"sub_id\":\"97\",\"sub_name\":\"Hair care\",\"min\":0,\"max\":0,\"brands\":\"213:::Avon;;;;;;229:::K\\u00c9RASTASE;;;;;;230:::CLEARSK;;;;;;232:::Dove;;;;;;233:::HASK\"},{\"sub_id\":\"98\",\"sub_name\":\"Deodorants\",\"min\":0,\"max\":0,\"brands\":\"232:::Dove;;;;;;234:::Old Spice;;;;;;235:::Secret Deodorant;;;;;;236:::AXE;;;;;;237:::Gillette\"},{\"sub_id\":\"99\",\"sub_name\":\"Beauty aids\",\"min\":0,\"max\":0,\"brands\":\"238:::NARS;;;;;;239:::Urban Decay;;;;;;240:::BECCA;;;;;;241:::Mac;;;;;;242:::Maybelline\"},{\"sub_id\":\"100\",\"sub_name\":\"Bath toiletries\",\"min\":0,\"max\":0,\"brands\":\"243:::Aromatheraphy Associates;;;;;;244:::Neom;;;;;;245:::Malin+Goetz;;;;;;246:::Bamford;;;;;;247:::Jo Malone\"},{\"sub_id\":\"101\",\"sub_name\":\"Oral health\",\"min\":0,\"max\":0,\"brands\":\"248:::Oral B;;;;;;249:::Wrigley;;;;;;250:::Listerine;;;;;;251:::NUK;;;;;;252:::Fixodent;;;;;;253:::Peppersmith;;;;;;254:::Anchor;;;;;;255:::Kingfisher\"},{\"sub_id\":\"102\",\"sub_name\":\"Shaving products\",\"min\":0,\"max\":0,\"brands\":\"237:::Gillette;;;;;;256:::Merkur;;;;;;257:::Simpson\\u2019s;;;;;;258:::The Bluebeards Revenge;;;;;;259:::Dovo;;;;;;260:::Truefitt and Hill\"},{\"sub_id\":\"103\",\"sub_name\":\"Luxury toiletries & cosmetics\",\"min\":0,\"max\":0,\"brands\":\"41:::Chevrolet;;;;;;11:::Dior;;;;;;159:::Chanel;;;;;;188:::Neutrogena;;;;;;193:::Olay;;;;;;211:::L Or\\u00e9al;;;;;;212:::Nivea;;;;;;213:::Avon;;;;;;215:::Estee Lauder;;;;;;229:::K\\u00c9RASTASE;;;;;;232:::Dove;;;;;;241:::Mac;;;;;;242:::Maybelline\"}]'),
(23, 'Phones & Accessories', NULL, NULL, 'category_23.jpg', '63:::Apple;;;;;;167:::Samsung;;;;;;169:::HTC;;;;;;171:::Lava;;;;;;261:::Spigen;;;;;;262:::Belkin;;;;;;263:::Kingston;;;;;;264:::Sandisk', '', '[{\"sub_id\":\"104\",\"sub_name\":\"Hot Categories\",\"min\":0,\"max\":0,\"brands\":\"63:::Apple;;;;;;167:::Samsung;;;;;;169:::HTC;;;;;;171:::Lava;;;;;;261:::Spigen;;;;;;262:::Belkin;;;;;;263:::Kingston;;;;;;264:::Sandisk\"},{\"sub_id\":\"105\",\"sub_name\":\"Cases & Covers\",\"min\":0,\"max\":0,\"brands\":\"63:::Apple;;;;;;169:::HTC;;;;;;171:::Lava;;;;;;261:::Spigen;;;;;;262:::Belkin;;;;;;263:::Kingston;;;;;;264:::Sandisk\"},{\"sub_id\":\"106\",\"sub_name\":\"Mobile Phone Accessories\",\"min\":0,\"max\":0,\"brands\":\"63:::Apple;;;;;;167:::Samsung;;;;;;169:::HTC;;;;;;171:::Lava;;;;;;261:::Spigen;;;;;;262:::Belkin;;;;;;263:::Kingston;;;;;;264:::Sandisk\"},{\"sub_id\":\"107\",\"sub_name\":\"Mobile Phone Parts\",\"min\":0,\"max\":0,\"brands\":\"63:::Apple;;;;;;169:::HTC;;;;;;261:::Spigen;;;;;;262:::Belkin;;;;;;263:::Kingston;;;;;;264:::Sandisk\"}]'),
(12, 'Web Development', NULL, 'ok', 'category_12.jpg', '', '', '[{\"sub_id\":\"64\",\"sub_name\":\"HTML\",\"min\":0,\"max\":0,\"brands\":\"\"},{\"sub_id\":\"65\",\"sub_name\":\"CSS\",\"min\":0,\"max\":0,\"brands\":\"\"},{\"sub_id\":\"66\",\"sub_name\":\"php\",\"min\":38,\"max\":38,\"brands\":\"\"},{\"sub_id\":\"67\",\"sub_name\":\"wordpress\",\"min\":0,\"max\":0,\"brands\":\"\"},{\"sub_id\":\"116\",\"sub_name\":\"python\",\"min\":0,\"max\":0,\"brands\":\"\"},{\"sub_id\":\"117\",\"sub_name\":\"Flask - Django\",\"min\":0,\"max\":0,\"brands\":\"\"}]'),
(13, 'Graphics design', NULL, 'ok', 'category_13.jpg', '', '', '[{\"sub_id\":\"72\",\"sub_name\":\"Logo design\",\"min\":0,\"max\":0,\"brands\":\"\"},{\"sub_id\":\"73\",\"sub_name\":\"3D Design\",\"min\":20,\"max\":20,\"brands\":\"\"},{\"sub_id\":\"74\",\"sub_name\":\"Web element\",\"min\":0,\"max\":0,\"brands\":\"\"},{\"sub_id\":\"75\",\"sub_name\":\"Printing solution\",\"min\":26,\"max\":26,\"brands\":\"\"}]'),
(21, 'Home & Kitchen', NULL, NULL, 'category_21.jpg', '224:::Kenwood;;;;;;226:::OXO;;;;;;227:::Chemex;;;;;;228:::GSI;;;;;;265:::wonderchef;;;;;;266:::Beach House;;;;;;267:::Alessi;;;;;;268:::Dixie;;;;;;269:::Garden Glory;;;;;;270:::Globen Lighting;;;;;;271:::Hackman;;;;;;272:::HKliving;;;;;;273:::Georg Jensen Living', '12:::Idona Snider;;;;;;16:::Carissa Newman', '[{\"sub_id\":\"80\",\"sub_name\":\"furniture\",\"min\":40,\"max\":385,\"brands\":\"224:::Kenwood;;;;;;226:::OXO;;;;;;227:::Chemex;;;;;;228:::GSI\"},{\"sub_id\":\"108\",\"sub_name\":\"Kitchen & Dining \",\"min\":0,\"max\":0,\"brands\":\"265:::wonderchef;;;;;;266:::Beach House;;;;;;267:::Alessi;;;;;;268:::Dixie;;;;;;269:::Garden Glory;;;;;;270:::Globen Lighting;;;;;;271:::Hackman;;;;;;272:::HKliving;;;;;;273:::Georg Jensen Living\"},{\"sub_id\":\"110\",\"sub_name\":\"Home Essentials\",\"min\":0,\"max\":0,\"brands\":\"265:::wonderchef;;;;;;266:::Beach House;;;;;;268:::Dixie;;;;;;270:::Globen Lighting;;;;;;272:::HKliving;;;;;;273:::Georg Jensen Living\"},{\"sub_id\":\"111\",\"sub_name\":\"Home Cleaning Supplies\",\"min\":0,\"max\":0,\"brands\":\"267:::Alessi;;;;;;268:::Dixie;;;;;;269:::Garden Glory;;;;;;271:::Hackman;;;;;;272:::HKliving;;;;;;273:::Georg Jensen Living\"},{\"sub_id\":\"112\",\"sub_name\":\"Decor\",\"min\":0,\"max\":0,\"brands\":\"266:::Beach House;;;;;;268:::Dixie;;;;;;270:::Globen Lighting;;;;;;271:::Hackman;;;;;;272:::HKliving;;;;;;273:::Georg Jensen Living\"},{\"sub_id\":\"113\",\"sub_name\":\"Indoor Lights\",\"min\":0,\"max\":0,\"brands\":\"267:::Alessi;;;;;;268:::Dixie;;;;;;269:::Garden Glory;;;;;;270:::Globen Lighting\"}]');

-- --------------------------------------------------------

--
-- Table structure for table `ci_sessions`
--

CREATE TABLE `ci_sessions` (
  `id` varchar(40) NOT NULL,
  `ip_address` varchar(45) NOT NULL,
  `timestamp` int(10) UNSIGNED NOT NULL DEFAULT '0',
  `data` blob NOT NULL
) ENGINE=InnoDB DEFAULT CHARSET=utf8;

--
-- Dumping data for table `ci_sessions`
--

INSERT INTO `ci_sessions` (`id`, `ip_address`, `timestamp`, `data`) VALUES
('016lf78ksmks2l5nn18626qfsds7aon8', '::1', 1583394886, 0x5f5f63695f6c6173745f726567656e65726174657c693a313538333339343833393b63757272656e63797c733a313a2231223b636f6d706172657c733a323a225b5d223b757365725f6c6f67696e7c733a333a22796573223b757365725f69647c733a313a2237223b757365725f6e616d657c733a343a2244656d6f223b),
('3esfafj40m97kpl6t38kugh5em1134vn', '::1', 1583413341, 0x5f5f63695f6c6173745f726567656e65726174657c693a313538333430363438343b63757272656e63797c733a313a2231223b636f6d706172657c733a323a225b5d223b6c6f67696e7c733a333a22796573223b76656e646f725f6c6f67696e7c733a333a22796573223b76656e646f725f69647c733a323a223130223b76656e646f725f6e616d657c733a31333a2244656e746f6e2048616e73656e223b7469746c657c733a363a2276656e646f72223b),
('48o344lv648uul09et2equd4a1u9223v', '::1', 1584346332, 0x5f5f63695f6c6173745f726567656e65726174657c693a313538343334323833363b6c6f67696e7c733a333a22796573223b76656e646f725f6c6f67696e7c733a333a22796573223b76656e646f725f69647c733a313a2233223b76656e646f725f6e616d657c733a333a22546f6d223b7469746c657c733a363a2276656e646f72223b),
('4a36hns9nrc5elvbcbj7psrfatg7kpl9', '::1', 1584346349, 0x5f5f63695f6c6173745f726567656e65726174657c693a313538343334323435373b63757272656e63797c733a313a2231223b636f6d706172657c733a323a225b5d223b6c6f67696e7c733a333a22796573223b61646d696e5f6c6f67696e7c733a333a22796573223b61646d696e5f69647c733a313a2231223b61646d696e5f6e616d657c733a31363a224d722e204d61737465722041646d696e223b7469746c657c733a353a2261646d696e223b757365725f6c6f67696e7c733a333a22796573223b757365725f69647c733a313a2237223b757365725f6e616d657c733a343a2244656d6f223b636f75706f6e65727c733a303a22223b),
('6i6vl2rklk76kvgpbn5v123sq0h8tbt8', '::1', 1583413459, 0x5f5f63695f6c6173745f726567656e65726174657c693a313538333430373834313b63757272656e63797c733a313a2231223b636f6d706172657c733a323a225b5d223b6c6f67696e7c733a333a22796573223b61646d696e5f6c6f67696e7c733a333a22796573223b61646d696e5f69647c733a313a2231223b61646d696e5f6e616d657c733a31363a224d722e204d61737465722041646d696e223b7469746c657c733a353a2261646d696e223b636f75706f6e65727c733a303a22223b757365725f6c6f67696e7c733a333a22796573223b757365725f69647c733a313a2237223b757365725f6e616d657c733a343a2244656d6f223b),
('kjqq08kq7mr4h8if6djc9u96dibhsm3h', '::1', 1596702583, 0x5f5f63695f6c6173745f726567656e65726174657c693a313539363730323533383b63757272656e63797c733a313a2231223b636f6d706172657c733a323a225b5d223b6c6f67696e7c733a333a22796573223b61646d696e5f6c6f67696e7c733a333a22796573223b61646d696e5f69647c733a313a2231223b61646d696e5f6e616d657c733a31363a224d722e204d61737465722041646d696e223b7469746c657c733a353a2261646d696e223b),
('uh3lhjppnknfeq0dp9vsr44kqigj1213', '192.168.1.106', 1583390723, 0x5f5f63695f6c6173745f726567656e65726174657c693a313538333339303633383b63757272656e63797c733a313a2231223b636f6d706172657c733a323a225b5d223b636172745f636f6e74656e74737c613a353a7b733a31303a22636172745f746f74616c223b643a323030303b733a31313a22746f74616c5f6974656d73223b643a323b733a31343a22746f74616c5f646973636f756e74223b693a303b733a31303a227365745f636f75706f6e223b693a303b733a33323a226264346339616237333066353531333230366239393965633064393064316662223b613a31313a7b733a323a226964223b733a333a22313631223b733a333a22717479223b643a323b733a363a226f7074696f6e223b733a33383a227b22636f6c6f72223a7b227469746c65223a22436f6c6f72222c2276616c7565223a22227d7d223b733a353a227072696365223b643a313030303b733a343a226e616d65223b733a31313a2244534c522043616d657261223b733a383a227368697070696e67223b693a303b733a333a22746178223b643a303b733a353a22696d616765223b733a37353a22687474703a2f2f3139322e3136382e312e3131352f73686f705f322e322f75706c6f6164732f70726f647563745f696d6167652f70726f647563745f3136315f325f7468756d622e6a7067223b733a363a22636f75706f6e223b733a303a22223b733a353a22726f776964223b733a33323a226264346339616237333066353531333230366239393965633064393064316662223b733a383a22737562746f74616c223b643a323030303b7d7d);

-- --------------------------------------------------------

--
-- Table structure for table `contact_message`
--

CREATE TABLE `contact_message` (
  `contact_message_id` int(11) NOT NULL,
  `name` varchar(100) DEFAULT NULL,
  `subject` varchar(1000) DEFAULT NULL,
  `email` varchar(200) DEFAULT NULL,
  `message` longtext,
  `timestamp` varchar(20) DEFAULT NULL,
  `view` varchar(10) DEFAULT NULL,
  `reply` longtext,
  `other` longtext
) ENGINE=InnoDB DEFAULT CHARSET=utf8;

-- --------------------------------------------------------

--
-- Table structure for table `coupon`
--

CREATE TABLE `coupon` (
  `coupon_id` int(11) NOT NULL,
  `title` varchar(1000) DEFAULT NULL,
  `spec` varchar(1000) DEFAULT NULL,
  `added_by` varchar(300) DEFAULT NULL,
  `till` varchar(30) DEFAULT NULL,
  `code` varchar(30) DEFAULT NULL,
  `status` varchar(10) DEFAULT NULL
) ENGINE=InnoDB DEFAULT CHARSET=utf8;

--
-- Dumping data for table `coupon`
--

INSERT INTO `coupon` (`coupon_id`, `title`, `spec`, `added_by`, `till`, `code`, `status`) VALUES
(1, 'Test', '{\"set_type\":\"all_products\",\"set\":\"null\",\"discount_type\":\"percent\",\"discount_value\":\"10\",\"shipping_free\":null}', '{\"type\":\"admin\",\"id\":\"1\"}', '2023-01-29', '1234', 'ok');

-- --------------------------------------------------------

--
-- Table structure for table `currency_settings`
--

CREATE TABLE `currency_settings` (
  `currency_settings_id` int(11) NOT NULL,
  `name` varchar(255) DEFAULT NULL,
  `symbol` varchar(255) DEFAULT NULL,
  `exchange_rate` varchar(255) DEFAULT NULL,
  `status` varchar(10) DEFAULT NULL,
  `code` varchar(20) DEFAULT NULL,
  `exchange_rate_def` varchar(100) DEFAULT NULL
) ENGINE=InnoDB DEFAULT CHARSET=utf8;

--
-- Dumping data for table `currency_settings`
--

INSERT INTO `currency_settings` (`currency_settings_id`, `name`, `symbol`, `exchange_rate`, `status`, `code`, `exchange_rate_def`) VALUES
(1, 'U.S. Dollar', '$', '1', 'ok', 'USD', '1'),
(2, 'Australian Dollar', '$', '1.2762', 'ok', 'AUD', '1.2762'),
(5, 'Brazilian Real', 'R$', '3.238', 'ok', 'BRL', '3.238'),
(6, 'Canadian Dollar', '$', '1.272', 'ok', 'CAD', '1.272'),
(7, 'Czech Koruna', 'Kč', '20.647', 'ok', 'CZK', '20.647'),
(8, 'Danish Krone', 'kr', '6.0532', 'ok', 'DKK', '6.0532'),
(9, 'Euro', '€', '0.84861', 'ok', 'EUR', '0.84861'),
(10, 'Hong Kong Dollar', '$', '7.8264', 'ok', 'HKD', '7.8264'),
(11, 'Hungarian Forint', 'Ft', '255.24', 'ok', 'HUF', '255.24'),
(12, 'Israeli New Sheqel', '₪', '3.4812', 'ok', 'ILS', '3.4812'),
(13, 'Japanese Yen', '¥', '107.12', 'ok', 'JPY', '107.12'),
(14, 'Malaysian Ringgit', 'RM', '3.908', 'ok', 'MYR', '3.908'),
(15, 'Mexican Peso', '$', '18.722', 'ok', 'MXN', '18.722'),
(16, 'Norwegian Krone', 'kr', '7.8278', 'ok', 'NOK', '7.8278'),
(17, 'New Zealand Dollar', '$', '1.3753', 'ok', 'NZD', '1.3753'),
(18, 'Philippine Peso', '₱', '52.261', 'ok', 'PHP', '52.261'),
(19, 'Polish Zloty', 'zł', '3.3875', 'ok', 'PLN', '3.3875'),
(20, 'Pound Sterling', '£', '0.71864', 'ok', 'GBP', '0.71864'),
(21, 'Russian Ruble', 'руб', '55.929', 'ok', 'RUB', '55.929'),
(22, 'Singapore Dollar', '$', '1.3198', 'ok', 'SGD', '1.3198'),
(23, 'Swedish Krona', 'kr', '8.1945', 'ok', 'SEK', '8.1945'),
(24, 'Swiss Franc', 'CHF', '0.93805', 'ok', 'CHF', '0.93805'),
(26, 'Thai Baht', '฿', '31.39', 'ok', 'THB', '1'),
(27, 'your_currency', '?', '1', 'no', '??', '1');

-- --------------------------------------------------------

--
-- Table structure for table `customer_product`
--

CREATE TABLE `customer_product` (
  `customer_product_id` int(11) NOT NULL,
  `rating_num` decimal(20,2) NOT NULL DEFAULT '0.00',
  `rating_total` int(11) NOT NULL DEFAULT '0',
  `rating_user` longtext,
  `title` longtext,
  `added_by` int(11) DEFAULT NULL,
  `category` int(11) DEFAULT NULL,
  `description` longtext,
  `prod_condition` varchar(10) DEFAULT NULL,
  `location` longtext,
  `sub_category` int(11) DEFAULT NULL,
  `num_of_imgs` varchar(100) DEFAULT NULL,
  `sale_price` decimal(20,2) NOT NULL DEFAULT '0.00',
  `add_timestamp` longtext,
  `tag` longtext,
  `seo_title` varchar(255) DEFAULT NULL,
  `seo_description` varchar(255) DEFAULT NULL,
  `status` longtext,
  `admin_status` varchar(10) DEFAULT NULL,
  `front_image` longtext,
  `brand` longtext,
  `unit` longtext,
  `additional_fields` longtext,
  `number_of_view` int(11) NOT NULL DEFAULT '0',
  `discount` varchar(20) NOT NULL DEFAULT '0.00',
  `discount_type` longtext,
  `tax` varchar(20) NOT NULL DEFAULT '0.00',
  `tax_type` longtext,
  `color` longtext,
  `options` longtext,
  `main_image` varchar(100) NOT NULL DEFAULT '0',
  `update_time` longtext,
  `last_viewed` int(200) DEFAULT NULL,
  `is_sold` varchar(10) DEFAULT NULL
) ENGINE=MyISAM DEFAULT CHARSET=utf8;

--
-- Dumping data for table `customer_product`
--

INSERT INTO `customer_product` (`customer_product_id`, `rating_num`, `rating_total`, `rating_user`, `title`, `added_by`, `category`, `description`, `prod_condition`, `location`, `sub_category`, `num_of_imgs`, `sale_price`, `add_timestamp`, `tag`, `seo_title`, `seo_description`, `status`, `admin_status`, `front_image`, `brand`, `unit`, `additional_fields`, `number_of_view`, `discount`, `discount_type`, `tax`, `tax_type`, `color`, `options`, `main_image`, `update_time`, `last_viewed`, `is_sold`) VALUES
(26, 0.00, 0, '[]', 'All Travels', 3, 5, '<p>\r\n\r\n<small>Contrary to popular belief, Lorem Ipsum is not simply random text. It has roots in a piece of classical Latin literature from 45 BC, making it over 2000 years old. Richard McClintock, a Latin professor at Hampden-Sydney College in Virginia, looked up one of the more obscure Latin words, consectetur, from a Lorem Ipsum passage, and going through the cites of the word in classical literature, discovered the undoubtable source. Lorem Ipsum comes from sections 1.10.32 and 1.10.33 of \"de Finibus Bonorum et Malorum\" (The Extremes of Good and Evil) by Cicero, written in 45 BC. This book is a treatise on the theory of ethics, very popular during the Renaissance. The first line of Lorem Ipsum, \"Lorem ipsum dolor sit amet..\", comes from a line in section 1.10.32.\r\n</small>\r\n<br></p>', 'new', 'Ap #867-859 Sit Rd.\r\nAzusa New York 39531\r\n(793) 151-6230', 89, '1', 850.00, '1530527221', NULL, NULL, NULL, 'ok', 'ok', '0', '', NULL, '{\"name\":\"null\",\"value\":\"null\"}', 10, '0.00', '', '0.00', '', NULL, NULL, '0', NULL, 1575959237, 'no'),
(27, 0.00, 0, '[]', 'Casual Suit', 3, 5, '<p>\r\n\r\n<small>Contrary to popular belief, Lorem Ipsum is not simply random text. It has roots in a piece of classical Latin literature from 45 BC, making it over 2000 years old. Richard McClintock, a Latin professor at Hampden-Sydney College in Virginia, looked up one of the more obscure Latin words, consectetur, from a Lorem Ipsum passage, and going through the cites of the word in classical literature, discovered the undoubtable source. Lorem Ipsum comes from sections 1.10.32 and 1.10.33 of \"de Finibus Bonorum et Malorum\" (The Extremes of Good and Evil) by Cicero, written in 45 BC. This book is a treatise on the theory of ethics, very popular during the Renaissance. The first line of Lorem Ipsum, \"Lorem ipsum dolor sit amet..\", comes from a line in section 1.10.32.\r\n</small>\r\n<br></p>', 'new', '7292 Dictum Av.\r\nSan Antonio MI 47096\r\n(492) 709-6392\r\n', 29, '1', 350.00, '1530527781', NULL, NULL, NULL, 'ok', 'ok', '0', 'Casual', NULL, '{\"name\":\"[\\\"Color\\\",\\\"Sleeve\\\",\\\"Neck\\\"]\",\"value\":\"[\\\"Black\\\",\\\"Half\\\",\\\"Round\\\"]\"}', 4, '0.00', '', '0.00', '', NULL, NULL, '0', NULL, 1580303003, 'no'),
(28, 0.00, 0, '[]', 'Set Suit', 3, 5, '<p>\r\n\r\n<small>There are many variations of passages of Lorem Ipsum available, but the majority have suffered alteration in some form, by injected humour, or randomised words which don\'t look even slightly believable. If you are going to use a passage of Lorem Ipsum, you need to be sure there isn\'t anything embarrassing hidden in the middle of text. All the Lorem Ipsum generators on the Internet tend to repeat predefined chunks as necessary, making this the first true generator on the Internet. It uses a dictionary of over 200 Latin words, combined with a handful of model sentence structures, to generate Lorem Ipsum which looks reasonable. The generated Lorem Ipsum is therefore always free from repetition, injected humour, or non-characteristic words etc.\r\n</small>\r\n<br></p>', 'used', '7292 Dictum Av.\r\nSan Antonio MI 47096\r\n(492) 709-6392', 27, '1', 250.00, '1530527944', NULL, NULL, NULL, 'ok', 'ok', '0', 'Infinity', NULL, '{\"name\":\"[\\\"Set\\\",\\\"Piece\\\",\\\"Color\\\"]\",\"value\":\"[\\\"Full\\\",\\\"4 pc\\\",\\\"Black, Ash\\\"]\"}', 2, '0.00', '', '0.00', '', NULL, NULL, '0', NULL, 1574833382, 'no'),
(29, 0.00, 0, '[]', 'Boosted heel', 3, 4, '<p>\r\n\r\n<small>There are many variations of passages of Lorem Ipsum available, but the majority have suffered alteration in some form, by injected humour, or randomised words which don\'t look even slightly believable. If you are going to use a passage of Lorem Ipsum, you need to be sure there isn\'t anything embarrassing hidden in the middle of text. All the Lorem Ipsum generators on the Internet tend to repeat predefined chunks as necessary, making this the first true generator on the Internet. It uses a dictionary of over 200 Latin words, combined with a handful of model sentence structures, to generate Lorem Ipsum which looks reasonable. The generated Lorem Ipsum is therefore always free from repetition, injected humour, or non-characteristic words etc.</small>\r\n\r\n<br></p>', 'new', '7292 Dictum Av.\r\nSan Antonio MI 47096\r\n(492) 709-6392', 36, '1', 290.00, '1530528145', NULL, NULL, NULL, 'ok', 'ok', '0', 'Rego', NULL, '{\"name\":\"[\\\"Color\\\",\\\"Size\\\"]\",\"value\":\"[\\\"Red, Yellow\\\",\\\"9, 10\\\"]\"}', 6, '0.00', '', '0.00', '', NULL, NULL, '0', NULL, 1574833387, 'no'),
(24, 0.00, 0, '[]', 'Black suit', 3, 5, '<p>\r\n\r\n<small>Contrary to popular belief, Lorem Ipsum is not simply random text. It has roots in a piece of classical Latin literature from 45 BC, making it over 2000 years old. Richard McClintock, a Latin professor at Hampden-Sydney College in Virginia, looked up one of the more obscure Latin words, consectetur, from a Lorem Ipsum passage, and going through the cites of the word in classical literature, discovered the undoubtable source. Lorem Ipsum comes from sections 1.10.32 and 1.10.33 of \"de Finibus Bonorum et Malorum\" (The Extremes of Good and Evil) by Cicero, written in 45 BC. This book is a treatise on the theory of ethics, very popular during the Renaissance. The first line of Lorem Ipsum, \"Lorem ipsum dolor sit amet..\", comes from a line in section 1.10.32.\r\n</small>\r\n<br></p>', 'new', '606-3727 Ullamcorper. Street\r\nRoseville NH 11523', 27, '1', 460.00, '1530526746', NULL, NULL, NULL, 'ok', 'ok', '0', 'Infinity', NULL, '{\"name\":\"[\\\"Pieces\\\",\\\"Color\\\"]\",\"value\":\"[\\\"4 pc\\\",\\\"Black\\\"]\"}', 0, '0.00', '', '0.00', '', NULL, NULL, '0', NULL, NULL, 'no'),
(21, 0.00, 0, '[]', 'Travel Kit', 7, 5, '<p>\r\n\r\n<strong><small>Lorem Ipsum</small></strong><small> is simply dummy text of the printing and typesetting industry. Lorem Ipsum has been the industry\'s standard dummy text ever since the 1500s, when an unknown printer took a galley of type and scrambled it to make a type specimen book. It has survived not only five centuries, but also the leap into electronic typesetting, remaining essentially unchanged. It was popularised in the 1960s with the release of Letraset sheets containing Lorem Ipsum passages, and more recently with desktop publishing software like Aldus PageMaker including versions of Lorem Ipsum.\r\n</small>\r\n<br></p>', 'new', 'Ap #867-859 Sit Rd.\r\nAzusa New York 39531\r\n(793) 151-6230', 89, '1', 220.00, '1530525691', NULL, NULL, NULL, 'ok', 'ok', '0', 'Polo', NULL, '{\"name\":\"[\\\"Set\\\"]\",\"value\":\"[\\\"Full\\\"]\"}', 2, '0.00', '', '0.00', '', NULL, NULL, '0', NULL, 1534046365, 'no'),
(22, 0.00, 0, '[]', 'Long Range Camera', 7, 16, '<p>\r\n\r\n<strong><small>Lorem Ipsum</small></strong><small> is simply dummy text of the printing and typesetting industry. Lorem Ipsum has been the industry\'s standard dummy text ever since the 1500s, when an unknown printer took a galley of type and scrambled it to make a type specimen book. It has survived not only five centuries, but also the leap into electronic typesetting, remaining essentially unchanged. It was popularised in the 1960s with the release of Letraset sheets containing Lorem Ipsum passages, and more recently with desktop publishing software like Aldus PageMaker including versions of Lorem Ipsum.\r\n</small>\r\n<br></p>', 'new', '606-3727 Ullamcorper. Street\r\nRoseville NH 11523\r\n(786) 713-8616', 88, '1', 1350.00, '1530525882', NULL, NULL, NULL, 'ok', 'ok', '0', 'Nokia', NULL, '{\"name\":\"null\",\"value\":\"null\"}', 1, '0.00', '', '0.00', '', NULL, NULL, '0', NULL, 1530766517, 'no'),
(23, 0.00, 0, '[]', 'High Definition DSLR', 7, 16, '<p>\r\n\r\n<small>Contrary to popular belief, Lorem Ipsum is not simply random text. It has roots in a piece of classical Latin literature from 45 BC, making it over 2000 years old. Richard McClintock, a Latin professor at Hampden-Sydney College in Virginia, looked up one of the more obscure Latin words, consectetur, from a Lorem Ipsum passage, and going through the cites of the word in classical literature, discovered the undoubtable source. Lorem Ipsum comes from sections 1.10.32 and 1.10.33 of \"de Finibus Bonorum et Malorum\" (The Extremes of Good and Evil) by Cicero, written in 45 BC. This book is a treatise on the theory of ethics, very popular during the Renaissance. The first line of Lorem Ipsum, \"Lorem ipsum dolor sit amet..\", comes from a line in section 1.10.32.\r\n</small>\r\n<br></p>', 'used', 'Ap #867-859 Sit Rd.\r\nAzusa New York 39531\r\n(793) 151-6230', 88, '1', 1800.00, '1530526104', NULL, NULL, NULL, 'ok', 'ok', '0', 'Canon', NULL, '{\"name\":\"[\\\"Set\\\",\\\"Piece\\\",\\\"Used\\\",\\\"Lense\\\"]\",\"value\":\"[\\\"Full\\\",\\\"1 pc\\\",\\\"6 months\\\",\\\"Full\\\"]\"}', 0, '0.00', '', '0.00', '', NULL, NULL, '0', NULL, NULL, 'no'),
(17, 0.00, 0, '[]', 'Dolor sit amet', 7, 4, '<p>\r\n\r\n<strong><small>Lorem Ipsum</small></strong><small> is simply dummy text of the printing and typesetting industry. Lorem Ipsum has been the industry\'s standard dummy text ever since the 1500s, when an unknown printer took a galley of type and scrambled it to make a type specimen book. It has survived not only five centuries, but also the leap into electronic typesetting, remaining essentially unchanged. It was popularised in the 1960s with the release of Letraset sheets containing Lorem Ipsum passages, and more recently with desktop publishing software like Aldus PageMaker including versions of Lorem Ipsum.\r\n</small>\r\n<br></p><p><small>\r\n\r\n<strong>Lorem Ipsum</strong> is simply dummy text of the printing and typesetting industry. Lorem Ipsum has been the industry\'s standard dummy text ever since the 1500s, when an unknown printer took a galley of type and scrambled it to make a type specimen book. It has survived not only five centuries, but also the leap into electronic typesetting, remaining essentially unchanged. It was popularised in the 1960s with the release of Letraset sheets containing Lorem Ipsum passages, and more recently with desktop publishing software like Aldus PageMaker including versions of Lorem Ipsum.\r\n\r\n<br></small></p>', 'new', '606-3727 Ullamcorper. Street\r\nRoseville NH 11523\r\n(786) 713-8616', 11, '1', 450.00, '1530523056', NULL, NULL, NULL, 'ok', 'ok', '0', 'Revolution', NULL, '{\"name\":\"[\\\"Pices\\\",\\\"Material\\\",\\\"Color\\\"]\",\"value\":\"[\\\"12\\\",\\\"Wood\\\",\\\"Brown\\\"]\"}', 4, '0.00', '', '0.00', '', NULL, NULL, '0', NULL, 1534046404, 'no'),
(16, 0.00, 0, '[]', 'Quisquam est qui', 7, 4, '<p>\r\n\r\n<strong><small>Lorem Ipsum</small></strong><small> is simply dummy text of the printing and typesetting industry. Lorem Ipsum has been the industry\'s standard dummy text ever since the 1500s, when an unknown printer took a galley of type and scrambled it to make a type specimen book. It has survived not only five centuries, but also the leap into electronic typesetting, remaining essentially unchanged. It was popularised in the 1960s with the release of Letraset sheets containing Lorem Ipsum passages, and more recently with desktop publishing software like Aldus PageMaker including versions of Lorem Ipsum.\r\n</small>\r\n<br></p>', 'new', 'P.O. Box 283 8562 Fusce Rd.\r\nFrederick Nebraska 20620\r\n(372) 587-2335', 36, '1', 280.00, '1530522621', NULL, NULL, NULL, 'ok', 'ok', '0', 'Polo', NULL, '{\"name\":\"[\\\"Size\\\",\\\"Size\\\",\\\"Color\\\",\\\"Color\\\"]\",\"value\":\"[\\\"10\\\",\\\"9\\\",\\\"Red\\\",\\\"Yellow\\\"]\"}', 2, '0.00', '', '0.00', '', NULL, NULL, '0', NULL, 1530766443, 'no'),
(30, 0.00, 0, '[]', 'Chiffon Long Dress', 23, 4, '<p><ul><li>Imported\r\n       \r\n      </li>\r\n     \r\n      <li> \r\n       Elastic closure\r\n       \r\n      </li>\r\n     \r\n      <li> \r\n       Polyester,Spandex,Lace\r\n       \r\n      </li>\r\n     \r\n      <li> \r\n       Zip to Center Back,Halter style,High Waist,Slim sexy long dress\r\n       \r\n      </li>\r\n     \r\n      <li> \r\n       Hand Wash Only In Low Temperature Or Dry Washing,Please Don\'t Ironing\r\n       \r\n      </li>\r\n     \r\n      <li> \r\n       For Cocktail Party Wedding Prom Evenning Party formal dress\r\n       \r\n      </li>\r\n     \r\n      <li> \r\n       Our products are based on US sizes. Be carefully check the size table before purchasing in Product Description\r\n</li></ul><br></p>', 'new', 'usa', 8, '1', 39.99, '1531633999', NULL, NULL, NULL, 'ok', 'ok', '0', 'Gucci', NULL, '{\"name\":\"[\\\"Additional\\\"]\",\"value\":\"[\\\"Size Information (just for reference):  Size S:Bust(32.21inch), Waist(27.2 inch), Length(56.2 inch)  Size M:Bust(34.2 inch), Waist(29.0 inch), Length(56.2 inch)  Size L:Bust(36.4 inch), Waist(31.4 inch), Length(57.0 inch)  Size XL:Bust(39.2 inch),Waist(34.2 inch), Length(57.0 inch)  Size XXL:Bust(43.2 inch),Waist(38.2 inch), Length(57.6 inch) \\\"]\"}', 5, '0.00', '', '0.00', '', NULL, NULL, '0', NULL, 1574833392, 'no'),
(31, 0.00, 0, '[]', 'ed', 24, 3, 'good ed', 'new', NULL, 4, '0', 74.00, '1560233839', NULL, NULL, NULL, '', 'ok', '0', 'Uname', NULL, NULL, 1, '0.00', NULL, '0.00', NULL, NULL, '[]', '0', NULL, 1560234347, 'no'),
(32, 0.00, 0, '[]', 'shiran', 24, 4, 'Rna shiran', 'new', NULL, 5, '2', 22.00, '1560233840', NULL, NULL, NULL, 'ok', 'ok', '0', NULL, NULL, NULL, 3, '0.00', NULL, '0.00', NULL, NULL, '[]', '0', NULL, 1574833397, 'no'),
(33, 0.00, 0, '[]', 'ed', 24, 3, 'good ed', 'new', NULL, 4, '0', 74.00, '1560247193', NULL, NULL, NULL, '', 'ok', '0', 'Uname', NULL, NULL, 0, '0.00', NULL, '0.00', NULL, NULL, '[]', '0', NULL, NULL, 'no'),
(34, 0.00, 0, '[]', 'shiran', 24, 4, 'Rna shiran', 'new', NULL, 5, '2', 22.00, '1560247194', NULL, NULL, NULL, 'ok', 'ok', '0', NULL, NULL, NULL, 2, '0.00', NULL, '0.00', NULL, NULL, '[]', '0', NULL, 1574852523, 'no'),
(35, 0.00, 0, '[]', 'Yamaha Rt', 3, 1, '<p>Used 1000 km</p>', 'used', 'Istanbul', 6, '1', 14522.00, '1580304320', NULL, 'Yamaha Racing Bike for sell - Used bike in cheap price', 'New model scrachless', 'ok', 'ok', '0', 'Yamaha', NULL, '{\"name\":\"null\",\"value\":\"null\"}', 1, '0.00', NULL, '0.00', NULL, NULL, NULL, '0', NULL, 1580304380, 'no'),
(36, 0.00, 0, '[]', 'geek-example', 27, 4, '<p>Party wear dress... Look like very comfort</p>', 'new', 'california', 8, '1', 100.00, '1672794334', NULL, 'party', 'party wear dress', 'ok', 'ok', '0', '', NULL, '{\"name\":\"null\",\"value\":\"null\"}', 0, '0.00', NULL, '0.00', NULL, NULL, NULL, '0', NULL, NULL, 'no'),
(37, 0.00, 0, '[]', 'KSK', 27, 7, 'skin care', 'new', NULL, 2, '1', 99.00, '1672795123', NULL, NULL, NULL, '', 'ok', '0', 'BKR', NULL, NULL, 0, '0.00', NULL, '0.00', NULL, NULL, '[]', '0', NULL, NULL, 'no');

-- --------------------------------------------------------

--
-- Table structure for table `email_template`
--

CREATE TABLE `email_template` (
  `email_template_id` int(11) NOT NULL,
  `title` longtext,
  `subject` longtext,
  `body` longtext
) ENGINE=MyISAM DEFAULT CHARSET=latin1;



-- --------------------------------------------------------

--
-- Table structure for table `general_settings`
--

CREATE TABLE `general_settings` (
  `general_settings_id` int(11) NOT NULL,
  `type` longtext,
  `value` longtext
) ENGINE=MyISAM DEFAULT CHARSET=utf8;

--
-- Dumping data for table `general_settings`
--

INSERT INTO `general_settings` (`general_settings_id`, `type`, `value`) VALUES
(1, 'system_name', 'Affiliate '),
(2, 'system_email', 'system@mail.com'),
(3, 'system_title', 'Affiliate '),
(4, 'address', ''),
(5, 'phone', ''),
(6, 'language', 'english'),
(9, 'terms_conditions', '<p>terms and conditions</p>'),
(10, 'fb_appid', '384144461995754'),
(11, 'fb_secret', 'e8be929ace6deaf50d2a717834a03cc4'),
(12, 'google_languages', '{}'),
(24, 'meta_description', 'Find the best products near you'),
(25, 'meta_keywords', 'Best shop,Near you'),
(26, 'meta_author', 'ActiveItZone'),
(27, 'captcha_public', NULL),
(28, 'captcha_private', NULL),
(29, 'application_name', ''),
(30, 'client_id', ''),
(31, 'client_secret', ''),
(32, 'redirect_uri', ''),
(33, 'api_key', 'e8be929ace6deaf50d2a717834a03cc4'),
(44, 'contact_about', '<p>about contact</p>'),
(39, 'contact_phone', '00-000-00000'),
(40, 'contact_email', 'contact@mail.com'),
(41, 'contact_website', 'www.yoursite.com'),
(42, 'footer_text', '<p>Active Super Shop Multi vendor system is such a platform to build a border less marketplace both for physical and digital goods.</p>'),
(43, 'footer_category', '[\"1\",\"4\",\"5\",\"16\",\"17\",\"12\"]'),
(38, 'contact_address', 'Demo Address'),
(45, 'admin_notification_sound', 'ok'),
(46, 'admin_notification_volume', '7.47'),
(47, 'privacy_policy', '<p>Privacy Policy</p>'),
(48, 'discus_id', ''),
(49, 'home_notification_sound', 'ok'),
(50, 'homepage_notification_volume', '7.36'),
(51, 'fb_login_set', 'no'),
(52, 'g_login_set', 'no'),
(53, 'slider', 'no'),
(54, 'revisit_after', '2'),
(55, 'default_member_product_limit', '5'),
(56, 'fb_comment_api', ''),
(57, 'comment_type', 'google'),
(58, 'vendor_system', 'ok'),
(59, 'cache_time', '0'),
(60, 'file_folder', 'jfkfkiriwnfjkmskdcsdfasaa'),
(62, 'slides', 'ok'),
(63, 'preloader', '13'),
(64, 'preloader_bg', 'rgba(74,0,94,1)'),
(65, 'preloader_obj', 'rgba(255,255,255,1)'),
(66, 'contact_lat_lang', '(40.7127837, -74.00594130000002)'),
(67, 'google_api_key', ''),
(68, 'physical_product_activation', 'ok'),
(69, 'digital_product_activation', 'ok'),
(70, 'data_all_brands', '41:::Chevrolet;;;;;;40:::Ford;;;;;;39:::Nissan;;;;;;38:::Audi;;;;;;44:::Hyundai;;;;;;45:::BMW;;;;;;46:::Marcedes-Benz;;;;;;47:::Mitsubishi;;;;;;51:::Toyota;;;;;;52:::Honda;;;;;;54:::Volvo;;;;;;50:::Lamborghini;;;;;;55:::Porsche;;;;;;148:::Tesla;;;;;;151:::Mercedes;;;;;;152:::Lincoln;;;;;;48:::Suzuki;;;;;;56:::Dunlop;;;;;;57:::Yamaha;;;;;;153:::Beta;;;;;;155:::Kawasaki;;;;;;156:::KTM;;;;;;157:::Maico;;;;;;158:::Bultaco;;;;;;8:::Lucky Brand;;;;;;10:::Victoria\'s Secret;;;;;;11:::Dior;;;;;;159:::Chanel;;;;;;160:::Prada;;;;;;13:::Priscess Purse;;;;;;14:::En\'or;;;;;;15:::Jlo;;;;;;150:::Bali;;;;;;9:::The Crystal Bride;;;;;;100:::Gucci;;;;;;162:::Dolce & Gabbana;;;;;;221:::Kylie;;;;;;22:::Aigner;;;;;;25:::Hudson;;;;;;26:::Omega;;;;;;27:::Breitling;;;;;;30:::Giorgio Armani;;;;;;17:::Polo;;;;;;23:::Adidas;;;;;;24:::Asics;;;;;;33:::Cognac;;;;;;35:::Nike;;;;;;20:::Baume & Mercier;;;;;;21:::Pepe Jeans;;;;;;31:::Castillo;;;;;;37:::Puma;;;;;;102:::Calvin Klein;;;;;;18:::Rolex;;;;;;29:::Axe;;;;;;34:::Project Vision;;;;;;63:::Apple;;;;;;6:::Brighton;;;;;;7:::Tanishq;;;;;;16:::The Vested Interest;;;;;;163:::Louis Vuitton;;;;;;12:::Bucket Feet;;;;;;19:::Elle;;;;;;193:::Olay;;;;;;207:::Sisley;;;;;;215:::Estee Lauder;;;;;;219:::LA MER;;;;;;220:::LA PRAIRIE;;;;;;146:::NO7;;;;;;188:::Neutrogena;;;;;;212:::Nivea;;;;;;213:::Avon;;;;;;241:::Mac;;;;;;242:::Maybelline;;;;;;224:::Kenwood;;;;;;226:::OXO;;;;;;227:::Chemex;;;;;;228:::GSI;;;;;;59:::Asus;;;;;;60:::HP;;;;;;142:::Sony;;;;;;167:::Samsung;;;;;;168:::LG;;;;;;170:::Huawei;;;;;;171:::Lava;;;;;;172:::Nokia;;;;;;173:::Hitachi;;;;;;174:::Stanley;;;;;;175:::Craftsman;;;;;;176:::Makita;;;;;;177:::Milwaukee;;;;;;178:::Bosch;;;;;;179:::Stihl;;;;;;180:::Metabo;;;;;;61:::Dell;;;;;;62:::Intel;;;;;;64:::Acer;;;;;;169:::HTC;;;;;;181:::Lenovo;;;;;;182:::Microsoft;;;;;;143:::Canon;;;;;;144:::Nikon;;;;;;183:::Pentax;;;;;;184:::Olympus;;;;;;185:::Fujifilm;;;;;;222:::Playboy;;;;;;165:::Lacoste;;;;;;166:::Volcom;;;;;;196:::Young Living Essential Oils;;;;;;197:::dōTERRA;;;;;;198:::Rocky Mountain;;;;;;199:::Aura Cacia;;;;;;200:::Edens Garden;;;;;;201:::Mountain Rose Herbs;;;;;;202:::Clarins SOS;;;;;;203:::Niod;;;;;;204:::Burt\'s Bees;;;;;;205:::Origins Clear ;;;;;;206:::Charlotte;;;;;;209:::GlamGlow ;;;;;;210:::Lotus;;;;;;211:::L\'Oréal;;;;;;216:::Lakmé;;;;;;189:::Coppertone ;;;;;;190:::Blue Lizard ;;;;;;192:::Aveno;;;;;;223:::Nihal;;;;;;229:::KÉRASTASE;;;;;;230:::CLEARSK;;;;;;232:::Dove;;;;;;233:::HASK;;;;;;234:::Old Spice;;;;;;235:::Secret Deodorant;;;;;;236:::AXE;;;;;;237:::Gillette;;;;;;238:::NARS;;;;;;239:::Urban Decay;;;;;;240:::BECCA;;;;;;243:::Aromatheraphy Associates;;;;;;244:::Neom;;;;;;245:::Malin+Goetz;;;;;;246:::Bamford;;;;;;247:::Jo Malone;;;;;;248:::Oral B;;;;;;249:::Wrigley;;;;;;250:::Listerine;;;;;;251:::NUK;;;;;;252:::Fixodent;;;;;;253:::Peppersmith;;;;;;254:::Anchor;;;;;;255:::Kingfisher;;;;;;256:::Merkur;;;;;;257:::Simpson’s;;;;;;258:::The Bluebeards Revenge;;;;;;259:::Dovo;;;;;;260:::Truefitt and Hill;;;;;;261:::Spigen;;;;;;262:::Belkin;;;;;;263:::Kingston;;;;;;264:::Sandisk;;;;;;265:::wonderchef;;;;;;266:::Beach House;;;;;;267:::Alessi;;;;;;268:::Dixie;;;;;;269:::Garden Glory;;;;;;270:::Globen Lighting;;;;;;271:::Hackman;;;;;;272:::HKliving;;;;;;273:::Georg Jensen Living;;;;;;149:::Calvin Klein'),
(79, 'google_analytics_key', 'UA-117985671-1'),
(71, 'data_all_vendors', '1:::Lavinia Mckee;;;;;;3:::Tom;;;;;;5:::Youn;;;;;;7:::Tony Stark;;;;;;9:::Cheyenne Medina;;;;;;10:::Denton Hansen;;;;;;12:::Idona Snider;;;;;;16:::Carissa Newman;;;;;;19:::mevendor;;;;;;22:::qa;;;;;;23:::qa'),
(72, 'smtp_host', 'ssl://smtp.googlemail.com'),
(73, 'smtp_port', '465'),
(74, 'smtp_user', 'smtp@gmail.com'),
(75, 'smtp_pass', 'v6t7gBnVk2yC4LB'),
(76, 'mail_status', 'mail'),
(77, 'captcha_status', 'no'),
(78, 'version', '2.5'),
(80, 'g_analytics_set', 'ok'),
(81, 'show_vendor_website', 'ok'),
(82, 'bundle_product_activation', 'ok'),
(83, 'customer_product_activation', 'ok'),
(84, 'wallet_system_set', 'ok'),
(85, 'guest_checkout_set', 'ok'),
(86, 'affiliation_validity', '30'),
(87, 'affiliation_point_to_currency_rate', '0.25'),
(88, 'product_affiliation_set', 'no'),
(89, 'facebook_pixel_set', 'no'),
(90, 'facebook_pixel_id', NULL),
(91, 'facebook_chat_set', 'no'),
(92, 'facebook_chat_page_id', ''),
(93, 'facebook_chat_theme_color', '#93a8ac'),
(94, 'facebook_chat_logged_in_greeting', 'Hello Sir?'),
(95, 'facebook_chat_logged_out_greeting', 'Thank You');

-- --------------------------------------------------------

--
-- Table structure for table `language`
--

CREATE TABLE `language` (
  `word_id` int(11) NOT NULL,
  `word` longtext NOT NULL,
  `english` longtext,
  `Bangla` longtext,
  `Arabic` longtext,
  `French` longtext,
  `Chinese` longtext
) ENGINE=InnoDB DEFAULT CHARSET=utf8;






-- --------------------------------------------------------

--
-- Table structure for table `language_list`
--

CREATE TABLE `language_list` (
  `language_list_id` int(11) NOT NULL,
  `name` varchar(500) DEFAULT NULL,
  `db_field` varchar(300) DEFAULT NULL,
  `status` varchar(20) DEFAULT NULL
) ENGINE=InnoDB DEFAULT CHARSET=utf8;

--
-- Dumping data for table `language_list`
--

INSERT INTO `language_list` (`language_list_id`, `name`, `db_field`, `status`) VALUES
(1, 'English', 'english', 'ok'),
(2, 'বাংলা', 'Bangla', 'ok'),
(4, 'Arabic', 'Arabic', 'ok'),
(5, 'French', 'French', 'ok'),
(6, 'Chinese', 'Chinese', 'ok');

-- --------------------------------------------------------

--
-- Table structure for table `logo`
--

CREATE TABLE `logo` (
  `logo_id` int(11) NOT NULL,
  `name` longtext
) ENGINE=InnoDB DEFAULT CHARSET=utf8;

--
-- Dumping data for table `logo`
--

INSERT INTO `logo` (`logo_id`, `name`) VALUES
(2, ''),
(3, ''),
(46, ''),
(62, ''),
(70, ''),
(71, ''),
(74, ''),
(75, ''),
(76, ''),
(77, '');

-- --------------------------------------------------------

--
-- Table structure for table `membership`
--

CREATE TABLE `membership` (
  `membership_id` int(11) NOT NULL,
  `title` varchar(100) DEFAULT NULL,
  `price` varchar(50) DEFAULT NULL,
  `timespan` varchar(50) DEFAULT NULL,
  `pay_interval` varchar(50) DEFAULT NULL,
  `product_limit` int(11) DEFAULT NULL
) ENGINE=InnoDB DEFAULT CHARSET=utf8;

--
-- Dumping data for table `membership`
--

INSERT INTO `membership` (`membership_id`, `title`, `price`, `timespan`, `pay_interval`, `product_limit`) VALUES
(1, 'Silver', '300', '30', '', 10),
(2, 'Platinum', '3500', '30', '', 50),
(7, 'Gold', '2000', '30', NULL, 25);

-- --------------------------------------------------------

--
-- Table structure for table `membership_payment`
--

CREATE TABLE `membership_payment` (
  `membership_payment_id` int(11) NOT NULL,
  `vendor` int(11) DEFAULT NULL,
  `timestamp` int(11) DEFAULT NULL,
  `amount` int(11) DEFAULT NULL,
  `details` longtext,
  `membership` int(11) DEFAULT NULL,
  `method` varchar(30) DEFAULT NULL,
  `status` varchar(15) DEFAULT NULL
) ENGINE=InnoDB DEFAULT CHARSET=utf8;

--
-- Dumping data for table `membership_payment`
--

INSERT INTO `membership_payment` (`membership_payment_id`, `vendor`, `timestamp`, `amount`, `details`, `membership`, `method`, `status`) VALUES
(1, 16, 1555409541, 300, NULL, 1, 'paypal', 'due'),
(6, 3, 1474278958, 3500, '{\"mc_gross\":\"43.75\",\"protection_eligibility\":\"Ineligible\",\"address_status\":\"confirmed\",\"payer_id\":\"QXCY8C6X8J4VG\",\"tax\":\"0.00\",\"address_street\":\"1 Main St\",\"payment_date\":\"03:04:24 Sep 19, 2016 PDT\",\"payment_status\":\"Pending\",\"charset\":\"windows-1252\",\"address_zip\":\"95131\",\"first_name\":\"Active\",\"address_country_code\":\"US\",\"address_name\":\"Active IT\",\"notify_version\":\"3.8\",\"custom\":\"6\",\"payer_status\":\"verified\",\"business\":\"kadir_bm@yahoo.com\",\"address_country\":\"United States\",\"address_city\":\"San Jose\",\"quantity\":\"1\",\"verify_sign\":\"A6Fyo.RG2CmUHAdbJ1HeGZnSj3AWAuYRD2vHV92buB9WYMNNbxSvf6Un\",\"payer_email\":\"system@supershop.com\",\"txn_id\":\"6PN17817M0416733P\",\"payment_type\":\"instant\",\"last_name\":\"IT\",\"address_state\":\"CA\",\"receiver_email\":\"kadir_bm@yahoo.com\",\"pending_reason\":\"unilateral\",\"txn_type\":\"web_accept\",\"item_name\":\"\",\"mc_currency\":\"USD\",\"item_number\":\"\",\"residence_country\":\"US\",\"test_ipn\":\"1\",\"handling_amount\":\"0.00\",\"transaction_subject\":\"\",\"payment_gross\":\"43.75\",\"shipping\":\"0.00\",\"ipn_track_id\":\"26ff7ba5f0ef\"}', 2, 'paypal', 'paid'),
(7, 5, 1474568814, 300, '{\"mc_gross\":\"3.75\",\"protection_eligibility\":\"Ineligible\",\"address_status\":\"confirmed\",\"payer_id\":\"QXCY8C6X8J4VG\",\"tax\":\"0.00\",\"address_street\":\"1 Main St\",\"payment_date\":\"11:41:38 Sep 22, 2016 PDT\",\"payment_status\":\"Pending\",\"charset\":\"windows-1252\",\"address_zip\":\"95131\",\"first_name\":\"Active\",\"address_country_code\":\"US\",\"address_name\":\"Active IT\",\"notify_version\":\"3.8\",\"custom\":\"7\",\"payer_status\":\"verified\",\"business\":\"kadir_bm@yahoo.com\",\"address_country\":\"United States\",\"address_city\":\"San Jose\",\"quantity\":\"1\",\"verify_sign\":\"A.Z5yEeSJElINVLnLNYfrb750vgiAJdLRn38Ub6I-sD-cMvsd25mBIx-\",\"payer_email\":\"system@supershop.com\",\"txn_id\":\"1W646161MB662172C\",\"payment_type\":\"instant\",\"last_name\":\"IT\",\"address_state\":\"CA\",\"receiver_email\":\"kadir_bm@yahoo.com\",\"pending_reason\":\"unilateral\",\"txn_type\":\"web_accept\",\"item_name\":\"\",\"mc_currency\":\"USD\",\"item_number\":\"\",\"residence_country\":\"US\",\"test_ipn\":\"1\",\"handling_amount\":\"0.00\",\"transaction_subject\":\"\",\"payment_gross\":\"3.75\",\"shipping\":\"0.00\",\"ipn_track_id\":\"ef0d66381cdd0\"}', 1, 'paypal', 'paid'),
(8, 1, 1521619820, 300, 'Customer Info: \n{\"\\u0000*\\u0000_opts\":{\"headers\":[],\"apiKey\":\"sk_test_NYIpPjs6gbmuogdwUuJ8She4\"},\"\\u0000*\\u0000_values\":{\"id\":\"cus_CX6D3Rh6VsMGvS\",\"object\":\"customer\",\"account_balance\":0,\"created\":1521619818,\"currency\":null,\"default_source\":\"card_1C821HKmGdRDZlHSwmXJ4Si8\",\"delinquent\":false,\"description\":null,\"discount\":null,\"email\":\"bicyq@yahoo.com\",\"invoice_prefix\":\"0530537\",\"livemode\":false,\"metadata\":{},\"shipping\":null,\"sources\":{},\"subscriptions\":{}},\"\\u0000*\\u0000_unsavedValues\":{},\"\\u0000*\\u0000_transientValues\":{},\"\\u0000*\\u0000_retrieveOptions\":[]}\n \n Charge Info: \n{\"\\u0000*\\u0000_opts\":{\"headers\":[],\"apiKey\":\"sk_test_NYIpPjs6gbmuogdwUuJ8She4\"},\"\\u0000*\\u0000_values\":{\"id\":\"ch_1C821YKmGdRDZlHSAV2SCPEB\",\"object\":\"charge\",\"amount\":30000,\"amount_refunded\":0,\"application\":null,\"application_fee\":null,\"balance_transaction\":\"txn_1C821YKmGdRDZlHSb3XnAy6N\",\"captured\":true,\"created\":1521619820,\"currency\":\"usd\",\"customer\":\"cus_CX6D3Rh6VsMGvS\",\"description\":null,\"destination\":null,\"dispute\":null,\"failure_code\":null,\"failure_message\":null,\"fraud_details\":[],\"invoice\":null,\"livemode\":false,\"metadata\":{},\"on_behalf_of\":null,\"order\":null,\"outcome\":{},\"paid\":true,\"receipt_email\":null,\"receipt_number\":null,\"refunded\":false,\"refunds\":{},\"review\":null,\"shipping\":null,\"source\":{},\"source_transfer\":null,\"statement_descriptor\":null,\"status\":\"succeeded\",\"transfer_group\":null},\"\\u0000*\\u0000_unsavedValues\":{},\"\\u0000*\\u0000_transientValues\":{},\"\\u0000*\\u0000_retrieveOptions\":[]}', 1, 'stripe', 'paid'),
(9, 1, 1521620034, 300, NULL, 1, 'paypal', 'due'),
(10, 1, 1521620159, 300, NULL, 1, 'paypal', 'due'),
(11, 1, 1521620582, 300, NULL, 1, 'paypal', 'due'),
(12, 1, 1521620644, 300, '', 1, 'paypal', 'paid'),
(13, 10, 1525076695, 300, 'Customer Info: \n{\"\\u0000*\\u0000_opts\":{\"headers\":[],\"apiKey\":\"sk_test_NYIpPjs6gbmuogdwUuJ8She4\"},\"\\u0000*\\u0000_values\":{\"id\":\"cus_Cm5UQffha9h2YI\",\"object\":\"customer\",\"account_balance\":0,\"created\":1525076690,\"currency\":null,\"default_source\":\"card_1CMXJNKmGdRDZlHSzMKsk366\",\"delinquent\":false,\"description\":null,\"discount\":null,\"email\":\"dixon@gmail.com\",\"invoice_prefix\":\"8BE2516\",\"livemode\":false,\"metadata\":{},\"shipping\":null,\"sources\":{},\"subscriptions\":{}},\"\\u0000*\\u0000_unsavedValues\":{},\"\\u0000*\\u0000_transientValues\":{},\"\\u0000*\\u0000_retrieveOptions\":[]}\n \n Charge Info: \n{\"\\u0000*\\u0000_opts\":{\"headers\":[],\"apiKey\":\"sk_test_NYIpPjs6gbmuogdwUuJ8She4\"},\"\\u0000*\\u0000_values\":{\"id\":\"ch_1CMXJYKmGdRDZlHSZyFpNHni\",\"object\":\"charge\",\"amount\":30000,\"amount_refunded\":0,\"application\":null,\"application_fee\":null,\"balance_transaction\":\"txn_1CMXJZKmGdRDZlHSm1ufBbIk\",\"captured\":true,\"created\":1525076692,\"currency\":\"usd\",\"customer\":\"cus_Cm5UQffha9h2YI\",\"description\":null,\"destination\":null,\"dispute\":null,\"failure_code\":null,\"failure_message\":null,\"fraud_details\":[],\"invoice\":null,\"livemode\":false,\"metadata\":{},\"on_behalf_of\":null,\"order\":null,\"outcome\":{},\"paid\":true,\"receipt_email\":null,\"receipt_number\":null,\"refunded\":false,\"refunds\":{},\"review\":null,\"shipping\":null,\"source\":{},\"source_transfer\":null,\"statement_descriptor\":null,\"status\":\"succeeded\",\"transfer_group\":null},\"\\u0000*\\u0000_unsavedValues\":{},\"\\u0000*\\u0000_transientValues\":{},\"\\u0000*\\u0000_retrieveOptions\":[]}', 1, 'stripe', 'paid'),
(14, 3, 1527065720, 300, 'Customer Info: \n{\"\\u0000*\\u0000_opts\":{\"headers\":[],\"apiKey\":\"sk_test_NYIpPjs6gbmuogdwUuJ8She4\"},\"\\u0000*\\u0000_values\":{\"id\":\"cus_CuiBndcDg1uPoi\",\"object\":\"customer\",\"account_balance\":0,\"created\":1527065726,\"currency\":null,\"default_source\":\"card_1CUskZKmGdRDZlHS0C3mHdQf\",\"delinquent\":false,\"description\":null,\"discount\":null,\"email\":\"demovendor.tom@gmail.com\",\"invoice_prefix\":\"2D329EB\",\"livemode\":false,\"metadata\":{},\"shipping\":null,\"sources\":{},\"subscriptions\":{}},\"\\u0000*\\u0000_unsavedValues\":{},\"\\u0000*\\u0000_transientValues\":{},\"\\u0000*\\u0000_retrieveOptions\":[]}\n \n Charge Info: \n{\"\\u0000*\\u0000_opts\":{\"headers\":[],\"apiKey\":\"sk_test_NYIpPjs6gbmuogdwUuJ8She4\"},\"\\u0000*\\u0000_values\":{\"id\":\"ch_1CUskmKmGdRDZlHS3hElyjCo\",\"object\":\"charge\",\"amount\":30000,\"amount_refunded\":0,\"application\":null,\"application_fee\":null,\"balance_transaction\":\"txn_1CUsknKmGdRDZlHSklvk2Dlo\",\"captured\":true,\"created\":1527065728,\"currency\":\"usd\",\"customer\":\"cus_CuiBndcDg1uPoi\",\"description\":null,\"destination\":null,\"dispute\":null,\"failure_code\":null,\"failure_message\":null,\"fraud_details\":[],\"invoice\":null,\"livemode\":false,\"metadata\":{},\"on_behalf_of\":null,\"order\":null,\"outcome\":{},\"paid\":true,\"receipt_email\":null,\"receipt_number\":null,\"refunded\":false,\"refunds\":{},\"review\":null,\"shipping\":null,\"source\":{},\"source_transfer\":null,\"statement_descriptor\":null,\"status\":\"succeeded\",\"transfer_group\":null},\"\\u0000*\\u0000_unsavedValues\":{},\"\\u0000*\\u0000_transientValues\":{},\"\\u0000*\\u0000_retrieveOptions\":[]}', 1, 'stripe', 'paid'),
(15, 16, 1530099145, 3500, 'Customer Info: \n{\"\\u0000*\\u0000_opts\":{\"headers\":[],\"apiKey\":\"sk_test_NYIpPjs6gbmuogdwUuJ8She4\"},\"\\u0000*\\u0000_values\":{\"id\":\"cus_D7rc6ldZZFfVqC\",\"object\":\"customer\",\"account_balance\":0,\"created\":1530099144,\"currency\":null,\"default_source\":\"card_1ChbseKmGdRDZlHSfJOumaUL\",\"delinquent\":false,\"description\":null,\"discount\":null,\"email\":\"saide.mahid21@gmail.com\",\"invoice_prefix\":\"BC19F08\",\"livemode\":false,\"metadata\":{},\"shipping\":null,\"sources\":{},\"subscriptions\":{}},\"\\u0000*\\u0000_unsavedValues\":{},\"\\u0000*\\u0000_transientValues\":{},\"\\u0000*\\u0000_retrieveOptions\":[]}\n \n Charge Info: \n{\"\\u0000*\\u0000_opts\":{\"headers\":[],\"apiKey\":\"sk_test_NYIpPjs6gbmuogdwUuJ8She4\"},\"\\u0000*\\u0000_values\":{\"id\":\"ch_1ChbssKmGdRDZlHSCsQxAX1q\",\"object\":\"charge\",\"amount\":350000,\"amount_refunded\":0,\"application\":null,\"application_fee\":null,\"balance_transaction\":\"txn_1ChbssKmGdRDZlHS1GntjkvY\",\"captured\":true,\"created\":1530099146,\"currency\":\"usd\",\"customer\":\"cus_D7rc6ldZZFfVqC\",\"description\":null,\"destination\":null,\"dispute\":null,\"failure_code\":null,\"failure_message\":null,\"fraud_details\":[],\"invoice\":null,\"livemode\":false,\"metadata\":{},\"on_behalf_of\":null,\"order\":null,\"outcome\":{},\"paid\":true,\"receipt_email\":null,\"receipt_number\":null,\"refunded\":false,\"refunds\":{},\"review\":null,\"shipping\":null,\"source\":{},\"source_transfer\":null,\"statement_descriptor\":null,\"status\":\"succeeded\",\"transfer_group\":null},\"\\u0000*\\u0000_unsavedValues\":{},\"\\u0000*\\u0000_transientValues\":{},\"\\u0000*\\u0000_retrieveOptions\":[]}', 2, 'stripe', 'paid'),
(16, 16, 1530168298, 2000, 'Customer Info: \n{\"\\u0000*\\u0000_opts\":{\"headers\":[],\"apiKey\":\"sk_test_NYIpPjs6gbmuogdwUuJ8She4\"},\"\\u0000*\\u0000_values\":{\"id\":\"cus_D8ACvYDzZXIxFk\",\"object\":\"customer\",\"account_balance\":0,\"created\":1530168298,\"currency\":null,\"default_source\":\"card_1Chts3KmGdRDZlHSFiZIHHEm\",\"delinquent\":false,\"description\":null,\"discount\":null,\"email\":\"saide.mahid21@gmail.com\",\"invoice_prefix\":\"A938C83\",\"livemode\":false,\"metadata\":{},\"shipping\":null,\"sources\":{},\"subscriptions\":{}},\"\\u0000*\\u0000_unsavedValues\":{},\"\\u0000*\\u0000_transientValues\":{},\"\\u0000*\\u0000_retrieveOptions\":[]}\n \n Charge Info: \n{\"\\u0000*\\u0000_opts\":{\"headers\":[],\"apiKey\":\"sk_test_NYIpPjs6gbmuogdwUuJ8She4\"},\"\\u0000*\\u0000_values\":{\"id\":\"ch_1ChtsEKmGdRDZlHS4JZBq5FO\",\"object\":\"charge\",\"amount\":200000,\"amount_refunded\":0,\"application\":null,\"application_fee\":null,\"balance_transaction\":\"txn_1ChtsFKmGdRDZlHSQ8v9io5D\",\"captured\":true,\"created\":1530168298,\"currency\":\"usd\",\"customer\":\"cus_D8ACvYDzZXIxFk\",\"description\":null,\"destination\":null,\"dispute\":null,\"failure_code\":null,\"failure_message\":null,\"fraud_details\":[],\"invoice\":null,\"livemode\":false,\"metadata\":{},\"on_behalf_of\":null,\"order\":null,\"outcome\":{},\"paid\":true,\"receipt_email\":null,\"receipt_number\":null,\"refunded\":false,\"refunds\":{},\"review\":null,\"shipping\":null,\"source\":{},\"source_transfer\":null,\"statement_descriptor\":null,\"status\":\"succeeded\",\"transfer_group\":null},\"\\u0000*\\u0000_unsavedValues\":{},\"\\u0000*\\u0000_transientValues\":{},\"\\u0000*\\u0000_retrieveOptions\":[]}', 7, 'stripe', 'paid'),
(17, 16, 1530168373, 300, '{\"mc_gross\":\"300.00\",\"protection_eligibility\":\"Ineligible\",\"address_status\":\"confirmed\",\"payer_id\":\"RSS9FYUZWM7SC\",\"address_street\":\"99 White Fabien Court\",\"payment_date\":\"23:47:03 Jun 27, 2018 PDT\",\"payment_status\":\"Pending\",\"charset\":\"windows-1252\",\"address_zip\":\"37750\",\"first_name\":\"Hillary\",\"address_country_code\":\"US\",\"address_name\":\"Hillary Long\",\"notify_version\":\"3.9\",\"custom\":\"17\",\"payer_status\":\"unverified\",\"address_country\":\"United States\",\"address_city\":\"Voluptatem Omnis perspiciatis cum voluptatem qui beatae dolor duis\",\"quantity\":\"1\",\"verify_sign\":\"At7M.vjpvoOSoEuUejMvbAJc494kAx7kHh-1Y.52PvuWhoDgXxhsXz6a\",\"payer_email\":\"developer.activeitzone@gmail.com\",\"txn_id\":\"2Y8310662A433535N\",\"payment_type\":\"instant\",\"last_name\":\"Long\",\"address_state\":\"IN\",\"receiver_email\":\"alvi@gmail.com\",\"pending_reason\":\"unilateral\",\"txn_type\":\"web_accept\",\"item_name\":\"asdddddddddddd\",\"mc_currency\":\"USD\",\"item_number\":\"\",\"residence_country\":\"US\",\"test_ipn\":\"1\",\"transaction_subject\":\"\",\"payment_gross\":\"300.00\",\"ipn_track_id\":\"65414272c8c47\"}', 1, 'paypal', 'paid'),
(18, 16, 1530168775, 3500, 'Customer Info: \n{\"\\u0000*\\u0000_opts\":{\"headers\":[],\"apiKey\":\"sk_test_NYIpPjs6gbmuogdwUuJ8She4\"},\"\\u0000*\\u0000_values\":{\"id\":\"cus_D8AKObcFPP1vAV\",\"object\":\"customer\",\"account_balance\":0,\"created\":1530168775,\"currency\":null,\"default_source\":\"card_1ChtzjKmGdRDZlHSbxWfgNJU\",\"delinquent\":false,\"description\":null,\"discount\":null,\"email\":\"saide.mahid21@gmail.com\",\"invoice_prefix\":\"D1DE7D7\",\"livemode\":false,\"metadata\":{},\"shipping\":null,\"sources\":{},\"subscriptions\":{}},\"\\u0000*\\u0000_unsavedValues\":{},\"\\u0000*\\u0000_transientValues\":{},\"\\u0000*\\u0000_retrieveOptions\":[]}\n \n Charge Info: \n{\"\\u0000*\\u0000_opts\":{\"headers\":[],\"apiKey\":\"sk_test_NYIpPjs6gbmuogdwUuJ8She4\"},\"\\u0000*\\u0000_values\":{\"id\":\"ch_1ChtzvKmGdRDZlHStJqXGEKC\",\"object\":\"charge\",\"amount\":350000,\"amount_refunded\":0,\"application\":null,\"application_fee\":null,\"balance_transaction\":\"txn_1ChtzwKmGdRDZlHSlohqyjOW\",\"captured\":true,\"created\":1530168775,\"currency\":\"usd\",\"customer\":\"cus_D8AKObcFPP1vAV\",\"description\":null,\"destination\":null,\"dispute\":null,\"failure_code\":null,\"failure_message\":null,\"fraud_details\":[],\"invoice\":null,\"livemode\":false,\"metadata\":{},\"on_behalf_of\":null,\"order\":null,\"outcome\":{},\"paid\":true,\"receipt_email\":null,\"receipt_number\":null,\"refunded\":false,\"refunds\":{},\"review\":null,\"shipping\":null,\"source\":{},\"source_transfer\":null,\"statement_descriptor\":null,\"status\":\"succeeded\",\"transfer_group\":null},\"\\u0000*\\u0000_unsavedValues\":{},\"\\u0000*\\u0000_transientValues\":{},\"\\u0000*\\u0000_retrieveOptions\":[]}', 2, 'stripe', 'paid'),
(19, 16, 1530169135, 300, 'Customer Info: \n{\"\\u0000*\\u0000_opts\":{\"headers\":[],\"apiKey\":\"sk_test_NYIpPjs6gbmuogdwUuJ8She4\"},\"\\u0000*\\u0000_values\":{\"id\":\"cus_D8AQZCuS6xk8Hl\",\"object\":\"customer\",\"account_balance\":0,\"created\":1530169134,\"currency\":null,\"default_source\":\"card_1Chu5YKmGdRDZlHSjo3NZYOX\",\"delinquent\":false,\"description\":null,\"discount\":null,\"email\":\"saide.mahid21@gmail.com\",\"invoice_prefix\":\"C96D5D0\",\"livemode\":false,\"metadata\":{},\"shipping\":null,\"sources\":{},\"subscriptions\":{}},\"\\u0000*\\u0000_unsavedValues\":{},\"\\u0000*\\u0000_transientValues\":{},\"\\u0000*\\u0000_retrieveOptions\":[]}\n \n Charge Info: \n{\"\\u0000*\\u0000_opts\":{\"headers\":[],\"apiKey\":\"sk_test_NYIpPjs6gbmuogdwUuJ8She4\"},\"\\u0000*\\u0000_values\":{\"id\":\"ch_1Chu5jKmGdRDZlHSHmmPoSdN\",\"object\":\"charge\",\"amount\":30000,\"amount_refunded\":0,\"application\":null,\"application_fee\":null,\"balance_transaction\":\"txn_1Chu5jKmGdRDZlHS4F0fMktr\",\"captured\":true,\"created\":1530169135,\"currency\":\"usd\",\"customer\":\"cus_D8AQZCuS6xk8Hl\",\"description\":null,\"destination\":null,\"dispute\":null,\"failure_code\":null,\"failure_message\":null,\"fraud_details\":[],\"invoice\":null,\"livemode\":false,\"metadata\":{},\"on_behalf_of\":null,\"order\":null,\"outcome\":{},\"paid\":true,\"receipt_email\":null,\"receipt_number\":null,\"refunded\":false,\"refunds\":{},\"review\":null,\"shipping\":null,\"source\":{},\"source_transfer\":null,\"statement_descriptor\":null,\"status\":\"succeeded\",\"transfer_group\":null},\"\\u0000*\\u0000_unsavedValues\":{},\"\\u0000*\\u0000_transientValues\":{},\"\\u0000*\\u0000_retrieveOptions\":[]}', 1, 'stripe', 'paid'),
(20, 16, 1530169512, 3500, 'Customer Info: \n{\"\\u0000*\\u0000_opts\":{\"headers\":[],\"apiKey\":\"sk_test_NYIpPjs6gbmuogdwUuJ8She4\"},\"\\u0000*\\u0000_values\":{\"id\":\"cus_D8AWG4ROXH9sMs\",\"object\":\"customer\",\"account_balance\":0,\"created\":1530169511,\"currency\":null,\"default_source\":\"card_1ChuBhKmGdRDZlHSGZRs8N4v\",\"delinquent\":false,\"description\":null,\"discount\":null,\"email\":\"saide.mahid21@gmail.com\",\"invoice_prefix\":\"9184D2F\",\"livemode\":false,\"metadata\":{},\"shipping\":null,\"sources\":{},\"subscriptions\":{}},\"\\u0000*\\u0000_unsavedValues\":{},\"\\u0000*\\u0000_transientValues\":{},\"\\u0000*\\u0000_retrieveOptions\":[]}\n \n Charge Info: \n{\"\\u0000*\\u0000_opts\":{\"headers\":[],\"apiKey\":\"sk_test_NYIpPjs6gbmuogdwUuJ8She4\"},\"\\u0000*\\u0000_values\":{\"id\":\"ch_1ChuBoKmGdRDZlHSLRuAsAcZ\",\"object\":\"charge\",\"amount\":350000,\"amount_refunded\":0,\"application\":null,\"application_fee\":null,\"balance_transaction\":\"txn_1ChuBoKmGdRDZlHSLVz78D7S\",\"captured\":true,\"created\":1530169512,\"currency\":\"usd\",\"customer\":\"cus_D8AWG4ROXH9sMs\",\"description\":null,\"destination\":null,\"dispute\":null,\"failure_code\":null,\"failure_message\":null,\"fraud_details\":[],\"invoice\":null,\"livemode\":false,\"metadata\":{},\"on_behalf_of\":null,\"order\":null,\"outcome\":{},\"paid\":true,\"receipt_email\":null,\"receipt_number\":null,\"refunded\":false,\"refunds\":{},\"review\":null,\"shipping\":null,\"source\":{},\"source_transfer\":null,\"statement_descriptor\":null,\"status\":\"succeeded\",\"transfer_group\":null},\"\\u0000*\\u0000_unsavedValues\":{},\"\\u0000*\\u0000_transientValues\":{},\"\\u0000*\\u0000_retrieveOptions\":[]}', 2, 'stripe', 'paid'),
(21, 1, 1530439057, 2000, 'Customer Info: \n{\"\\u0000*\\u0000_opts\":{\"headers\":[],\"apiKey\":\"sk_test_NYIpPjs6gbmuogdwUuJ8She4\"},\"\\u0000*\\u0000_values\":{\"id\":\"cus_D9Kz2ZUyQFOQQp\",\"object\":\"customer\",\"account_balance\":0,\"created\":1530439057,\"currency\":null,\"default_source\":\"card_1Cj2J5KmGdRDZlHSvwNT3KqG\",\"delinquent\":false,\"description\":null,\"discount\":null,\"email\":\"bicyq@yahoo.com\",\"invoice_prefix\":\"ADC7B23\",\"livemode\":false,\"metadata\":{},\"shipping\":null,\"sources\":{},\"subscriptions\":{}},\"\\u0000*\\u0000_unsavedValues\":{},\"\\u0000*\\u0000_transientValues\":{},\"\\u0000*\\u0000_retrieveOptions\":[]}\n \n Charge Info: \n{\"\\u0000*\\u0000_opts\":{\"headers\":[],\"apiKey\":\"sk_test_NYIpPjs6gbmuogdwUuJ8She4\"},\"\\u0000*\\u0000_values\":{\"id\":\"ch_1Cj2JKKmGdRDZlHSA2ZWo10C\",\"object\":\"charge\",\"amount\":200000,\"amount_refunded\":0,\"application\":null,\"application_fee\":null,\"balance_transaction\":\"txn_1Cj2JKKmGdRDZlHSuWh2VsKJ\",\"captured\":true,\"created\":1530439058,\"currency\":\"usd\",\"customer\":\"cus_D9Kz2ZUyQFOQQp\",\"description\":null,\"destination\":null,\"dispute\":null,\"failure_code\":null,\"failure_message\":null,\"fraud_details\":[],\"invoice\":null,\"livemode\":false,\"metadata\":{},\"on_behalf_of\":null,\"order\":null,\"outcome\":{},\"paid\":true,\"receipt_email\":null,\"receipt_number\":null,\"refunded\":false,\"refunds\":{},\"review\":null,\"shipping\":null,\"source\":{},\"source_transfer\":null,\"statement_descriptor\":null,\"status\":\"succeeded\",\"transfer_group\":null},\"\\u0000*\\u0000_unsavedValues\":{},\"\\u0000*\\u0000_transientValues\":{},\"\\u0000*\\u0000_retrieveOptions\":[]}', 7, 'stripe', 'paid'),
(22, 17, 1531638449, 3500, '', 2, 'cash', 'paid'),
(23, 17, 1531638483, 3500, '', 2, 'cash', 'paid'),
(24, 3, 1532428490, 3500, NULL, 2, 'PayUmoney', 'due'),
(25, 3, 1532428555, 3500, NULL, 2, 'PayUmoney', 'due'),
(28, 3, 1532430467, 2000, '{\"tran_id\":\"20180728\",\"val_id\":\"180724171133QXBFr94e14DEF7j\",\"amount\":\"2000\",\"card_type\":\"BKASH-BKash\",\"store_amount\":\"1960\",\"card_no\":\"\",\"bank_tran_id\":\"1807241711331wLRDkP38emj7r5\",\"status\":\"VALID\",\"tran_date\":\"2018-07-24 17:11:23\",\"currency\":\"BDT\",\"card_issuer\":\"BKash Mobile Banking\",\"card_brand\":\"MOBILEBANKING\",\"card_issuer_country\":\"Bangladesh\",\"card_issuer_country_code\":\"BD\",\"store_id\":\"techr5affa68a7602c\",\"verify_sign\":\"33a9272de9c84e09dd866cfd2ff0d1f8\",\"verify_key\":\"amount,bank_tran_id,base_fair,card_brand,card_issuer,card_issuer_country,card_issuer_country_code,card_no,card_type,currency,currency_amount,currency_rate,currency_type,risk_level,risk_title,status,store_amount,store_id,tran_date,tran_id,val_id,value_a,value_b,value_c,value_d\",\"verify_sign_sha2\":\"1139b0b541db8af03f4692dc5a95c78e5b34852e7dfca4151635eb9eb3101dd7\",\"currency_type\":\"BDT\",\"currency_amount\":\"2000.00\",\"currency_rate\":\"1.0000\",\"base_fair\":\"0.00\",\"value_a\":\"\",\"value_b\":\"\",\"value_c\":\"\",\"value_d\":\"\",\"risk_level\":\"0\",\"risk_title\":\"Safe\"}', 7, 'SSlcommerz', 'paid');

-- --------------------------------------------------------

--
-- Table structure for table `message`
--

CREATE TABLE `message` (
  `message_id` int(11) NOT NULL,
  `message_thread_id` int(11) NOT NULL,
  `message` varchar(255) COLLATE utf8_unicode_ci NOT NULL,
  `sender` varchar(100) COLLATE utf8_unicode_ci NOT NULL,
  `time` varchar(30) COLLATE utf8_unicode_ci NOT NULL,
  `view_status` varchar(100) COLLATE utf8_unicode_ci NOT NULL
) ENGINE=InnoDB DEFAULT CHARSET=utf8 COLLATE=utf8_unicode_ci;

-- --------------------------------------------------------

--
-- Table structure for table `message_thread`
--

CREATE TABLE `message_thread` (
  `message_thread_id` int(11) NOT NULL,
  `message_thread_code` varchar(100) COLLATE utf8_unicode_ci NOT NULL,
  `subject` varchar(100) COLLATE utf8_unicode_ci NOT NULL,
  `sender` varchar(100) COLLATE utf8_unicode_ci NOT NULL,
  `reciever` varchar(100) COLLATE utf8_unicode_ci NOT NULL,
  `time` varchar(30) COLLATE utf8_unicode_ci NOT NULL
) ENGINE=InnoDB DEFAULT CHARSET=utf8 COLLATE=utf8_unicode_ci;

-- --------------------------------------------------------

--
-- Table structure for table `package`
--

CREATE TABLE `package` (
  `package_id` int(11) NOT NULL,
  `name` varchar(150) DEFAULT NULL,
  `amount` decimal(10,0) DEFAULT NULL,
  `upload_amount` int(11) DEFAULT NULL,
  `image` longtext
) ENGINE=InnoDB DEFAULT CHARSET=latin1;

--
-- Dumping data for table `package`
--

INSERT INTO `package` (`package_id`, `name`, `amount`, `upload_amount`, `image`) VALUES
(1, 'Default', 0, 2, '[{\"image\":\"plan_1.png\",\"thumb\":\"plan_1_thumb.png\"}]'),
(2, 'Bronze', 15, 10, '[{\"image\":\"plan_2.png\",\"thumb\":\"plan_2_thumb.png\"}]'),
(3, 'Silver', 25, 15, '[{\"image\":\"plan_3.png\",\"thumb\":\"plan_3_thumb.png\"}]'),
(4, 'Gold', 35, 20, '[{\"image\":\"plan_4.png\",\"thumb\":\"plan_4_thumb.png\"}]'),
(5, 'Platinum', 45, 25, '[{\"image\":\"plan_5.png\",\"thumb\":\"plan_5_thumb.png\"}]');

-- --------------------------------------------------------

--
-- Table structure for table `package_payment`
--

CREATE TABLE `package_payment` (
  `package_payment_id` int(11) NOT NULL,
  `package_id` int(11) DEFAULT NULL,
  `user_id` int(11) DEFAULT NULL,
  `payment_type` varchar(30) DEFAULT NULL,
  `payment_status` varchar(30) DEFAULT NULL,
  `payment_details` longtext,
  `amount` int(11) DEFAULT NULL,
  `purchase_datetime` int(11) DEFAULT NULL,
  `payment_code` varchar(50) DEFAULT NULL,
  `payment_timestamp` int(11) DEFAULT NULL,
  `expire` varchar(20) DEFAULT NULL,
  `expire_timestamp` int(11) DEFAULT NULL
) ENGINE=InnoDB DEFAULT CHARSET=latin1;

--
-- Dumping data for table `package_payment`
--

INSERT INTO `package_payment` (`package_payment_id`, `package_id`, `user_id`, `payment_type`, `payment_status`, `payment_details`, `amount`, `purchase_datetime`, `payment_code`, `payment_timestamp`, `expire`, `expire_timestamp`) VALUES
(1, 2, 7, 'Paypal', 'pending', 'testing', 15, 1526809102, '', 1527663094, '', 0),
(2, 2, 7, 'Paypal', 'pending', 'testing 1234', 15, 1526809416, '', 1527663451, '', 0),
(3, 2, 7, 'Paypal', 'due', 'none', 15, 1526809510, '', 1527663535, '', 0),
(4, 2, 7, 'Paypal', 'due', 'none', 15, 1526809641, '', 1527663565, '', 0),
(5, 2, 7, 'Paypal', 'due', 'none', 15, 1527054416, '', 1527663607, '', 0),
(6, 2, 7, 'Paypal', 'due', 'none', 15, 1527054430, '', 0, '', 0),
(7, 2, 7, 'Paypal', 'due', 'none', 15, 1527054448, '', 0, '', 0),
(8, 2, 7, 'Wallet', 'paid', '', 15, 1527505100, '2018058', 1527505100, 'no', 0),
(9, 2, 7, 'Stripe', 'paid', 'User Info: \n{\"\\u0000*\\u0000_opts\":{\"headers\":[],\"apiKey\":\"sk_test_NYIpPjs6gbmuogdwUuJ8She4\"},\"\\u0000*\\u0000_values\":{\"id\":\"cus_CwcODJSgJ33IwX\",\"object\":\"customer\",\"account_balance\":0,\"created\":1527505467,\"currency\":null,\"default_source\":\"card_1CWj9EKmGdRDZlHSZ0dVOt0f\",\"delinquent\":false,\"description\":null,\"discount\":null,\"email\":\"customer.demo@gmail.com\",\"invoice_prefix\":\"6C5D458\",\"livemode\":false,\"metadata\":{},\"shipping\":null,\"sources\":{},\"subscriptions\":{}},\"\\u0000*\\u0000_unsavedValues\":{},\"\\u0000*\\u0000_transientValues\":{},\"\\u0000*\\u0000_retrieveOptions\":[]}\n \n Charge Info: \n{\"\\u0000*\\u0000_opts\":{\"headers\":[],\"apiKey\":\"sk_test_NYIpPjs6gbmuogdwUuJ8She4\"},\"\\u0000*\\u0000_values\":{\"id\":\"ch_1CWj9LKmGdRDZlHSHxfgKBPm\",\"object\":\"charge\",\"amount\":1500,\"amount_refunded\":0,\"application\":null,\"application_fee\":null,\"balance_transaction\":\"txn_1CWj9MKmGdRDZlHS0E0rSwAI\",\"captured\":true,\"created\":1527505467,\"currency\":\"usd\",\"customer\":\"cus_CwcODJSgJ33IwX\",\"description\":null,\"destination\":null,\"dispute\":null,\"failure_code\":null,\"failure_message\":null,\"fraud_details\":[],\"invoice\":null,\"livemode\":false,\"metadata\":{},\"on_behalf_of\":null,\"order\":null,\"outcome\":{},\"paid\":true,\"receipt_email\":null,\"receipt_number\":null,\"refunded\":false,\"refunds\":{},\"review\":null,\"shipping\":null,\"source\":{},\"source_transfer\":null,\"statement_descriptor\":null,\"status\":\"succeeded\",\"transfer_group\":null},\"\\u0000*\\u0000_unsavedValues\":{},\"\\u0000*\\u0000_transientValues\":{},\"\\u0000*\\u0000_retrieveOptions\":[]}', 15, 1527505467, '2018059', 1527505467, 'no', 0),
(10, 2, 7, 'Stripe', 'paid', 'User Info: \n{\"\\u0000*\\u0000_opts\":{\"headers\":[],\"apiKey\":\"sk_test_NYIpPjs6gbmuogdwUuJ8She4\"},\"\\u0000*\\u0000_values\":{\"id\":\"cus_CxLBf86vTofKeu\",\"object\":\"customer\",\"account_balance\":0,\"created\":1527672118,\"currency\":null,\"default_source\":\"card_1CXQV9KmGdRDZlHSkj2ffaQQ\",\"delinquent\":false,\"description\":null,\"discount\":null,\"email\":\"customer.demo@gmail.com\",\"invoice_prefix\":\"81BD7F1\",\"livemode\":false,\"metadata\":{},\"shipping\":null,\"sources\":{},\"subscriptions\":{}},\"\\u0000*\\u0000_unsavedValues\":{},\"\\u0000*\\u0000_transientValues\":{},\"\\u0000*\\u0000_retrieveOptions\":[]}\n \n Charge Info: \n{\"\\u0000*\\u0000_opts\":{\"headers\":[],\"apiKey\":\"sk_test_NYIpPjs6gbmuogdwUuJ8She4\"},\"\\u0000*\\u0000_values\":{\"id\":\"ch_1CXQVIKmGdRDZlHSB9JHc7o6\",\"object\":\"charge\",\"amount\":1500,\"amount_refunded\":0,\"application\":null,\"application_fee\":null,\"balance_transaction\":\"txn_1CXQVJKmGdRDZlHSKXNwZTUC\",\"captured\":true,\"created\":1527672120,\"currency\":\"usd\",\"customer\":\"cus_CxLBf86vTofKeu\",\"description\":null,\"destination\":null,\"dispute\":null,\"failure_code\":null,\"failure_message\":null,\"fraud_details\":[],\"invoice\":null,\"livemode\":false,\"metadata\":{},\"on_behalf_of\":null,\"order\":null,\"outcome\":{},\"paid\":true,\"receipt_email\":null,\"receipt_number\":null,\"refunded\":false,\"refunds\":{},\"review\":null,\"shipping\":null,\"source\":{},\"source_transfer\":null,\"statement_descriptor\":null,\"status\":\"succeeded\",\"transfer_group\":null},\"\\u0000*\\u0000_unsavedValues\":{},\"\\u0000*\\u0000_transientValues\":{},\"\\u0000*\\u0000_retrieveOptions\":[]}', 15, 1527672108, '20180510', 1527672108, 'no', 0),
(11, 3, 7, 'Paypal', 'due', 'none', 25, 1527743164, '', 0, '', 0),
(12, 2, 13, 'Stripe', 'paid', 'User Info: \n{\"\\u0000*\\u0000_opts\":{\"headers\":[],\"apiKey\":\"sk_test_NYIpPjs6gbmuogdwUuJ8She4\"},\"\\u0000*\\u0000_values\":{\"id\":\"cus_CypmvgOKdcuXS8\",\"object\":\"customer\",\"account_balance\":0,\"created\":1528016564,\"currency\":null,\"default_source\":\"card_1CYs6gKmGdRDZlHSZnAhEeYN\",\"delinquent\":false,\"description\":null,\"discount\":null,\"email\":\"customer.shop@gmail.com\",\"invoice_prefix\":\"A2955CE\",\"livemode\":false,\"metadata\":{},\"shipping\":null,\"sources\":{},\"subscriptions\":{}},\"\\u0000*\\u0000_unsavedValues\":{},\"\\u0000*\\u0000_transientValues\":{},\"\\u0000*\\u0000_retrieveOptions\":[]}\n \n Charge Info: \n{\"\\u0000*\\u0000_opts\":{\"headers\":[],\"apiKey\":\"sk_test_NYIpPjs6gbmuogdwUuJ8She4\"},\"\\u0000*\\u0000_values\":{\"id\":\"ch_1CYs6sKmGdRDZlHSuw6LMZos\",\"object\":\"charge\",\"amount\":1500,\"amount_refunded\":0,\"application\":null,\"application_fee\":null,\"balance_transaction\":\"txn_1CYs6sKmGdRDZlHSuLIyXJWG\",\"captured\":true,\"created\":1528016566,\"currency\":\"usd\",\"customer\":\"cus_CypmvgOKdcuXS8\",\"description\":null,\"destination\":null,\"dispute\":null,\"failure_code\":null,\"failure_message\":null,\"fraud_details\":[],\"invoice\":null,\"livemode\":false,\"metadata\":{},\"on_behalf_of\":null,\"order\":null,\"outcome\":{},\"paid\":true,\"receipt_email\":null,\"receipt_number\":null,\"refunded\":false,\"refunds\":{},\"review\":null,\"shipping\":null,\"source\":{},\"source_transfer\":null,\"statement_descriptor\":null,\"status\":\"succeeded\",\"transfer_group\":null},\"\\u0000*\\u0000_unsavedValues\":{},\"\\u0000*\\u0000_transientValues\":{},\"\\u0000*\\u0000_retrieveOptions\":[]}', 15, 1528016552, '20180612', 1528016552, 'no', 0),
(13, 2, 15, 'Stripe', 'paid', 'User Info: \n{\"\\u0000*\\u0000_opts\":{\"headers\":[],\"apiKey\":\"sk_test_NYIpPjs6gbmuogdwUuJ8She4\"},\"\\u0000*\\u0000_values\":{\"id\":\"cus_CzwzUsnuVldUTd\",\"object\":\"customer\",\"account_balance\":0,\"created\":1528274022,\"currency\":null,\"default_source\":\"card_1CZx5HKmGdRDZlHS2t6FNVNa\",\"delinquent\":false,\"description\":null,\"discount\":null,\"email\":\"georgiaray@gmail.com\",\"invoice_prefix\":\"3F6FB06\",\"livemode\":false,\"metadata\":{},\"shipping\":null,\"sources\":{},\"subscriptions\":{}},\"\\u0000*\\u0000_unsavedValues\":{},\"\\u0000*\\u0000_transientValues\":{},\"\\u0000*\\u0000_retrieveOptions\":[]}\n \n Charge Info: \n{\"\\u0000*\\u0000_opts\":{\"headers\":[],\"apiKey\":\"sk_test_NYIpPjs6gbmuogdwUuJ8She4\"},\"\\u0000*\\u0000_values\":{\"id\":\"ch_1CZx5QKmGdRDZlHSeqGVQWeW\",\"object\":\"charge\",\"amount\":1500,\"amount_refunded\":0,\"application\":null,\"application_fee\":null,\"balance_transaction\":\"txn_1CZx5QKmGdRDZlHStPMP95rN\",\"captured\":true,\"created\":1528274024,\"currency\":\"usd\",\"customer\":\"cus_CzwzUsnuVldUTd\",\"description\":null,\"destination\":null,\"dispute\":null,\"failure_code\":null,\"failure_message\":null,\"fraud_details\":[],\"invoice\":null,\"livemode\":false,\"metadata\":{},\"on_behalf_of\":null,\"order\":null,\"outcome\":{},\"paid\":true,\"receipt_email\":null,\"receipt_number\":null,\"refunded\":false,\"refunds\":{},\"review\":null,\"shipping\":null,\"source\":{},\"source_transfer\":null,\"statement_descriptor\":null,\"status\":\"succeeded\",\"transfer_group\":null},\"\\u0000*\\u0000_unsavedValues\":{},\"\\u0000*\\u0000_transientValues\":{},\"\\u0000*\\u0000_retrieveOptions\":[]}', 15, 1528274007, '20180613', 1528274007, 'no', 0),
(14, 3, 16, 'Stripe', 'paid', 'User Info: \n{\"\\u0000*\\u0000_opts\":{\"headers\":[],\"apiKey\":\"sk_test_NYIpPjs6gbmuogdwUuJ8She4\"},\"\\u0000*\\u0000_values\":{\"id\":\"cus_Czx9Z1ME9I52Oj\",\"object\":\"customer\",\"account_balance\":0,\"created\":1528274615,\"currency\":null,\"default_source\":\"card_1CZxErKmGdRDZlHS2ryYMyAq\",\"delinquent\":false,\"description\":null,\"discount\":null,\"email\":\"lee@gmail.com\",\"invoice_prefix\":\"845AF91\",\"livemode\":false,\"metadata\":{},\"shipping\":null,\"sources\":{},\"subscriptions\":{}},\"\\u0000*\\u0000_unsavedValues\":{},\"\\u0000*\\u0000_transientValues\":{},\"\\u0000*\\u0000_retrieveOptions\":[]}\n \n Charge Info: \n{\"\\u0000*\\u0000_opts\":{\"headers\":[],\"apiKey\":\"sk_test_NYIpPjs6gbmuogdwUuJ8She4\"},\"\\u0000*\\u0000_values\":{\"id\":\"ch_1CZxEzKmGdRDZlHSiZBBQbFq\",\"object\":\"charge\",\"amount\":2500,\"amount_refunded\":0,\"application\":null,\"application_fee\":null,\"balance_transaction\":\"txn_1CZxEzKmGdRDZlHSXQWkv6Wi\",\"captured\":true,\"created\":1528274617,\"currency\":\"usd\",\"customer\":\"cus_Czx9Z1ME9I52Oj\",\"description\":null,\"destination\":null,\"dispute\":null,\"failure_code\":null,\"failure_message\":null,\"fraud_details\":[],\"invoice\":null,\"livemode\":false,\"metadata\":{},\"on_behalf_of\":null,\"order\":null,\"outcome\":{},\"paid\":true,\"receipt_email\":null,\"receipt_number\":null,\"refunded\":false,\"refunds\":{},\"review\":null,\"shipping\":null,\"source\":{},\"source_transfer\":null,\"statement_descriptor\":null,\"status\":\"succeeded\",\"transfer_group\":null},\"\\u0000*\\u0000_unsavedValues\":{},\"\\u0000*\\u0000_transientValues\":{},\"\\u0000*\\u0000_retrieveOptions\":[]}', 25, 1528274599, '20180614', 1528274600, 'no', 0),
(15, 4, 17, 'Stripe', 'paid', 'User Info: \n{\"\\u0000*\\u0000_opts\":{\"headers\":[],\"apiKey\":\"sk_test_NYIpPjs6gbmuogdwUuJ8She4\"},\"\\u0000*\\u0000_values\":{\"id\":\"cus_CzxyZtzTluDcVG\",\"object\":\"customer\",\"account_balance\":0,\"created\":1528277707,\"currency\":null,\"default_source\":\"card_1CZy2jKmGdRDZlHSPEsoHOf8\",\"delinquent\":false,\"description\":null,\"discount\":null,\"email\":\"larrypena@gmail.com\",\"invoice_prefix\":\"E034D67\",\"livemode\":false,\"metadata\":{},\"shipping\":null,\"sources\":{},\"subscriptions\":{}},\"\\u0000*\\u0000_unsavedValues\":{},\"\\u0000*\\u0000_transientValues\":{},\"\\u0000*\\u0000_retrieveOptions\":[]}\n \n Charge Info: \n{\"\\u0000*\\u0000_opts\":{\"headers\":[],\"apiKey\":\"sk_test_NYIpPjs6gbmuogdwUuJ8She4\"},\"\\u0000*\\u0000_values\":{\"id\":\"ch_1CZy2rKmGdRDZlHSC58ffXbO\",\"object\":\"charge\",\"amount\":3500,\"amount_refunded\":0,\"application\":null,\"application_fee\":null,\"balance_transaction\":\"txn_1CZy2rKmGdRDZlHSUB0evIC0\",\"captured\":true,\"created\":1528277709,\"currency\":\"usd\",\"customer\":\"cus_CzxyZtzTluDcVG\",\"description\":null,\"destination\":null,\"dispute\":null,\"failure_code\":null,\"failure_message\":null,\"fraud_details\":[],\"invoice\":null,\"livemode\":false,\"metadata\":{},\"on_behalf_of\":null,\"order\":null,\"outcome\":{},\"paid\":true,\"receipt_email\":null,\"receipt_number\":null,\"refunded\":false,\"refunds\":{},\"review\":null,\"shipping\":null,\"source\":{},\"source_transfer\":null,\"statement_descriptor\":null,\"status\":\"succeeded\",\"transfer_group\":null},\"\\u0000*\\u0000_unsavedValues\":{},\"\\u0000*\\u0000_transientValues\":{},\"\\u0000*\\u0000_retrieveOptions\":[]}', 35, 1528277691, '20180615', 1528277692, 'no', 0),
(16, 5, 18, 'Stripe', 'paid', 'User Info: \n{\"\\u0000*\\u0000_opts\":{\"headers\":[],\"apiKey\":\"sk_test_NYIpPjs6gbmuogdwUuJ8She4\"},\"\\u0000*\\u0000_values\":{\"id\":\"cus_CzyDdeiAUUEPil\",\"object\":\"customer\",\"account_balance\":0,\"created\":1528278604,\"currency\":null,\"default_source\":\"card_1CZyHCKmGdRDZlHS66s0Ctkk\",\"delinquent\":false,\"description\":null,\"discount\":null,\"email\":\"noraharris@gmail.com\",\"invoice_prefix\":\"A0030FC\",\"livemode\":false,\"metadata\":{},\"shipping\":null,\"sources\":{},\"subscriptions\":{}},\"\\u0000*\\u0000_unsavedValues\":{},\"\\u0000*\\u0000_transientValues\":{},\"\\u0000*\\u0000_retrieveOptions\":[]}\n \n Charge Info: \n{\"\\u0000*\\u0000_opts\":{\"headers\":[],\"apiKey\":\"sk_test_NYIpPjs6gbmuogdwUuJ8She4\"},\"\\u0000*\\u0000_values\":{\"id\":\"ch_1CZyHJKmGdRDZlHSbdCk7oty\",\"object\":\"charge\",\"amount\":4500,\"amount_refunded\":0,\"application\":null,\"application_fee\":null,\"balance_transaction\":\"txn_1CZyHKKmGdRDZlHSohojhb9q\",\"captured\":true,\"created\":1528278605,\"currency\":\"usd\",\"customer\":\"cus_CzyDdeiAUUEPil\",\"description\":null,\"destination\":null,\"dispute\":null,\"failure_code\":null,\"failure_message\":null,\"fraud_details\":[],\"invoice\":null,\"livemode\":false,\"metadata\":{},\"on_behalf_of\":null,\"order\":null,\"outcome\":{},\"paid\":true,\"receipt_email\":null,\"receipt_number\":null,\"refunded\":false,\"refunds\":{},\"review\":null,\"shipping\":null,\"source\":{},\"source_transfer\":null,\"statement_descriptor\":null,\"status\":\"succeeded\",\"transfer_group\":null},\"\\u0000*\\u0000_unsavedValues\":{},\"\\u0000*\\u0000_transientValues\":{},\"\\u0000*\\u0000_retrieveOptions\":[]}', 45, 1528278588, '20180616', 1528278588, 'no', 0),
(17, 5, 3, 'Stripe', 'paid', 'User Info: \n{\"\\u0000*\\u0000_opts\":{\"headers\":[],\"apiKey\":\"sk_test_NYIpPjs6gbmuogdwUuJ8She4\"},\"\\u0000*\\u0000_values\":{\"id\":\"cus_D9i6araPgmiPwn\",\"object\":\"customer\",\"account_balance\":0,\"created\":1530525022,\"currency\":null,\"default_source\":\"card_1CjOflKmGdRDZlHS8xYwhpzq\",\"delinquent\":false,\"description\":null,\"discount\":null,\"email\":\"customer3@shop.com\",\"invoice_prefix\":\"9DFF13D\",\"livemode\":false,\"metadata\":{},\"shipping\":null,\"sources\":{},\"subscriptions\":{}},\"\\u0000*\\u0000_unsavedValues\":{},\"\\u0000*\\u0000_transientValues\":{},\"\\u0000*\\u0000_retrieveOptions\":[]}\n \n Charge Info: \n{\"\\u0000*\\u0000_opts\":{\"headers\":[],\"apiKey\":\"sk_test_NYIpPjs6gbmuogdwUuJ8She4\"},\"\\u0000*\\u0000_values\":{\"id\":\"ch_1CjOfrKmGdRDZlHSnv4Lw7hi\",\"object\":\"charge\",\"amount\":4500,\"amount_refunded\":0,\"application\":null,\"application_fee\":null,\"balance_transaction\":\"txn_1CjOfrKmGdRDZlHSIRkmP6N4\",\"captured\":true,\"created\":1530525023,\"currency\":\"usd\",\"customer\":\"cus_D9i6araPgmiPwn\",\"description\":null,\"destination\":null,\"dispute\":null,\"failure_code\":null,\"failure_message\":null,\"fraud_details\":[],\"invoice\":null,\"livemode\":false,\"metadata\":{},\"on_behalf_of\":null,\"order\":null,\"outcome\":{},\"paid\":true,\"receipt_email\":null,\"receipt_number\":null,\"refunded\":false,\"refunds\":{},\"review\":null,\"shipping\":null,\"source\":{},\"source_transfer\":null,\"statement_descriptor\":null,\"status\":\"succeeded\",\"transfer_group\":null},\"\\u0000*\\u0000_unsavedValues\":{},\"\\u0000*\\u0000_transientValues\":{},\"\\u0000*\\u0000_retrieveOptions\":[]}', 45, 1530525023, '20180717', 1530525023, 'no', 0),
(19, 4, 7, 'PayUmoney', 'due', 'none', 35, 1530531560, '', 0, '', 0),
(20, 5, 22, 'Stripe', 'paid', 'User Info: \n{\"\\u0000*\\u0000_opts\":{\"headers\":[],\"apiKey\":\"sk_test_NYIpPjs6gbmuogdwUuJ8She4\"},\"\\u0000*\\u0000_values\":{\"id\":\"cus_DAkrzbCEBlxP03\",\"object\":\"customer\",\"account_balance\":0,\"created\":1530765971,\"currency\":null,\"default_source\":\"card_1CkPM2KmGdRDZlHSFfoyUbJ2\",\"delinquent\":false,\"description\":null,\"discount\":null,\"email\":\"marketing.activeitzone@gmail.com\",\"invoice_prefix\":\"A5ED676\",\"livemode\":false,\"metadata\":{},\"shipping\":null,\"sources\":{},\"subscriptions\":{}},\"\\u0000*\\u0000_unsavedValues\":{},\"\\u0000*\\u0000_transientValues\":{},\"\\u0000*\\u0000_retrieveOptions\":[]}\n \n Charge Info: \n{\"\\u0000*\\u0000_opts\":{\"headers\":[],\"apiKey\":\"sk_test_NYIpPjs6gbmuogdwUuJ8She4\"},\"\\u0000*\\u0000_values\":{\"id\":\"ch_1CkPM8KmGdRDZlHSD2Fdrnvb\",\"object\":\"charge\",\"amount\":4500,\"amount_refunded\":0,\"application\":null,\"application_fee\":null,\"balance_transaction\":\"txn_1CkPM8KmGdRDZlHSBFeIdVNn\",\"captured\":true,\"created\":1530765972,\"currency\":\"usd\",\"customer\":\"cus_DAkrzbCEBlxP03\",\"description\":null,\"destination\":null,\"dispute\":null,\"failure_code\":null,\"failure_message\":null,\"fraud_details\":[],\"invoice\":null,\"livemode\":false,\"metadata\":{},\"on_behalf_of\":null,\"order\":null,\"outcome\":{},\"paid\":true,\"receipt_email\":null,\"receipt_number\":null,\"refunded\":false,\"refunds\":{},\"review\":null,\"shipping\":null,\"source\":{},\"source_transfer\":null,\"statement_descriptor\":null,\"status\":\"succeeded\",\"transfer_group\":null},\"\\u0000*\\u0000_unsavedValues\":{},\"\\u0000*\\u0000_transientValues\":{},\"\\u0000*\\u0000_retrieveOptions\":[]}', 45, 1530765972, '20180720', 1530765972, 'no', 0),
(21, 5, 23, 'Wallet', 'paid', '', 45, 1531634185, '20180721', 1531634185, 'no', 0),
(24, 4, 7, 'SSLcommerz', 'paid', '{\"tran_id\":\"20180724\",\"val_id\":\"1807241627541mUbsn0kqoeWVuq\",\"amount\":\"35\",\"card_type\":\"BKASH-BKash\",\"store_amount\":\"34.3\",\"card_no\":\"\",\"bank_tran_id\":\"180724162754Ii6p2KJnBH5jDlG\",\"status\":\"VALID\",\"tran_date\":\"2018-07-24 16:27:38\",\"currency\":\"BDT\",\"card_issuer\":\"BKash Mobile Banking\",\"card_brand\":\"MOBILEBANKING\",\"card_issuer_country\":\"Bangladesh\",\"card_issuer_country_code\":\"BD\",\"store_id\":\"techr5affa68a7602c\",\"verify_sign\":\"37cb03693d014285a7cea9cca3f606ec\",\"verify_key\":\"amount,bank_tran_id,base_fair,card_brand,card_issuer,card_issuer_country,card_issuer_country_code,card_no,card_type,currency,currency_amount,currency_rate,currency_type,risk_level,risk_title,status,store_amount,store_id,tran_date,tran_id,val_id,value_a,value_b,value_c,value_d\",\"verify_sign_sha2\":\"90cba376582ea23e1bc64274538eec2fc0b5da6b3fbed4c6529afb4406b476ac\",\"currency_type\":\"BDT\",\"currency_amount\":\"35.00\",\"currency_rate\":\"1.0000\",\"base_fair\":\"0.00\",\"value_a\":\"\",\"value_b\":\"\",\"value_c\":\"\",\"value_d\":\"\",\"risk_level\":\"0\",\"risk_title\":\"Safe\"}', 35, 1532427912, '20180724', 1532427912, 'no', 0),
(25, 4, 22, 'SSLcommerz', 'paid', '{\"tran_id\":\"20180725\",\"val_id\":\"1807251144111YNM4LsS30YofK9\",\"amount\":\"35\",\"card_type\":\"BKASH-BKash\",\"store_amount\":\"34.3\",\"card_no\":\"\",\"bank_tran_id\":\"1807251144110qo2y4fHI4aWTvE\",\"status\":\"VALID\",\"tran_date\":\"2018-07-25 11:43:52\",\"currency\":\"BDT\",\"card_issuer\":\"BKash Mobile Banking\",\"card_brand\":\"MOBILEBANKING\",\"card_issuer_country\":\"Bangladesh\",\"card_issuer_country_code\":\"BD\",\"store_id\":\"techr5affa68a7602c\",\"verify_sign\":\"d5f200f705ea203b954f3cf50e72866e\",\"verify_key\":\"amount,bank_tran_id,base_fair,card_brand,card_issuer,card_issuer_country,card_issuer_country_code,card_no,card_type,currency,currency_amount,currency_rate,currency_type,risk_level,risk_title,status,store_amount,store_id,tran_date,tran_id,val_id,value_a,value_b,value_c,value_d\",\"verify_sign_sha2\":\"0de0de16b0cc67cafdaa4aaedccc4a8be010bb0a827399a35f88e82d142af24d\",\"currency_type\":\"BDT\",\"currency_amount\":\"35.00\",\"currency_rate\":\"1.0000\",\"base_fair\":\"0.00\",\"value_a\":\"\",\"value_b\":\"\",\"value_c\":\"\",\"value_d\":\"\",\"risk_level\":\"0\",\"risk_title\":\"Safe\"}', 35, 1532497253, '20180725', 1532497253, 'no', 0),
(26, 5, 24, 'Stripe', 'paid', 'User Info: \n{\"\\u0000*\\u0000_opts\":{\"headers\":[],\"apiKey\":\"sk_test_NYIpPjs6gbmuogdwUuJ8She4\"},\"\\u0000*\\u0000_values\":{\"id\":\"cus_FEZRsMkhqAuzb7\",\"object\":\"customer\",\"account_balance\":0,\"address\":null,\"balance\":0,\"created\":1560245404,\"currency\":null,\"default_source\":\"card_1Ek6IjKmGdRDZlHSyVdol7jX\",\"delinquent\":false,\"description\":null,\"discount\":null,\"email\":\"hm@gmail.com\",\"invoice_prefix\":\"51F53B47\",\"invoice_settings\":{},\"livemode\":false,\"metadata\":{},\"name\":null,\"phone\":null,\"preferred_locales\":[],\"shipping\":null,\"sources\":{},\"subscriptions\":{},\"tax_exempt\":\"none\",\"tax_ids\":{},\"tax_info\":null,\"tax_info_verification\":null},\"\\u0000*\\u0000_unsavedValues\":{},\"\\u0000*\\u0000_transientValues\":{},\"\\u0000*\\u0000_retrieveOptions\":[]}\n \n Charge Info: \n{\"\\u0000*\\u0000_opts\":{\"headers\":[],\"apiKey\":\"sk_test_NYIpPjs6gbmuogdwUuJ8She4\"},\"\\u0000*\\u0000_values\":{\"id\":\"ch_1Ek6IrKmGdRDZlHSb1FskWjT\",\"object\":\"charge\",\"amount\":4500,\"amount_refunded\":0,\"application\":null,\"application_fee\":null,\"application_fee_amount\":null,\"balance_transaction\":\"txn_1Ek6IsKmGdRDZlHSA8qHLo6h\",\"billing_details\":{},\"captured\":true,\"created\":1560245405,\"currency\":\"usd\",\"customer\":\"cus_FEZRsMkhqAuzb7\",\"description\":null,\"destination\":null,\"dispute\":null,\"failure_code\":null,\"failure_message\":null,\"fraud_details\":[],\"invoice\":null,\"livemode\":false,\"metadata\":{},\"on_behalf_of\":null,\"order\":null,\"outcome\":{},\"paid\":true,\"payment_intent\":null,\"payment_method\":\"card_1Ek6IjKmGdRDZlHSyVdol7jX\",\"payment_method_details\":{},\"receipt_email\":null,\"receipt_number\":null,\"receipt_url\":\"https:\\/\\/pay.stripe.com\\/receipts\\/acct_16RWzfKmGdRDZlHS\\/ch_1Ek6IrKmGdRDZlHSb1FskWjT\\/rcpt_FEZRpAv0xKpi1Pr63aOwReZeG4xOTfK\",\"refunded\":false,\"refunds\":{},\"review\":null,\"shipping\":null,\"source\":{},\"source_transfer\":null,\"statement_descriptor\":null,\"status\":\"succeeded\",\"transfer_data\":null,\"transfer_group\":null},\"\\u0000*\\u0000_unsavedValues\":{},\"\\u0000*\\u0000_transientValues\":{},\"\\u0000*\\u0000_retrieveOptions\":[]}', 45, 1560245406, '20190626', 1560245406, 'no', NULL);

-- --------------------------------------------------------

--
-- Table structure for table `page`
--

CREATE TABLE `page` (
  `page_id` int(11) NOT NULL,
  `status` varchar(20) DEFAULT NULL,
  `page_name` varchar(100) DEFAULT NULL,
  `parmalink` varchar(100) DEFAULT NULL,
  `content` longtext,
  `parts` longtext,
  `tag` longtext,
  `fixed` varchar(10) DEFAULT NULL
) ENGINE=MyISAM DEFAULT CHARSET=utf8;

--
-- Dumping data for table `page`
--

INSERT INTO `page` (`page_id`, `status`, `page_name`, `parmalink`, `content`, `parts`, `tag`, `fixed`) VALUES
(11, '0', 'new page1', 'new_page1', NULL, '[{\"size\":\"3\",\"type\":\"widget\",\"content\":\"<p><br><\\/p>\",\"widget\":\"product_categories,advance_search,special_products\"},{\"size\":\"9\",\"type\":\"content\",\"content\":\"<h2><span style=\\\"font-family: inherit; color: rgb(255, 0, 0); vertical-align: super; font-weight: bold;\\\">This is new page<\\/span><\\/h2>\\r\\n<p>Repudiandae laborum impedit, fuga. Labore autem aut libero quo omnis deserunt pariatur? Ipsam iste eligendi est, nulla consequatur voluptas voluptas suscipit ut omnis et vitae ad omnis quia consequatur, quod culpa, aute recusandae. Nesciunt, pariatur? Sapiente anim quis nostrud qui labore ut asperiores elit, nesciunt, perferendis distinctio. Doloremque iure dolor optio, vero et enim dolorem autem iste ullam et labore in aliqua. Laboriosam, dolorum voluptatem irure molestiae aliquam.Repudiandae laborum impedit, fuga. Labore autem aut libero quo omnis deserunt pariatur? Ipsam iste eligendi est, nulla consequatur voluptas voluptas suscipit ut omnis et vitae ad omnis quia consequatur, quod culpa, aute recusandae. Nesciunt, pariatur? Sapiente anim quis nostrud qui labore ut asperiores elit, nesciunt, perferendis distinctio. Doloremque iure dolor optio, vero et enim dolorem autem iste ullam et labore in aliqua. Laboriosam, dolorum voluptatem irure molestiae aliquam.Repudiandae laborum impedit, fuga. Labore autem aut libero quo omnis deserunt pariatur? Ipsam iste eligendi est, nulla consequatur voluptas voluptas suscipit ut omnis et vitae ad omnis quia consequatur, quod culpa, aute recusandae. Nesciunt, pariatur? Sapiente anim quis nostrud qui labore ut asperiores elit, nesciunt, perferendis distinctio. Doloremque iure dolor optio, vero et enim dolorem autem iste ullam et labore in aliqua. Laboriosam, dolorum voluptatem irure molestiae aliquam.Repudiandae laborum impedit, fuga. Labore autem aut libero quo omnis deserunt pariatur? Ipsam iste eligendi est, nulla consequatur voluptas voluptas suscipit ut omnis et vitae ad omnis quia consequatur, quod culpa, aute recusandae. Nesciunt, pariatur? Sapiente anim quis nostrud qui labore ut asperiores elit, nesciunt, perferendis distinctio. Doloremque iure dolor optio, vero et enim dolorem autem iste ullam et labore in aliqua. Laboriosam, dolorum voluptatem irure molestiae aliquam.Repudiandae laborum impedit, fuga. Labore autem aut libero quo omnis deserunt pariatur? Ipsam iste eligendi est, nulla consequatur voluptas voluptas suscipit ut omnis et vitae ad omnis quia consequatur, quod culpa, aute recusandae. Nesciunt, pariatur? Sapiente anim quis nostrud qui labore ut asperiores elit, nesciunt, perferendis distinctio. Doloremque iure dolor optio, vero et enim dolorem autem iste ullam et labore in aliqua. Laboriosam, dolorum voluptatem irure molestiae aliquam.Repudiandae laborum impedit, fuga. Labore autem aut libero quo omnis deserunt pariatur?<\\/p>\\r\\n<img class=\\\"img-responsive\\\" src=\\\"data:image\\/jpeg;base64,\\/9j\\/4QAYRXhpZgAASUkqAAgAAAAAAAAAAAAAAP\\/sABFEdWNreQABAAQAAAA8AAD\\/4QMqaHR0cDovL25zLmFkb2JlLmNvbS94YXAvMS4wLwA8P3hwYWNrZXQgYmVnaW49Iu+7vyIgaWQ9Ilc1TTBNcENlaGlIenJlU3pOVGN6a2M5ZCI\\/PiA8eDp4bXBtZXRhIHhtbG5zOng9ImFkb2JlOm5zOm1ldGEvIiB4OnhtcHRrPSJBZG9iZSBYTVAgQ29yZSA1LjUtYzAxNCA3OS4xNTE0ODEsIDIwMTMvMDMvMTMtMTI6MDk6MTUgICAgICAgICI+IDxyZGY6UkRGIHhtbG5zOnJkZj0iaHR0cDovL3d3dy53My5vcmcvMTk5OS8wMi8yMi1yZGYtc3ludGF4LW5zIyI+IDxyZGY6RGVzY3JpcHRpb24gcmRmOmFib3V0PSIiIHhtbG5zOnhtcD0iaHR0cDovL25zLmFkb2JlLmNvbS94YXAvMS4wLyIgeG1sbnM6eG1wTU09Imh0dHA6Ly9ucy5hZG9iZS5jb20veGFwLzEuMC9tbS8iIHhtbG5zOnN0UmVmPSJodHRwOi8vbnMuYWRvYmUuY29tL3hhcC8xLjAvc1R5cGUvUmVzb3VyY2VSZWYjIiB4bXA6Q3JlYXRvclRvb2w9IkFkb2JlIFBob3Rvc2hvcCBDQyAoV2luZG93cykiIHhtcE1NOkluc3RhbmNlSUQ9InhtcC5paWQ6QjQxNjQ1RTM3MTE1MTFFNjk4NDhBQTQ5RUREM0E4QjgiIHhtcE1NOkRvY3VtZW50SUQ9InhtcC5kaWQ6QjQxNjQ1RTQ3MTE1MTFFNjk4NDhBQTQ5RUREM0E4QjgiPiA8eG1wTU06RGVyaXZlZEZyb20gc3RSZWY6aW5zdGFuY2VJRD0ieG1wLmlpZDpCNDE2NDVFMTcxMTUxMUU2OTg0OEFBNDlFREQzQThCOCIgc3RSZWY6ZG9jdW1lbnRJRD0ieG1wLmRpZDpCNDE2NDVFMjcxMTUxMUU2OTg0OEFBNDlFREQzQThCOCIvPiA8L3JkZjpEZXNjcmlwdGlvbj4gPC9yZGY6UkRGPiA8L3g6eG1wbWV0YT4gPD94cGFja2V0IGVuZD0iciI\\/Pv\\/uACZBZG9iZQBkwAAAAAEDABUEAwYKDQAAOJ0AAEtcAAB8gQAAybX\\/2wCEAAYEBAQFBAYFBQYJBgUGCQsIBgYICwwKCgsKCgwQDAwMDAwMEAwODxAPDgwTExQUExMcGxsbHB8fHx8fHx8fHx8BBwcHDQwNGBAQGBoVERUaHx8fHx8fHx8fHx8fHx8fHx8fHx8fHx8fHx8fHx8fHx8fHx8fHx8fHx8fHx8fHx8fH\\/\\/CABEIAggBhQMBEQACEQEDEQH\\/xADuAAABBQEBAQAAAAAAAAAAAAABAAIDBAUGBwgBAAMBAQEBAAAAAAAAAAAAAAABAgMEBQYQAAEEAQIFAwIGAwACAwEAAAEAEQIDBBASICExEwUwIhRAMkEjMyQVBlBCNEM1YEQWJREAAQIDAwkFBgUCBQQDAAAAAQACESEDMUESECAwUWFxIjIEgZFCUhNAobHBciPhYoIzFNGSUPBDUyTxomMFczREEgACAQIHAQEAAAAAAAAAAABQESGAAQAQIGBwkGGgcRMBAAIBAwMEAgMBAQEBAAAAAQARIRAxQVFhcSCBkaEwsfDB0eFA8VD\\/2gAMAwEAAhEDEQAAAfRdMyDgIIAINIHJuBJkECBAQQIECBAgQIECBAhIaEgQAECBAgQBpAgRSTq6ZNy2grO1ScmE85lbPR6HA5kdKFj4d\\/KrUklBYBKh9ISFiAgAIIEBBAgTACBAgQIECBAgAIQBMeMIoEzDpJNbFSkcHtlCqYEQwqQSNWIp2V7Od6yHiNFjaJ7mthogYxCTEAAA4CD07EudFxpzSBzHAgAEAAQAYOWkQrNc256FPEFTuZXEY8nfBMe1VThTQW2JHPZ7a\\/N09Bm3gwK6qQJEkii6qNsEpJYuiqbaLWk1uZvUca++T6SAsQIECBAgQMB4IKIcaLtWsRyy4c5jax9skDmUk4wIXgIuZjbT5OreyqQGsrzUiJBEKrdWnSS6HDW3ncLGhUq8i46qsNJzqbZvoQIECBAgQIEEYR5kllSjiye2DEctvOw5jbx9sQDmom6ssBfQ4OZnTS5Ovfzb2Rp1s6kCUC1WbrUWUbmGrEwhpU+hz06b+vHf0i7UuYgLEAYUIECBAySLmp+6r6rlEusawiRpnbFEzI2yQpqVmzORXl3UPHzzqzwdu9m3gBwRT0PaLVZlantQ7eehAhj0661ww3Zz6jo5rly4ADmNZTjW3eT0IECCOSHBv2INFy4usFgkrTOyEIsvbJ7UtDamuCC3FTOsDQHm925m5EOZBnT2PEWQUQs3cbim2DtOWq660wy8zE9D7vPuaSgQIEDRkRBAgQAEAZSDmxdULDEbznahDO2xcxzUVy0CFyLKObdWuLt3cyQAOvFOE9hZXalT089K0VWWl+sqOe7Nr53HaljPpHf5uhtmgQIECBAgQIECBAGUGufc9RLxnKqJxV2V98oROagajZIK9FuT52izx9u7m5QaOtDcDwDMLRb2dWstIR1M9LTkRU+xxmO9bJ9718Ox1YIECBAgQIECBAgQNZnNYOuXU46ZDl2mdlVWJq75wqRSqBDG84XjOUOcbtcvXvZuQGsqjlRPIylg2dVz61MtK1CysFQS+Xt5U1sSdtty7PZzytIECBAgQIECBAgazKc4m\\/P1XP0Y9S+821OUKzckGtCNOh5uqwGfpln64c63pYdW5DIMBUSIUDWV4ubn2z40dpNfDWW3nTXOaqbGtAnqb59Xqwt6wgQIECBAgQIECBrMipx+jm6nl6cqoFZxMjTG2UTlyubPTf5+h7MzXKnphz1PR5uraluCcLYRBUQJY59s\\/PWrNaGuWbj0TbHO9FM5LvLOCDfMug7+S1pIY1DgcCBAgQIECBjMqoyejl6fl7KDmveTwKqjvhTeehl0Qjs8\\/VZpV9uZtZ87Re5+vVglDTTsshDOls5d2p5EbWHCsrRvB6GeN0WOKdnlG4GpcanZhh9O+F6PlTYPs+Do1aRBAgQIGoLK7WfUYm2HW8\\/VUFT0wcnC3Q6OXMI1I2hKyM+m3Rc043E861uc3fPKNZbEdGiqgar4ax5aUZqtdxBi+nd3M05w5fo30+bPQ5ixxE+iu9GPm3t8rOrztzK+p4Orbw2mVITE3ggpE0dIZqo8jHvPtcenKqKt4JGfVVNuXlTn0StldOVGpdVNOB+pFFd\\/5X0GffPh93j9Aunby6XOMzzPRdoqKvI7NLlrEolTl1rGg65ZUOKtXzlN1RLU0fY8k6c8g6bWpFW89YGow1Mtb2W0F48N2+Zaw79rHbOrPrMOvH25s54ibqGmTcc8s5njpGuZl0PjWDr8vv8Aoyz1r1vjfR44YPrfNzLa5nrozpQ8X2rPdlma6N3b24gyHexni7TSRxk+Xr0\\/LhX6U5rQ9Dycfq4oB81nh1Wm+vKYyVAHJGpRxG3Doc\\/pdPnrSvPp+fr53fkquLE3FOnKdE83ExZQZpy1tK6mvF03ZyYuO3d+f7e1j1qo826fOxtuXrOfq0uD2oPRnpNccbfZ6UcLCZq3Ubu4s8zkNfizhtrSYunxuW6OKKdo4x2t419aaKQUlzy2WsGd53Pr2T36iaoC7PPo5HXlqtXAequbT59tjznLo3KmrQyQkOqGlBO\\/G3ofN6O3pPkPT53Q5bdTl6WV2XLuX3FStK\\/Liuvo0c85oiJLAyt\\/LnV10uvDmX5ee8W1QSkcim6pcy\\/1YZvNvHnowfa1r1klIXaxvxd8+YFQXQbRgdk8tz1mcliWFTkmNFoJhNyLK09rw9GjccXpydOelkdFz7OcFOdZ7WdCxM08sZpMDK8qM9rXVq5eMjzplMdDAeSKYTQjSNDYctLs726mCm13EbcVWFEHw9nRee+zz4fndNXnoICZQnJG1CGUkHeZdvfTrz9vJ6Lol7HSaWWWTpu6J2XnHJxcVphSzrl55u326Wzz+f5+a8TRNKkqGtiWUlSfajirGi7bS+lyKYu5jbi7xponk17XDetz8l5ncyWkIABBAkIZEh7616vTuELPMcfTXSqptNd3HDDq9554tdGfzY62zxuc5lcvY6dlx48CvOYAQgLACQGEHNRocLuLfRxNRrus9eO0xqIsIv2uU9Lmxefdo2JtBqaBICetldzO6rL83LrvRx0tVz8ne2kXb036vPCqnmdPQ3NUMs9iIxiudOTsr7ZRcm\\/NouEMIQBABAWBDEOZ3jnbUwNdxlryOuNdzbTvsk2yiYgAIA0UEAG3ydr5pAQIEABDArTJ16aL1uE4i2qZLQqKM1XkN8OrXa8V3TzrXT5rAaAGwTWNGAaJgBPW5ujTlMa3ufoxt+dNTzU6rM2iEHA9MgQIEL2Wl7LUAgQOBAAIUE69PiL7Y3qJNa1EnWQ4nTODMr0LrnRWO6\\/LQBgEgQIECBA1leaszTXOjjtma4oJlSRwXZlSzcEU8JU3tEUo\\/ScN5E0BBAQQIKqbW8vPXiOnq6OnGh4JDWQIkrz6p36ARImvx05DAAAg4CABgALWV35UbXQZbc3pjVERuqIdTGFl46FDhlDGuuV9hGoAggIIECDLmr7OYxz5Xr9LpabgaDQaiIdE5HXOidjZVF+ZFWAFIDWRAGFgRCDQ28dtRQ1nUZbcxphQFeVaQ6O0YosnHQg1VKmmvTJ1lBAQQIECCAdWSxS5ZnM36HR25ERhCORKFOhKu6+PZw9ba5li9HDD0cpB4mMgZGxNRhCELnax6NSZhZ1We3P3hludGL2Fpz22OaiBOQBOkyvaF0s2gQEEBAAQyZq7U0Tbn4XL79XSXcqRQ8UgmBQTkrybmPTtc3Tm6c9Tr4mpFo0g1A05lFVWc1mtrHo0JWPS2p0hrKm4vTW3nvla5UEMFMOKdHLTtJbwQECCBAgiHlw9a5zMNc9S97Yt3k9UVKio4qNa1TlvPocZ66la8\\/0mpUO\\/zY5TgktMcoLk1WHi65ZiNfHe6lzzUS00nnM56CLsTpXuYAAi3BNas3rpoABAggQIM2ae1cpZWGlVGnlXlirmPR5rPTmaVhmppnPJe59fQIIOfpPP0N7eGNTEEjlNNZZlpPD2xy5d+NZiecc0J13qiyRvzZmn2NQ4AMzemm8ACAggIIEGRNX6l7rFjY4S+H5qzmfT5L\\/VnXbtOdXSKM10PFv6fz0B189Y3N9w0HgmJDgIVmq8lNmftlzmuOPh0dUloOdBVmzWzYkEYC9NSgAQiCGQQIIQoTWlUxRdWXVxqjF8Jc8f6HLY3m\\/vHazOnm+S3m1zb+scmjwxsOtTev0cTxIECBAgjQQzQx98uc2wxcOjsM62BSDpTWprAEU0OfLSKafUytPCSk8EDAz5bwvWqmdyE5OGuRz7cFvny3dy3emOn7MO84dXI4fpibl29a5NHMxo6sjHfc0w19uVAAaCQ5kQShiMpaZ85plzcadnjpuskCoi\\/pCGkEdmajiqedoHtEADwfSm0mYT2Zi3umeRx68thvw\\/Xz4HTz6\\/dl03Rj13LpJL4nonW4t\\/T+anszo25bDv6nfg09MUCAAgIRsIYgUdM8PXLks77aL6GaCKUvV1hwyDk7EuUKoNGocYywgAcK3akFl4739MMXj34PHo430OPN0z2\\/Qx0ujPeyNLOuO0O24N+7xp4Uc9K1bbN8qBAgAICEQODLDH2ywdMuQy17NraSmjSBVpXMqHjQOTIJqYuQzabtWTHqUg0+aledLC7W2eXw9PA8vRyvo8uLvht92Oz1ZaMGjlXJ1XqHn79FDcFaLc1YuUCAAkECENIBmio6Rk1FeKLLF5FXbx01bQGBJNw3pkLkN1auzzGtqEaTSnzMLqrVR4g5NOP4+g9mHlnocm525b3Thr5U6Xyjr1HwPS2OnDCw6+h6eJo5bgggaAAgmNEWUWoUubqdiXRpCoA9jm2s6NyYAg4HAgo8W9THSrorAS3MoS0nijbtiasqWXRzHH0bfVh4j6fJvdmO10462VNTzstel+V9qrnqc30\\/sedq9fO+pfSQmgAQIGtOHScxhh3GVF6d526mMH47bCsJkCIjQEMzh6c7k3rsjBgAGtJM1IT0XMmk43Ntq6x456\\/Bq92PQ75dDheUFvi6dT571Kboct19HL7vk9RrG9SKAwAgKI6T06TnFtYydIWveU9ZodJX2GWwTcBAiIIMPy+2DK30iwtFhBzUrTmoM7x5rOy019I8k9jgu92HSa59Jz1yRffeb0s8ruzY0a1Dx77XscHPd3N2FxtA0GoQAGMe1m1NRrPVVxBxFcRsYP0PHVAgIICNBlcPTWyuCLhilLlczXMlKSlLSKXOZa5GemszzL2POm78ejvPpsa4sr1vyOzO4ujGy2aGlUSZk\\/scnKa595cWnIBAGmMcilSr1OXUrl6K9LR2xmqIWui5+lAgIIECAjQECEc1BnVfO4s6bFCXILAz1jSqFcP6vCvR59pz1ONcdT9V8H0I4rD5+iMOh6eaLK5Klnp8\\/L1Pb64TNISAMAQqg5pXGXz9N+Sbp57YgO\\/lq0YE4CMoI0BBAQQIECAgkIGs+bB6Utw29uHQ6T0fPXPld5896dzbLE5uiBPoernn1jC8vs2vV463Xlkuet0wAkwAgrjTWbefL49Wwlsa4zVAC\\/h0IEBYUBhQgQEECGQQIECGgcL5wHfhgIOzLe2jp8KxMde28H0tTq58Xm3rTXQdPPZ1nnvO7NXTC56vNnaxLUXrzAIAAVBrM0yws9tXTHUlmlG41efqAEECAgBkSBAgQ0hMIJCYU42fOVLZiqYWt40OrLrsTAw37PwPS1urnyOfetL3ejCzrMEVl+X06\\/fzS+nzyVI1wawCQGbazO0xxs9tPTG8J86AWhlugQJCYkIAMiAyCERoEhAQQEfzxrFweZLubxN1RtzNfl29B+d9TW6ufMx1rzezthY1ktYXlde31c8nVnD1Z2dudl4pgCWNo2UNcLXP1VbzgqXy2zWvOhAAQQIECG5CAAhpCBAkICBDxDecSlDDv9MTbzcFPx7ei\\/PelqdOGdlrWmtnbGa5LVfk1by3f9Pmr9UWdIZ0cYBBLG0bKWmVvm6aGmMVIDgT16QaIkBApoECBAQIyJJpoCIEaF5YacUrano9EHWZA1uDo9I8fsv7Z0MtKed7G2M2kuZT87aHl01fX5GduSbk35Y9MEE0bxhS0xt83XQ2wbUvVVpq9pmAIJMocBVFCGBlBCYHjQQoQ0ghwVvzRtqNLog6yyX1XmdXofDvPcUsdc\\/PTZ2xmuS1n+T0qXp+nyu9HCKas6xS6OSREsbRTWbUaWWmZcaA3J47nX5twgsSEBBzCBYhQsQX7T2MCqgA5pzOZpeO6qOXe2iTWWw\\/QeDo7Hh3e1Rx1zMtdnbCxpLhZXjdlnfK73YzelzwS7dzDrzsvGWN0VS0xn5umpti9qWazUa+W0bHNBDgIFhAgQAQjlacCEGnAgLXK0\\/G6bJehtD9Zcn6fy10fn9QiqOGuTjrtbY2dIEPP8vptdOVrpyl9PANWGmNV+jilz3SqlpjPz9NbbB9JydWKt8fSAQwgAAANGAIFiqbW+UrEDEECCCMPD9jGC9pMuqEnqPLfX43T5OihhrkY7be2Fm5bi6XDvZ3zsdOcnpYSVMzQCvtyuKE6ZumNzn6M240lUyeAi3zbBiaKaBwPaIOQ4ZEgkpXtJfRmwIENNEPH+mOcZbuZdkyT23i1voj59c3i6cjHbZ2xs1DOeq\\/Nra6cpdZm9LnluXgAjqItcVGmXpne598y411Us1gC2MNUBQASHAkwgAAaNqAxWT6ZwgUOYmOFwWy872nQuX7TSxr2Hj16CGZeXxdWPz77W2Fipg5NIsru9mDqHehjPcTtIGBm6ZnO6Ar4Z4nMA44d3n1AwgAQLAmwADQA0xMcJNXaiUCBYUZc75Bvx3bx4XTy2cb9i4dbsiCtlpz\\/H27WmNm4p8GyC924oD35Xtcng1GDaqBezdOTR0mjLcwhXpLk6QhoPBzCIscCBwPaIiBGgAmoaCGERHRWW3nvdwZvVzNzfrXl9cgSsc1m8nVqTNmoo+fvLpN\\/uwCc3dhM5hyqOKoazS6c7sOtBcuag0xzIAPNsUFD2EEBAtNTQEC0QAICCCuNIaxk9cK0yNuXQ0iHN7MQE3A4BFScu80qpx6aPbjDnUMXF6HMoogAciv14s3zhRqiosYywmwDy6uAgWFNNECCAjckKSGhNE0AxA8poeQ6xNN97GvT5650EuvM8HDIOBY2zj2nuLOuaHVx0XfhBLqY29Dglaz+\\/no6Tvys5kTLAMTs8+hBJuYhBMjQIQGmiBBA0EJgAI2TFecVOLS9hx6bGetZTFrzkCATYxoXOTWXXOBiZI1IwJtBmZLJII3OB347YqAo27YQpnl3QOBqGg5hAiQIACBMc0kRgxgApkMrLopDd080uetVxuzVdqIGIFSAaNoOQRyg6XIiZOcUqVlTMgbQ3qyosqMsocnJydAAiIIZAiexgISAAgIAEDQQBDAZO9ea827eFwWoruMNp03y5GkmkOTcDxNBwNGESBNUtG8m05lai2jH6M2NtQ8LXJ0JD2JBY1MMSCBBoBDmBD2BCBAgch8XWHyxMTWrFblSQINTeEiJs3K0GBqNus0hpqRpAgmuDSs0s\\/aM608ImXOPoEOVojARjINBwFDQc0mkmWESltAJvQ5CVVWo87IS6Q1CTQLN282oYksay1EcVU6JdScx4EHObOksl3tsmJ43Tmy0wLfF0xICb2kCZGmhlEjlzEnLUuaAOBqcSZASxLiVWxMGIcVS0CDkSZuQHIZk5bQYkQbpjRYgApGWLkIu65shwDzOzGBn\\/2gAIAQEAAQUC3BPwOtyf\\/BBFTX+tf3utyflblQhAZ1a+fUvn1L51SObBHNio5kFDIgULAt63retydbluW4Lcty3LctydOnTp06dbluW5bk6dOty3LctyiXU1Oa\\/13NM2hd5d72XX5Vst9yMshb713b13r0J2lCwhDOY4+XKSFpXdkhcVXcu6y+QV8gr5a+YvmL5oXzgvnhfOC+cEMx0L3UZOgFtW1bVtW1bVtW1bVtQitqEVkFoC97m9uQWlAkg7l7u1tCEAjAKUAtgQgFGsKdYa2PvwghpILahFMiFZo6DyMqphShlPI5dYryq5Kt3qVHUetl\\/p1f8AWPtyB7xDkRyb2MgipaBQCmOV49+GhpJfiNZhEKbqjFFUSOUYBTpBA8VDbEW42VXBUx5j05Lcol1l\\/pUP838MnrVIkEcv9G0IXaJUoEGPWCmFePfhhAJlIJuYCZMpohYlIlc3OcVsVuyI7tU4+Wg+LUYyjDqOF+KWkVk\\/p1D91+GV1o6Hp\\/poAmVg57VAIwdZFPuxENCEyATJlMJliQaso9WXk78ikeKhK1eVnCvK8Hd3MKAQGjaFHduHDPpzUXWR9lP\\/AFfhk9aOkun+jJkOSlM6AKARCyeuIObIDhZSCEHMQwd57v3AU9qjaRXnjHzZeJl2L6uJvRyPsp\\/6fwyetPSXT\\/xganQKAUlkg7sMIBCKI1bSaxovIqv7gf3qvjZNEXxiLLY5OEd+Ril4+qVf9tP\\/AE\\/hf1q6S6N+WY6kp0CoKSyfuxENDoAmUumRaywIEUWFUczl1+2c\\/Zui84xlHyW2kYAa7HO2XqlX\\/Zjf9H4Xdaxybk3skUyKmu3ImNE1WCFJZP3YYQCCkVu5hMrByNHcv5Abnn4+T17u5Ri88WEhE+Q8nkYksWd+Xd493h0rLx9Q9Lz7MT9dX\\/dH7Tcy+TLdoVTVvshTALtxV9YCksge\\/DimTIwdDGXaZMpjlRW0rT7IH2YUdtVHKvHk2PmeyGQY5Q8XBlgD8vHO5U+rLpf+lh\\/rK2LqH22QcdgbWROmPLbZCcUZBXTdSWR9+Gn0gFtUxpLTMtERj7vjUckZbKsSDU+UyZlYlYhkY8I9\\/H9ltPKcTzdOFvCBf0ZdL\\/0sP9VTHKHQ9P8AxlP7odDylCwP3AjJ1JZJ92GpSVZdV6TPJ0HQk5fu2Q7fxo5MBZ8aRVmUbR2b3xbW8hbIVGNZeoct\\/syMqyM5+Tt3xyLprDJ7XE+lk+V5\\/K8fJ7ij0j9v4bvy5zZd8boXxa2ZUrrN8brFC1WZAVl26zGnGMbL4qrICquQnysJXICRIrnZKOOI12VZFtXYry6RPHyYW+MwI4GT47Nx4IQl5GPkOz28drK48l1hlXW92rGnNU0SisawbYTcJ1uGt8zEfNg0LRNZUvy\\/Gf8ASVdIhRl7N\\/LuezJlylYXxrijLlKwCZvDfKJJGRNU0XzvqpjVHJ8fXsopO6pQn7XdWz\\/Mc9zNrskLMiumOVjVdvyteFZLHOPOOVdi41+Hg1zl2js8jvhbhR20yLZWHZujmeOolbj48Yq2AgoXjdC8r5U1ZlWNC+xqri25WxceR3QPj5q2G6OFDblLI6RPKT7W\\/b5OQHsm5x7GUsnl3N85fbi87a4DtzMYXbRu8jVZfTvFMY51eyGe1ePmC2Ntu1d2ixRyI5GXDx88FXZ2DRHIoGPVZVZl5sxhu3jKbah8rEhsMqzzzD78Utk5lkYRjmQfKyhsjdLfiydMphjEcp2bIwzYtZnQAz8juW+MLylLliH90s2e1UkFSHs2\\/trsGZOQJVyhYVKySqsYyu9tNphOPlZbLsycp439gw7R3gra6ra\\/KYpw7e9YvC7lkR3K22ELfJ32QRxL7Mm2fesy8zEwMWm6WdLCzLnyZfIVdddWZbYL83EmTdK3fkY0\\/wBx5i\\/8zvMbLyVGfOnK2EeSBR8nzpz95yLyYDLsCtyrdvdk\\/h5K4+zxpPy15STHHmwtvj294+HKMNnl4wUWToFbuTrcUZJ1j+QysdeI8nXmDMwqcrGyMe3Hu8TIzuyPtMh3ac3NyFiePuos+F2K8qmXmI9s4MMadVcZTp242PnfH5wyMS4xsosJuyCK4Z2V3crcVvW9dwruld0qFxjL5RIlJGRIHXwpc3H2+L\\/7F5j7ov25RsXb\\/aHy3tyso2SM06dPxY2TZjX4mTXkUeT8fXl1eEE6s+26qQmIGzMj8bEGDmXG+HluxZO+4X5EqJW21ZNfjMj5EJZhn5Cor5GyWFH2+TBGC6CkgdXToFOnUQ58KGOR9niP+srzH31j2Tj7W\\/IuxxEWBMmTaMmTJkyZf1vJ2w7lZjfZCV+Vd21O1oePorsWb4+7Ihdg5EAfKXjIHblhxzY2YFF9mMvDG6JrA7XS7EINWdSbMMJ0eIa1nn4frk\\/Z4f8A6yvMfdV9tg9n\\/wBfPmwJf0GTJl4WqRyiq\\/bf5WoVzrsIr8fXfkVy\\/eXjysjmWT8xPKyp097Ky8qVd+PKmimeJDxlQ2x95uxOdd2LZfVOuUJMmW1MmTJk2jKPXwwWV9nhv+ory33V\\/bYPy3\\/bZWDKS\\/ipr+Lmv4yxfxtq\\/jbV\\/G2r+NuX8dcsP+u5WVX\\/APks5S\\/q\\/lAqfH5uJi7s3ZKd0sbMhkZHhJS2k324NFfkMilUZ9ORgeOyPKXWnKnstyf3dNouuzIV0+NBeJEoyxu+K52BZtdgy9sltktskxTFMUxXPWPXw45ZYO3wwIyivKQMpVVljUTHt\\/kyqiuxFdiK+PFfGivjRXxor40V8WKhCMIcR5rP8Xi5c7\\/FGjDpNuYvHZsq6rLRca4XXquNFK7NMjOrYvJYdlefVXVCBtqrVETkr+MrX8XWv4utfxda\\/iq1\\/FQX8VBfxMF\\/EQX8PBfxEHxsYVKdW4YlOy8q+vdKFS7fJvabwvkBDJivkRXyIrvxXfC74WN7vRpJJzCDLxuRXfHI+XbZV40BfkRB+MquzWpmS8tifkCuZFNMICq3t2OE4ThOE4TxXtXtXtXtXtUmf\\/Wo\\/mKyTGElI+1\\/YbLFO2wL5FiGRYhkTXyZr5U1XddZOqsVV8eRJoQDVZUvzfDtLG6Ltyku1BdutOpwkVC6cIVFBWdDml\\/nL5y+cvnr56+evnr+QX8iv5EKq\\/uGdjRw7N15WdPbKN5AnmFvky7XxgsqhlsW1MtqZeCxOfoSO+3a5zSPieG5Yo0K2xRtipSmzBR5KKn0lF1sQrXZRpXbWxbEYIxW1YQ53dPH\\/wDSV5Ae6sI0jZ2I9rfyyi42rYVsK2KuiVtlVcaq+O6eyuiKlNl5EbPBeJf40dCQvyluqCNhUu5u2rGrnYuxVEWw9+1NoWR13Ilb1hS53HlgSbJJXkB7h7TCwSrf8uQKsCjFbUI89oXiMfn6F0t9tQaOQfyPPe3wPiBI0RgV2iuwUMcLtQCMIq0VAVSjZCHtMeYyIe7amTBbQjELthzUFKKmm54ivPIX9rIu8jtsyb+4hLcaq9lb\\/lSCnBRgti2cxXKcq64118ds9ldcU3ty4e7y9MJ49PjsSqObl0Y1UvNsD5u4o+V8jOkeRzSYnMlG+vdLxJEpwr5VHlfFwa5LaUAmRUILtK3H5XUlGJBxVf0u\\/UzZtbBzCn7z+l\\/4tilWhUjBdtYNLH0MkvKkaGXct8n\\/ANUSvJT3eGhVOyoU0hbmnRXZsjtU7xs\\/r0nvjBXw2mfOFe2cZVFdqS7MlLHKGPJCqaljzMb8W1SxbN1VZiremVyszj+ZjfoVj3H9LeOyy2pkyFbmMdsfQPulWGjIrGh+Zlc\\/JZdnbw\\/Kjb4LHkBWTAET3KvGjOXx47Z17V\\/Wy\\/kQFZAGERTGNdse+y2ratq2ptLIgrsxV1YCtHtzwyyec8KL48a1I+zm3BXFh6Fs9sYhBXD8uitpW\\/8AsvLybx3mZ7vEUspMDVW5wcW5jVIRy4CK\\/rhH8oNKoCmW7bOMhKPFJbVlhoWfb5Iq8ufHf80QiPa3PUdZSuC+TYhlRXfgu9Ut0TrOW0ScqA5\\/hdNlV06+Q83NqvLT\\/Yxkxq95xqmWJOAhbadvkJAy\\/rYB8sNPJWxoj5HIsqGLKXd9DyEim9vkoe2xeM\\/5oKXThj3Ap1ErathTFNpvsCEpFbVGLI9MjnZSGhTzv83Z+48nJ4LEA7WOsewNdP2Z8gT\\/AFSH70aZ8DKjJ2\\/DwB+TxHTPdGXt8hzjYefiz+3h0mU\\/PRkOSjOK3wUwCmK5rdFe0rYtgQeKiUynHdOMVi86\\/MTfIz5PkLDD1RLLDu53T9mUef8AVamxxplAmOTg0ZGRxnTN\\/TmPZ5B+3aZP41\\/j12re6f3bihJOnTp06givw7dbduDitGMggJbjIgVyBN0tlWONtGTV3B5HHnCawX29sSGLAq77cjr4KrteLTqfMunTp06fWRW5ZXOJj7crbEZGLGynAgY08wY2c2W1bCua5rnrWDt4eSCu+yuJ3eUlIePu9lEIuvPYb+LWFH8tUbWv6ZMDKZzPjWUX03x8nmHHzosZQ5wAcbStpW0pkxXNMmWRHk3t8qxhVCPx6jtHVADe0WdPwclyWTZOM7M2+uP8vMIeZqQ8xUh5StDyNaPkIhSz6yo3VTGVDdj+QkY4lO4zzS+EOmDJqwAqotHI6eMr7\\/mbCZT90ZZVk8kePyahXXyUeScpynPFf0DbfI1gwll2iGFUZUihHHXNmjoyZMmTLKiDOdW5HEC+GvhBfBiv48L+PKHjpN8KyKxMcRPlpft8f9Ww7ot7cMDZS6jH25dgjH+s0nt2xYlEcrBGVnyszx3gPE+Uq8jjehkyiK5m013G9msKxrLe0LrFK+Td6x9qZMmTJtLpPa\\/AyZMhErmtpfycbDXj\\/f8AiQsYPTie4N7PKTY+Ko7Ph8iKKB2qUdsp04+Vg+Pxcnx0\\/FeSq8hi81zXNc1zTlc1lO3eEISvhJbwFG07RZNSnNbpPxzwpEywr12cwIzmELghaEJjQSXVALy1hM6DKNjubg06P0cH7yvIfmX2tE3jkdJUd3HwpgwA2X5NV\\/ibcTLpyqHTp0+jq4OuzGUcnHjCMJQ2fIrVEISEsasr4kGf0uaNdZRxcYo+PoXwJL4uSF27ooErIrNuUe1GvvVRllAd6DbMEB5O19n7yct19o9s+o64\\/wBpr7V5G4WFrrYXeHvpyKr6nTp9HUua\\/C8xYzr3nHq20s34f6sm+hPQCJnGAazlGuQ2YMqQTdRtxraoeYqk85\\/baOY60fbZHfXhHbUYRtDKk1+LuZMmTJlNDpnD8oRsJxrbFVDaOaf6MKe03QVvSg+zBnWD3KNuFKqPl8dHpd1HWn7VnQNeRCUitosjEY+XDEGTVXuW5bluQ9ynyWSfbZMxWL7oRKP0k\\/06wq6+WQQqYw\\/j8KcYz7tcq5\\/+zo6\\/hegFT9qvp7tOJbygVMRIjLcGTJltUYqYV8HFuHcVi1GEIoraGdOnTp0\\/qs6bZb3eVknNE\\/yIHnXZFumZSvwuUVV9qCsq251e2cAGUeRPBBW9C7yUyhMrcW7voOn0dOnTp06dOnXm6ez5Uy0xxy94UCqmlm0r8LlBV9NL224suSPXqNYK1f7HpNAIvp3F3V3F3Su4V3FvK3lbitxW5OnTp06dOnX9pH\\/9E6Y\\/6cgFAgLxo3+QrGlyj1r6aZR9lXUqSiVLWtXENuG78JSAQnFGcG5bWKYpimTJkyZNwRgSu1JdspuD+10eyXVUfaRzX9er3ZERpco9a\\/t0ySqvuKl0CIeO0raFBXAsIyEz0td8es7LqzsflyXJclyXtXtXtXtXtXtR0jZFu5FGxc0xTFMv7JXA+Jkuap6SZwv6zT+20uQ61fbpZzVHU6DqpDStWdD1\\/AxBVY2qRm23nsrW2K2hbVtW1bUwTBck0UyGrcH9mD+JkUVjBlzeMCv6v\\/66UWKv0p+1S+2fWlFD7R9yI0rKsR6\\/goqRDJ06dbgt4Xciu6F3V3V3FvK3SUZunTreFvC3rerBVZDy2BPBywCVjjbL8qUpFf1hx42UdwV+lH2qXSXWroofpjrpLrWrQto3fhasWFcqrqK9n+v5q22rt2rtTXZmuxJdiS7JXaK7ZW1bVFgqzGQIDcP9glYfKsqIyIATyCwsYY2IpLIRWP8AapI9axyUPs1n0rKtKM\\/d+FhWH+jfZEV\\/6cbp063Lcty3lfImU54f7Ti7kwCxiw2+0zG3weVPJ8cxTLJDI9aPtKPU9Y9FR7aI8zoQjPZbKab3f6ziSoboiW4py3yK18mC+TBfJivkxXyQvkr5CN8l3ZrfNPJPJPNfmKDSDJtcsA2SxMNeQie9Ydx8fDGsy8TGoxKty3q8b4f7U\\/aU\\/MffpQXpiOSJAVvkpvVbOc5FH7n9u7nGRRkVv5pwnTLkmTFbVsW0LaEwXLViu7Yu7Ndy1dyxSLgleV\\/7ZVGSjVZuhEwgJFb5LcrQ06uhPJ1XzkyKrEIg2wRsdOFk1iSq6kos\\/wDp+I02p4J4p4Llo4W4Lct63J1uW4rctxW5HbJdEFZJoQL4x5rD8fXly\\/8Az2CFT4zHqydAtskanjT0n9v4xrAjIEIkoghcly05qzdFfJmvkTMgTtssMVC9dyS38DaMCm15LlwNo6Jde0gwEoUW20o52e39ejP4dkuUndclyXJPFBnuPtorbWdaZSp0dAHScNh5b4vtvVblGJX+urrcFuit4ThOE4Trct63ret4W9bgjIuJFZ\\/j7Y5MqMhePp7GDJWcqzYQe4t63rvsjlKN+PJS8hQjnlfNJQyAV3V3lIiS3RdwvajGExZCULI\\/ZcypIUpcv9U2hW1bUybhHVinKc6OdOYUhN7+4Kqv7DmSA8\\/WVlecjdCdgc2Izkt0l+YttiaxNatuQmvQhcvzUJXITsQskoSCYoOr6BZGv9O9VoFf66cuI8fJMmXNHc21o2NOruTCnYScKPdyRElClCqK7a7a7RCECV20QFt5towQiuiPNRlMISKMijB1aIuIhbU2ogu2FsXJMuSHAFyT6cly05L8J1xKs8XiTkPB4qxcDHx5bYpo6ckAEIh+QTLZFGECu3FbQtsVsC2Lau2hBOq1l46DLaE3KQ5oHg3Jy7lHRithXbW2KYLbBMEzLmg6IO3tljEldoxDrcnXNc1F1J1GRB56Oubh0Ey6KCHRR6SKthtIT+0hwnToBEa80Atq2le5e9bCtqNa2ramKIkERYVWJ7JQZe1HaVyZAJmQTFMubbZJpJkYppppLaougCmUekwtoInWYS5t\\/9oACAECAAEFAv8AGjgITJuJ06dOn4HTp06dOnTp06dOnTp06dOnTp06dOn9JkyZNoyZbU3ANHT+k6f64o+puTp0\\/wDgSj6Z+k3IfQFH0jwNrH1Sio\\/QEI+keFkyj19QoxUfoZesUE+g+uKPqfjoyKKh9efRKKCKPDD6A+k63cB4G4xoOiiFLQfQS9GWo1PoSOoQ1COkVH1gpdPQlqNTxk6S0GkQu2olSGg9cKXT1j6LaQDplEJkYqWoUQhBSj6YR9BtW0bQoJuCWhQQi5ZlGDKXVHkbNAoqATooxTcTIRRCCPqsiiVvUeYITaSPNAIQQQXTT8VYVFDSuXIlPoy2LYtqMdBpNBS0HEE6dOq9JdNIyBR0OkUzIl9HQC5oaXdQNatX4jFbdJIKWkeDapDhiWW5GaITp1GWkzygohQGgQCdNrJHWtOidH4GToyTo6HSPDLp6BCZtHUlAc0yJTp+alpuRR1CdPo63LchJbkTwnQcDKZ9JkE7I6hbkCmAQTI9dR6oR9GXpmKZbUOmgTrboeqI4D6gUtDxFP6skNHTrboAivxP0J0Og4DzXbXbXbXbXbXbXbXbRDatzR1dMm5ybWKJQR1ZMm9IoI6BNq6dOty3Lcty3Lcj6DoT0lFE6umR1gVuW5bluTp06dOnXJSQUtI8DegfTdc030h0Og4Sn+g3cxxj1zodBq2h4j6eznHjHAPTkgjoOE\\/RD0TJEqvp6R0P08iyBdD0Zx0h6ckPqJc0eQEyo2OUy2ratq28H48ToalD6jb7p6V9WTaR1knUtAdXTp06dOnRQR+ndT0qUdHdbNZ8APphH6YldVJFVIamSdOrPXijofRdOnT+hKKiFLrJVaQ56SQ0nqdI+kNT6LeqepVelXQooaT1OkfSCPqMm9Hdr+MOiq6I6FT1kiPTCOrfR7eCuWleh0Kl10PqBHgPpnQoaBHSR5aQ0q0OhUrmMZgqyTFD6m0reV3F3F3F3FvW9b13VIKXRA6VaHSZR0lYSapIfQt6FvXRuBkyIUVLgrR1tPLSUVvYxL+s6f0p9fRbhr6HW5HUhUn129I1LtFbJLmnTp+E6hQ6HWwqWpi4qKBfibiJToesy2BdoLsrtlbTodGQUeh0dS+46xRixhJvUI0H1MCjoUCjqNAq5f4aGth9sdDoNLggVEvoOIfWw1t+0aHQaSi4rKhJuMocT\\/Tw1s6DQ6DWcfdD3CHLQcBQ1H041hrb9sdDoNbulB4ygjoODatq2ratqZMmTJkyZN6UNb\\/tGh0Gt5UOAalBHQJ0+jrcty3Bbgty3Lcty3Lcty3J063Lcty3IHWGt+p0GtpUOM8bp06f1mTJkNY62jU6DWSr4RoUNQmTJltW1bVtTJkyZN6Y1hrJSGh0GkuhVfGUNRwOnTp0\\/oPo6dOnTp0+kVyRUijz0Og0mioaDgCKCb1nTp06f0B0URqdJhHQaT0joOAKSGo+ifiidInQlFPpLQaS6oaR6cDp0\\/C2j+u\\/AU6qARW5kS+shoOAIqPTR9T9bX04pBBHSKZFBblu0jL6\\/cy7hXcJ4SNJdEIojRuGB0b6tkdBxSCmoR1MdG4Yl\\/q3To6DjMObLam4W1B+sCZbU3C6dOnTp0\\/A\\/BEt9ceN\\/Vj9U63ldxbjxOn9UIcB9Rk30BOhQ9aJ+jZMmTcDfTFDX\\/\\/aAAgBAwABBQL\\/ABIR4wf8iFuW5OnTp1uT8J9Vvrx6rJkybU\\/XR9QcJ\\/wA9can68euESnU+NvqAh6wTJkRyP1w9X8EENZfXD1CooaBOipfQD0tq2ptB6ktJdSiUEfoCo+jHWWg9EayRRQTaFSR9YqOh446y0HpRCKOhQUtT65UevoDWWg9Rk\\/ocmmUD6ZUeIp06dAolEp0Co81PkdyGsdBoEyPWSdHkgjoVOaKBQlxutyBUlHiOoT6SOgQCNO5TjtlAp9IjkgmQKAOg6LcgpaFWcG5dxdxb0Jp1JEqtFQ0khqyZEIIBMrNIHmualAxUU6imTaGTraU6C5rmuhKKCKuQKPE6EkZoqtFQ0mhruTooaOphMhFRmCmRCsg2lY1rCcMOSATramX4MjpLpcgEyI0dPqEy2qCko6T4RxNrGRCjJ0eaMWUENNoClN1uddF1UlzTjgn0km0ZMtq2oxW1DUKSjpLhA9KJbQh1EcxpFbguSYBRi6AZSPMDlrZ09SKko6S4AfUr4SVGS3hbF+JDFlLgsHL1IoqOh4I+pDqionQEL8NnIMoragiNBpIeqEUNDwAret63ret63ret6B1fkLE+joJuZixmAmTIIIqGsuvqFDQ8DJkyZMmTJltQ9ASZCxHkpQXTQp9Ktbx6Dp06dRRUdJeoPS2P6Fcuekw49UaH6bchx29QX1I9MIqOh1f0APTBQ47RyplrZ19IIqOh1bQfQBCDIcZUSyfS7r6QRQ0PpD0wnUdXTp9Z9apIq3p6QRQ0P0r8op063hdxdxdwruFbuA9OJk2sUUPpyOUdJ8B4azoRoyZMtqZMtqZBFD6YIoaT4H1GrlEenJDVvowplDoFPgbUcDenJD02TJk3oBFBRVmh0Go1qDoKfpH1H9MI6RVmh4RrAoKZ9I+s\\/ogo6DpPqpcAQ1ioWGI9KSGr+kENJaSQ0GjazGkuAcA9Q8ITptWTcJ0PAEyjrLSXAEK3BiQqoOPoR6MQtq2LYti2LYti2lMVHqOCXAENIhlYEfoX9CGj+gVHglwRQ0BTOD6xHpx6ekOA8EENQVMfUia3hbhoybijwHgihqCxnwOnTp06fQ8B9Z1uK3ldxbwnGg0dFHgHQalPyPpHQaH6k8B4DpJHRv8IdY9ZaDQ6QPJHQ8IR1P1R1r6nQaHQFjMI8ToI6nVvpzrDqdBodQeR5I6S4IqSGh+qOsOp0HDFT1PBFSQ0PBuW5bluW5bluW5bluTp06dOnTp06Gp1r6nQcMEeCesVJDQpk2m0raVtWxbFsWxbFsW1bVtW1bVtW1bVtW1Nqda9RwwUuOKPE30b8B1idRodQpcMxpBSQ0KBTp06dOnTp0\\/0B4AdBodAgpcJ0ipIaHVvVbRkyZMmTangGg0Og0Oh4JqCKfUeu3pHhiUNDoNDoeCQUEU2o+vjoeKXXgA0biZMmTJtW9WCZWniidDxS\\/wMdLevFE8B1KbUj60aM62BbG4QdBo\\/oEfWOtxUdDxBBSOoPGfq9qZDQ8b8Tf4EoSW9GX\\/AMFP1e1bU3+FdP8AQN\\/i3+q\\/\\/9oACAECAgY\\/AusdjpCybZFEXRIiL4SRF65qORF8KPzcbFX3FeoX2tT\\/2gAIAQMCBj8C6wvRCZCLrE6mSnJkFnYe8MbGhWIxhkPB08OLcapa\\/dwXJP5Df\\/\\/aAAgBAQEGPwL\\/AA05gdrMBktVq5larVarf8DGQ5kX9gFgVmdNWq1Wq1Wq2ai4w9taPaoC1Sbid7lcFMNeFB\\/Afd7EU32oA85m8\\/LIE46giXSefcmUKs6dWVJ23V7CU32mJsZPtyhNxyBdPsmoscHDYi8W0yHj9JQeLHT9gKb7T9WZRNBmMlzoj9KdWqUvTJkn0+pqOayEaTBIGKYDa0ewt9ohrylupuSdyxYSfKAhRe3k8W9PoHwmHsLfaI6shTtvD3DJUYwweRwxsX3KjWDY2SfGBa3\\/AFBYQf6Iv1mPsLfaA42vn2KCefzQ7kazOdjm1O61YxvHam1LlsWBnO+Y+aafC5Q9gGYfYw3WZrYAtycT5iuwtPYmjsRox2sUKYxN1k2HVBGrWMXQ7IIs1TagdOUM3DDPjo3VNcmr6jPcEXG1xLinbY\\/BVN\\/yQC9Y2tQfCZH3Oy8bk4IOvHA7sWHTlDdmxzbckNHBf5sRc7mMfehT2RKMbZ96xPkLUcP7bZO3mxRtHkVTDy+GO9PHhfHvb+CBUdemKG7JH2SaOxPPhHDHUhDlmsInVhjcLg0bVUqc2IQYO1dRgqD0KQDGU6YiS834rAqbOtODpgMdSwRNsBeUZE9O+LpDlcbjvTcA+2HDi3ontChda3d+CiiA8wWHGVznvTY6IqGilmxNgmSo69ebFfmKY1ohVq2DfeUKdECpTxYapjCetOwPOClwuImYRgcOtGhVrf8ADcHOGGONrhZE6071\\/wBsHC0M5zD57F\\/HAwUapLPTjB+ITPanUademfQ4vUdzQb4Wwu1ldK1hcXNfj6rwyhZtT6DAQ8N9T8Ex\\/m+c04C1nEPmiBeJItB2KOSGrQTM8vZmHIUc2SiAms8TjAL+PSdxgRfUvmsRqPxeaXwRi7EBeoi7LA8omdwTS6QZEna78FFr8LXj7lTU3YqfT9OweiWxc8Ow8MYcJ161j\\/lfxqb2QLXAFxA1bV07qVUBjmBtcmMyzlxATDl0\\/wDIH8Sh0zosBi0POsRVL0ninQfHDVbxydzRjr1r1Ood6LIwYBM1J6rmBVqNKqS+qXYHcvFS5z2kqGPHUdTiXbCJe9Nb5YJo88W962tMEamHiNpUFEK1cKmrFNTyjfl7Mw55y0jqeETrQhHgPK1YanCTYdag3JJR8xn9LV6bzAvt+k2DtKqdB1DHsbXBYzUMMwe1Or1fv0gz7nTtbzd\\/ejS\\/jF+CBczDygiRiYr+bS\\/47Hw9V44nwNzE2FSpTx08NP1xF8L1R\\/8AV9K0VHNEK9V3hZa7tKZWqirCoMIov8DWX7oomm\\/ja2pgpj\\/yGMP7VixwaOBmLmAFwCa0WXoEWsc34qs3bFAnJarUMsswI5OzLvTsmJQObFQUYoB\\/26l8bO9RFhvRbUaHg2goGkT6NTljcdS5pp73GR4Wx1qdjuEbkHVHFtEOaXwE3QsCoUKeGFSdTFI4Ram1eidjpibOpe\\/EN0Niq0qvU0KJeMGBoxO7XI9DSYKgp\\/ueqbzOW1Pd0gNIU2Rrtxkvf+VpNybUeyjQoBsWy4sFllsyoVOpHrV\\/tFzWxGDFw7op1WpyNxVWBksMOGCNUNgLl1EbnNaE5u8dxRfrb70BqEHhWqGQTVuSRRmoRVqtyn6cgQTl2ZJXaH7T4DymY7kQ4YareZnzCdSffY4XG4o0qog4e8awmUxy0wXHbFM3kJhwepBw4NcE\\/E5oqNnTrPAaMVhpm6aZWr1g1lKNRzG2RQruh1LcWKlTH5jzON8FEj0XMj6TIcRhr3r1KkPVeMDWtEmnb811VasG9Q4ltOm4CAdEco2RVJ9RoohjP5NdrdkmQRADeIfdpGYbUccU9kCi0uxYDAm6WpVY+KtHsaE522KLvAb9U1VcLHGWfHPO7I3IVBQitmibWp8zbtYvCZVZyvEQsJk8Tpv1H+hVVjxhexpiDrCk6MeIfNNxftxg\\/wCm9N6Nv3OlINT1TzARtAQezB6bGinTqPMqlOF4VCg3CJQPUs4tgaqnQAQ6mQe6J4iLS4+UL+I8Mcym0Fz3iOPcFR6fC2lTwtqU4yETGHZKa6ttR2Os6o2k12wifZJVxi9KhRcwx87m8MESb04Xxd71E32p\\/lxN+OnduyNQRXZpatFx5SHNGw2+9RxBAUgH1HcpNkdXbYnOJMGuwPaZwRJYCNapNqj1+lbOjXdIA3sdFVKNV7GFjo9G6MIt8pCPTUOnI9Qg42nhbc5dT6bGj0xgbEEvJEu1M6vraf3KbYkG3\\/J1Kr1Fbpx6nT8rDZEiXxTKzzH+RVcam0AXbAVXbW\\/+u9h9M3EgSO9AjUnE24kIKq3EG+MR\\/LPTu+nI1BFfpR0jqg5KbDi24rBkp1DIMOLuEU9vg6geu0\\/Vz\\/BcUfTFusD5hV6fTu+0LaOtsY8F0UG0XBsXB33hCq2FwuITG0G+v07pVagBxR+SdSxPo8UGlog0C44l6PV1fWaaYjQw+KwEG4uKf0tHDh4m1NZItPyCp9NBpZSpEVXuti44yGjWnNDHRpECnitxPFqw3XJ1kyhGOG4XlPYRzCAicIGpFjpOaYO0zvpyNQRXZonPD20wDAYr1+\\/S96lgducqlP0iKmBzy4T4zYBDUAmx6d7n4A52Fsp3KsTSe17wWMaQYmUXe5dO\\/wBNwr0WQcIGOCOB47sJQxAtaRB0QRzKn07X\\/feMdbDdikBvX8WnVxDnpVSJg3s3LqHU2CjWYIPLRfdCFqDi9x6amzjFRs3HULzO9N6h7Hfy6jzB5PCHCQGHZGxCqPTbUDAeqBE3OuEFWq9W8BjiY2yLtXdBNa2t6lSq4Yn3nCJAaoBHDzQsTZRcQIjUoksaFD1C9x8DAqkQeIxB2KxWKxWaJ305GwQyQ2aCxWIMbYM+abH7bx42gRnrKAbUDnYg3EWgOw+UJrmuZSNE\\/wDKNMwc5vmhCRTyT\\/JwRc54MS1vhbG8kp\\/VekxlSkYB+PhjbHD4ip2WvNkTr3qoHNxNdTdPbcuHjOGGyKDhIhNLf26rQ5jtetfc7yVhhDF\\/pt53f0C9Oq3CWzYyEgN6sVisVisVisVisVisUMkdmmL7hIaF7+1UGG7FUP6G\\/wBV\\/Ih6dbpm8ThY8EcpTsLMNN3NTjIkXnWgah\\/SFhxQGpTOLYpRe4+UKdHCy9xtgqVWh\\/8Amlh\\/Ib+xCJDfpE+8rhbCNpvO8oarDpuzStYzmcYBNpjw6DDe5fUVXd\\/s0He8RVko5JrlUwFCmIDWucko06rsYMuxYdXsB3ZQiNC7qnXcNP5nQ7BIJo1L\\/wBjWH+24fJfqOZFxUGCKtDVCewnMjs0rt2QZCuzPbTbzOMAm02crBAaDaZDI86pLqjrAHvC\\/UVcrVapmKkFwhAuN+Q4jhA7SVJs9Znpt4yNyFdme7qD9LPmdDC5uQXYz+KcPO9g\\/wC5H6syeWLyAEHA4riRrCDu\\/TsOtNFyGxQTl2ZwY210k1jeVogNAXX3ZIJouaF0lB4xNfWaC3sJWGmwtFsIlVagDj6VQUztihCnI2EkALhwp9Rr2jBaId6\\/ctvIh7lx1sP\\/AG\\/1Ki4++Kdh\\/wBtuMfmaSI9ymoG0aZm9N3KOQrszjUO5vz0IbqUcjt8F0Df\\/I539rfxyOqf7vVR9xTMOqai5423nuCgwRjKFg7kwgQlxHVh1qJYao22dwWAUcI\\/KAupZeQ10xDZkFQbnIqIMdefbmsTd2Urszg3Qk5DsUVQ\\/JSe7vICr1PKx39F0g81YnuEE4RhG0IkznrlIL7bf1mQWJ8ap7mrkA3FSTon\\/SPuORwNhChHFrvXpspEAguL5AdukahuzMObHQ7TZldrNmQ\\/logd7vwVQectb7\\/wXQ\\/W\\/wCCOxTnsQxxf+RsgO1R9JgG0kqBpN70+6Upps7abxldRFgm3cViFoURo2rsQ0ERMKbQphXq1W5fgonKAVFdSdQpt9xPzVJmsl3cF0bNrz8MkrBaVEyheVI49yjhI7lylRA5ab\\/llZXMbcPYde5UKnhdUa0w1FYfDhid+hAzBoJKIEDszuYrjnmQ1WoLqna6sP7QAsPkZ8ZrpW6mE97skTZGakSB71ry13+WmB3u\\/DLK2PKbDG5ehVEDYGOtlYvUhD1JgbLtCMwaPWuUqcs8wsQCxedznd7lXftgOySw\\/wC20M7sm0OkvmpnL1FXzvDR+kfjlbsOLuVOo6T6ZDgRfsOzRHLMKIU9LyjJzHtVqkooC8Ko\\/wArSe4KnsaPgnfmmm1HWVBP6hkcBbFWTvjbk35KGt8ah\\/UcrvoQdu0nEo7EWo5I+wg3KvC0jD\\/cYJ\\/5WoBF4H7cHZHOujBR8SkghTba8ho7V6GDHRpAMlzSCxUnR1i9dH5eI1Nxknm6QHchu0gC7EYZBoQGuIlco4oqZ9ymfcuYKZarWd6jAEbCpslvQMYFPhOz4hVNsu8ptirsLhxU3ShsyHf8lKz4ZIKj5aUXn9H4pzj4jFepTOF41IOfzgWr0XENNOEzfFEaidJK1YQoutOWGgGsBW5slarVf3rE6MdUZJg8zx7kE8a2ke7Id9qEbQoqN9y6rqjf9tnxOWXantfOnUi1w2Jr2n73T1PTMZhzY\\/ML1mDC8Sqs1O\\/odCVwrimrFZo3aC1TUkw+Gm745h1xW0K1YfeunbfU+479U8sVA2GYKqUHcbJHUuqZQf8AuUi+gSPHTnA9iFVnC8Sq0\\/Kf6atDPJYpaOIcFKB7V+13LiaR2aBlIWAY3b7lHwlBO+o\\/Fe9RPag2xCn5nYY7zBMpixozJfuNmz5hO3TTT4fkVTr9G0HpqXBUHiMTE+p8jcm16Ri13eDeDt0E1EKawhRgrNLNgPYv2wpYm9q4aveF4XLlKsVQ+GQ7lzNGE6xev3Gw3hVYTGMwKhsXCUCm4WH1A9uDfGSdslmvqDkewx3oNPYVxCTxxC6civ5XSjH0VT96jq\\/zcU2tROKm+bToJrYsQCl7KZRlYjBsJnh1ZZ2nUueG8FSqj3qhUqvBZilg4jGwSROs5r2WYmkJtMniaYdygZanI0qgjGRBsIVOiGw6Gv8A6nlqk37IS0ByYHezvLRAFzoAb8pnBTcexq5j2tKa4OEg7DdPDIZ7areV9v1BA+C\\/XFQNoscq\\/SVAWvZKrSdqNjgdRuXo15+lKnV87Lu0X6AQUT7M76T8EMpdDibWhivgWWd4XO1ScO8Ki64nPcy+1u8LCcnqAceu+GrQhQPs0Nae29pI7jlNPW8O90MkwFRh5hoIDldx\\/wBUHWG9Q16Ae09QLnOxjc6eZOOSgB5tAXeIAgHYof4Ew+akPcTldvVmSn+WJ0BQyDPHtPT9RqJpntmMp3qzJVf5Ww7zoDvQzIZZZBLLiwxRhTy2q3SSzX4jAtc0s+qNmWG5XdmSvUvxgHdD2IZJqRgubJf7GboVGQU7ck78hJkE\\/wD+U\\/BbM4oZRu9gtVqtzLFZk255p1GY6bpOaUaPgPFSOthVyMT\\/AJCtUIKyGKq5fDRN3Z4ygkTvRuyWKxWKzQ2bitt4z64dYIBn0wlBazqW8oxaSFBo71So+RvFvMzkjoW7s8ZQjPTxEioQnnUOoFsCxwvgJx3BCfcpxhrUYnDtUAY61TL\\/AN2n9t\\/ZYe7LDQMA1ZpbDaDmwyQyWFWFWLlXKuVcq5VZnbRaM1h8oI\\/u\\/wCi\\/ZZHcsAhTptmG69q\\/cnqTadep6VI21IQnq7V6VFpDYxJMyTtKsVikJjQM3ZhbTZhhe61ReSTtyBDNnm2aKIMCFauZWq1AxjkP5gDBTGKEtqDGmMZYTtTWepHAAO5W5LVG454aDIK1Wq1Ymni1ZgzrFYrM+zOn2KGQu8oJ7lSNsWgxG1QXUVa\\/iqFrYXBslGLvchV5i3k3682CmioC1QyWrZrVyllxtG9WBDhy2KzOnlsU7MkYaCSc3zAjvCIa8tuhE2qB6h\\/en1HGPqP+FuQe\\/tzwsRtyxb3ZOEdmZOxbLkMss61Wq3Q8qsyWKyai1PdRaXMcYwFyP23dyoU78MTvM8j33NHzz2ve6AHh2qUXKTFqVyuyWT1qYnlwnvWFwgQdBZo7VPNiETFVHaguLpmGAuJCi+g4HY4IUaNMsBc3E5xuBuhkvyWKxWKxcqsyWKxbFYphTMMsfGLCtvtOIDeE8Sg5pVqnYmNuBxHsyTy2ZluZerVCBK5VCEsuLv0FuW1W5LMtmhLob\\/6omLmm8gqJfUPaFwtttJMct2SxWKxbFyqzJarFYrMspKduTG3tzNh0luS3LJW5IRRmoz2qRUcWS1XqzQXqclPLrObEcpywzJ58VJWKbVYp5kVzIa71svUM+Ssz7ctuZAqGT\\/\\/2gAIAQEDAT8hhSCSyWREpKwf\\/NUqVKlSpUqVKlQaNpAwn24GUlYaEDq5RB6GEZ7mdglHMB1lOsTC+msrpVlJSUlJWVlZWVlZWUlJSUlZWVlJSV1RUQLHVhs1ZUlcoEYxjGDsaZGYnKuIdKbsTN2i12JS56N3mgG2PaI14D7lytyrmNOZXqSvUncI9U0DrQgUNDv0aaVZWUlZWJmWVlEsGJe8wwRkiiCkrzaVqUtpY2j0Zb2nTy2xCNkCiAgaG7QJxQMRiusrCVbQbzCtD\\/YfhHQ\\/2WbcFJT9RlB6+YAGcfuWrR2\\/jcehUR7s24TJWdQMCHEOZUOZhmdpBBDRbFoETGhjg2hbwTMx4g9HiFYrESBOWNE3PlhcQePp3mfhPBP1X0jVKPyW2YGo5ydszjFSZkUzJUsBmYJvNJCDMDoTgwOi6SQ4QSyGCv8A4EBZef0SyFHppYlVvqlx2PEFuvSufJB6wf1MyoRUhS5etPVtlY05wO\\/zOM3IZOXjUGZezbDYM9Fgxi8xYoaTnoEOGgzl+crmGP5iAoc0v9Q2drhDbzNYP9Si57YxYTPVUUeFqb5xLRXQPaWMwStWydxXq22RKzrTfg+ycdMTu+NJBoNgRIGjhlBRGDSpEzAgTZp1\\/WgGBtgmx4CWem\\/tuOFl1wlZFeAX7uCWYM7Ga6B56xWF2261Mm\\/VWB6UuURJuQ\\/dOEEiTn41FSoJUGdAtMRnMvoTTMCEJiIhrLEmXaA+YIS76eyw4gpAN75d6zXWEChUWPhdsqgP0DuBzcNz7T5Y\\/NsizmfvThDAkZ+NGslZ0zSkK9O1gjfoIYmdAjGGsDmfwNCpxN\\/92jOhRMKYadTAfDO1SvFlFBOZh7P+Rnsr3lhWCgdDc\\/qGTs2f2T+Y2\\/Nsiyllez6EEvilJBK0CWubdc7n4mBZs0EiwSgiovDS3L6S5rn2lqrH1iV8gv4uc9L\\/AJWbzl8ov8YVDgT7Ro5Z7XaZfyzhW63Y\\/UrsVCihTYg5Yftsff8AM9k\\/LvTJTLwM4ih0IVxnKKu794awqdiGbTszBJt0hSmqnuxO2GgAxv8AC5ZQB6kDcBJ0KwfEFfKWIvb7jy5zrdb+4XYtru8Mzl4g3vZ3tj2mb9K\\/nzCws759n1Cvy48x4rk\\/Luz6rDK7TMdAEZwuahQmWbkJL5lCqQPMv02gxpI0DLWGMUIMox3B4II6OP47x8hH4KSnWX87OvSyd2\\/xMod1ERnWPFmF9e0zypwN+\\/atmDe+Ycmdj3I+74\\/lzDSHDWf0wKny8ymkjzD2fh3Z9BlZXaKrQ78v6xYlmkBJLYLJI0bkFYixAlSh0VaNCFDey5teXpL30\\/C\\/8hm5ynyrxDueeXOHeOwuoOzD1c1C8OwGwZPyby45wkMNHBVXgmEC2cOMiqbKeIy87Lbx+lXQzJJfeWg8FwHIw3cg4cU95x7oIs4Mw6bhmXgx94Bu+6ZAtqHqaSyEUg+xKXoH9zZN08xYS85X+e8qSi\\/SKsRxZAUhBmV7sFzKkiZ6DsDrMI2GylPwy85mzmIw4qLbcbeZezO0b5diWURl3Hc\\/YzPvjEJ1PYJu4QLygOVtQ3Vr0I7bKisOIB2brPRGK3cI7qYZHfXkVcWAhRgCWLa+XWxLjYDIqa7mfmdZp2QbE6uLlAbDHs\\/1L0H6PYe896EVgNYU3HLMwDtKzawG5LIg0h0sEDpRGVG5QjrDXufubIC1zqpbPi\\/7iGSHC4gBYWmoLRyuZNJ1lIqyjb3mCEyi14fqeBJkz+0M9owLB+czAIrQ1MFwUf8A2c+dpchTB1S32Mpw9oXPYvXiJ0ZVRmG53HMVspzyGshReAiByrCCqVqdszI8Hz6j5auA4leKdwMOjsg1lrOEveFYFsM3CFyoQTY+hFZ0GnloWrDuqNupg7EsrYr7MfcURcy\\/jaHgmUOvWZTxCPqgLnkTcrPSAbMx7qkq3JihSASWcFG1eyK0LmYvtMR3\\/uO0WRMk6TJ9pfPnf7l2XARhwHPidVLIXCVPWFOOJdWmx4uUUi0Z9p1zh6G11viBl+Q5jwYEop17w8\\/\\/AGNf2l629\\/yPtnC6KZAS7OvBARJVUuD61PapvyIzN8FmGNzA6EUxokO6DEOWXezPG8Cu8e1Au7m4oSnNMbilIaNi\\/iNo4PEKhG4wtWCDY1wC\\/wDMfcFu+qPBTm1ywzYKd7xKd2L+PaHa7Yvf\\/uj2zJpljWXEvq3RxnG7mJXw6A0N5xLyJLbeCYVtAPbAcP5uO0WL3rBkqZdo\\/wA0leKHQdRHjmVBxeYM8+spvY2eYj7ipvvb\\/cFaeh\\/G897oS69vJBR8llpb356kLrVHvILyaPEW7gh9hgr1q4Nj71OdOJ7M0cVi87xI2Thja6qrXWIwOx5R7YvaAOrdU5gDfljBKRtVQXrwTLzLLOLkb7BngyzEuy8uslmN7HSba4HqHVd2hqHkoA1krBfF3FJ\\/1k\\/2BxTQd7pnTvC9jX3iIGbP236l7SxN1YlcOgjcIYybCOoB5hRTbiC02MRlIhW0sifCMJf4Y7aCNDNy8TexfMZnkio+JWvE34q0ZKt9Wjl5Mz7v6m6U+8V+vr0hrUZ7wtjxOHc624G6MfiupqwAhBeD4ksxXhySs37xy6JuUrLgcJvBaGswW4m1Bz8SzINaq83Ko4I5ovrI66e3pLZEMgszmUPhAfSY2dfgO6d18GtD6oBjWt0EXrBXmAGHRSluw6W4n\\/1BAzmpYQ3oVNtlSOmu\\/wBhWJjn2gruVRv3mPeU4zfGPanMziLRlXtmf8e8dp9qYFShZaZb+HSEuH3ROAg6l9F5gxYMZvDPgm52SODfeB1HuOJj9f8Apz9hPOm0Pa+nMBh3gHxS4NO6V2LOV8YgnLYYXAt7gJ8zK+xQ3N3+YFO+54VflOMk5QyI+HIccwfg1Cgy4KlMSBG4MegT1Rr0CjrMOCJh26ldaifH6jLukq91mBt4XmhFaHcIWjl\\/xQS5ixFqOopHCbJSS1n6pl\\/DvNkHyy6H004ZdYgaTQDUYtqGs10Uwo9k44eZZbLpU2O5UylUS2gsOfvNMauFVGqvziC5c9MLpi7EJgapvFfpjK\\/AY20Og3vB5rgd045b5iAGKBu4povdFxs8rhvsLjec+KNy7EZhCW29XxC8qLYBbDF9XkuAviYosOp3jG1y0FLQuC1G5mZlpUd5hxR+ifyO+j78Mvop1xhUXVUo1qU0UicV9BPlL9pfpZLqxp30ZL7EHjZG8ov2YfMtdmK2eDt+iXkizb1MDhfrDYTYpsK2yrYhT61CE046N8mY8RBsGuQFpXeVCcl1u09RKD+C4ze4P0TjgEJ5jiS6kgzWKKwGXtLXcyHiFqtXiWt6Nnd79CAZvGK96c77sG22LuenXXkVGDORYq9kd\\/zb6K+5CakMNj0J2Y9GdqdmdmdidmYYqKt+arao8Sfz2iGHep\\/YS2qgWWBFrpe7DIcCbK2F84upiVr9WxrqD3nK0AUGjW\\/wbiLeG0Cxv0al2phvIHi03maD13PpbbdZXlChWtqgc+N5i\\/GIpuDcg\\/EclV0qXZw4TcXc3JpbOLY9uIpYO9OMaMrkDeqMQLBVM2b2HWtyeH5HsV7ysoTGF+2KTiq2v7jjSs2bXfZrad9O6ncTvp2Z2GdiV0SnpEekOM30RicS0T+HR3iaOYGlKnZnbnbnZnZnZ0VjRk7QFKGj+3QlvEF6xZbKCsjo5lKC2ozfcJXEyougk0Lku9rh6aMbhjsDeKi3GJxjn1hDdlFLu8DNvTC7yhwLUzL3fWKWxFi6Jaha2pqmjus5xB3BZmwR9psAV6Zlpt75+8HtN4Hsyl3ZXoQ1+l4h6WPQxheljpe6dsbGFaWaFELZgKCr\\/tNkLxQisRFpXHtOslfM6qd6dyHUndndi\\/8AsDmPoI6WBbsZY7eb\\/wAQU94PLX2l\\/OlfwLrZIcOsxOMUpp0ZUkfx3hXALYS+0wiWuvqMnINv0RaKXG+HKjxOZgWTvX8kDETu9nssr4nnQOe4mWW93tHZ5j6rdL9As8KWQDJ2hZYMypzdo+5vjDqTqJ1cOrMm8yFGPuzLQCr6vL7sfXiW7XtzPYg\\/nxDzt3nqiiAlOHrjd6srozLnE6QDYSrIvabaHsCHfGGPiUyZi8UpJQo2dF9OJesy+Zvv\\/wBg6PEvGby3TSFialIjU1vbjE6f20KVcxw0U2HaWC1KK1oJI2acA4t5\\/wCR8616r9P4dx4CFf6JeLc\\/x\\/iCIrZzE+8y5Xllmy+2CJyL2yzcrRzyXmZhOMf5FYJzKbn5hI6h9Ri2GgWQcvF6xdLQWf5PfRfKxCJSp00UES8IPQLJeptVrsd\\/YzBuontf7+C8T+5f8mc7RenNPY\\/1gW+b3yX9yjeVB9\\/lFOidB+I23OVcSpUOlejHsxT9ylo4vEpBYmPcHaG43lIQsSkDMEUIlnEY6Nz1HBSAwLOs3nSI5xorEZW9WcNEEF6\\/zvb8OFdM88w7HnLMBusf2+oqD\\/6D+phvGydDMOJa5dE6bMqdv6jIw5WoNcdQ6g94EDbaHEgMpEzNtHpTpsTjkoYIGcQFSkimYcYHlTE5QWy4jaLuF6NzP4PGijentjSN\\/ap78+0\\/gGi\\/f8Fcdnmy5DruxshyV8ywzTFO7ggdV65BG0tubg3ve4OttyNi2nipYFAGmH3Nnl6Kv3glrUYrgDWS8CMPGSsAD7LZfXHQBe5BcjRzdz7t\\/qdr0V1VcuWuZZQYYnhbMrAcMdJe2GuJa3C507zcb94A0CW8zYmPiRP4+83FBjD8U\\/n7REC4Wii4PBv+z+vw1vtm+Wb\\/AEYIqGIKDg\\/GWT\\/9bBFLsZfBM3ZDLy\\/3KRWCM9qd\\/EX2AKZydIYme0dZinswwWcGYtyst7eI69HF\\/VC\\/eKfVlE+m4bl1XIobTFE28J43Z9oIhloYPR6MvYIX7QViIfn2lenaOCQNLAiz3m\\/wb5kO5EZcjZmiYsHxTeaDAYmVAFrCM4\\/Cu7soJQdi39xqtu20+4K7\\/dS6O3UeUp+53pOLGIGLnp2s4lCVKF0HI8tsTH6\\/8csz\\/e5zEULV6J\\/csOD1vc+JTcideFx00watA+8vPHj\\/AIEQalSsmA5W8RMBKSkpKaGRQyQFSYsK3uRwKrxCExKGdpe+x6OZkG7t4\\/CCHYjYIcTYuj7omZ22gt\\/+tsdZ\\/YMmKlyWfCIW7HG+8XMbs7n7gOD8V+QsRVO\\/Ar9FT4zH\\/EbsDMAMZgqA2Ab8P9RS4M9Y8xySxf6RyQttvrFwFSxSZGfElAxnCwmZObW5lAlpzCZPiBbo6k5ae8OcH3+oJ0veyGyL76jbu8O8sWW8y3wm1oQ+pBfchfQKkd1E+A+2F\\/J8J7xhl8GvLt\\/qFQK\\/w3N5z4fOCWdBsFibQOt1X0zGjaXzTVl9BaFm8vQboTS3H2vtcvyVg3uo1uLBlxcw2ljbN2IZL2R59o2V5uzn0A3iNMBjneRsYq+\\/iA7X3OPiHIR7bg1tZ4nQEQy7HpAJ1IQnF1iotSPtENuuZZXk9kS8cQ+7GdP74\\/yMwju9ERZlfZ\\/5Ic\\/Bd5ztiWHt\\/c2Fj3TWAmLSHYSo0Tbo1Z3+m8vLsp0BP\\/r0VK0OZxFkrHWVSvjlUjmjIx6dQNGSC3jRvE72es6Z+k5cHNYjyvdj9ytpHwykIcTbkhJiZRVVE1fOIh2oVOb\\/ALn9E6AHwkJ0F14W\\/bOT6mzFop7S9d7RYMpL1L2E\\/wAIR\\/pqEZwvwz\\/Yarw3hnNyT8DzCqle9EmnA4mUQjRC4oJuJXSHNLtQ0ycs94t+nEu6OfMsFo+IbGw7LK74+of6iRRfJ\\/koMPO066czOEbPePYVVvuTNOW+cmXfezby3DWrKew\\/JmbswtdCDtFRFTwvM3G+cSpt90wXU3giqh+QfqDoxnRfb\\/ybOkRSVlZXQJLIEpUZVL6SutvguUQCmFQ6YqWE5b3iFJui8AjXQEUwGAPfMcNTMbN8Qqp7USkwHTMYNdnHzAE3H3OALNdj+8QzhD4KgdxiFn5v2pp+mEobuv8Aan+4Oy93U6PWdostlU358SxP3awPtmMUC2Coa4fEopPgHk3IScK3Wr67wiG1Y7f\\/AFD\\/ADNolk7070epL9dCtQ2UKwKByQVELik7Ib2ZB1nbaayyVAIEVAjXLLm5XPiQhwu98GUgy9WUOF9qmz921E4+Ca0NYTNGgs3qfDiCgtmuJkgW3ON6OdF0OYUITnljP0FVKyMfEM9Zzv4VMTYjB\\/G0Yjku5sjrl63KteRPYYv4TeKT5M3w3Dg\\/zrK50IAq6V+7jIb5lAJ174ntA+7\\/ALibFczsTtRhbLZb00vtGtYVlMpFNrm4lqtCp0I13e0rcT+NQDpKQ1BJvdfsRwEOzvE9NNaeJOjAU27ZYiw92UNuhtZ7k5lf\\/wAeLKeCchfdOYDtMis2U4gpyOa5OpKrNkuNXsHHiCG2Dfx6mgCpYXkgOj\\/jDUo9yFPxud4ng4LtHXekMzaUfS2cdQ2nfTExCpiNXCqlw71iN+dTCCEF1xCUKVAbkssTccS+kkikpKIS+jXsSricaVqBXpKWPYyuATSV9yU+N\\/UsqoFZdE+SGY6Kfc+MMfWt38wuGxYRNlXRvjqTBNF7n+daAmUsnJ1j2v0V5jvK3bsps9xlg8uU6L2yq8TbzNnK\\/wBuUSE1azm2l9EXFDwvS8q8OsI2VaLYekJUoie6eowOTA7lIdjPsXU6vQpgkr3ih7QJ9wWtkEu4GPYbIA\\/42ljHe37Q3kdMt7nScIHpl\\/CdYdiWHtg\\/Uvg1iAOHMXH+2\\/0lYdNPeBzRrOzggsneY5F0Vk6LJOw2XA9EdHlKkaiKB7Sppx0ltht2lvCE7JvuZSWS\\/TmZmZcfc0JuheMfqI3+C37iW9f8tp2B2a\\/ct5q+f1Bbo8xwjSl614mPvcm17pQjlHagiWwmznib84r+5d2PXDE6LYFR6cYLm66PZY9rei8hn7lkGlpbUMRnScGl+d5aCl9p4+ZtQ5jlAoTklmjgV3cU\\/wANmVfX\\/YHojhPQL0GKCCdGUFJbeYMXyw49kDKVFOkR0lQJUNLly5cuXL0uXGnfMBRgtfUVtKIDg3UvBfacSQBOxxDLLkBeJdF431XtcT0nlH7hd1uMk2WatiPbo\\/cF6CY2YojYl7pibngpyd3nMG5XFuP+QZVgbsj9jEIWlbdjR0YIrKSkpKTExDeU2SD6wQGGzYYuDZigmypmZ\\/Pcubo7uS2AXoJeu0aWYViMkzPsB2K3wpT\\/AMbAUV9CzcUIZbnE0RO3NmbTBBW09y\\/JmCjXS\\/hiJy1m5v51iARxLylb0WvmICX2XkvTaEtLy0vMk6MdpHwOIygzOHTf4Mfjvh3w\\/KK0mCu3SGxefuXYAPfV9mSDVCjlr9wAEvaQpJeC75Rm1GRmZibE4nubfi+dpmc3HeU7cbRQCgHaN5dLbhUu\\/MrK6ycReY1JvG0GKnJ2AuAqbq5SUlNFJSKMJTKZTMypUqVKlSmTbB95dnHyUP6lKBsEuIxWv5AX9pSWvZzO9qsh\\/cKSKeKboQcw5goaKcEY\\/YM\\/YnJ6ZHXxHssmFy\\/0s65euyNIalZCOYJ1MzrZWvb13MHtov1gXloKPs\\/sF\\/sswYjbH25zcRMAnDEwdxmSGzftBCBvN02YQguTwAW5KO7kjtB8oJ6DbNs4TYm6J0mFxONFpfpOxO1LemAtLy2paWltAlHKV8CXPMzxMWv\\/AO5czy7y82EqofPB8JK4bQb6WzCEpLt+2NK4sQ7pRMM6XNkBky2hjsiTemsJfm6eiq88pfrLTynlqMHs0EyYTGpIv0cfuHS488S3CYYjHBnEvedJjH8u2nxOUUPDQ3lgOwhuSxDc8IHeaZTmD2RyxccmNiIYEYdx4l8oQ3JSPI0Ll5ynAPWHnPFldEpG0CPbjSvNp7kxYRtDSrxP8i3B8hYObq49Ft78EpgbRsRYN1ubTfC57C7LftgabWKHhoPPSOx5g36OIdkNpmvrpy1g7JewmDiOZadud+KnrHiK0+cr1lOul3JXXFSrm6t4NKlJRKNN82Su91\\/csa2MPSJozczMGwEVIxu4SoAxXm4xav8A4pivZOJsYOZsaKu5jQHDNk+ugweulhUs0HiLCLjL3iNAsq9SnX0TR68r0njLx207UIZxyJSIJ2mdqU6SnSA6DuYkQSN3XjF9zZjOD5S5XKccEBxD7\\/3AKvQzmWd5Ce1EwvME2zmLGM2odV9FDhHQ15TlAqJILLwlrekai8l7yyFoFJ13C3KK8pZ\\/1P5mHTPmHZndJXyQ6xO4S\\/WeUQZswtgAIXVhHeZly9OsqTgD2G3MqVh4f9RxeGiJQuCW\\/wBRtseDhAnuFuuY+WFwf6mybtRZDSo0j4EqiI6G+8zCgfEwHeXjGtiynNzrEElehcuXL9AacxmsARENmUFD+NydqC6Z0wFiMyvkwW43gs8hiLkbTWq8d2bhLc3u\\/O2Zfebd+kzk5R3eV5juTZT6QA85szCOZTMOFwtrms6VE4isuvcDLjaOCcIi1pipOB43g21vtEYdKHfzvI8H2lP\\/AKi44Qg\\/El12EGmfBiY95knbZi6D+R4lNFEs6TfXTHsv6pECve1gAlSPBfs5gYKdj+paPqUh0C7MuWZTAdtOeSeaeSN3TPHJFuHs0NlMhDbS5xR3um7PtLsbqcnw2i7qFGKJgRNFqFfpg+6IZv2lOIDeVANo9uW2+Z8YS7ehXVPeV3jYcJP9eI7WCbxm7mPVEv2x58Su2FwN4A0kC+gA97jEKYaHdUDWRbXNKlnHvVhym\\/OY5cPmU47PnpFi9IV3tpOWCmBbxBNB1l4g2gPvibKodmdI\\/MBqU3HJ\\/sobrWYIanvDoRu2PeM2jtOqFdu8xZw8Q2LdsQywp59yEugTq2lq2fedxLxa9p1TEtpCN2VMsm7mblUfcdd4K5eFey5mDJshYtp8sth5loFiFT\\/ZQxHibTt5tArqVvKHj6mOBJbb9ssd5ZL2e8sVwTCTHpMMjIsEHPLy95lS66x2LV5Zu\\/hw95nsx4PiWnHvUsdLixlHZtMGS+ZRgVe8rY04GJ0\\/Ms4\\/M\\/tCd5bWHE6hb5nBv7w4FB1nY5PiHT+jNvohSqCoZ0y6yuZZx9xVxxoR3hXiDTGSG0eTpDwVl\\/IQ7dpgqHJmjPabIO7s+4BHfS+wF7s4UYc2MD+OINkMMw6anjMH\\/ItnneV95\\/Ur15bHQjvop0OY245jVf6PxK3q8bktWOeWKMvtANstiTEc8uU0pu99oKc1C2zYgIDclfaYmCX3jA5BM3LtO57TpYveYqudD5lSdu0MtmNWqWXXd3jtWlekf9kpEp+0ebmdujGHF5icp3LnZvLliLwg\\/Ov3HxMswBt8JSK2mUpL\\/wDyNkQcNnEUDJu39s6ifH7lrFXdhuvhNybeZWsfaXeD2Y5bQ\\/xfWGAxJ0anBfmP\\/Y5D1n8mgzNuMEA2\\/Eup0lb+L6xM94Z3+4OKonxEOxU7N53Q+nMtvxG64lSu2idjKNvtKN2OsasuI7Tc47TL1YV\\/IdYrcDOJyYO3MArsVttmFNtbMPupU5k5sLQ6ohVe+xUqjgi+8tvl5me33nufMef7xRwPe5RsfudevvQ8dwQfFxs4UfRFbi4XZ8yja32mfBB2By\\/1LU4GGY3UTvpZ+cDrfmI85OZwq5iu8HO8L6wG9oeJRglaHmY536Rp22lVA6qYjrKdZXCUKY1nHW9yCk0TziG0Qn1LBTCgOe7LaPqOcT63uy3KDtOR9\\/8AJ2BMzZ8xysUb5glgUck67DzB4y7wDa8diHlGgMZdmszB3dZdzPBmdqH830LJY\\/r4jMlM6COUhfA5\\/wCxmLEm8RfeXv2hbXeV0gPMbLild5WBaRHUwNkUe51iYijpE7SndFHAQBwSx4qDsxL7b6Swzv8A1K9kKoErDdkn6d4Kd3ossV8vq\\/UGO2qwV3h4JRsWdZisUI7ShZ0rvOGy1KAbUSicMWZowLhGvNyq7r0LmxcclICtmJfYr2nU79ohnJ\\/N4toFdH+S8bb8f7mD91Nzcnm3hFjOW+8qI8S2tmYcxQc7dd5WsGI5HWcnwy20zwe8FzYT+Yl+sqevpO\\/bOx7Sm8Be0xZt4Id1GkZZZrFG0SVBe3+z+5sj8\\/5HCiG4EWbv1Kco71BJi0W1Kgrt7THnEFMMqi4Y8uIrGm6viblCOLZlaeFy14J05gO9vSVwXtB1v6J2PuLbt76OKezh27TK+vE5ObiruvZmK5hljDL\\/APJZ5TFHsS2tvqVvqOy\\/8uG0GYVl3xKXK4ruXBdntOa060fMUAolcznOYECrgVUirkQUpbvFtnJ3jQVRKlS+R+GVZv7Ny1qiYsYmy4scpfyIbVeGHn8sr4PadeZyC3KuYZeqW35ecwc2dwih4gizmWGYYg48M+W5\\/9oACAECAwE\\/Ibly\\/wD8dhB0Wt+hKlarH04tmZf\\/AKgAAAF6Xow0qIvpStDLoVoRkUJSUlks9ePWVKlSvxh+CtR6VSpXpX0s6EP\\/AMKuXL9L9IyoEPx3EkV+g159FSvzJqSV6Cs1v8ht9fOpo+jD6L+FWgGgUVU0qV6L9ZIKPzMIuPxl0vOpRlab9av\\/ADMJs\\/FYw1c6MdDs\\/wDAmh+JhHWR9IegdUWJebjEjvFT+cm3Q0PU6Vwj6FaKlaXiLopdkOjuzDaOgfzEGNDQJWpFq4R\\/EFxBmybIbRNLzplj8\\/drGly\\/SvQ\\/iURbihtOiEtjTeNtzKnTdD\\/zBjGJAgfhLUu29C2WbbxctG31lWEsLoEcthV+MrQ8eutFRIRWhNOWhNKmMrE6Zhl24m8wPugrroXcGTSNKg1oz0n1LsSV6Nugem\\/RcNGJbEWYeJvIeipdps7zlcsCeYd7lbjMGyLXDibtusPoARUTKQEToVHA1BjQxNblxRh0MosFrQThZBMRF6MqDbfWG4b04Ey5meIm8PhLVRU2ZxyiG+myVNvQNA0SXEejbrXUtKNGVKl6U0GNJF0ubCC3QszBKzBWwsTdiZ+JslUS7IcwSpUdGtuEUSiAMNFpbQeoqEGq5el6XAd4wMZhabZRAQB4lpUyxHwJdwKlS234gKI7m+VosaCL0W0VOsWDFh6C4MuBnDF9V6touIWR4iVT0l4h5iCAz3CZ5hTMbhxMUnbRII+k9A6iCoR0I6XE01pUqVKlSpUqXZJaWC5lAVFxZvFKky3hvRzAlCG85dQglSpUqVpUqGla5qIwNHRG341rTZNtQhTM2RsQBmDEHzAgJ4rRhKla1+A0noGGipKSnqJbSWTEzio7xrhMHtMIAgccT9TqixQUw0ItLSmVKlSvQax0MYD8bAVt\\/gKTLmVUshGJayoJM6M3RlL6NSVlZWVlZSXqtupfQqVKlaVKj\\/CQjqcSyWRiaB+YTbqfUXLly5cX8DCV73rp6DD116HCbdTA0D6Fy5cX4lgy\\/mbPTemMdVj8NSvUTLl6L8zCJFubfW6Vy6OLly\\/TcvWTZoaV+B\\/CwlBZWubfWwmK4TfX4a9AwIaP\\/gdbeaBkCKhMwnZemuhKdEpqGAypfouMLS9Zl+m\\/S\\/hYaFIPEJuQbKEbmEKS4tB5jtLyLL9DYIrpWofguX+M0Ye3oBzOge8Bu50SGXpQQPxGk40WXpf5nWshy6TfFjQ4YnnLrSNkvR3g1B\\/BWp403fgbl9akv0mlhiUGdaN4aDoENo8ei\\/kmM3fhdFei2D6Llxxvhw+gGCcejtjBj8JrMT8hcG5UqV6N0SE3gV6AYGjf6Ar+WdGK0r0VK9NXK0qVKi7l4hBzLCunpzVVoP1+KpXqBKly9Lly5c57aJvRaFiuKtMiO2mL6Qm2IpxNhlI9INzZ6r0uXL9TL\\/AlmheWntloSv2l+kBzvMN62Q05R0EwRW3GzJLEwq7NJKlSpUqVKlQJU40qV+MVK0VKlaLRNG2EN9Nuh1yaZezBUuJQsh+E0vQ0r1r1K3L9VStGG60PSLi9GhhZDP4jRNK0VK\\/Ay7xj2Ig3PShl\\/ihmCDXy0qvsf3Kl6EqVK0VKlQjqNml\\/kTHpxm9DGdPGgtlS02nolI7Xp7DgqWadmDoephrB\\/wCpgi0WJY3oTWlj4i+blmIS6\\/CyoP8A6CLEWLCE9vWaXui1ZtK3rOqoESH\\/AJaiQm6NSofi08elxUpwyxBsg\\/hCPpXLly5foqVKlSpUqVK0r0Ugz8fgtfZvGWcxOLtD1l20UvSpUqVKlSpX4L9OzUytH8EHrFFOIsIPqdmplfiB6yspKaKlSpUqV6NsTRZfgXBN5GcaP0+zR6lMrKSmtVlZWVlZWV\\/A\\/v12aMWA7wPXXMOYzjQfRImhFly\\/oFy5cuXrUr0V6Ac+i6W+uuZQ5jDV+jdtDH0ICU1a6lJRMa16ahzowVpXXRS+reWkRhtqPo3Wy5fqBcv0jUrL0VlfRyxpi6maGnq3j0Oz0PSI4aBGXpUqVKlaYl+kyRv1V6KqbTJuVOX06zGDTb6FTqLjU6X+YlpcuXLlzglSjErE6ENOhYK1MUO8MZgPS39DcvVei5fpr1XL0XLlxS8oXC7x4sxVbpcuPQXMN9TY1QQI6DR9df8AjVwkcRz6KnQsS4bYaDKiY2lyjR9dy\\/Xf4a9Itmk4D6bCoaVQQlEVj6VuJX\\/rJKTfFm70VKnJHiV5Y6dKEYZeg\\/8AoV+ispoZu9FaVEewl4aNapcaa1MG\\/wAN\\/wDguM3R0ib0uXKyvoFNFyyX\\/wDgEYdGLS5fpXL9J6KZTG+lZcvS\\/Rety5fquOiqX7SzeXLly5cYYuXLl+qoal+Jf4CvwVcdL9JmCKpct0PSQNCLLdSOtempUrTMplal5aJq2h6b0SVC9KZUqV6DQ0KoN6f\\/2gAIAQMDAT8hqVKlSvRUqVKlSpUqVKlSpUqVK1qVK0qVKlSpUqVKlStRNElaVLPXUqVKlSvw1pWlaVKlSpUqVKlSpUqVKgRlaulxB6ySD0Kg0qVKlSpUqVKlStFf+NZcv8Lh6L\\/Af+nz+QfjHoshlxf\\/AE36p+I0uXoB0NNR\\/M\\/+Bw\\/Eei3GZhlYNmPqMPXf5z8oaViOlyhjLvWX\\/wCYjpPxEdbolHYv3j4qO0P52Do\\/iNZqem4Q0Lj2gzUDiYQtNkF\\/nZu0dePQEIZaaz0X6QlQSqdLqnZjxoY\\/m2RZ0dFl6sOdRqPwCEZum4hzOmMJRow\\/P2Td6VaX6a1HrCGhunVAtjmOhcRm2P5tus7a8ak3arUeoLlabEd4wRXzLvbeNwlxZWZXkmX8ltgz6eItJJ6QDLL4GVlqnchK1E5m6PVhzGAdkuNy2OJyS7nQ6FuJdfH1IJWW6N2iy4TiGVB0ELMkGFWiCF1ROozLzJX8+tXeocGxrqrZmX1m22WJcorMm2ZzdOIZiwzElwRLRg1rKPHjSs6OLTiPqyBTpUXvLibbvWNVu\\/cWJsmbDDxLESinE2ZBM3C7TmCi\\/wBQ5O0BmK8zYvbEFOpt9IDejCOpMnX3axpxoLaFBjFstOrN8w6BcO04e0qZrhKltrxAqYdoNwLHc2pl4veI7zAwYl3Q5mGNBtoHPocY1LlsEzlING\\/VWl4jN2gQIytFSpsMp94NjLFTd401PYShQb4hdw7yjDiCYm0C0MTc88H9xxS7jqZuio6LFNBUEqGtv9FJUR0a9daWrm+SV5RSDTNvnaJeYWWH6GByZlpcs9oaq\\/VVGEqVE0r0G70q0glSpUqVKlSpUqPFaJjxBxcuVZ3QDJdcw3IBM7TPQsWkd50Q40HOlkVKlSpUCVKlSpUSDTu9UyvVUrSpUGjZMEHEFT3g1l9R3nEEBqxWd5TdvBGH29G4qVKlSpUqVKlSpUrV3+pV6wKSks1wg+Y3l0whVUr4ShzZA7cw4wcOCYFRKzaxY1wUuXL\\/AAkU36OXF\\/H\\/AIUV+GDfAlO69pd2ibLiwXLaZe2jGolMzMzMzLZbLS0tLRaN+ggSpX4T+FmC+kYYl6Z15fPpSpUqVKlSpUqVAjN+o9B6wr8BKuAqu82aXLl60BW8oXrQ16KlStKlSoNG7WMvUaVKlSvxwy5m31326Swh9Pety5cuXHp3ejX\\/AIQjMpdm317JeGZZIMH0\\/wDD96mhDQfhNDWY3Zs0v0C9NytYFh9Vy9L9OuKMNK0YQ\\/G6YuG5cmO8ZPbL9tJmp3jDEuy4LRpUrRlQh0V6FUT\\/AMRHTaQx0XqukplQJU4IbytlarpDjKtI0qMfTUqVK\\/II6m1nM3x02jNwdZLIhv8AkPOlaq\\/8LzLNI5m+OjCKgegNlxsRK\\/EcQ5hD1kK\\/IhhhxD6JzofTRVoOPyCH4TRfprWoYszgm2LOm\\/QjD0KmC8mSXPj8kg\\/ivRf4ZZ0whXo3fhCgNsPyhoQOly\\/W3SpuhtFiZ7ysTJhtLLHStvrqvR0Gv9vxXrPQtSpWpUqEJugaN5sS7hqFCpuIb6Kz0DV5yb5o5jv+CpUqPqV+A0lZX0ZUG6VW+hv0T1TBRDOGHiR77tLLly5cuXLly5cN9F0PwtkHRcuXpcuCSs3fgHMWommGvxMxAjoVrfrH4F6XKejfqTdHrZGvMT8NSoS4suXL\\/Cku7MalaVqNWbtSHEevhIIkqPrAuKDmBKm781p3tLw0LNFiXCN3oVD6SWByMN6pXqDQb6H\\/ANoQUQhqGmbr4hrRt63QixP\\/AGDY9Yup0iG3MFS4eZWlSvQjFmDH\\/wAxqdFj65nJyQXokuXL0L0d0Gb6KlSpUqVrcuXL\\/M2PP4Jd9ZmmWh59WM6CVAly5cuXLly9K\\/G+mza8+iY674dRfqnnVcv8XxaWl5aXl5aXl5bQtd2p9IdTn0xzLl65b0MNCzUry0tLS0t+R5+HrH0HUTZDVL0xKaDRgRJTWvzXL0L\\/AORByeg3aP8AGwi5ctmdLly\\/Rf4F3qt2oR31Fnot2s1VpUqVKlSvQmitFvSVekEw9eNe70CnzocNC6K1uXL9VSpX\\/gOD8ObvRYapoTVX5qlSpXoTRNAhKhFfomjpl6VMTVUr8AKlaKlempUrWoJWNdcQgQNaH0uNd34H8t\\/grSpUEIJub+mwjAlTZrlor\\/3hhEJvrpJyPTQx1MDKl\\/8A4MInem2BNvqUM4PSX6GCv\\/NUqVraXmyE2ypUrStNul61or0Prr\\/yCRY1Fuly9KZUqVKlStKlSpWr\\/wCojSah669N6PoxoPTUr01K0rSpUqV6ibSjKynH\\/huOjH0H5i\\/Ua0ypUrSoaCJ+R0T\\/AMGJcuXpehpf4l6XL0uX6mEdf\\/\\/aAAwDAQACEQMRAAAQkFmWxySyQEkkklDb\\/wAkqSeImie+TOuZ0Oaa\\/wB9m222SCH0fszct1aTgNQBR3smyTfxLImyJp6EOcrBqLPRP4a+KA7BJJJKJLtZXtI2GlABX8KCbp\\/oJJJJTafjEU0cZf2z9XZ++GUtJIJJI7BdkqEg8799RP8ATqkxTqymqSSqEPs+MunPd1yaA9jSBqSSGSSWEDSKsRUni\\/yej8c6dBSSSSSSQqdzXhUZHJUR2zkIUuKSSSSSSiTx1HoAckS0KIK7X7NySSSSSUe4zCA1fXMjp9wlDrNISSSSSSAXTjwhehCAK45v6BbN6mCSSSUrRpGOqllAHUkLLUp\\/EYLySSSaOp1uKW7\\/AA5Ao\\/zdR2COX4dsXGVAypL\\/AIPToVXnOCNZEIazvBkAodZLampzsaE55sLSYiLzoXPjVtbYcJuT9BeRDZlnGArFSMK71fi\\/zMPOkM4xZ\\/b8I9v+aDTiWLvVUXhmyOJfIZ4Itg2cnhX4v6N74YWqjJ5QHWrqeBJ7MWBeYTbjdgzmy\\/PW7M+OiWpQj4RSCNf+9jMw6NXazQxelHReWjB7BefHygQLKt+rJPu8No3V1iMMyGkU+unYoWRpbJbkC6JXQjsNJfuSNnxpCIvVJbpOSMxQ27LQAvKSl89PXYuHZZvaJwylykY5u2T\\/ALp5QYTdeyzf+HplBPQHRMXwl7Fx86SlIiWfecsnUWzpf4zbaH\\/KQ9RR5m2z\\/wCO8bCu6HmiUXmdO\\/nstvL8tl\\/9ZvNkkDrHbH4VklhMGMw8sll8K30\\/wW0wLoogoWDHyxkTt3ktYxVV+jmoNIkkklgRXhKwNerkfwYO+\\/7+5XklMNgyNIHPkb+slHeXMVIAOEuktEIOsc+0TlQuBOCJd2WJrVwklopICS2MlknPsNNQpT7b8gIgBFsB5juJgUErjGemihiPbRgyU\\/2HA1176Mo\\/DABrk4UUbAhYUC0vQ3UtdAntoI3\\/AOW+1uCzx\\/oISa5wsuiYr\\/vveS7Q5S1ru1k1LLLPmXtf99fkQemjs6xjV27pzbWKl41db7\\/rsh+gLUE9EaGqM3dibmM9GGz7Pk2w9nSMLTkiuPb2HNrav\\/zVrv8AbbkKbIwBP6lv77fQBoa7Xef9mgdUey1M4bgVxc7c1LmBGm6eFAXNDFsSxaavOr4yQ4zWWbfDtG0bbkZCi0Jfqv52Ti\\/sktFtbYOn0tZXNaD9DdcWp605phisbjLg46CaMgqiXeTQ\\/inBXG3\\/AMh8kIdZhiee0PDjF3HoPN6YO3IRYpucYIWravuXWu8Xv7z2Rv3shfb227bu3d3nR9n+AfM8yRMb0U+m9Xly+ztK1y3\\/AK+eFERSkJYPxnqOS6gYJljz7LnAthvasrL4T3YhEvreu54iIojKDXULMem5PrN2evRuwx8Mx2rUZrRQs3IrZLbcGKol6BaNeMCrRYUJNndGh2b4kWYRJrBy9GBYLZL3U0HxNE1Zt8ONf34CTvnCSkR35QHjfJrH+0cuPAzE8Ll8EXSCnLf5M0mvjUtwi2nIPqmr5jdHzIMY6JQk6baDPxoKalByqnw0ZIY2EJpA1y55dwwSxv2UvjDxeXLG\\/wB8TOQlT\\/e9GYnA6GGEYESlX\\/\\/aAAgBAQMBPxATmX8zq53Z3YDmU8wfmA8wO8JWmJiUSiUSiUSpRKlSpUqUSiUSkpKSkpKyspKSsr0hW+YcMJ70+wg\\/i6QDvDqTed5USNgYui34lAVEwrrFTZsPmcUPvLGz5gQo8MCMkMs3aMdFOAkvUZYLp8Q03uTuzv6fdndh153J3PTddyd2d2dyd6d+d6MGPdlYCU61DdeIu7nBBENloWWWnMAbvifM1MCRoecr9y5ZQUXfLMkP3FNv3GYxr9osK98zHGG8FFB5htEHm5XM\\/mHB80tou+7GDh1cgpzUBAjwpbsEwBLbrpEFpibhDkgf9yVf6QX+ky7ko7PmINz5iNCfM5SU8YqZJ4ynSeAlepOo\\/U7h8TtR6E7EqYJTZIUZCA8G7mMfuVKJ23Z4jPhjKYSYob7wTTen9TZ3uuNV1GZBBrDacErxOnZnHPiMDGGxTEfBygODMpECC3K3uUJy6CsHurgS1Yd3BONNBfzcrLcxK6FZhBQgCvVvAJuIWzcxvYtQYzC7q79h3hte1I3YHkekFVsLfpBhKlZ\\/AlzJnaCJZoqfxGC68p7MoW5cAUq2HbHDK\\/HRy7TL4iS\\/WDWfMmC7T7c2o1DC3MIgo0RorDtxbSgKZoDKrQQBwpuLM+DZ5hcCLXr4g095xvUoxFBrboHWsEKbYug9THa6cIWW5Dw6SoxmM9w4PxtLkHsNxRf7hUDfEooyvM+3GM3G4zMi58Uza0c6JGfTEVCTCmEJeXaZ2MRCXKRA8Qs1FtNqBoN2CEsLlXx79nZfw5jsl1PH+jAFBQp95ZXN\\/wBlKzINYqUNHonMhg6X1DJ7zdJWeRZD5RUAMJtaZhYw6iYFdFrQEdvUoigPmUF1hxblYnwQ4O8zJV5kr66wc5ghXEoCMQ4mK1HomconLcvTW0wl4jHaWES+i+k3I1452mCGS3KjB8wC7sV23fca\\/oPYqCU1wfNMLJgsDESuVRN0yFmXdUWd0lMeBQ7RLRkLqJRiWb1hU9nlcMlG9LRxXJtL0X6QupNmqVCb7jm06fBDa8ypvVmPlTriJM5GJY\\/gIy25eYpINFGJm10maOekYvVjpGGY419dVG5EK6HtzKU1ADisSwngfdMeJA33ZwLz0r3qZsrKWsXvv4jlQN5iNFqC72y30CphCl5t3JzMeBu0Coa7kRQ2QYehBjZcA9JDMxVUELJkcU8cp8UV90+1LPKlGftMcoOjJEdIdIFQ9TWI5VFvjE7MybSiPePESV2hBzERkGPeZTshjy7QX0\\/6SbgyDuB\\/cW85x\\/X9SoHzFfZh4FMzE\\/ycUJSxXmXXK6oAYhMNkU5nh2Wz6IYj5Opx+ZVF0xY6E18EtT3n3J8ynBXP9wLjpCFV4ntYXZSUGSIQgPagMmlXWbSHEvI99DFN9GluwaxzniZ8EqPAwc9d4i3ZYs64f6hcbKXgUTcUUKD\\/ADGh0W2QclT\\/ACWlLQ5vN9s\\/MNl3AaExTTAKr90YQGbAHS4JbcXQ9VtBs\\/Lvz41gTbfbc4eJlXvDB3hE9U2HevuVBDLEqJtDdgJV+BqBRR+6LFt7ZjpnaNm8veUIpPNRSKjbkmIYqoF2x7hp2A2wpnar4Cj6JglpT2rQfDFGUm30QfUAhbCXqd\\/YmXQsu9Kw9ob3MD1ZX\\/No6v60VsEMr2N5gp9UXMmnOHd6w2eGj50vzLtxSvZxKZu2g\\/0\\/ldQ8UGXTfM\\/MdviUDpcJQ5jluk3jVzD6FAgXdlgzZKC3nYYA43alBQSE0g3Bn4lgJRPMKoCKq6xLzMAwxCqCsdqgg4snRkPLBwguOmZ+ajV\\/Dwr7FIS2w5wDA8zECGD2T77cy1nI0HJcObPgn920RSQBrS4FuQ+aQzSWixV7n6gmO8\\/ubADYXwGIxb0K7Xk9n8v0IJGf9\\/zNvxLgbjcNiVwyEanJfslwvSVSFbUAaFCoiwFyWwS6MqclssK\\/iEAyoeYgZcyiQ2jGVHaMWuJYygDs48xXsmx9fbOnhQOjj3fUuNszcRQPED10Rjlap+YBEYwd8g9gSsvFh7nAeY64wTG6Lu2ChNssrXOkyBWkqYLp7S5Ylca17JyHiojBTgpod39\\/4mUg04Kn3GGbSAWPgzvx60JyIPa8fhYWdIJxsnUfc2\\/E4SFy9bgHwSuX8ZlbiHfFwNKllYlUBjrKTY8zN15gXvpK\\/rHfFx1BlpztANFwdgmDgtgRty0xl\\/hCHwVJyGge5+8HeC4QCr+UYuOt4oTSK3LfJGYPCNhRRRuG532iO4gssscWlqVVEoz4Eyp4LFzUAti2PHCRsg8qjDypuuLU4GUC9sw8subzuTLyHxxA5vegNdnvY9pSBZV5Ez808VL9Zu9u\\/wAwQNcDCmDcFVYwji78L49K7bisH1Epiu5ljLghPNhmf4o2PEV8QAwLIF8LMcvhxBpnaDdsKXFtZYLfMGWUb5gwKFb3EZiYajkjAIeYQFhWwbquI8aHdyp2WhL3Lhv7ktABvhl+ud0InxhodVzGwgRQ6ujnxE45SmUStsi6YIum1SwlkU0pwLMwQCLgoOEW5u130lhzMjDGjIG1olxeLOFbrV6O1W+IaZGKSGS2ku3jtCxiM20ZU3x0Jm6AltrgKaBjCYHYO1ct7cuPzOUtV0KJ7KIzzkD3p8Fcwx3Fq8J0O0pEnRiB3htwuXESGUcTN2whzBYIbwTLMxneAmGLRFJNniKKhwxU3CyII7EiUsX6JsCAlwkt5gAl4ZgW3C+01JRj8V3OfhVRht3CJr6xddxgYtE7THEmU0QUgxnRXKroBcaHFJZYETQYacTdlOwDueD8pYDUqkc1QeHac\\/d20dAZOIpnWIyVC09C\\/koRExVsG5\\/W5ZQ9RWrdJLQDljdvRLFqmIUzaTnIWBRHpYPiicRT6tvNwFesSO6xD2OCFQAD2ALmLzc7on7RZUBFLbapwln\\/AGFY8AFNt2MwQOzDLiGyLuqB1mxIaBSW4DxcQk7u3op7vMVRWe8ZH4iWMlGxdy9xiAF2VXmwdZZid3WXqE5jEGEGNy23CF0D0XNijyNxDimbIjpTi+ZYiUR5mZuxTFks0aZPeEj3tUEgYUz1j9Up6oalx3L+oQDcji9v9sAsc4mDVRFVwSkdpA0cAtuAYsCw21lA\\/uVIK2YlKSmmG1H9zaeMplpVb2WOCsodqiysLsMynDVwjypu9TcjvQPexvPd1T\\/SISp5MMS5qyl4e\\/tFooy+AKDsrO5gjRFYymjuG9YHdgJGk5wb007hZHrJZqChZyFiFXZqKQ3NrEuOEqAFlCHeQawx8aAt8JtkyJBcBltKl\\/Lu3zTC2mjtlwlN52uZVFK+uI8kCGCWfWw4qM+xvFTbBMYo39iGjBBw3UntCwUpQfZcLJ+XcjDLB3dZYsCLYuO8LzzFzsXiDiqWTiAERXJDC1hutpSrB1W4uSK6wziuoGTMFS7JmzVr9Srq8n5j9UZo5uCp2DHeGnafZfuObtLh9CKLgAoQZQC1O5EC4JWKGympSW3REUAwIS5NOSjYzgvOQ4DVgvjCH7mc0rPOLPImfBwbHoVSu5cHQaCbzuKsrmvERf8AqtgzykBVRh7J3YCpC5igtHfrCGaeY2l2X4pdo2Qg1CdxYOzEyfMRi0+k1G6W99ZGANG8hai6h1TYCsyel2w88qaIKZWmjLTZiGe9Ch1KG16jLMnB8eFhC8ByC5hTYyJhl88uLjjnTgV6BuWyTN9zS8F1dMwF274yXC+8UYgkOMHd90YR5BOaueW0HbBLPYcSjbxuSkF1OJTFT55hQC9v0lbU2IdF9t3aKMfBdtRe4b2I+JMRNueZtDTaXoAh+qVW6tf1EA6ShGR1TyuPvvBoSq3gdZYL7ylXyrszAf8A6gGLKAu+0vKuOrsIi73MyoEbr0C64D4QRoASq2hHN3AcqYwkMvN\\/sDksjI8tbs5Df\\/k5huKIC0eYxVlw6he6OdlRtYD68E2AMADH27pr3VsKZhqG7lrSUsziuIooxVd4mMuNdR84JUZZRhVwWjm4HlSQ62+FZbtpUo5FYU3OHFLxDoAB7sXTbGL2PMtY+pb99yOtguZ1fjRYcZoEfnYGLwfkYfVs4XhXv2lO0HNkI9exMDFdsSAG+a5nUe8WXZ5XCGCpTU5JXFPMGQpesOJO8HzJW9wbmFcHCwcEcCSwOk3nqjEy\\/VEh3hV\\/ESt5OY1rUWdlhau7D9pQtfEQDanwio4JymZkc1e8cd7i4zozf0XgiW75Twns19ytnlvg8pKK9kgyu\\/U2Pe3jy9ioyCzfDI3IWOEiNhTQZu2b0OAnQY5ols2mQ9BXsAKc5eiEKllBBZs8XFOOLlGlAeSpeAzqHwy6vhIkD2mGFtxFDpcQOXwNhm5uACqzAKGW94HeVDtMyxCgdBZiB\\/ECIAA4pwDlhw7Zm9pb+ZavFh0pfqJmjtGS+CZO0A+QrzvDSrSgvgNiBGCyXGY5MRYvmClmYy2Ou9AKHS43RJHVu6K1L9E94X6g+wgDd\\/2ltjDb6qMhSoi5a2LTFm8WXvbEMtoucbztRVTwnIqRKniELPeHAblQV8wa8A6FKCyMQwYc1LQSzJ5dEwlAwvSJgtOB6t73UsMTFPAxZxbN9sQqlgEciO1nc9oRmG\\/hLyKXQ4gLHOslGvBYwrMb2QBu2HmOgtoR5UIKChSyq3viG1FhSqb2oIOCpU0liaowDC4Mdec1mZt3+djOH4hjjcD\\/AMlf4iSuTcsOBeZgExZdMBi4m77wm5imPKVbDDCZMxw8wJCHSqobQ95nXulq12hs9oFp6\\/1MVxiAfybks\\/g4hGJHLcSj5lEQ40qJRKuhSdye7rrfbJ2EYP8AkfMCBgngEA6QEbkoXKh0KVxBlBKOhMBVGM4cwrN+ZGWbFE09VbRb9GrSPryMrTaV8qD9ISnaOqPjMTjBKiHKuFvhpQwXVkApaXiYAagY63eZMWaZlyqPXXab0NdstXEWWhHdx9AOyNldgbbTc5oO4bMONpQE4sHr0YgxAtgIgptUCwzOR+g09NPJ0gekT0lOkB0nZhWVlPEqEJY4KjDOkz\\/d+oruyNntBn9U8xge2fufNj9QyBbgdl9xPlB7KI7KPWzvojziXObZI6wW+Emtt4T4DGVwWbZD2mQlNJwYyUjukWtIoLMobS7hdSjG2rAhU1Qpyo5TJdUAyCAHI7o4zTpGcBzIzxx9szQKHdNmPiVfEuQrWY3j2Ywu70KTqQ7DFQdr+MKNm3GMbw7wRzsjIopuy3c6ximqgPSlneUJWkJJnlKH9ktWzVWFrQDH7iNDDWy2\\/L0hWUhaoBSRXgSikkoIO6EWrLHrOB4dVQiJLX8aZDusq2qp\\/wDCn\\/yJ\\/wDAiO\\/wR634n\\/xp3fxO8+I9V8TqHxE2n4ijZVmIULG0x9WI2e0KRdK5RU2jXMNfudN0\\/U3kGKcINwi3CdnHoYdLMeyBRrwHdm0wQ5d\\/cczvoQwknVvmJvybPJ4hiy3Ash9wA+zMZtIjAVUC2XW+CI2xbxv9W+t3WcaGUtjtSq57YluLO7wUhyK4Lllc25SjNuaU8xtmTcdcWsHfurlzKawbo1e+GVAqRZwbPLkGExERoHs6+0YylKpFF4oQrmWeaBZ8fHA8IlSil9bIbyc7NdIldIUHzNm1THvFn9UV\\/hOEPiK\\/wjOHxHjHwTonwRbhXiO4fERwrxBwyO2kEDLtibOgx+iEFLtiCDcQmCeMiu0I7wxHGHR\\/Mv4fMV\\/1D\\/6p2U6kSzryHgxqOsDRvhFJ6JToBbMFJVHhSj8EsEG62Lt9uVSccYIntHqO2ItIfFdimThgjw6CoAF5T\\/iPDicACNGxibhzuw5gXlxah0Oj3lbwVVBLhZZ1Q3OTh2Yvu0AbiwMAgo\\/dvvlo6SsVKt6iz3YWx8bALXwYFRSyWdI9udknbJ2CZNiX0EvpI9kFNoQNjDd9JRTf\\/U\\/VEIo1M7whe0rvSkBqWdr4hOTE7qBd3zDcqhhWloXfm6F7G72jG1be+8\\/fJN0IZ8SptEgZignReDl\\/1CKzIfi4Gg26bmnK7VCbEswug+covYiTZZbJUyNr7y3gFebQvvE9Y5wi1hGBFHsbxJaJQEeMWdWQVZRp5gIFsGajqieSnm93zKFsCl9s\\/wDERZmlvXAygyX7xzFZ8x6WOtypyvmHb9wjZgdjcegwPDLmqYdh0mMNLC3bBY2e0ttuYUOd4Ws3tOEbxuJRA8QgXiU8Tsx6EKt1FdohfYPjbCyrhqI7QLSpuXb2By92CM2CDnNf3QKFUVZrDmCEdv0ASgoc4hYF4+pkA0tqcxHYHGKCO0VAD3Ykv3BTOztFEhTbEuHdMwPMl\\/DHyCGc8\\/8AYLtl42S110FObJcKou9YKbynnMvMsFzFOWAIE5uXu7hvZiEHiH4MbPaZHxcFLhj8F4\\/c2VeX1BA5IRPMeRqmAjHuWJVy3XayKeAHqDd7rLLgaBA05lxaXvcj7MwLqwftlTg2XZu9hkkvDFskLFI5M8SjdL7v8m+o8Wy3VV93mWBxXQ3ReTuG70uOFJpaHMJtcnYpHb5Zpx0fZiCgZjA6mDyl3KmnK+7t7QidmPbePTheKl4ipWmY1iLNQgNtoVP3DraAVguXSFXxLTVSfDANLHXMWLib7u+o8o4fTK5+X1ALMVcoS7SvSJyNpaY4ndAj6P45jCGhqFy4Szekvf8A1AWDcdD\\/AOR1D1cRFcHcEtwXgMXYjlpVlttiIeCq5emIPkMhd92NwFWtZhzZRRe3dhkB715ePiWoJhxuDYgsicIHbPMzKogAwUNhyRGqsB2dmVnXaUx3jRtAOSCCEJeMBgKt7l4aepLncINtVGC2wW0DD0gUc1MtAHHiGcK\\/yVKw7LV7xUCh2OzFov8A0TkkqsYwj8kSDEyBCIx36cl2GYWVA7lbrussd9DQdegTV1xHxvH3NeTnlZsiav0meNYtWn4QllQtAPjYeIoYayF+l6Q010Kgwh3ZaLN3LI3a9ow8RA+\\/ZBKegcCcgQNGS5TveeID\\/ox8Q4bI6Ie7UohSqwMcuHgQ3wQ5Dpjk1byCC66Kx3h1vnvmz7mYw98IvF4ly68xbMRMRjX4RlczJXYlLudg28zEkCHRTtPACFaIbaQr1wCGpWwTJJzDaSaZGsWoTYgBUZI1Zt7sF6LmHpvxgq\\/lsQ7XaC0buIollJWKxaz23iyhkHYV\\/MMbtt9x+iE9hp3UHv2ipZRob5GbFK3yysEIsLsAFU+YpmxpeM1Fp1JiDLqAyMFDIvbvEGihqzW\\/2dlpPMBCG9I\\/mD5QJQWRfDY0TAmAYB4Wr3jXvNpWg0wgIYNtr2OGKaozYHAFmIfjeZtV8Q25XBhhWTpLiW9oQInFZnjWI1KYjdgJKp0\\/uVZYrPMoSqblnUnD8Nd6qVeIa7QxHYqDtOgjgGOU2VbXWvTYZdjLLlzZXiCCu7LYuOgcbpTRso725fMLawZ2J9XNmXlk\\/ZJmme8rx+4DGpRFolqeRk7TYkTqYCm5+iN0HIOQnAIPb+SypL2Mp5hGVumu3DLHqEKFuu9iyGwIFKiDIbd3WBUooEwtrDHjeEgI7glN7tB7QfxDIUKvfXhsRxtBO0OnHow6EA4iEGWZuBm6BdghvUqKnuQsfQ1MjpEERN3WAPzSeUPqWzE4gXGMsPs\\/6jF4gdZfSba1LLYkO7zPfJWDtM8sV3Rw28EvpNOCcVmDY3hOj+nhDNueQ+qKtAGJ1Mn3AGUwSi0Di8QWFsh5G7X6G\\/MKW6UBb08H2xe5uAVKC+D2jyp3QqA5zeNywXSnLB1PeEt\\/wKYOyCqWINZ1MC9B7Nk5YDh5NzsxRrP3Hke5AD1WAlFcLFK3isdiUnTRudVgEzXYmIm8OxtKwaimgUdJRvSx6PhZAL6iE\\/2Icq74J81EU3O2APhUeCrcH9hP1lIF7Z6VmeSXLlx1\\/wDBN0ju6X0jE8QZlwLHboVyLRqpkK4YWJU2e2kkKC3ReEhJjPBP48zx2w6JkhoCMLRbYF4FcRjs2KXijYe0EjFyWiG1v2RausiPi3BKS2uBpHe+DxDzbilHJ+4WZ6yro94FsQ2OUvDSA2UTbupEb4rXVNNcub1tFjxVS2rFYiQmW55gG+hKlOGJbS81\\/UR0aIAdpXuM6e0G5UqNHKGMpwxvZsspOoOzLgbRhGjfeo3bF8l28pTo3uQqzR8P3ExD9Vj6ZRsId7Pu4MWewUJ8cx+iIYTmEQ+Y8OoCdt39QCcjsL1BFNuBXdi3QNexv7hW2H90P0TreU5\\/5JFOPmGORu20wVt3j6Ri1tXjkr2lgcA1TIw87Qa2upT3grFbUobPKWipiLjK\\/WhUCGHbL+Vjh4ZyzoPrxzvhsi0Bc2YgZ6592tEQwBoWRDEkGTenolW8UQxOuUarfEOazRZOSxMwJbG8VtCAZSIsq5cdfMVhbtAZw\\/I6MAaB9DL7lXCPP2WEu4KzC3yp9IC3fZJ\\/UOBx0grq853f7gZWq3Mj\\/k+\\/B3IjF2hT5DFrbY9ISiWAYis95mr9EQbJfAAPkmVfB1ivu8TJXh26xaOoAbejYrrHoote4zzlrEMlJfDms7hDUJWLHCNf9iPuaB7t7x082rz0gZTGSr5iBFJoZrTYgiB3+YIgmzt6FIN6BCozFXMqj2veNKF0ERFV4GW4Q4ByJG8Aq6lzQlJESjfadyDyMTqJXrPOB2jhxMm8OVbwP7hdRute8EmGvf8AuLlgqNBL7kIsJeDZ+ZlRwYMj5YaDHNV48ogQvF2Ku+ESNEATDcsJmGDZ1W5mZpaFVYH5Io03a+oN8rLAXJm9oGJhDasUn0kUg88MdJWqgs7t7vQ5iLjFqXVx2PaWBWC1LBA2nJVoVt22HpOnLZcZmMmL3Yb9hK5SoTfQ55unIW6nw7\\/uVX03NaZVZ1UQN4dvd6QPIlK4LLikHEdQgBNlrF1kCHaJmivzG4gZdUC0ctSuw7XMWLXvVTn8SxVLDHZjN7IR5EajA23dcS1i1L2tGDihsWidesbZ5GOnaKyjmtvmK1g8j37wsUFq+uDaALOTOeYLq0UMWqj3mZCjTuly3ACy6ZZ\\/TSZ8Bvhwxy2kAKSisizPMRQvxGDY2K6pb\\/GI20KHVhKDgx5RTFN5KwPTrMS6tKdNn7iyLrzYfFGnFsd1QF+kygRnUPR4CBcQbDyHuHiGASCiNDYkuMy4\\/Kv6hEuE25snaaQGhdyPUiryXAJsTBgqAKmQi7sPFzZAWIb+IZ87O9xiWlW17zFRVJurpX9QPBBI9GAeCV8gs6IlUwOPlBkzWYFTdr7AxHqbMIzuu0MBAApprxLPUcLHtmMuwWxcZ4xcSAa7WNnxAnOuSXrtVTbm9wR6NmOZWXS0q3naXGwFFqDMl71CIAsRSkV8XL0GnQx4iBS4ksm+Bs9oHlF\\/EHYWTfcdg+IpZcI5y3Drc24jq6CG6vEuJNlNyh4xBtTXSzM9xRvGHfIn1MPLxKhylb9mzBLq+SgNcO5WIt4CvQTNMjx8RYhYedmqKRtljvv+oEYljRuTtTtRQhW8kEEPKV3gi\\/GY2SUPBiUew05raYhOZqV2AqHBoqyd+bS3qdxT+mimxO3Owl+kRl5OTrvUlfCDeTEJAFsocMZdseIqtld6nRPFSrNPDEAuw60sOd7gFf7i1UGwy\\/cbzgrlG1mqcXOdaF8J\\/iypOM+0dXKm8Agw8gPLKO0SGxQwo9+kVUzKi7s+OXKFVG1W7Q1MJZyxnq9Iq603nmPc\\/aFVWNoisa6MMNR1EHj6JzSBy60d0HaEOXZLJay7Phs2KhG5Ec09zuC9nIxTA2\\/plkWXSqTNRvCopOYvi73FBVVV9Y8EpvvMplO5OgQVDebzBczzOCPdOxUF0lHEy52h1tAuhkf6ZU7xLsJxTN8QDzAXtMNiF3lvUCWu3Y6QEbDuhUbxkO0uP2WQxrZ3ppH7Mal7dpR7hGEGRnwiLTrKnr\\/3GIoAcLHbBP8ASBWys7mOzGyGVz0jJOCA3bw6s\\/RCUKy47SgCgyVhd1mWBYKS3mwOmydYtrm5ItjbosTZGWgfHcvY3tzBQzgsBZXUc8h3GIcX3IGJ1fc\\/jMIcymkFO75lzlXfaXQVUMuA6EqnOLKYgCIdCAKmYzG2czmDbeFdJjpBIllQZSANy4UFQG7fFxPwABn3CHK3G5H4cxFHTeofKVEtUvkuK3d9mYRSLyMt1sgUHDeFVDOxLGqwjuLadi2VgWji5\\/xjWnNHpVzhqewbERAW8Wrq5u7bRDzE3FAb0O5KgiVFrfG\\/mX2MVgIAMxiiKOwPqi1YyYxoB4YoLrephfsizuRFFpc8gRs945KbR2EsfmmIHDBSOmMiBYoHLbuho4sPyx3PcxEMR3lO8JKtjV3cwMKbm32lQBEjbI4HMeRXlmLFK4O0lxgSyyKkKuhODMN5ZyTvEIIzMzKioIuKcnRyS0yW9n+oZ7ld58pdZbbBPAWGr0QBPuTmvVO32H9wsK7eiifKUHcHD6am3FJYIifJgIqjKd9LsSF\\/ryTlfDtDNhuIVorpTFeYNpV5u7ELYFWCg6qsSDmZmdy7m6Y5BGibYI9oh0KOZANTsJl9KVNghRtnCMptG1h9Gtg4d7hkgF38Nt7ciM9CU5dKMIkQqjgt242Q\\/wDlMPzX\\/DWw+rcB1WKxFQMdoVW8veHVFCQQHeVaLLDmExfGCeKV4\\/y52GgBvZ+Z1D7m3Z+YqwyyUgICUlNSyUmEQUDyL\\/cewKIgZF+7aJqu6d5ystMXKywxgo95TDBhMMymQZP+RVeqaV9FnZELdTZwuXAojVnptHiCrKaiT2nrO6lp4lClJhrrTsry1QvZlTSqV2C0TuuHHrGhueeq5JY8ELYnOwlkNZsuFawTBYW5GIKJk15m1Qdx2gRA0LagiaDDCVdHQsY1N4OkUGCV3uJesXMxvfpBHmX3l95ctlyyWS5ZotFje3PjmEkfBkp2AYJe3dOHxGbqbHjtCF0BuxjYytQDboKPJxyB70+NjBHvhKoBFCxSZlB6QHxDblSh+bSKi+YWl1AoMJpy32jdtF5cgFPHJ6zaCEFgee5wISsO0A4XKiZEQDHOMBp21LYZnSzTYsmiYl7XUwV1Sx9neC6Dc8s36ZceuiNDMvN9C+kphcpgU520YmJiYmNLNCYjC7CU6wWAxQvXOWVN4GxD9wCtlwN+F7EeUxC6ZSM\\/cQ1QmHW447ocOXi4u5RY+JTeAGlOWF2uKoZaHmu8tJzBFbw6bN+73ThUNW4G4xaWzkv51hiz8hlrNyEEVcah\\/cQUTaPQlYiWPOV3vlBbWxBx1zuBTqugMtOHXW2gaEDWxquCzed6d6HUgQKWloagubI+IU\\/uVLs4e83DiDADn+Mv152CDFCluOLvTey2esXXarA3NsJSEy41i+2Np++ZTn+ZafOgDaIIjTwxGGg0bARPH3S6DAYJ1XsgVQ2Dc8kYxxTR9Swg8MXUVlxvymMdYLVK1WKh5w7zIr6QuLwzMIrk37k95fee8uWS4QonlvPKece6W6wfLF9ZfrF9YdWHPBom5mGcKnNqZSCgi2MvWOijvjrL1yZubqqPuCWgLpKriiviBEsqxiMkVscnfbHEe8MZo2fM+jFmLEMReTgR95CZnsAO9RxVfsfeG+qUxsw7kubz9k\\/fANvYZknaZKi5YWkNKlSiV1YTswm7D5h0E7JDtRcpCoV1cNpYW7wV3nel4qdydNhRvL9WH+nUY\\/pZYpwLv5goHcuCUoWAUXwMxDTMAEDi63zLg5BkBd95UC3O5pX+2YhBt0Sw8xfFFHieApDlVgnKlZ7D7xEdIcOLh8y5idIi2eZeqMypCqNEuN2hpe72CMdn4mwM1tNxZnwzvLBxDpztQkPoIJsIcyTxTGKpy+J5gSoFHVxOtVxYtJ2zFJHEoMt45hd0lw1KVvGRr4EwWd6jswqqOTCQRNhsFHztGy5MjzvmFyudsdS5YBaz0QK+IMOkI2x9qWQHCzilcbPsBqVjoXMibbuAntHnyjhcN+jwxFRoTCXCZLeXP1BGr9V9Zam9j4ldoBpluxUSZMzKi2i1fcZWKwteA5Zv83BG5e8u+0hTtYK391RJlX2gFWvaL\\/4TyIbgo1Cqla35ISwLQVW8eK\\/CHbK9WWVd3dlyHUCHMkxg14riPskKwUgdsXzOJpS1Ue7mZmBIbrNX7y7Fgi9hvbO8ZdBpz3i7\\/Zcy8SJxMYGe6WyvEIvoX8ZiA62Zn9BFhjknUP1EOwzAQinbB8yp+yGrdyDm6zMu0SyVe5CG9LoZcCESnpK0L1Tzze8Kebwf7ByhPCofWZR3nVR\\/qC6kICQQAcz+ZgW4+ZcA7N7SgrFNk5g1AKiKh5Ick7UqtiGyqqbWeVQmwIoYWdzzN9AWFuxBsSlTfDle8sa1oG93bP3C\\/CXhMrsQvbr2sJhrrjeYtuy+3T2gQ68E+zHJdoq+RT3YMHeVL3iy8Rqju\\/og9ofkgUS75O3mb2cm8DNPMsfNJcK2+syHaLHI3l3c+YZWm29zF7HPvL+PeedSr\\/uIb\\/aI8PmJQPZPzF9knWZbfNgxgvzBMge0N4Am1EL0Q3P3DZ6wm1Hw3KIdBTvvEucOOuwIPcI89HhlhoiRscSqV5ukpC02UYXZg1J1Uwi7PmEAKqtgu3hBCrR0Vdrghf3kngY\\/iEoquVfP\\/ZbIlJhO8OXiLR8wPgix4isuFt9oiU4uNHFwxubf+iZh2HQ5mdDGd9+ZRdm8a208REjLi4h8UvQxbeWwCiKkO5EXtQN5C8jKfkVcQZLpEMOdVqcxeI52hyIjFoL4Ys5flcJZ\\/wBzA1Gj9gQ5dvaWOXxEZUt8g9E5JR2Xg8XxGhUDpHnW14gjmU53iestePeFatMO5s29p3QXa6w7HTCBoKSO1FLt3m9ODi2OLdIigdHnsB7xCr6yite9EDGY49Djy6z7ZteYFr2l7jPGC\\/lj+koI7MBIyYPiUvcDt3e0oZM8zaKwdB7TOtyspPhiGkvCsjk9pvCy4HUFuyMfWyICKqVPgreC8y3aDRmfKBHtA9InaeUaZuecKAdfudJvrFpDh\\/mR5IkPpkLyQtuEcQW8kvgVC+ktXws7Jo4I6LIbfLtQb0YzmK9o3I5FuKGYCSq0BsUgUWKpJsIM28lKZ5Dl9yHBUiVJd73Gyb1Y9R2gaHeGi9pjTL+1R8EzDrDTLoJwwkiwid1arbvzLM8hfo0Q7zd5H3L\\/AC1ao6Dw4YaW85sSFa5bWyCq1iswPNU7TErabxZLgdwcu85DeH\\/zOexisP3N8BMbG\\/zFD7VTPTb5IX4PvZUW19GKbUeTKG2PyzAUiYzMrT+5sF6J\\/ccaoDcwfESDR1QbYE2Ax8y3FrdVSP8A3mMLcLt3ydVAscyt4YFu3CSpxagGlB08MjdW8AZ9o9VTQwuXIZKdpVVJ3GkMZWG4x1AjAXUA4NshfroErUNhRWA2jfMLEHylD3f4GVFbXKB2WRYJau7MDHQIuSMpul+0lVfUf6gMtNw4ZYNKIcEnQ4fcB8Wh7a6BsHiWXNiG6avMW7G2cxxl3bm5Uee9whsONmdL4XzKjh0FMAsPDeXHJd3pF0lqukuGrTsQAhW8uIAlBbG0MNMMJXOBsBvAIbveFlovzDDQHeddHiAFli4YZw4zBbgR9911XSCVPbKMf6PETgSpaFWeZmq6twMfMDW62uNm4vjhUQ04MlwNpvEBKC8b8XGhUSlujoBGqL7kq8vLE52EjCTd9os2Nb0H3CIP1WAfEUGNNxbQWJddNjl\\/aYZwuUq4LQhE6CYdDLsGy4U4gowM5bjBAc0PlDSnuAMebiV5N9EtVHmFl25EN8aOn9y6i46VKWKTAjsDJGLhjmB3Sm+kF2ovxNuBv2jEDlnDhYvmL2eUUlBdlrxGRsHN94pTSg7FQ51POPmOPg6XKhaMYzb7to1qnrhuF2PbcMCo9CAfocRotCuGv9g2B22KqKbmeMV8Q0B9gX1DiIE0OaR5Eh2pKbJZ+4KhF5C3xPaY0BVFNIMNUQ41VB3h5Hh0qu\\/ArsSxDXNQbVeSLmktCUVRuHEXfaKqCBxzE7K3woxzVzpMfxcjlBsy0LK6BIsBoQeyssSv092ASPnneyKKdkp81Al2sPc94mtV1bgdibedoUB1Dm6feACkurGybPgggQ6D47w+xNtdHrjrLb9apy94MZ3ArRFqVzjNwWyWqbjXB9SxXuwBsX5SlXisKvmVvb4zDa7tsXfwRUNCxSo\\/UHQIikLTXmD84W\\/jMoLAoMHhJ3MNoN029qQ89ouxDsWQ95aAMlRFqWLAYNlccRw3WF0N\\/uXpbHTcviGWL2RDtdfziAof5vMtaP8AOksFOO7B7NcQ3Gw0rSuiS+Y3BhA+2VdqgltYLFM8pTLI2GJxQsvzLqulq3eDvfawLCtCsRHt+gZpQnlGBRb2GHiHU5+ZZVFe1QLZQHMDsJfUimVnDCveCRcfqRcOPNun+zKEKSrHiWBLu5DxAARVMlb3EImOwPuceIVbC4UIicPeWWpXAp74hbuYY8HxDFCpgXh4uMptPIynI+IqgV4UF\\/uHvsc0sUCX2uXGvb4cfMBPBSS9vdt2gXKrxtHAlZwU4hRGuOIAXRd95bXYOLKiVwAKy3raL7h5A4PglIibrRm75yQuWpwNZ+IPbbfKIVnNcF4ibGxsR39oG5LMGHPWLthaG+ZkHJjL43gLoNbLG\\/zzlm8LPliAowVVpTou3jpARXMFuHCdSMTVFn3L2E0niFtdRBwN3iJIMebIWQ+L55e7FhYBsXR93MjmzfNQe9wuSqhXRXiZHjG6p+2KwtXhO33NgYdF3LJs8y05KDgqDabOAP3RTKPddc+KIvtHQB9lxO1HAZjfMrDZ7PvMaRYbUDUK8WdXYcPuUtAXW4+Gs\\/uPttTbpbCgDAUWGl8TCxeQ8Mf3AlEKS0R2C8PEoMOOh9OZeF23qyAW74tHvAJOVlNvab9HxpYMNDN\\/sqUUWWUcM78wC8DesvdLidCeKVX5hZsNOu1TpsO4n\\/Im+d1Kpcg8hxAaVlzzKNX0jkFr6xFy2VGgYaobzXMwHNuruH4hu1Y1Zc1jaEraOh8RJcKt7DB6OzbdcNrIWFbZhchRzJh\\/Z1ge3KVRl77+IFoZSJx55vMs4SGxpQrsyoHRiR3ROyF0GubgrpMrClFs7CUrpvQqI5LbD+oES3uT\\/UoLw9cJmzRbZ19EE0qeTMHjw2fogbBKz+8x2MaK3e0Zmr1QWAuB4ocfLLwu3LeYLJO2LXPhlJROKO\\/WWRcKF7HQwGGDju8sQAp1tyXsy\\/Y+8Grtd4p46SwFUUPCbidYhJWOG8Qd7F4iBW2f5vOCy+WIwJldhUAKrDlmvH+QaDM7Vgmypk73mybIRbvunmI5LB0N4i2FcO3mAOXUbtgSwru\\/5MouXiWdam9+JUDKxSvCbgDsbMwQoCulZi7AAWjana43cBsXUXcB7iYlCj7Kb17QsFVkpXpvGjLq00cW9yYQ0rDJdV0blGUgmW0dK2ZZ2mgUpy9Z6sMp2B7xfIEeoF1pvnMWgfvtO1tEGtMG264xMFWqMfbLFYPUGPMYs8ZQT26ROtzD+qpgb8gWHPaoOizgCne4I2TYAcd4AXuDNpfsFZjvG9RDPQuGY0UhRMG+CbPpwAXhSBRQXfGXyiNyV2VHHfEERRVVbbbKV1UYUKz0R5lLIPiomJXAyDmotBGeTH1M4v7VBrDu5udZ9t\\/EVgKOrcg8orhav+4YJnVpWIRKz3D+5arV9tMuswcDv8Qo0A4ra5ghDdVmG+ihqyhBMrNWpaf1NtwPLn7gFoPN5PaJhdFb2e8Uvpje\\/iB4S8tGZYEFOOvtCli+W2oK1vcbb74I2KZOasw42mK68Kv9S8haw8bZjl22wef4HrFy1TYUy0iS7A1wvdV4j4SVpuLPFw42GNUNH1AlAmypghPBN717xJFjIm3usomfj\\/jMQEANlJYyB2B2hbIjay7jmAGbx\\/dSgtjuXeYaq7G6fmKU1F2CnOSI0tva1XPfeBoC3sr+lle1uI\\/3CtpLwLzFFZNjSpvoeSzD2yzMgHvvycrkgZeTuxSBS9+qvhDgpA3bJdYSDCW37S2d8F5upW0wFsHM994WACy81i2ALUorKf1EBRJvWPiFDRFxSpAyl5Bw8TBKOGLtggUwpKaK6QzpwYTD4iZYoMnUmJbeWTxUcwuyUMuzUOQpfvC+8q3ehGrsSz5VWDao0WiuhWIqMAWsHiPEy4avneVNCQwiXFVAbyKC432ldBllDBhxFJmw5seEXoi1dAPpLYQig4Xna5etfF\\/4idrvsTJord1\\/sUqg4Y4AUN7T\\/UQ6DoRW0b3naSDP6gvRy63DjTUv2NcLvENgy32IFZI5WX3CZdLsrzPiFxZ9h9zFlNUm94JaWb2pbxiBEtDjl8QsVG7f8EdAvJ0mUZpw4uzwy+NuycW7D6ip2LyuV3XwSmruFwm2GWLu7cWkekHAdC3iFVJbwNsd5SWl+TUwBV7BGlCvdgVheBVLEt+8QJG66V\\/cHcl\\/07lSlYl1YIHfMHEHoLGOYi8ywq\\/aoiKeG\\/3DKLsVTkVBRC58\\/UeCAUBFYF2yE7+aIoU5GKcVDQ9zBeLY4FQLRe7xib4qotpzKIiWqbTo7dY1hENi7ivr7IURzrB4LPu5WzAUpKTJvYvjpUNgqdLLguiu9jMRPQUwd9woNe7G7RdXgKrzFI8t6P6jcoDpl8rC2w0o0nLA3K1C594HAWc5d\\/8AINRzYdr8xHMQMBWfeLRAOMqxWw67iAqw8sqBZniUKtndMSqjiN\\/1KKZWtyTg9ip\\/\\/9oACAECAwE\\/EK6ly4SpWl\\/hvW9L0uXpel+q5ely4otBlMWLN8rJeKl4OA6KRYODl4KGgvLS0tLS3\\/gAAdZWVlZSZS5fSxtGupDMHFS8tLy8vgcxJoolSKahFrFn0EWQqARqYmIoiJWDeoekElSoEqGmNDRqVmBAlRJWipV6Q0xKiIxSJAhpRGS8LTfmbI4m+bJUr8FQNXbUhpWfQ+g1V0uOoHQI4l7XEYRcSmsy4054JX4mmkCLjtONRBzouXplGjKj6KpUSOtatkTOg1mSMUl5lI6Dov8ADtmzRdoaG84hvoNQwRJUCLlDUuDoSBAhAgR8SoxVzmNRK72TKolh7oQ0K0GOcW\\/SLIiPQxhobziE51IegoRKzoEY6VCBHbSHMdiEpMPaZ8SthXn8qoR1DQnOhCHoqXdBNGMNCBrmDkQjljA1vDbEWSewfmISk9AnMdRgx0qPE3xNR0IGm8xZrSavwZvDrHBwlEwzNoYj8xN0GjdE0cxYMGLUEgY2Io8Q5iQJloa6AmEZWLmYp9GojG2Jb0QmEG8xVTLD8pN+p36FKXHVSRLlaG6bNFSoS4lytKMT5n6lhcMbkdVj7wqYlkcx2VFiun5SbGo4wjfpUuZEIvQI7TdL0XRdCMZTLRMIf0m3MTAhZLNfEC0x\\/GJlOsckaFjzfXSowfwk3aw5l6VmEUeZkTJoVQiYhzKgTnRhiKRQd2AHERK3hLKeTKKU29pctNv5mW3+Vx7kQg8TmWSwI+TFWSGbEpH13qGZdp51rMCMtpSZ4UJIxQBl2lBZtozwHSgZjgOWCv2hCbbbyvWIdO\\/+TYS3dcwptuQpY4JYhVFTKCrzAtbsw3+obs6ShqUjABUJGe4hKlR1NhHYlWCLRYxMysyswYyNxjvAR3BwXbBKUsGTBBoZV8dv+6rhMVwQfr9y9tbp379jTRfa7cd4h5NpuZF\\/EreSy4B3Q2foV52g8YztEt+ZUwwxEDFjMQxG8eCdZLmIJtGsoYCDHDmVaLtIJeY0j6Ca5mZklW7MTMK32b+5dnjptXatMauATL3kvqULqOabwB1wdxtC1Tb4lJRRnaMXfs6QlbDk5\\/71ZdFmMZ\\/uBWDv89WNS+WYwlx3SM1S5e4suo7IuZazLM02CWMcWhYZYwl5gLMeS5aEIiQ5WKtG02EslbxEMjTKtO5HGLYe+isYJdVxD0welQTcATd2VBVOrL\\/P3KPLPeIYCjiCpOdMZU4MdI75fDOFCCGgARgBiCOWPEcami3l5jvL3G3LM+JZUWMMDLwYwThnrzLmdmcDeEbJxdZQHaW2Qnbu\\/naHUMuJmpjv\\/kBo5bspUNiANjnxHrlH\\/UPdwFdyXmH6QviA1KQS+jeDh1JeLZAsyMd0LCKLGijSZZSAbnG21XUfQI0xBtuRrDaEhI6CMrG9T39VMK3cRQa\\/nSFnlshDkiy+5Lf8\\/wCRyHlAoDJotbmCGiOgy9FaLGixZcyto261BzoKpW9CR\\/ACKuSCcNzelOIgl94neQiz4cw7EGnfsxFZj6iM00TGziLMYqJ577xAR\\/CESYNFk0xwhNF4YxhUxWEOYMaGGZJUdWNul6V66goOrCbsNQVENnC5bLiPc4i2czcYt7zHcU03xMRAKgzDiLvRUrRUqVKgSpU3TYaduvfDnQKJ3J3IjrPOW6y\\/WL6x60J07zyTy+oUmyrr+e8aXtjvMYdS5tBlwFW3DFG0RoZUlRRVwA4dH86ywW3D57E3MJUSiWNR6HeJqOeYiWE7TOwztS\\/SWlpaUyomjZBKDS4jTPKzBy0vLS0tLS0a5isufRWtRkO9Sygx2gMRW9pgVi\\/4\\/Uwh\\/uexmBiUARi9vWARBiWV8yspK6l2p2tR7MehCOSYyjodGkMvMFodRWpVj8OTMHMdAN42oc1DK2XHehxET0qNhlQDaJKZTMzMzMzMzMy2Wx4ii0PEUGXmNMVep7WWN\\/gcM8QLisuLHvKJRL6ROsNiMOkdCs0xMTExAJSUTExrV6UU0dsuXodDg\\/C5YhtFCXTB00HXGhuK1dYM6Muwl6XqGlag0bNFFovCYJmI6XDH4VRDOV1E6LMS4rLXmLFVBmJvZlHR9AuDLl6l64iptiXGjpcWGjKi4\\/CrYMQFNghCNmGE0r0Um2WU+8Fx0+o\\/WpDQJWhFamyDUECo7ZzH0M2\\/CqIZdKidxvxCYOSiDVZ8RohiAi6ivJN220C8sp6sOkqPChKZfQ\\/IR0Bgy5hoWsGMLQoQMWLmc+k\\/jTKuMycJgmIdWKb2VNOIbS2cAbw0rDE4EaQVsjF52TOBJhXA6SKwYYwqiGC6DiPEI6VmXLlxh\\/EcsGIQhO8BRNi4N3qseINlisPeYIptt9fEEMEulAOi7xK0Rgj67i5imbojEyaLm70MD8KqGjXTKDHd3ho+JU5TJ0lERuy9IY+gbHmddrxALdsBIhuPMpoapLFksL9bCDeLMxIxRcuc+hleTaHSgYGEgarEghGqWYzCtjv2xbEzLxHUssGDdjAol16TJHWWYWwrOrxbA7xNp6dpcDQMzfMiD0FZ9LUNySoKUyoSiPzN4EJvSJupYvb9TMkqTvLgp+YlmWZIFRXBpUDsgTeV26+mtBlxTdBWjPKjLb9Dq2goHO+O0NUNserQiBW0G4qSpSneKtm0sr5ZdspO+dEfKM6EzRYiw0qbDzfxAK7n4GVAzN0eItRis6KlStSozecxCySgbSjpK3OuVmWEx8zDwm25XaB\\/MrR4TRTfFiZLRTLFjoypUqVK1DQRvil6FaG6VjFkp6HluwpNggYjkSlsoI+6UMbxYe5xHT8QgreuITlHTvihCFn5gFu\\/3P5Uz\\/GElNmv1FY8QcS5cuXKSyU0FoM41Jtl7qLLl6VqIhTHHmBZW\\/iXG\\/1CioIMwbWGKmQfeDcB7swUvLwwNGPR\\/wB2mT8IqUIxmNyEGIUVumpxH6mBb6SGOEqd0k9\\/\\/kHHmDiUlJTRWU9IgjGok3zEqHpqg6EbwctL6GLQ0AEcsVyMx4PchvN7zFFmDUoXj\\/koYEoKQ5UL5P8ApCsMOT3Is+i5egugbjcVtBgG8oxExK0VKlEqVLR7fGgYMGVKgFgqwwvmJeIsDAzDUGKvdHFzFVLSur+oKdOMxaV35gxdCm\\/6g5g36MQ1cEiMqF4D8UoTdBbU+8S\\/+Juge0xhAWCMpjYgR5oicziKw8Tam2d47Sz3mrxLENmT+yKGbwCAi8ko+jmrKQkAkoalSO7QalL9VemoncIjcRG1nvOowXIy5uiJuMRGpfoztPxPrEpS+kBWIsCKRh0OMQWRNNsIrlPOH\\/pHH+Bs6TjJHZKlSpUqYGlMQVuXbwURczn\\/AMNStGKwYBnDTFxcwLgks+pYLNAm2UDqiXiPJ\\/8AIYF7TohC5cuXLjCDh0k3kq5X\\/jSMdBitqGmLfaJAVuRvqO03QJtm0Uxt+x\\/LjjsG3rf+QbuZ2j41vR1Hc40YJRFfpv13Lly5cuYly46AVFle0VN45R2TfoOYE2aXPPjz\\/MS07TG\\/ltBsNtEb9TwyyOyCUmmyXKSmpSVKlfiAFRioN2Bpked+oYbQ5lQQhLNN3\\/X7h145p1im4\\/r2ipjvEqVK074stEioqzd+ABUuXLZbLi6LZbLZmKxozE+ZaJKPIlEDE36zQi\\/NPxMjrmCDB4JW3DXfN0GgwPoK9ZSUlJSUlPSEUlZWVlZSVgAaMwfmB0hRPfKPuGG0Gm2EJi8P3MJPETDxBlxUqVoeYi2ghmJnhMk787s7s70734Faqrr+E8J4TwmQRNN7zGLEs6z9PRBm3Q3lh5lxjxEw8QlSMElstzD0jVo9ArzrDUo6QBCbS2W6htKlRctCSKIqJOZERjATi4HouEaZ6RWm5m2bDxKhMFat03tCSHKaKwEYUldKsrqVCAO0rQGtaNh2iVpsPeW7YiwXZMk8TBccTjVslyrvYgyaTxHh4ImdKm5WndHjTbFo3y8tLdZbqy0vLy2W6BGVkEJWUNapKyvG8K6VcyLzcFOY+KlFa4mI0OmyXMA7w24mBFxNvwQ1sK6aboWqaMtKzpIdCkolxWUlZTpKdIPSVtElSpWgFCIHmKisMaSW4G0V3Voqx99CTZLlgO03Ssjgmz4PTgjrXKPOm\\/S5cWLL9LoRppXl5aDgpzJSWuplcrYNUo1TzmXlhTtLlTnWuUFxUTCYA6EPRUI0meJcCSkczy9NDL0qEVKhoXBQE8JbXuxKTdjsvcv6ITDBpbxOcGmE2Lc1suT3hucDQr8BDTcGWQVFN0qCVAlQGVK0VKiSpUqUSj0rUtmZmMuKJ0sl++YHK9orL1mYXNpljZmyUp7Q0A0FGYYBwQu2Y\\/KpQ5hqlxFhhvrWlykpL0JZpei5cvS\\/Q0lQFYxlQLiJ9PibKQY6nchTDvNyFmjKyhu8SFcvzOWOlaVrb8RtMNCMuXDOtQlR0plajL1DSoQHidrUlFMqVqf7pinVncU3RJRmNhDdphh30XKWyGL55joSpWgEqOmJet+lJUvRcxKhzM7hG26BhMxlaKZZMwRZcB+06rPnAHGlsAZNBUuJcQxZoa3L9AYa3qMNNpel6Eb4xJ3ndi+srywkSVlYaAmVlNBETGSdFDtKlSx2YNwjE1zrcvQhF9Fxgx0vRLhQ7MvMRMEcR0LHRZ0alzOiaKYkG95m3jI2FxCXrQ6SF0XLiwUtly8FouZl6LUYVwtiGA0xXiLEW9BzlEpbhzh2yiRpBlzECoRUXWWO0E430US4MuEuXCbl1FgsBYLrCKXGJcKixWWxKhRTvADmWG2lb0XtGDaCoyYjLLLXoK3lYPMtlSptBMEd5tlDKPfVQ0wtlQ64mmeIDLQcvBekpTtaFS0YJRSJAainvCDTMRJTHEU50RGiX6TBklLxO0Q0bm8rpKxAdCTbpRWQxZp\\/\\/9oACAEDAwE\\/EL+nklSof+B4AKlegV+QABqDEyk4l7CkqbZely5cuLKuEHoxiiYlSpUqVK0VorRX5wAeiCIjDRekXGgEDAysoQILL1YSAu0vLS8tLS0tLS0tLQUvE\\/G6spjqrmyXLlwZcuWy\\/TB0XLgwY6Bc6kTERVYgVptj\\/wCBl6FnEdR1fUECJK1vSkuEYb1DYId6Lo\\/krW4xjpxo6Aly46PM2aXCDrcGLMmXDQarXSA3IS9\\/KECDOjHRjOJem8YOl6ZI8Sowhpeq6Rly5v02RAGz0jSW1ctIr01AhPUQuY6MYxnGo1FvS4ZU3zZLlwh6hNiG730X4hu7MMyzcxEFeq0v8TGMZxovqbI8xY1IR9Bo2ysO2fuMIGJsrgnV2OlQ\\/n2Sx9B2lYieitTBmbNH0mMGGcfEvR7IxuniMXCVEyY4qX+d4i0bIRMakiSyWmqKgzNmiwdAy5c3dDAlSeIfJGYNgsPnKw3MRSxYnMgp\\/OXS6DRtWl6LfCXLhVcWb5s1PTdDnxDTXSorEz\\/hzLFK3FLTtKgmUG6bvzb0csECyJK1o5QLJgsqVMVRJum313MFEuzOMmfunsEraN5g7w2MdF7zIGC4GKlfl3NBguCO0uFhlgJhA4izJGPM2RYPouQAYiYJdBEs3lcf3BoNusMx5frxA2pf8b9CPYO8zFd5s0naiOQRRjLd41X4bjiqWG0vEHGpBcGoizBMErY30gQN2AS6q5M396VhEiyzaGeyAbuxEjsNY\\/z\\/AGJwyxCkP6d4Qu\\/ecqU57bReyUd\\/+\\/zaFVsHEeY4WoqWcXriYZ6SwjlynDLCoLpfo3SNcOViO5ZWRsRYlwlQcYjxKJjiaE3vMqUJseOXlhNtX5\\/5KNp3vfk3eyIBG0Wyq3WcIc\\/r\\/sI9uIxbxxB7Adzi4LNTw\\/xiUXI+oo3tmNtoxoMm+f57EaI4OPO3mowNFF6W77SpgbDmG0EguGNYYFuRmKGZbvKsKIHFy4XHiXSymWkvGiwjWUOsRUoO8Gy2dPqQwDpKzbegfbt5IzOurc7h5ibYIiwEwDo+2OQcRj3MnvDGw8N\\/zxG\\/i\\/8AktszxW3WWyrFw8sXR+okFhw5\\/wAerAsCuT+5YdZlbDibLDVMC94kJdMrRLhqbIhiPUaotmGiOtdN4mCcSoaEGAMoj3ME9zC2qjVe6YheT\\/ZeswWi4tjuzfc3LwSgVBJRV1BzV7OlxRlcgr+XGAO3zj4Ir42oOgvWp8f\\/AGOEyV2Hd\\/W0bQhvM81nz5l+WVZzv\\/nWYbNzhBUYxYPFMLmAIssriGOdRpFI1QspgWxKIITQMkwCXjSJWijfoQxW9BLmWOnEDBgcQhwRrEePuiu5kVGhRa3C78+0F2Kqfz+olDPZ8On+xNk5b\\/z+MoMRb8+I8l3r1K5YAAe6+YpbhNnsYT5jRfWDLAsjzvqQCMM9AMDA0hSXJWQBoNTbBoFsCyYZaoqV5d4SEqJElQNCRCEaBsMGh3jIt4xvvFaa3iE2jZLcbs3Rwy2Cnn\\/IRZ49ng6s3mHoaqZFW6euP76RLhj9\\/wDuZVkW1j3yyqJivmBifviXKlRgV6QBo2iuDW3QjpVdSaTqz0XaoRI2SQPYmGZUUrmbvnzKQLO\\/D1v+pUyOdyuYJs\\/pmCG\\/8P5mCldfWPC7uYjbkT4jvNx3jklj2zodU6Vm0VBQ0NXo2\\/W5cwJKlSpUDUrUbI40JclrHrK8toKvUD0xz2j3DB7PPv1nVDjMWXh+\\/qXHkDjonQlFZFt2OP8AYI2F\\/wCQbkr9JxEtQ2lnDVrTX8L+yIINBzCO2uvPGB6SnSV6SsNIq2SmZhcreIACL8f8gjEzejAfD\\/cOhLr\\/AGJZioiWMiHYZXx\\/kMaoU25z1e8HKeLuHGZdBsfzeUlKA\\/nzLFXRioouN8xmIespKSkslkuXLly4656KGE4JxE\\/g\\/iWoJDj8Dq6uP\\/YYvrMkz2FmeLl8DfgOry+AggNh7X98TobRBj\\/6RQphvEhNlP7laLQVV++jU1FwsmnOi+aE15huCtNjouM2SyXLl+i5c3+IpbUI9+02AZvFdGNAb1GG4PCIxusbxLcv3jFqWhyZ+JRoTqU0VlZWVnSgh0b9KTiGIsypelkUgXglCj8AzCyoDHlDHdpepaedA4a3QBHJGEuehlSpUtotAlpaWlfoG7QZvtEZvqVDUs1Z\\/DsRiD43TdCW8SnmVGAGf0lwuMnjnUKftLmdAy9Q0T0xb4Zm2VjBnQdEnaBR+AWxQWSLSo6brmZlQWjs\\/qN039cygMgxrzKC9f0laVDRl63mbNDpizfBqFjRNCxTKJOT8OBGC3gZgXkU3KykZtBS0zABbLlNvnJ\\/ZMGdsWvmVGMY6lxgc6+6KiLFCziMBUEGsK\\/AGgYmxu1CSu1QwCNQ7XpB8LDNvvG+gER6fEVyHtNwXMyNQm5AkOZ48laWEghz0qiO8MtUZ1SQJxKlSoECH4To5CK0eY5fiCGgIkIqwrUA+YlRilXztMYvzvpVFRYLQKm8AwRK9GabtPMNpeJWgkk\\/E2Iy1GEc8x\\/MQLB3jv4aaalcmIFGJbfQXEqKkSL7MQy+X4ElGmJpHMLGgOPQIb\\/iNUBBRP3f1LjDUCMXTEs2i6ijN+lSn9jCqY6p\\/CyzRFcGIkDW4M3SzeV6xUtLSnUNFi1Li+Yi44iBmZZuIkwIrTGbIGZbVWa2v46d2V2hUeb\\/ABbYYY5slRnGlSoGlGGDEMxBlQB4iOJcWFsMwwCk\\/VBVpgHbRw4Yqim70QtTj47y+hyWTEn4iog3pxQdKgampSIOIBiUWwekuXHMSDTADMBUSgOhPoS07Y1EhvFgm3Xe+K+ZnuBQ8dzv+PZBBGw129SyXLlxY6FgupALEFDEsAnCAY6XCcrm0ju8cRzN0rFTEtv203y0M6mJqqCK3PwLou5sjzo7aUaLS8v6CSMzKLhAY0qByzHgghTtBSk3ltGSyEZYnTOnGXoYbgA3S+P+RmjU7jxXkzDQH83mK8xMypUqVKlMYvLDDi4BcdpdS5RZWVKlelApeZbsQ6X3KEzzcOlYgws2hIjgGGAIsO0NmNVBRw6DaEIzNAA6EYd87xl2FnbCYuexFz6BaX0X0rjhFCM4IMVM2S31ul3dGkrARLLImJvRDgEP0iYiYdFk1C5ePMsJctsdyXj0\\/jHQJn\\/MR29dGlJXKDuS0VyS5AZTouXLlstlsoEr0XLixHSeJ3TNZzHaOY6VAwICDd0NSrZQslQirlJElSvUwuKiMVaTSqVK03lSoAUk5FwSC2yMXGFyoxtFmBYNwKm586XOgmY6Fxm6bsP+zOD1\\/qVWMODMGvSNtVI2EsI3hCkSU+q5fpA2WA8oFvTDqgTqTrJR1gAI5wTdJveZa5nmBBbkpPfMdMGM3ReIHxKVm5EsiXvGVaXLly5dBUVQsR0RWwJWPUS\\/RWlSpXpJUYW8QGAw5lIdCPMeIzfKh6Iw2xuIqsjnJKr1NalaDpTJpCVuI4lzEomPXcv8JCMMbuEcT10G82RZu0Jnv+jBWv8A4ljEtdw1pzorUEFTmJHi\\/DDX4c61KlSpWlaVLiizbLdIMI8mnmKM3aVHDnxOFK0SmnQaYlda6d8suAzFLDlg1LS0tLS0pi+kLly5cuXpcGXOMZaR\\/E0O8UdpujGbruf\\/ABAqcQmRvEslLSLFlzZBZqid4GBKV6g3hqVKlSpUqVK0qbtCLMK0G5FHfTsm+MZehxZLW4TmUkiJhl6bI8SzSy4CAlYnhHtl+k8YvpBMtL6Vk7s78NAetHqaBBfWOjcNNrRmD2uKMcdpujGYENjAzLzElb0Oq7IWsQm3R1xF04J2odDRdPOvodyC6y\\/WX6xfWFeZXrE9ZXrKdYDrK9Z04S5uIaDK9otTN8dKKiy0XnSpTGhpJfTHTEZUZehmOdnSqVoqVKlSvRfouUldFul+hWp1i+iM6VDUeITmDpQ90qbJtm1og4iRWqvW8ZfpLS8voXC1qMXLly0uECK9LhKN8+hv0FiLEcE3POt8abZsg0b4Yk2Skr1gVKlQGKGXltC8vLQcaaKyZIS0uO96ibtN8eJv03fMdcqbQsMqj3rASIly\\/QLlszKlehsJWty9LjdsuIizeGCpcsy0E3SoMQ2jzCb3ouzkzNsFzNpdBRF\\/GuEqVGH0SpWpcWbS87aCs0YSpcJuhDicTN0yHvHW5Za2lkKR1AqXLS8tLS3owZTRdMRDHQqVoPLBHY+IHHRyV+2eEt3gG2pZNnQ5hAxGGEFPzHQFiwfQHR0vW5cuXL0XFlw1cwiiUlJQVBKV3BhSDslAVUoiGmM5IczJoxhSGYlK8wUK8TMsyQ1fRUtlOjpnWpXpuDMSokaqNRBHA\\/8AxPJ8wqx99CKEuIDHeSbo4y7RVuCwHSHpUZNXQPRcuYldJcvSyXK0SVK0rQYzaFJ3Etk6G\\/MTEsgkuccyS3DS5bhjvCsMytBcdaMPQwdbYa0aXqeoEdwnZYQBo4PRKJSBUww3ZZoslXzCaQpsy2WxWGzMSow9YJWlaJpUqJq+g3lCGNOkXpABtNhUvRaZ0hyxLy8vLQJbQ2iiY0Nxh6LlkrSpWlaV6qgSpUCIMwIN7IS2ZoSpUzLgmoGXUvQOi4MQjFELj0mgwJUqUlJRKSiEIhoVKlSpWgXKORKesoMNcyokCBZGe8zDS2WxYsIUJvg9FzRISpUqVK1UJTpKS3SCy2WwzMSku42QlZ1KnlLuYhxEQnaYgECNSiVpvGMJuhmVurBvW4MNLixYpEIMVOZSHTpS4aLriUuFI25lsPRUHroalJSLqXFjGXN2mqRK0\\/\\/Z\\\" data-filename=\\\"category_4.jpg\\\" style=\\\"margin: 10px; width: 517px;\\\"><p><br><\\/p>\",\"widget\":\"\"}]', NULL, NULL);
INSERT INTO `page` (`page_id`, `status`, `page_name`, `parmalink`, `content`, `parts`, `tag`, `fixed`) VALUES
(10, '0', 'new page2', 'new_page2', NULL, '[{\"size\":\"3\",\"type\":\"widget\",\"content\":\"<p><br><\\/p>\",\"widget\":\"product_categories,advance_search,special_products\"},{\"size\":\"9\",\"type\":\"content\",\"content\":\"<p><\\/p><p>Repudiandae laborum impedit, fuga. Labore autem aut libero quo omnis deserunt pariatur? Ipsam iste eligendi est, nulla consequatur voluptas voluptas suscipit ut omnis et vitae ad omnis quia consequatur, quod culpa, aute recusandae. Nesciunt, pariatur? Sapiente anim quis nostrud qui labore ut asperiores elit, nesciunt, perferendis distinctio. Doloremque iure dolor optio, vero et enim dolorem autem iste ullam et labore in aliqua. Laboriosam, dolorum voluptatem irure molestiae aliquam.Repudiandae laborum impedit, fuga. Labore autem aut libero quo omnis deserunt pariatur? Ipsam iste eligendi est, nulla consequatur voluptas voluptas suscipit ut omnis et vitae ad omnis quia consequatur, quod culpa, aute recusandae. Nesciunt, pariatur? Sapiente anim quis nostrud qui labore ut asperiores elit, nesciunt, perferendis distinctio. Doloremque iure dolor optio, vero et enim dolorem autem iste ullam et labore in aliqua. Laboriosam, dolorum voluptatem irure molestiae aliquam.Repudiandae laborum impedit, fuga. Labore autem aut libero quo omnis deserunt pariatur? Ipsam iste eligendi est, nulla consequatur voluptas voluptas suscipit ut omnis et vitae ad omnis quia consequatur, quod culpa, aute recusandae. Nesciunt, pariatur? Sapiente anim quis nostrud qui labore ut asperiores elit, nesciunt, perferendis distinctio. Doloremque iure dolor optio, vero et enim dolorem autem iste ullam et labore in aliqua. Laboriosam, dolorum voluptatem irure molestiae aliquam.<br><\\/p><img src=\\\"data:image\\/jpeg;base64,\\/9j\\/4AAQSkZJRgABAgAAAQABAAD\\/7QCEUGhvdG9zaG9wIDMuMAA4QklNBAQAAAAAAGccAigAYkZCTUQwMTAwMGFhNzAzMDAwMDBjMGIwMDAwYmYxMDAwMDBkNjEyMDAwMDkxMTQwMDAwMjkxYTAwMDBjYTIyMDAwMDI1MjUwMDAwODIyNzAwMDA5ODI5MDAwMDJhMzgwMDAwAP\\/iAhxJQ0NfUFJPRklMRQABAQAAAgxsY21zAhAAAG1udHJSR0IgWFlaIAfcAAEAGQADACkAOWFjc3BBUFBMAAAAAAAAAAAAAAAAAAAAAAAAAAAAAAAAAAD21gABAAAAANMtbGNtcwAAAAAAAAAAAAAAAAAAAAAAAAAAAAAAAAAAAAAAAAAAAAAAAAAAAAAAAAAAAAAACmRlc2MAAAD8AAAAXmNwcnQAAAFcAAAAC3d0cHQAAAFoAAAAFGJrcHQAAAF8AAAAFHJYWVoAAAGQAAAAFGdYWVoAAAGkAAAAFGJYWVoAAAG4AAAAFHJUUkMAAAHMAAAAQGdUUkMAAAHMAAAAQGJUUkMAAAHMAAAAQGRlc2MAAAAAAAAAA2MyAAAAAAAAAAAAAAAAAAAAAAAAAAAAAAAAAAAAAAAAAAAAAAAAAAAAAAAAAAAAAAAAAAAAAAAAAAAAAAAAAAAAAAAAAAAAAAAAAAAAAAAAAAAAAHRleHQAAAAARkIAAFhZWiAAAAAAAAD21gABAAAAANMtWFlaIAAAAAAAAAMWAAADMwAAAqRYWVogAAAAAAAAb6IAADj1AAADkFhZWiAAAAAAAABimQAAt4UAABjaWFlaIAAAAAAAACSgAAAPhAAAts9jdXJ2AAAAAAAAABoAAADLAckDYwWSCGsL9hA\\/FVEbNCHxKZAyGDuSRgVRd13ta3B6BYmxmnysab9908PpMP\\/\\/\\/9sAQwAJBgcIBwYJCAgICgoJCw4XDw4NDQ4cFBURFyIeIyMhHiAgJSo1LSUnMiggIC4\\/LzI3OTw8PCQtQkZBOkY1Ozw5\\/9sAQwEKCgoODA4bDw8bOSYgJjk5OTk5OTk5OTk5OTk5OTk5OTk5OTk5OTk5OTk5OTk5OTk5OTk5OTk5OTk5OTk5OTk5\\/8IAEQgBLAJYAwAiAAERAQIRAf\\/EABoAAQEAAwEBAAAAAAAAAAAAAAABAgMFBAb\\/xAAZAQEBAQEBAQAAAAAAAAAAAAAAAQIDBAX\\/xAAZAQEBAQEBAQAAAAAAAAAAAAAAAQIDBAX\\/2gAMAwAAARECEQAAAdtxy9nhWUosACKguNElElhMpS0qgksjRhs1oFAVKAAAUACyoABFEWAVFglElEWEWEWEWAAAHqy15Z1mlqpSoKiLZSAgEokpWWIyY1LENWG2WamcMbYSgAABQALCUAAACVUWCUSURYRYRYRYRYAAbctSa9F0Zy7WGRkmQylsQEqEohSAABWKolqYTMmubFa5sGpshrZwxtigAAUIBZRFVFgAlEBFhFhFhFhJlCLADKXGWZYjfs8uxr0XVnGxiMkFQlRVIEQSGUUBAKlEqyKIoxmYwmyGE2StbZDW2QwZSIoCgAEoiiAiwSiSiSjFYRYQFxtmpkoWrLbDLGmTAbGGNm2+ZHpmgbro3FtIAACLBRQAFACFGLKViyGMzhgzGubIYTZiuKwKIsAIokokyhJSSUYrCKJam1WVZkqqLRGQwuUTDXvxs1KiZY5GzLXE3NdM2GYACBVSgCvRL52eFiyoAAJRSJVTHOLrx24RiFASiKIEiwiwiwkyhJRlM8M9FmQymSqyCgtTFRMcsUatls0rJdlZJiyhgzhhsmJs3+j6Tn2+T0+vwaxsuN3zoPR9T8f0OPo9fD07rm2XrwAAAiglssCY5424Y54xApRFEBFiJRJRioxUbNW\\/VnpLMluUyFUVUVaxWExyxjWkudurLYmNJbZ3861+v2\\/Oef1dHj9D57ePrvb4vbz6+DndPjXOvq+D6TePle16tudfM9Pk\\/VWcHw9Xj7593n\\/RY8+vL9OrfL4uR9fxunPk54fS9OPj9O35\\/h6etyO\\/ss+WL6fHJlLMJnF1zPEIWoLEKgILAQQhd+vZjnerJVuUpbKmSUtixLiTBrQLFg3NW2J9L85lz6fYcD29Lz+v4zV9t8t38276X5\\/6Dn2+U5\\/T8XTj1foPn\\/oOfbjfJ97y656\\/tflPq5rkcTucaz6\\/n9Dk8e\\/yftuXr8P2Gtt8nu+X+p+T+s3z42vraprV0fIl4WuZ+jyYzKb5YzNWrHdgaZnrVlrs1uZbdZ8+Prh456sDRN2EYTKLFLvmUlwmUFCqRlhTNhiZa0sirmBQGWI9W\\/n\\/AF+OnyXu+mvDvfne98TnXZ+h+S+q3jkcz63ly+Tv\\/PfQr814\\/Z4+vDd9X8p9XjpyeR1+Qn1ujfr4+n5f1\\/QuvBzfd8Tz67vtPjOv14bfm\\/u3Pr8F6PtdOsfJenyejv5smFTJBccoatPo89uFVrLfo2JtuDUzYDLFUw17oaJtxms1kuCxCxagqBjZcxVzAAJRFEVNbccJjp5ul52ufu1+bZZu8fq2Y6adXsxufD6ssbLrzS+X3a90fVcjr8nze7gZzL0ePm+vfNZkLnHdjc9J5PZjGvfjd80uJctQ33RTPRnrmmUyumUqbS3MmRcVGLKJjM4slkuMsSossALmLBKJKIsAAAAAJQlFuzVD15+Gp7sfJsNuWGcvu8Ex5dscq68ICLBYGGyGGcoKSZjVNkNWO3CaZY5NZWZGWeGVlAlEWEmUrCWZuMLkNYAABUoiyIogIoiwAAAAAASxZVlz26avpy8hPVjo2omzJNDdgYLAACoMotYYbNZjlhlnpnlhkuVlSgrGGcxFYhjcSQ1ipbkBZRKIoixQIsiKIACKIolAACSlmUs1lYAiSqlDZs89T1XyZJvxxzswm+GnHbrjBhgvox1bFwZSazy15S7MsMqySolEURRrwuuypdYqVKlFgoAAAIpZKIsiKIAAAABLFZTLOiiKIogoqACiZQbM9CzfjrysmO3I889Ml8zfguOWMl23XkZsaVKVBoh04lWCgAoAAKRRCkWCURRFGK0xURkMWUIpVJSiKIsAACgAAABQWDJiTKBMc8SWJcmNXJis1WLm69mUvme\\/PN5ePRwb0btW3fP1+2dzzerhMfk97+w8f1HExjj9bk\\/X758J8v6Mev6HPl\\/VcOHykr6Hk57nenyfY9GXp63jvzvQ5HX+p8udblfWY1yns1ce+iev2HyUs9nh0T2ZZ14celqmvB6tvnrf7\\/B9HjXiw7fzPH0+2\\/Off6fJTfOvl9mv1fLcvR37wfd5+vt5\\/wBH857PJh4vRyHToXy9z5\\/1Obn2Pmu\\/zu1s1+j2eT3TqebyezyN23U53P8Ao\\/ne3CTKdOUUaRcvN6fOen18jLHTqYc1N+xp3b5djq8D3eb1bdGMx06\\/Lz8W+fh+v+Q7u+fyt69x7cPo+F7uHm4Y+j4\\/n+zzL5PtdzofK7\\/I09Xi9v6XzJ9X8r2MXTp9zHbxdXzyXipfX4Of1OblNdPXzssdOlo8Xrs2fRfOdbGuh5dc8\\/q29Xieg5swnq8fX+e7nj5enk9TPZ5uvS+c6vK9nj8\\/P6XKvbqdD57Z4PpfTfKbr38PV3+fb6\\/D9Dwei8vs8mroNTf8\\/wBLm9OCV14xRolUIUIsFBUFsFBUFAsJQoAAACURYJQBFEqFSqsRUoAAAAsq0AIAsolUURlCKP\\/EAC8QAAEEAQMDAgUFAAMBAAAAAAEAAgMEEQUSFBATMyBgITAyNEAVIiMxUAYkNXD\\/2gAIAQAAAQUC\\/Kd7EHrd7LPvzKz7Mz7MygfZgKB9m5WVlZWVlZWVlZWfYmEER6h7GI9QKz7FI9A9GUD81sEjg5paf8Q\\/gEegLHyGxPcpI3ReqAB0y1HArj+v8M\\/gAojqPTjrpw\\/nWqH+fPp+IX6m1otW33CPgP8ADP4BQKIz0HVrXOdHSC4sKdTjK7beTDWZC5WKrJ32qscMFOJs7uDEhEXWWVIwJQwXODEVZrRwQxAPfw41YhEckdMLixKWn1a0vLKYXFiT6bCpY3RO\\/HP4B6Ar+\\/RQjxGn6vGHxanA9VZf+zDahmep7UNc3rtearpnkTIwx2cKb\\/1lqn2dY\\/vWBme9XgdBZisdL8fw\\/tQRCJk8zII\\/1Yk1522GSxiVn5B+cfkUnboE\\/TWgy1yw7BjTWATrVxmwI2rT\\/MtTsurxdh0iqwhky1X7Kt5FflMNSGEYYO28HIlbvi0\\/+R6vVH2nNoECtXML1Z\\/bc+XhYWFj8Yn1hYUcr4XQ3YZejmhwsx9mXT\\/MtV+4Wn+Zat5lD5Vqn2dbyLVPs2\\/SoRiInA0c\\/uT5oozyq65VdcqurMjZLvrPUJvXCwtq2rHz8rKz8gIHK7LnNfFlad3WTLViA6h5lqFd0hMbwKHmWq+ZQ+Vap9nW+tTRiaLsyRqCu57lqMvaqUXdp61CnyWuqbEK7SuF+2ONrPkFHqFlZ9WFj8msNsBAKAAT3tjbNMbdqN\\/ae1wc1akcVNO8i1XzKHyrVPs6\\/wBae9rB0e9sbbM5uz4+FW2B6Jm7oonZb6yj6B\\/g9yeNfqFwI6jcKPdndHtaPgUO7ETeuBSz2rAY58Q5N5EzyvQJBdZu5fJalbB8JFqvxpRT2YWnULhTxNYcxoasogOTXzwr9QuBHULhT5LcyjbtHXKz1KPoH+NlB5QkW5pWAtqx6YfKtU+zb9PXHzcrP+fkoPK7iy0ratvRh2vdqsLTb1COxA36fYmShIV3AstK7bSu2PZQJQeVvC\\/aVtWPZW4oSLcCvgVtWPmH\\/eDyt6yFgLasenKys+wsrctyyFhbUWog+yMrcs9NoWxbVj2RlZ64W1bVj2RlZ9sudtXcXcXeXfUcm\\/pBD3jwSjSwhTyuCVPD2egpEg1mgms1pNUBcI46clclclGchckdW0iRwSuCVwSuCerpMHururvrkJjtzVDWMrOCUamEKRK4JUjO2+Nu9\\/CKbWa4is0nijM1YxMT3bW8oLkoWco2MKOfe5MbvfwiuEVwiuEVLVMbPW1gcu3EuzGV2ol2o0Ghki076z\\/Ur7OWkxastR\\/tDx1YnzST15BNJXkMzfB0a0vk7bwq0ZY4tVuHsTdGH+N1qMRm9HiS22KEODmdGsjQjZjsswYo02GFxh8So+B\\/9SGWSD\\/j75OQrX3Fbz6qcUKdeUx1oHsnqwuZJd8CseGKNz1237qrNqkiEohaWWlB5pJBG2W0yN5uNzJbjjnt+D1zEhV3FzMfHCAZt+GVp31zOLQS54jijhMTiRqP9oeOtYaxWZ2SzPt\\/yt8HSGXtT85yinfKtxCvzCSfpH9EVR7bQrTCrxLDlWa+Ot0ke4SR42AZLvpcGgjGFS8Er3b3tEwiHZDTuFr7it59TIFKtc2MrSxixXsdx93wKz4algwrnHEcjpEZNoif3Lig80rO5EKc3FnryySOq2HK34PXKwvTWysWJkGzhYsKPudKswhLrUL136671ZMtxMFqYTdBcZtjbSjeBTD81N5uMx0NR+eNKm15muc204cR\\/VttgbzGLmMXMYuYzrJE5zw2do2TYxYW2ymbtqr2WxRusQOJnrld6uhcjAmfvkidskmsQzRsFNjY+HGon1YnWLLZI1K3fHxJFxpVHDYjUkNiVQVnxyKN21\\/LYuWxcti5bFNYbJH\\/APGv\\/8QAKBEAAQQABAYCAwEAAAAAAAAAAQACAxEEEhMhECAwMTJRBUAiQVBw\\/9oACAECEQE\\/Af8AUKv+EyLMLT25TxhcBspqJ+2eLG5jSyNCe1qAA7JzWlRsBCETQmsbZUjQHBGJpQYwKSIVYUbMxWRjU6JpGyr6d8kbspRAcFJHlUPipT+Sh8VK8g0oDYUvcI9lmN8IhQTmA90ABspfLlrqnljZmKbGWnupD+KhO1KSO91D4qbyUHZTeQ4aItOdQUT\\/ANJzMy0j7R5BwPCuiTzAkdlrOTnFyBI7LVchIQi6015b2WYuO6PZargi8ngJXBaruUdK1f0dfpDon6lKuiOgfr0qVco5yfuUq4WrV8t\\/StWrVq1atWrVq1avktWrV8ALWmUIkRRUUTXNsrRZ6UsTWtsKBgddrDYaOZ1HZNjaSduGC+MGIGZxoJ\\/xjWGsyljyGlAwOu0YowtKPhkKEZTm5VC0OdutFnpCFnpUM9IxtsClicOyJwA3tTNDXbLC4czvyhTfEMj3D1PhtJN3KMLAtONTNDXbcoeKQkCcbKikaGUStVntSyNLKBWHcG3awuIjicXOKY8Amzww2Lw7BllFp+Lw5OwWIeHmwoHBt2s0ftB8Y\\/fBprus4T3AqFwDt1qs9rVZ7V\\/naL25gbWKnbK5uU7BTOBdssJM2I25SYzCHwap5mOFNTe6LmH9q4\\/amcC7b+T\\/AP\\/EACsRAAICAQIFAgUFAAAAAAAAAAECABEDEiEEEBMxQUBQBRQiMlEgIzBhcP\\/aAAgBAREBPwH\\/AFC69ibJURrHPKDMV165m0iamMUtDfmKTHYgw5CYWNCIxIgyGF2iZPBjvpmpjFyEd5fp3WxASsR7mTvMfaZPumNdplmPsYJQrlkO8DEQ7xO3p3bSIzgjtEG8yjeI9bTJ90xdpl7zH2PLqmooszIvmK1Tqf16gi50hAoEIBnSEKAwCoVBmkAQd50xAtcigM6Y\\/nqV6Cp0vRj2Yeov2m5fKpXtt1NYmscsmRg1CJrbzMeRi1GZnK1UyuyeYvEOTXLPxPTNAR\\/ihU7LMbjIoYTM5XtBkdhYnUflqE1iA3MrFRtFdj5mUvjarl\\/TcVmKlrjcQ4mJiw3mRwi2Y3xAqPtnCcX8x4ow9oMrk1NWSYmLDf8ASVmgwTIjFpoeY0YNvMyk1UyqW7CLhe7PLNhdjamPwfEFtmmJNC6ZmUntP3PxCHPjkwuaDAtTKCRtNDTQ0r6KighSKhwuZiBA3mRNYqPwuYrWqcNgfHvkNmN2ihx4n1\\/iYgQN\\/af\\/xAA4EAABAwIDBQYDBwQDAAAAAAABAAIRAxIQITEiMkFRcRMzYXKBoVBikQQgI0JgkrEwgpCiJHDh\\/9oACAEAAAY\\/Av8AK9IYocIP6CyYULuP3mg6YX8Wn9Any4Uun3pGq\\/EpOn5UGhtlMe\\/xy1okrbd9Fu+6ykLspnOFc0u9cGucXSOSdUBdkiHE6cFvPTqTPy8VnLl2IyGS1ci8SmjgVq5MYySXLbP0W77qaZ9Cowhokrbd9Fu+62SQod8Pv4nAhlNzxzUOupn5l2z9C6VZTfLgJ0wAqvtnwT6dOpLjHA81\\/bg9w1eZOA6twd1H8qn1GExmFa5+1yGa\\/DfPhh2o9cPm4ovqHJZfZ9nzK5vqDwRaUQdRl8OA5ZYE0voVttjAn5cKXRaI+XABm+\\/IK6o4k+KZ5hg7qP5VPzDCo9u9oFLsyg9moQPNPbzCb4Z4MhwDW8Fq1EyIIweOefw65nqOai613J2EESFbwOYR8uFLpgfLhQ9cGeYYO6hU\\/MMHdR\\/KGDB4BSv7cIfUY3qYXf0v3hd\\/S\\/eF39L94UscHC3UH4dcBIWYVgJNPlywo8816YMewSW6hSWEDxCPlwo+uDPMMHdR\\/Kp9Rg6meKtc0qXCG4PPE7ITHHTjg0jfatppC0V1hhZfDmdFmFkIRc8wArxuDJqa\\/kg5pkHBx8Qv7cKPrgzzDB3UKn1GEuMDTEueQGhCMqTdMBTqmOR+49vMfD\\/w6hHgtKZ9FoxvQKazy5RhNF8eC3af0VtSA3kAppmCu+\\/1CBrPujTLCRqFlV\\/1CsqVJb0Cp+YYO6j+UAx8jk5btMeims8u+5+FVMctVu0z6LSmPRbdZ0chko+PM8wwd1H6Ja7kVHZ1foEabWVATzH6Izx0\\/wAP+nutPdae6OWBExC3ws6gWVVpW+EM5nCbwoNdkqDWYCs6zApvGOnut33W77rOmQtPfEG8LfH0W+Pot8fRb4+mMLT3WnutPdae6Bwuuhb4WdVoWVQLfCLeSDea3wobWYVArMJUdsyVddOBctPdbvuoDJWbI6q2MA3mt8LfC3wt8K66f6G7eeARLaJj8uvrKdFITdELaohvM5rP7Mcs3DPRODRAgGPTB\\/TCqGskXMtEajio+zHLtIEYMwHROcM7TLk8vLASSYLs1UOR468EPLjaBJW6UCWmT4KCFA0OYxb0THiXXm0Qt1xN9gHMoVKjHtkxbxVw0InGXMLh+Y8l3GcZ5nlwQIpA5SV3OfAZ5of8fZJDdTkeKbh64AfaWbHZuL5G6eCcwT2dueD0zqqsIvYN5paEAHMuzGTvBU3GIujIo4OWyJVtplFoaesK1zZVh1EjBnVXO0RaQTDLz0Qa2nUe4tugcEyiZud7I\\/0BmU5zi520BvFaOIPzHPou7dHnPJMNroceDijAg8c598H9EIiSVa5rM\\/mV1KjTafBbUXeCZgOic2nStNTIkulOL6W3pIcqgs4W65IeXG\\/ktxqygeq2YCAbozLFvROeY7NpLmDxKbSNJj9SdqIKYHVGwxkSc5TWVN5ojHJxy8Uy4nNsyXFRa+fF5yW1TdBjVzkRDtMtsrZEDD1UNt9VFSnTLR8yikxjZUp6Z1VS5tw5TCtp04bTBdmZlB7KUHM7yY23885mUcHJ0AZrcH1Vxi3+VJgNCL+ZODOqew\\/mEKqDBrVIGvBNhjWW6VA7OE+pLby+63\\/1H+gIWy+3oUfxTnrtLKqRHzLvnfuKPaPLvXAkg5raY4ruiu6KhrHJsA5YRa5BzaLpCv7F0zKL+ydJMqLXY6tW81XNqAFQawhatxAtct1y3XLdct12JIhQ2qQPByA7TIcJXfO\\/cV37v3FC4yeeFpBUmmZXdFd0VAa5Fw4prjwRpvY4tKc0UXbQgo20XZiFc2k6VaAcC0cVq1bzVsVQFt1QUHEjAHkt1y3XLdct1yLQD\\/03\\/8QALBABAAIBAgMHBQEBAQEAAAAAAQARIRAxQVFhIDBAcZGh8FCBscHx0WBw4f\\/aAAgBAAABPyHwDow2\\/wCRH6kPCDL7Dpr6gQ8NejElSpUqV9MIIuXL8NUqVKlSpUqVK+k3CB1PEVKlSpUqVKlSvo5WAwh4ypUqVKlSpUqVK8e61CU6Iy5fd3L8DUqVKlSpUqVKleLdalSpUFhp1ldFZTtBXiKlSpUqVKlfQKlStHIyvTMtly4\\/G1KlSpUr6DUqDwZXk7JjQp46pUSJ4V72oNYdpxyVqqlnLQXRZ3t2Vekuw6ngEieEHZO5SDXlOIaVpsmESViVWYrLYOIM3u9ajgIOQX2t8c6FK2FfdqKw+AY+DHYO7ZRLMkcdrUwlGm4l5fk0YI5\\/zCLl6iglDIwqup0RiX1XS5XWGg8Ax8IdTu3RXAFkTsAdg4QxbLyg6\\/7pxZ+c3HEEkQoKVloOYNFiXAVd0reoJgFo\\/sH+S1dFlcCYdTmtQSCqN+cd56p\\/kSO4m6R23ZWJ\\/bP8mYTaGUrdeUYd3qlBYYIiopNzQ6xJWtF5QU7vVAsj6kpBvsmz4k6EO7dVEx2AYv8AjoEWNVQHyjf2Ax6yywlvfDMX5kC5j76X6BsyfxNnBhVwdIKXm\\/Jpx4AfaojchPkOmnznJPl3HRYsUIPzyiS+NxsQJqZvsT7aGE8mPLDZXGGCst0r6H1YZ2eZy\\/EzXOG4U4xWzyYWO67StalR7+9GDQ7ti7A1BvURN2rRkgHPK8pQl\\/CUUIDjN\\/yaEV5\\/zCxh5j8mm6bWcjiwZcfFWxlPg6fCck+c56JBVLOS4nEIyrNiz3CN2FzrzkNt0MxtZcWUYlsTAhoaTYnYVKiRI6XCFte0p7bHQ7pe2DUyjG57mbR+OO\\/uicybjOiqPu35NBfn\\/wAyq4T3D8mhvyP0htPjOenznMg+Jx0+c5IYVLE3C9oTLYLm1eK\\/WhJa5A+w44YZEoMo7NRIkEdFFpUpERhlcrsp27l6GHuCqFBvvKxDwzSgSRtZPJoJ8XtxHT6v9aZtgA3plD040T3z8mntf00+M56fOck+O56bYJ35R4AuIWMMJHe+Og32P7jNqGzyaBUuDfE5TYeekwRaGRAd1O4QkHYOGhfYSMMJq9yse6GpSHds\\/ebIPmQGg8hCq75YiJDoeXONSbsnSFg2CaOZ8GO29X5NPb\\/pp8Zz0+c5k+e56AzWFnrrvVUWOAdjePWBKQi0GH2ej2OZChK9ly5cuX287K5cvRImr2L7Fx7w2n\\/cejDe+Zf6Ziz4niwgr3B2PtBUEqVs2++4ftB6v63\\/ANl5mttCbMPV1cbPh9p5KxCvTQEtJYzhOfDhM+e5KvwQ0Phehp\\/Ck5BLC6mOOuH\\/ALCle2OB9oDQaAKZig8\\/D3mx++f+zYvKv\\/ZgPsC9tbXL0EXLim+HYHcOjHxQjjBQOJCC7ZipY7PxnPT5zmTalSomo1vsJK0vQw7whoQ7pj44LjBQLuQko7MVKgsXQLUshPL\\/AEjZiGyrfzm13DGHYqVElR0IandMfoQXGBg2yc3HMoZVFV3NSu0kqJKhCGhL7lj9GBswW8E3J1J0sWSu9qJHQh2bly5cuXq\\/RjsAcYnEhvpW0xlZK7i5cdFwYQ7tj9FO4FICHPB5ZGFytV7CYwgw7t+jHeCOMHAyyIYwkBwmYMGJKhBh3LH6MeAGQkLMMUiZcljsjL7axfrNsHCbNKREYvMwYMuX2GUSiUSiUSpUrvKlSpUqVKlEolEolSiUSiUSiVK8RbLaL1qVpcuXL\\/4\\/Gxd9Z5T1nlRhwR5MVdiuujEGi9p\\/OiGxnUn48T+dHZT5GgzcHKUmeRczphxaitIcmIq0Ve2qB2xT4f5KbfD0hNkc2z9TodW5yL27HOcRL1lnQx1nkR5UPRh6MYJq9KTOVVU\\/jT8toBaTmE\\/jS5W+aU21beJ5fSloNyG50kYMEoTkilmnCtMWXU6H48pX4f5LOQ5Df6lumXJV+oJit9dMwVarn8yfzp\\/On86M2acKldtPL2cvrjy94pbuY0aD0JdDhTZszu5lFUBuPXjzxL9oluX6z9+U+zZksOnsEtat4rAMaw3FL1toWEvJ5aezdYIPdS9ZWHMqxcbt3DW4+B01uCRwHGNSzssxNpCsnEbN8dxLlSCHRy1oarxlKAY7lgGloEZLlHeFBEE+A2r3jxl8pj5mCsrInAORC5PyBedc5wZvjLcnO+xUyCBm5wD+vLWbPmjTGBqErRS7Ost4sg4Dw095+tMawTAe8wLaq5uo5DsSUbQ+mbmzM90aexlyrXlB6OGqpR5swHrELg9Mkd7imsbWC5eUXZMhsRSWRGWHnAAxdjFtrnvz89wYAB3B3jFo2JWF59JTG2UOEcXL1tlsLSrI5xb3MbGYPbxsX1lHrLtf7t9PYIIscREKdM1vmU61s2rnE5gbx7N1hd5BgAvhMX0uIGsDUazbgvrVPgdNWIAqxcxO870pfnK+tO6bC+XtDAGS8Srija3nVekiNK5UFD6qbmdxli2I70749pUZkqb8tW9PgrZGs5v7zbyekrFUrBFLst1cBnXeBUvn\\/kvMIXZ1jdvHl7wmnKTTb80HlgCxb3Dik2bnnML8C1RTx85SjjPefrTGjYb6jnGEBMWFGInu2NnG0V\\/dltHlPdGns5XmPPMIDOQqPKFoWXgbP4mUyc8pjyhh6agW0li6dw8Aesy5UKSjpH1MR8m3oivzTuMgGOcvL7b2lz95mYCBQoBFRWUBkPC01o9pSsSuaTaY6+PrOF8fWUQBbiyJlvoMLYrhLEgstvPrMtHGN59YoxbjPH1i2NiuGqU+8wLBLqYEWN7xvWP1A6\\/drsACuE+AT4BPgEaH9GqhUecIAXBAizU5i2ib9ZpMCAB+Om70Gtt3iJF1u\\/GZB+P3ivx\\/cGBBg2gHkOaGaUXCbmKCAKG8cPWbGFkrePWAhBsrde8Xlq8dHSA80\\/tM+d\\/8lrkdy8fiBUScLo\\/EQpC9tAfyK58A0D4BPgEADWt\\/\\/G\\/\\/2gAMAwAAARECEQAAECvkdfz20we\\/iDo1fCENPAPqww89yJGGJJJJAAAD2XTTy4ry3qv6gPIIAFPAPLwxzz0JEHJJJJJAAEDm2oWX2+342nmu+SZf5CNvg108dDEDJJJJNIAI96H1pr7QY\\/0nvikcRPlhJJDkwVTGMDJGGiLJDEpfA62\\/L06Igkv7wTVANw5Pho30NMJjomln27YYc6rhktnKiKVigl+WdJlK\\/wA4Td1xcgJLIueefd87u\\/pZvttWyIa4hxwFQCKvX67plfRf7KI6dtuutMDjLuCQDnN4euLX90dd6\\/tz7FY0GLMIpYq5JsIrDDd4VHWBw\\/OqXTnStzToPt6xFBf2GubUL1NHzZbdOsbLHzyzhq9VtRX0Py2ree+ipJaS3dgZtlTaMVbL7M8lHGCSOtvMQ7+h8Q7RW6KAwoB1dI6fZ4PV6OZp7f08sMOODQs17lGmU1G3jKqJ32AZ6ZSIn332xyao7Lf+89889TUwqorbzzxxj2oz9I5q55In2lHHQyaooLPOMMPiQWpjRmPXQrkpheAtW88TBlm0EEEHByaI44I48T\\/PMIxI8PO30kpS4Fvs4ZFkboY7gAgRywHn3HXxTBDQwzAQz32XzfZWNoW2afZh2nn1mNIMCyEtdTEZBHP9KcTx89IhHmRYoGUPFIl2XLg8LaLmICQo3J9poLbWH83\\/AIIfwLfzQERtRMmyOSvCCCCCS2aCyl4mb\\/8A\\/wAu4J\\/+tUCQz\\/\\/EACkRAAMAAQMDAwMFAQAAAAAAAAABESEQMVEgMEFAobFhcYFQwdHh8PH\\/2gAIAQIRAT8Q7L\\/R4TSl9RdJ2m+mlL6RCek62+zSlL6CE6Lq+9SlL6Jo21nYTYJUaaw+wn6KG3UqhiorVQ23HoXZXaXYYT18k9kSprkUTYKG3uWrQ4bao1REwQoiUMJFpi2XggjSLrFjZOPrhCEJ03Sj1UXV7EExiVOoahy0MgGMb0zRmPMosrIhs5GdCmBFUITRaGUpUQgxPS6t0rcmXCwEJqKZJutW3tAxLqirMXWxvk4YgzueohNEEJ9EMI4Op7dBug5rDcoxXExz1m4BqBvCxDedMBRuG66XpPrZAy233YQVTo2ajRb0vWj6tdT49EiIalIz1QQ1WsIQmj1+hQuloMtlohKiQk6qQH6FC7EQ005QmEUj6WxWVlZWVlZWVlZWVlZWVlZWViYrkrkrkrkrkrkrkrkrkrkrkrkrMlYm5K5K5K50Y0Qq7r3\\/AIGPz8lhCKjP5Gn+zGVGfyYdsg4rhffPuKxzPq9Gni3L99h5k+P9TNxvEbRr3YnOJe70TUmmvf8Ag8ljUTY0JPA0f9DCvyZ9ps9xNXd9XgRvCW5xmEAngSnJXy9kuf8AeRQqOce+4tKnUIkp8iKte7Po\\/IhJPHSoiaOD8CmtClkf3oHLI\\/syzNizLif5DQW7pjLLZp5XmbrFyNWNeFfnIgA+pNA4q0Ld7hcfwJcDk2mNQI+lf3GoEW4ypIjv3\\/JZNcEKVeVysfur+BYrp+W38ZY34UOkrfI\\/rDcFJtceope9Sn\\/\\/xAAqEQEBAQABAwMDAwQDAAAAAAABABEhECAxQEFhMFFxgbHBUJHh8KHR8f\\/aAAgBAREBPxD6J\\/R9t9Xn9Iz0eWei3szpvoMs9GcfUR5MO9dtt656PN651Z4Emz1UiQGHu2230YSdOYlnm5wyTBoHiyo3FDH5JjsF1ZHOybAD5t\\/mTyATe\\/bbfpB1ybIkIXicxykemN0wBA6IakcTJ4ZEfiI4krWbm22222ObLLm23szqHbmJYrymTkhqXPVPi65TGS4T4C8NNkMAzjs3oNtts5J2b0DuEY9HxMDjAuzmsZwvMwll4JXmDx6ctAwYWWWfSLXQGfV3ohMsju3jvyyTqPcPRMNtpZZ3JPZttvQehZ7dejhssbbZe8PRP0hdHHUTtwsLCwsLCwsLCwsLCwsLCwsLCwsLCwsLCwsLCwsLCwsOnFhYWFh0QNbL2vi\\/aHTZ0nEBftN9v9IknFyRFma\\/Qkq6eWjADU9+f8XjLYMVHE4fiRNX9uiTmXwQ+FoZ\\/wCWlHN+lv5s\\/iQnj8F4K0MdV74Psb\\/iEI4Pb2\\/T+ZoksUefxf7cSF+7sJVUZ+5+8EMZihBmAxlFxJtn7fOwWHHThS++wBPPxyffOP8Aqxxzn\\/P3f1YkxvQPx6MXF8n7zeTZse8G6DLupa+TP4lKt9rOAs2PebE4+zLgB\\/HD+eP4Z52nHHgP7Hnj+0FYQ+EMgEdg9\\/UZZ6D\\/xAAqEAEAAgEDAgYCAwEBAQAAAAABABEhEDFBUWEgMHGBofCR0UCx8cFQ4f\\/aAAgBAAABPxAYMIeC5fhfC2R3qDRjtN3\\/AKJCDL8p0Y6cRU14GM2Td\\/KrSv4qg6XL8h0ZUSJKiTqQi5vHQLdFeI8u\\/wCDXmqKDrcuXL0DwOtStElQhFxSyMsuur+S+GtK8vqwGEkkXLhAgaL4KlSvBUrRam+hhhll02XQryjza0rSvAkqV4mCGX6AwdBDRleCtXW9Fl3A1qVHQdB02XXV4jza8mtK8LGXUbdoiigwZcvxVNosXVZdwPIqVqMMuvZdO0p8mta8NeBPAkqVqouoJtE3QHwJcuXLly5cWXL1AuB5RrUryQFl0qlee6VK0fCpVwIQagETmAhDuSm87hO9KdZTrEdZTrC3QH8KpUqVE1GHUMMV5tStK0qVKlStAgQIECVK8DYXoRci0lM9U7ktDKWGleC\\/4NSpUqVK8IMMV5NStGVpUqVEiaVAgQIQgQIEqVoYq5CLyDWoVG7JbvMlQR1rxXL8k8dSpWh1Anl1pWtSokSCoENCBAgQJUCVKjadSR6ZHVY6ywvBjnJvKkUEtS63lnhvxD2WWKljtbmLy7gV5Ny9alRNQSvIrSpUrSpUrStCoaBBAgQJUCVKlSwjunMGnDEjCQ3RhZjJMM7ly+KKgTohZT1L1A\\/LiFOdAF+NK8FKjkjzWa+JVSqzI+cCPn4nfg8h1uXoxIII+XWtSpUrSYQggQIEqVCVK0YYjriGYBUslKlTMolUhZ1I9CIj2gNEBCzZ0H8wq\\/hMsDAwdFRPAcJtCaoMih7pXzNzgOOI8KOn07aHk1pWly4wQRPDXkVqyoYMwgQQIENAgSqjKiaiPO2gBRgol6I6TQIA5xxh78\\/EEUvuf3w\\/PgVY+YFjQnpyD3zmMAKwEpR4DpotXZEEW82MTxxRmR4HeUJPVA3YcjAozEoH8kYMOYoHsEdkGCyFLpb6zehBTpoFTKHB3iCgad1Omg2QLAVSr2DrCFh7Qe\\/M22Trk\\/uXqQzdv6P7iMlUhSOm1QAIQcoYw92Bos9Wz+4q6Ft\\/+nzDxq\\/TEqVoxIkT+AwWQ5hqEIQ0NHR0rMqO+0QLN5VapUF0HoGq\\/I\\/GjljYAOd1n4gC0bbr2WfmpZpS4WjbY6do+tTBQQWwG6aX10HPDfYxwCd3qRyg2GNu6bjQDXizkAPj5ZVZza2os5tonUsbE01fDRbioOQasPWn4gk90vqKKPRjwA2g++U130oQKV8rA+zR79oXAt2BzKgER73T0IiXFALR2A5ZZ77igzrVg9L94Nsxoq6B\\/cCmqdziSEtpI9EaYxUSMMCJpcuXpcuXLly5cvQsGhWghCBDQ0YxQw7xzq6gGJWj6FY9M2fCaJa9pY7EcdvmZJHZS16JiYJKgPBAumMNn\\/NFhpfpABNtIZsHKLqMBylgesZ5Hr092fR2GsxJ9XDRUQEW6APtd+03STuCrzOJGK5OR7JibbAHokJQuh9UxApCBXtt81pXy6bbXnHY\\/uAsR2f1Hc+UOUcP9\\/nQ7wU\\/ulPyRJUqMOoBLrS70C+kXEIhG5el+AbiU6CEGDB0uXG5ROEi34XUQYhMKilKwf8AHoypQ2lh32dvZBvJtABBQLGWRVvDvXJ7frUR9h7JYVHN0gb2a\\/vnAHafUdGq7KfWmguWfgowm9Gewm4Yl6EG+4A\\/OgwT2MTqCz6Z\\/wBn0z\\/s+2f9lVImGbXcxzKiaVHwDcdKGAwCVY0bRXEBnQgos4lSoxNIIS5mFwYCVI6NnyFcIzH6gS3OO0eaI3Epjt7lWiYejNFd9LjZqfL81BE8Y\\/K\\/5o2\\/moUUnWk27x\\/Sy0A\\/Opj7\\/rBsT6zo1GfRdGj2VXwu24+yDN+TAd3AxfSXTT2h\\/wB0JFKby4cehb7Q2mWzuKv239tKMVlcBqv4Y\\/8AsvKQ3sr87McsLoFxKTN0hXvHbJLl+BNSMCBEGYoRWWMqJAhPEHpKYxIPAaXLlsoi8p3Yx9gD1sv+wOi+wysK6UQ2vWuglUWWZpujqufx0gESXBzsT8QUBWjCaYlUH4xnt3SPt+sGxPrOjUd9l0aPhdyoFUfKGpsUtdBF5QmMvlnV+D3gHjVQ89JPDwnD359dxvJtqht4U3tGoz7amsaRFx1QgTCOVKlpLaaMa8BJN3gIuXLCMLzG731s+UJgaPkl\\/ggLauUU\\/JGAqsX8AwexCYiJNzMoAlah6pY995km9dvxWUS0B2psy27949sO2YYdkTgltVTiW\\/VKLDNXsOhNiUjEpXSNkWuyl8LKEOWU2ZB3I6nH9DQ09mIHETZPodw7XCFz1V+WSySrXHpCg\\/EF0tDkRGAAFtSJ0C1e0oe52fgzC92\\/7FL4RuaKujhZ6yn3VL0NYaUkmyO4ECBFNkSVKlSpWg8ASvEuleZUo6aWk2ZTkLitqdIGOzILbMd4SpUqVPqOjUd8eU6ErBjAJFKOkQOCYQdE0FEFIVhpHegIEOdNSpUqVElRPAEvyKlfwrZsKm7t6RcmDHZTA8XFHEMlHW5BHEUIjmlID4wIoLsnjpDQ9vDUCtBcETDStLpFS851AgaSVKlSokqV55Ur+Jc2lTcWyYyJsARykCmw3L4VXkugaGiXoOgcvADQQPiT+EV5la14XQm6k6sJw9A2AR7icNFHEryRl6OgM5i0ENL8QGGP8BUqV\\/ArRhAglaWmzNvUFzTblTiE6GZwkUcSvFcB4SsiihDxXo6F51eGv4DDQaMY67Is5K4bsnQY7SdGCiziJUWtFpCMpmTdHWkoMNalSpUqLFFz\\/ArRNKlea6Gg8FSpUqVKhZNmUPvHbw6HQr9mD2nMI0cjp2S3aWJhoKDDw1Kijl\\/wqlaVK8ivA6BB4aleCpUqVKgpszlp1tATpTjCM2xHaR40R5NCoOgQPjrGXBly\\/wCFUqVK8p0CBK82pUqVoFswW8F3gkoYpxETosRmHGqmhcuXAPE7U7U7U7E7Ep0lJSUSiUSiUSiUSpUqUSkp0lJSU6SnSU6TtTtTtTtSvSdqdqdqdqdqV6QHSASiVKlEolEolEolQJUrSpUqVKlSptAuZ3pZ5l3mWxzEdIgl1CCLS3guX\\/GrzD+TUrS2XGJEla34L5pk3ptXbvC33\\/1Gv1f1EfS\\/qJPr\\/qXCloYtfwaPaQs2uf6n9xgLbtAfMycFvW6\\/DP8AU\\/uUw2pVKqv3oViAavzEwG0kA+lxyVbmR7LMdxu0GvzDKJRTyfnVYOJr6qCbB90ZyhXACtgMjbKHzAzX2e2otAKl8X7z\\/Sfuf6T9z\\/SfuKNkXu\\/euV7DLXi+k+n\\/AOIk+7+oB9f9QT7\\/AOpxIbq70PClWJ2n+7houHbZfzBbVtYH5n+5\\/ccJaBBV4uOIuoRdQRDAtV4+YCS80l+Bgt5aDK+1zP8Aiqot9KuDAkFEb6W5g3V1zoR2P5RkV1WviH79YXzBWFbJeqL6SooQeQLqf6Wf7H9z\\/Y\\/uf7H9wREwoy7a0VKleBAnsMpnKt2CnqIQQBcUo6g2aqrXtKlLmcLFFeDmjvKiqJRBhNL3YGavriF4oZcQFCuUVBzaqhDGEFRKAuatd9PoOsYUWBo7wKtdm93T730qOkMlFPuBn8afQ9tGiGENfiDQxLjW5zu4YDBqFdI13NiENQXYPFr0nF6dWHgYsq9pU6SC+R2lL+2yOim7NxcRpkIUB6kAJc7cXSel7asYkJRvtCEoJ1T67HMo2Js7puqu7GoyC5l3i6qi7uWv0LN6SzUCvtEJwDZxbfAgzLRZMOjaIW3tdS8SiuBWlmOLcW9oiymZSFFa2Svm+mIpWnm+ghvFW22vLefGf7dSXsDaDbR7vS6hvAvlEa42AcksFScqJLdlyf5p8B\\/SfS7RMVVI1hIkCkoJiuK7bOYAJhPGBdd+eIcKBWpuxqfZddMfSf2RBmrYLq0D5Ql6O2B9aiCDGZLzkLfUviYKgHI4R4YjdrHWhzp8LFN4BbizRfvAIGaUtht3eCKdA\\/ZYyd+xENcRDgbmLqPD4FXgv\\/vYBSqvrUAnkUhb2Bmxu8xemtEtJoUwV3G2IX4CB2VGiuxQO+8LfgDZdYbuUr8RvgjsZGCkf6emn2HWV5zFwKBXfHQ94OYxaC\\/FDzGYIUrPeLuG8Yjo2cVYXt7z6Htp0l449ozMKJ4Ao6u9xSthTaKKbh3h0hElqDs7+8ND26mFRRtvNQpnmQhqgF5M1XTEdFjtBajuM3XLZriHcF6Lm7rv09GXOC2QNsgu9YL9daOz\\/VOzgAeuziomC5yJQDOP1AsBWWt3yKoaLwd4IxZiyFiv0rUw6nhmF10uMOwxyjqg6NhcxQUlq9ApgjJQy3BQS4QLW8KN3dtDewLfRO13tLfBAZB7olHur860dtQ3FltnsfMydkVj0XVesUT3LPlb2AhLhBxtc+A\\/pPpdonYCok48LqIqEnQu7RRl2mGp+pUyClD3uOhKgxLxgUT7Lroq9J\\/ZK0uC74BvHe6\\/EXCoo5AyLw5c9MQ+Ew2Qh2Kwwd0jNcaVQBSN3ik271KRQSdwtXxp8DKut0cKYfzAsmY7XA9htMv8X4bCTL2Y+Cs5aePTVsVLHsuH3l+PHTndnmv1P9YFKormmy3DrPXGJQdYqHQDYllOPthL1r320D0gMcZ7sdZClqxe\\/MsOINlVZ7xYCcNrrv8A9MTWcDDb7sLlkOObro9tHm6Ko6PWEF3KsdVMb24eMpu6w3iowW4qb2g5K0MUPnXChVfoQfAeq\\/8AIYItjsdNsnaLhBQeZ6lo5sR6\\/pqqkTSdBPqftPvftPvftEhuCfV6gh0UJvYOk2mlEnoEdIApUNkOGUKAq1MkS3kJAwJmEvVy6EC6sSs+8oebZVtFQlkO1H9RuVu13ms8+p\\/MNTYFYH5jeCENxgJdAMm5lZt6kLpsyPaJyozdVuDs9obFwEFikLwuECqvwBcAqYiCsProXwgHZvAmw36cTHXzMJojMEp600uFGVZdZ1oyhO7CJvInTQh0FBu6Q+wawg9QENKwytKlaX478F\\/+eQ0PIqVKlSvOP\\/NPOqVp\\/9k=\\\" data-filename=\\\"14194443_1070473696339690_314768881_n.jpg\\\" style=\\\"margin: 10px; width: 600px;\\\"><p>Repudiandae laborum impedit, fuga. Labore autem aut libero quo omnis deserunt pariatur? Ipsam iste eligendi est, nulla consequatur voluptas voluptas suscipit ut omnis et vitae ad omnis quia consequatur, quod culpa, aute recusandae. Nesciunt, pariatur? Sapiente anim quis nostrud qui labore ut asperiores elit, nesciunt, perferendis distinctio. Doloremque iure dolor optio, vero et enim dolorem autem iste ullam et labore in aliqua. Laboriosam, dolorum voluptatem irure molestiae aliquam.<br><\\/p><p><\\/p><p><img src=\\\"data:image\\/jpeg;base64,\\/9j\\/4AAQSkZJRgABAgAAAQABAAD\\/7QCEUGhvdG9zaG9wIDMuMAA4QklNBAQAAAAAAGccAigAYkZCTUQwMTAwMGFhODAzMDAwMGMyMGQwMDAwNTIxYTAwMDA1ZjFkMDAwMGE2MjAwMDAwNjgyOTAwMDBiODNiMDAwMDEzM2UwMDAwNjk0MTAwMDBkODQ0MDAwMGM2NjcwMDAwAP\\/iAhxJQ0NfUFJPRklMRQABAQAAAgxsY21zAhAAAG1udHJSR0IgWFlaIAfcAAEAGQADACkAOWFjc3BBUFBMAAAAAAAAAAAAAAAAAAAAAAAAAAAAAAAAAAD21gABAAAAANMtbGNtcwAAAAAAAAAAAAAAAAAAAAAAAAAAAAAAAAAAAAAAAAAAAAAAAAAAAAAAAAAAAAAACmRlc2MAAAD8AAAAXmNwcnQAAAFcAAAAC3d0cHQAAAFoAAAAFGJrcHQAAAF8AAAAFHJYWVoAAAGQAAAAFGdYWVoAAAGkAAAAFGJYWVoAAAG4AAAAFHJUUkMAAAHMAAAAQGdUUkMAAAHMAAAAQGJUUkMAAAHMAAAAQGRlc2MAAAAAAAAAA2MyAAAAAAAAAAAAAAAAAAAAAAAAAAAAAAAAAAAAAAAAAAAAAAAAAAAAAAAAAAAAAAAAAAAAAAAAAAAAAAAAAAAAAAAAAAAAAAAAAAAAAAAAAAAAAHRleHQAAAAARkIAAFhZWiAAAAAAAAD21gABAAAAANMtWFlaIAAAAAAAAAMWAAADMwAAAqRYWVogAAAAAAAAb6IAADj1AAADkFhZWiAAAAAAAABimQAAt4UAABjaWFlaIAAAAAAAACSgAAAPhAAAts9jdXJ2AAAAAAAAABoAAADLAckDYwWSCGsL9hA\\/FVEbNCHxKZAyGDuSRgVRd13ta3B6BYmxmnysab9908PpMP\\/\\/\\/9sAQwAIBgYHBgUIBwcHCQkICgwVDgwLCwwZEhMPFR4bIB8eGx0dISUwKSEjLSQdHSo5Ki0xMzY2NiAoOz86ND4wNTYz\\/9sAQwEJCQkMCwwYDg4YMyIdIjMzMzMzMzMzMzMzMzMzMzMzMzMzMzMzMzMzMzMzMzMzMzMzMzMzMzMzMzMzMzMzMzMz\\/8IAEQgBLAJYAwAiAAERAQIRAf\\/EABsAAAIDAQEBAAAAAAAAAAAAAAABAgMGBQQH\\/8QAGQEBAAMBAQAAAAAAAAAAAAAAAAECAwQF\\/8QAGQEBAAMBAQAAAAAAAAAAAAAAAAECAwQF\\/9oADAMAAAERAhEAAAHSjZEsZXKSGIGhiJzhVdJxMZBEgAAiSgSaJEXMgmAAFcPRCYqgRtASJhyIxaClKa1uYJwUTZCINMmIySiZJSEptEG0ABGURMxzIuQQsptBMKrYxLIxYRsQypkkAAANkXJTA4o9Eqp0vICARRJRcglIhJkAABgAAMCMonjblpWuTnCKiiUUTAhEiJBoEg2iIyRKDiQBDQ0okyMhhIgWFYTgWFZJibCuZWWqIOKBsJhkAkQRIiDmlE3OMqyCimcpOCYAMAABoYAmESAIIuuVCPTetTrZCMoiY5iIwBMABNETJIGEkRGClFJmhEhTI3RYlKouSkRrtgSdaJDZFSgWEZFSCYAAACaIkiBdXPLSsjlDfHWyyAbC3FB9D6\\/yX00t9TfH7OGsQdbACAQkSrmJVSsmDzyhaJQtqCMohKDQ0El5PZkdM+iuCdHJ3nwA79ubE633YT156bNeT08\\/U1ZKJrlJDcQkJEiEivlPLdHLpLsrZam2gLm6\\/XKqUWkRiCmyoCYAAkpxKg0DTmJ4PdfM9KQA3yJdfV4a\\/PF9CzsxnwNs7vp3yvdYa6I5PJx11qw1F67+OAuNs8xoaz6a5ZU0RhrNKbc83pzvBNCObnb02hh7JbLD6jK7cwBvzJdbtc3ZkTU8HTLyAbYezXYbYcnZ7Hx\\/LTTRGWrtXWmTvNNLjdjPWTCtstxfX5O\\/zT2+LsZ6apQlydyckJgABUBMDLUqsIIbExHPwOrynRiBZem073i9vF1nL6mIvXgAdfMbXF77DXG+KdutPOdW6s8Q6XOtVejzlo+mZD2Lm2y4HTjodfg93zbqu3Jw4dAdWB0+ft8dPHwunzOjjAtNd66rOH0TP9vIb8\\/mA6+I02a0fL15xKzbCB7JVv4S+jTI93hEfQIcyzh9LJIO\\/wAw1WW2\\/L2XzK8Om1ABGJNRZAlYFZEZFjaQBIxPG9Hn6+cnAmNPHNFLe7wheoHQrazf833cu\\/i92b49q\\/Q6vmNd4+k4TwmmYBeuo6Er+Xo+fAdXP6voPzf6FhrXgOpydKAem0dbWULl2yVQeh5hdSJ7lXIKXtqC+YL256+jUV08ndT7c\\/z9MdnViVemtyaNcQC1NZ5OnnOTt5wHbw37rJazg9CRCdNaywIuUiBYEK51ReLTmikgE7yFHtz5iAOzmB6vO+Ue8nnfB+zc+qtsvofUs7czBevndWAHStXn2bfo4a\\/OfPr8htmWV9CW39Dnyb\\/LV6fN28xpc1KsxAtD1nD3HPtbx+tm5pyAO3gIy0uHRmVrrM9cf6ddbS\\/E7E6qaczOOPd5wHQrbnS2Xqw6cJHp8zp5C+jpUvsMFr8XTQA6ObQaHn9TzvTiTkmDkgAEAeeE4xKclMKU7olNkSsVtvmuufgA6cPT9ExW85ehSmZ3qnJCruUPlBdT38hssbOlvqFXz7yZ6dHmBtiaDP7TPTQjhz64PkaLO9eABapOGgpbtdacObeOL2GH6eVAdPJ7dhnNF5\\/pNE63rLKy3wdDx2rigPQ8w2mLtx23nhynnppbUHRymkzey5uvy5ftcXXEsr9xtL4T4vQEAJoAQAEYRsrpTO6q2dsqXW1pGcF8v+neDSvzg31l6czU12Y6gEAAAcszjfqvN1z+dGtlemS6Os6ud\\/lq+hK0YL6AvZWzrnCs5\\/JbDH9GIBpT0bvj6Pl3ZErPmxm78emWPWvtvXzdVrHe6KYlKJEmzJcr6Byt+fKHdstTO+rXezPT52bJ2rkty7s9sdyvofgvli+\\/1+lW9dqKXYFbiAE0AB5lOJK7zo9lcLSsuriYyrlC5wnEoaBNDByFGaIyiRKU6phWV2JA88xYo2TFdd2YtXgeMOrA9\\/i22WnQtnPDWqckOJKYi5O1YyAAaFJqSjJJLK5RMpVuIm6BLCJJ1uYsgmTt87RZWQlcQnnogAQAAeeyhk4TmRknEltLLq1NECSjSUqhW2JGLycLJiM4SVQkiVbgOTotAJA0EPnH0zk3phjZXXrxteSy0mokS0Ibg5i1qV6KNrraqVrKGnaqkgkKURBSjMzQ0FdhCoZNkxoQRSxMdtNlZYFbIAAR5WSIgF0qpQbYmElYVubWgrK4uEbomM83VrjqHlWaaGYUxpzM1zGmll5Ginm2aV8nq0SUaqW9MvM6WsjZVrQXgnavun4fKdiuUIm98SGuWkfi9+Grj5+dMdNea+9Qfgl0Vn3LQQ4SNA89I75nxHdSdZaoLUvXmieyPhmn2Sg63tQ6XQAIDzSgIvrhaRlKtNiRE2eD28rbDiczqZ7R2NIXed7vp5XU4nV5Pc6dfmifac2VNegUeea8b5n9OxHfz8g93s3jinRrPL9T+W\\/SuW3X8HSfJbMej0ZDl02l3M8fTlmPd4Nh28nE53ohau7wmox1Lj6mrM3t+bbhvkuMzt4+pvPmv0bl6bMxqcpTXMMc+ih9LDpnb3bfO4cNVtcX6nPvOjy+nbLwRuOrz\\/F5+jVavLh0fGnUK6XF6VM6bokBRIAeUbIuQK2oLYRtI8zq+TXDhZzvc619H6s3oeD3Pdxe3wuryO5ndjlef06DQ+2uvB8+x51sMh2oczt8\\/wBt3z7175avpYfo1nJfTfmP1A7NN9vHbx\\/Nvqnz3own4PPHfC\\/6JltDy9Pz3o83Q9HPqsB9K8\\/J1fMel7OD28n03J2Z7O8O1xvfenO+gfP9jW2hyusyuHR4NDhp5+psVj+jjtqfVy7eHj9+A1eM7cdv1OV0ern8fo4nU6eG6PnUWnz\\/AF+WLaT0+eHL2xspsmLE1WwAecQNAAIZGQevy+Gap0kW9b8nnT2eN21MHU+ceLSPqh8rlD6kfKw1nzPRrojOmileM2aNmc+rZnb89vSIwmOS1fOtX51Pt+jo5+15+74Off5zsOdp9c8D6O9yr05dfZ7ETnPBsOXMc+zb+vO\\/y\\/ue6rSmxyWo42O2GfUL7ct9N01us8phn4fP13056D3r35xjS6rs8+ELUjzu2+t9TKw4PS81vnsvWwaAA8xFgpApQsJCAk0RjKBIixJsjdWAgFdGZUrYkitFrrkW2UM9EaoDHYRcPSOEokhMim8dIV3QtEANKNqUSi2NZrba0SRExcnCE5SiomTVOLTIrnMCaggIlRlGZpVi1pCdbJAFDABAIYWQmTYEY3BSnWRcvQedqIBeNS8wAAADQScUTcZEyIeiddgAFcnVWZiM7SlRXaPRSrkVXuuJsjIiYDVpGpAxREnWIsdTJCUTGarmLxEBAki4ygBrRQsgTQFAIajMVgDlT6UU3OgvIySq1MZVWASJWz8YAAAAAwABDaB21WErvPcWABVb5oOqM4K2REzIlZsUJEJxhZOUJJm6yEyIBEiWRqtFko1IvBQckJkBWSE6rQIWlE5IAR\\/\\/xAAvEAABAwIEBgICAgIDAQAAAAABAAIDBBEFEBIgExQVITAxMkEiMyNCNEAGJDVD\\/9oACAEAAAEFAtllbwAWVvBfO20tyuvrIbtK7K6ur\\/6AWkIW2fFe8rr2vjnZW8Flp8F9lvA5qvldWuv6\\/wBbKy7K6ur+Cysuyvu0q2fpA7LFWKtn8f8ASvnbxn1nbu\\/K6ur+O++yA7uQOyyuVYq2RQPkvnfO+y3lPrMe\\/ZPv\\/RttCIstSurHI+hs9K61Ludt9ozvnZW87vS+yLL+o\\/2PeVggbq2fpA3y1IKwXbxAIm6Hr\\/UceyA0r2nn\\/WuvasNh\\/FXvnfvpVlbMhA+ABE3yHqWVkMZxlq6wF1oLrYXW2oY1EmYpSvTXNePETkBpTjdN9nufrdNUNgHUl1FdRXUl1JDEWJtXC9A322Vt7vwBxJl+osUddG57pg0iVshBvstvARObfWMSd98M8kDqGvbVD73XzAsnFFem7Lq+dW7VU74p3wmGYTNVt91clALEn2hyZ+zh6mNis61ldXVyUNwCOxqxF+utzsVbZFIYZYZRLH4PSd6QHd572NtxOkE3OV7K4208vDlHcX3WVs8SdefKlbqn+rodzYK28C6O2+kPdrflRU3GIookaGIqvoeA3PCn3hqMRgp3vxsJ2MzldWql1WqTcXqAo8ZYVDNHM0rEK+SKfqVSmYpUNdTzsnjvc9ldVVY2mBxOpJ6jUplfUufUS3o86Sl1jlI06hjKnhML86Z2qF1fEEcRK5+Zc7OhXThDEZVHiMZTXBwyqXa6nLD2EvsVbxet1a\\/h0eeGstFlihAoM8J\\/XVv4lXuhmfBJBOJ48VH\\/AG8sMfZ2T3tiZNKZpcqSHiSV34szp26YssRPfOJ2ij301Q6F7XamyP0R54ey0R9jw\\/Hfiz\\/48mC76VumFehiVaKh2Q7mhZoprG7YXuTaGRy6dIn0UrF6zwp6xdudC61R9LFKi7smt1OpIOHHXOvU5RjVK34p8jY2zSmaXK13TNLaG6DHuQpZiuUlTons2UJLoq46KXL2qdumJfHO67lWz+I34m\\/VV5Ndpc3F9LXYxIpquao2UcBkka3RG6lY+RsDGqwCM0TEaqlCq3MdVZYW1Ysz\\/qZU5tO0\\/jU1HLwElxyoafU4dlI7XJlG\\/hv6iU7EJSnyOkOdFCXvc27eUjDmsaF2CM0QUlRTludALQ4k\\/OFuqYNLW5WKsrAbPSO8BTv4k\\/ggpnSugg4TZZY4WS4xZPxCqenSPduw5miKtbro8mmz4DeKvqOPPlDHxHwxiOOodop\\/ATZQUzpXRsEbZamOFSYg8p08rle+6nBEVa69TlQj+bUu+dsrZAAIneGqqfw6XZZWKEbimUcj1FhthHE2M1tU2lZLK+Z+ViuE8p0L2tyjF307dMBbqZ6OT6rh0OdBT2CxB1os7hXCuvyKbTSvUNA0JoDRV1WjZdWcUWuGcLdUzLBkjtcmWHR9lYrsu6sPFa6DbZYu\\/TS5DuaWhaWclEhSRhNp4wg0AFWVdNx6rKlpjM6OhjahAwHGCGRZUbdU7RaM9mVDdNRkTfOlh4kjBpasQdebK2oxULNPJxhCljCELArAZSP0Rk3OVNSGdMo42rhsCrjepyoheaoeW0+dG0Nh7rTvO0C6AtnjD71GUDdUsYszMK6d8c8M08FSzxQKuquanyw1l3r27Em6a3Y0ajR0\\/DjRU7tc+VK3VOvezSq7tSZ0duA71LWRQiR5kkyw5tmYi\\/8AhyYNT4m6Y\\/Ba2QRQbtrZOJWZYezVMBstkRcSsMU2TXuYebqLElxzw1mmIIlYsP5dmH0+twsGqV2iLPDx3VlpVsgVVN4lPm172IzSuGykZaHEnEzZUgvUD14SMgr7ZonxSKxWGQ28GI0XERBacg0lMpHmMtIVkxpc6kj0Qk5Yq3+HOGPiPp4+EzKpaXU57K4V1Rx6Igu2wiy9qqpix2fco072surhRNMkjBZlcwiourrD4jfxNKsCtBByvldSUzJVyEaFBEE1gYN3pezNQxyrpSGFBR0UbU1oAfRRucaCIJlHHHsxN7W0+dBT2HtXV1a6dRsceQiTaSNp0q2VlbYWgqSga8nDSm4YFHRxxowh7eQiIOHxNUdPHE35J8DJEKCLSKCK3DDRZDxXQerAogjO\\/i9Zf2Q+Lsmo+1dHJzg1tTOaifKli4kjBparK3mfcFqb3RPf+3\\/zcQRqsrhaiu6Bsg5XV\\/ARbYEHLsUWnILVv9L7X9sj7TfRNkUCtauFitT2yaNTqOnDGW8V877NRXdWVvD9ZDeHELsUQRsug5WBWkjO+7+ysnekT3tdfEIL1k92lj3F78qGlLnN7bhmdl\\/Gd31l9+AOK\\/FyItsutXh\\/sgneiU0XX1sstKkoGvd0xqZhrAmMDdt13KbnoJWhaQtI2X2jyjxA9uxRyPgHyVu6b6LkGouWqyP5BWVtgF0fyX0rruVpVgrofLIevu3Yene943W2d8xv+shlddij2QY4jhuXDcuG5OaW5dgpMapY5OvUyGO0y69TLrlPYY3So47AV1qnXWqddapl1unXXKZU+I09ScuI25nYmSt1FWunVtNG9lfTyPmrIoD1GnJDS5S6YWOxSnahitOVTVMc47qWZkLeqUajqYagZVFYylXV4F1eBdXgXVoF1aBdXgXV4F1eBNsUew4zVxmrmWo1bFzrEypZI7wA2VgcvS+8r2GIzPih41QRzdQZzPUtTZHOweLu3GpCzD6CjhgpOGxcNi4bFw2LhsWPMaMP2tcWuppOLEG3U0ZeZHPpkCHCnfqU0ohgJuaRrnTYh\\/lM+fH5eimnkqJFZYaXCW6xKoM1SqCQsnAuFjGy1zHh8jg7DXWkjfE5UJvC+3DCKKKKbfWGnSh4Nat2V19rFf1RzBlKP31GHvqlJAafCofjjn+DB\\/jCvpnPmqI5qSOojhpW1UL39RpdWP8AfDemVhNRST0jmYTWyRx0NTLJFSTzyvaWPw1t4Hd0AGrEG8Wlp6gwugd\\/NisvZYXAqp+urgF5sUBFCqLgl\\/JxERUjYnVM3L0ysoXaZovziPvF9lO2yjdrYp4RNGRY0H6H\\/Hh9jEnQo065e6dHolYSGPb28Wq605XWK\\/qp44jTEsNRV1s1OXSunwiD4Y7\\/AIE1+kwGk6fH\\/wCNUf8Al1VO2HDXcp0ms1dAr+a6ZiTXPwkU4paqrqOV\\/wCQSsbhy9nD\\/wBHxXtGMvbI3RJRS\\/nUS8aeJmuSNogpvZom6p5afiwT074HqmrZKcxSNmZis2qUC5qINNGqJ2qBYv7wywqXwtMXJxcRzGGKK12sJUfcVP8Ak0H6HHS0TMyJROUtxK0\\/j6Yh47gojtiEEk0PKVK5CqE3J1RWh0eDQ\\/HHP8GH\\/FcyZUlEGUbqSB0ekaen0urH+2G12JBtLUVU9U44pWmOFwxCpxivjnasN\\/Rw0AAnfHEY9FSDbLDYbvr3aaJYW28ge1ylhbIK6jEAVBPwoHuL3tOkvrZZIlhT7x2WMewbLU5a3KB+oRxBo0NCkcyFpN3UH6ZP1XRmjXFjAdJDZ08aklYXtl\\/EuLsm+S9lI97UKmsceaqiZqqoZJK57sLh+GMNdJQUFZDPScWNcWNcWNcWNcWNY89rsP2jucO\\/Rk744pHeJNGp1JDoZjDtNKsKbZr5HGYV1SE+V8pAupP44UynkeOTlRFjhj9Myxr3mCWmPEXAOxIWlmfM5UH6Jf03V1dXRKj\\/AGNA0rUVe\\/jsrJ9RVsPN165uuXNYgpJKyobG2zJP5BUYVZ\\/THLpj10t66Y5dMculSLpbl0ty6U+3SnrpT1BhRD4Y+GzJxsJYhLEcNfemoHCa1lW0wqWdMeqODgx1OG6nnDpEMOkKp8ODVV0Ie4Yc+9PFw4+yqqDXJT0T45fqupuYbyMq5GVchMunzLkJV0+VdPlXT5VRwmOJ7NTJKWYO5aoXLVC5aoXKzqGllEgHZ3xQ\\/HwgK2w9husE5Hvk0BE3Ka0Im5yur5OdZAXXyJ7BgyG\\/urFWKsrBdl2z7qysFZAKyt4j6tkNtswr5BX7D16V1Yobmi5PcmzVq36rIdyTdD8QPyORQ77LKysVZaVbwjYMr7zsB3DMK2sk3WnO+dl6z9D4DffMIm6aNno7LrUE8929vBbK+8HcfF9lBeyV2zLVZAXPoZsCJ0+UIbCLgXtkXBFxKDSgLZevNfL0dp2fX1s95BFqDrL3mTZAXARza26LtPmG\\/Uibq10BsO\\/3tui5e87q+w+EDO69Nc0WtYNNwj8j2RP45D27sP8AQGz21NG8+gV9HO6v22O+LfeX1sd2X0Py2f\\/EAC0RAAEEAQMDBAEEAgMAAAAAAAEAAgMREBIhMQQTIBQwQVEiBTJAYUJSYIKh\\/9oACAECEQE\\/AfKvcs\\/8lJoLW5a3LuOQk+0Dftyv0N2Xef8Aa7z\\/ALXfem9R\\/shv5SzFpoJkz3Opb+zJxgRp0dYiReAu4F3AtQKJrlaxkuAWsLqTuBgdOPlSQ6RYx052pGZg+V6hi9QxNeHcYkNuK6cfl7T+UMPNDESoldsogjDt24bwiawwfKlNvKiFvGJ3U2sQ7MJQiefhenenNLeU0kGwnGm3jphtftHnGt2A20Ngu4Au6nOvBG2I+E82UBa4GASDYXdf94jiLls0I9Q34Xqf6T5C\\/lNFmlOaZiIUweLhXgdhhrbXbCDBh7rKAtdsJ4opvOQawwUpjTMRw6hZXp2oRMGHvLio49aHTsUlB2ygFvXUngICz5Ou8ViTjDBt4tdSMiJtR84dzhos46k8DDBTQMv\\/AGnEUuhO6j6x0w5KmNvUIt\\/k47eDm6l2vEstdtBgC7aArD+cAUMSRB6HTtxatWnwgmwvT\\/2hG2qC9OE1oaKRgBNpkQYgfeHkTWGD5yVflatXi\\/c04ATh5uba7flSr2x7Ieg4IkLUrCtWrV4DSeF23\\/WNTVqbjW1A2i4DnNYpVjuN+13GfaEjDsD7PUmozS\\/Sd+ob88Lrp4ZIBp5tFNjc79oXp36b+bqkIJT\\/AIlHIwzqyx+l\\/CmOi1C2za\\/dIp3G6TY2kcofiEbduod246ToxINb+FN0UWnbZdlo2UjNKcdlpKLHKJpDx7PUAmM0v0l+icWKXXRwsgGmrtHhdC8dssP3fNJ3XRtk\\/wC1\\/wDlKPrW1T75tTP1yF32rwMTja055LQEwaGKEfknRB6c0xupSO\\/FBwDaUJQUEJlaHNcndPKBepOYb2Kk22TuEx98rUPtMrUN\\/ZOHGz40qVIDDhYpNhN7p4JbQUUZbyuzIOF2Dy5OjLiu236TYyHWgo5HRm2lP6qZ4ola3rdFuy9LIvSyKLpnteCVQ\\/kndaVpC0hU1bYJ\\/mj3z\\/Nv2Tx4f\\/\\/EACsRAAEEAAUDBAMAAwEAAAAAAAEAAgMREBITITEEIFEiMDJBFEBhBSNSYP\\/aAAgBAREBPwHuv2h\\/6drbdS02rSatJqMPhEVz2jujbmK0mLSYtFidB474ogRZTomgWtvZiG94OlopstmjhMEGOK0XLRciwjlNFmgtI4hhK0yoBteBnKjlzbYTjdCJxWg5aDkWlvODBTVOfT7UY2R2GDG27CY\\/SzBq1WoOB4wYKfg\\/5Jos4SO+lGKapDTcIW73hLu8BGRoWu1NcHcIixSAs1hOd69puww02oCk5waiS4oROK0P6msDcAfVeEvKjbQTjQXJwIvlabfGD5A1buKEDlof1MYGpxoWoRbsJDbu0djdzg9+VaxRlcrUbaCc7KjKVGSRZTzTcS2zhI6yohbsJJcpoLXcjK44MYGhSSZEZnJl5d1MaaoB9o7exeEQ3wkPq7XtzIQ+UBSmO2DPjg91DCAfeDzbsW\\/IYSR50IPOE5+lEKapT6faY\\/KtZHsbJl2WsE6Qlayc7NhH8cHGzgyQtRndhSpUmykcrW\\/iMhuytcousoTEBOkLkfdCPc0WcJHfWI7iqVKsKVfojsa7KtVHEYZgs3tu9mlWGi\\/wtF\\/haL\\/C0n+FpP8AC0n+EQRynPa35Fa0f\\/WGR3hZHHDI7wiKKDXHhD+4ZSqKylZSrWU+Fld4WR32PZg3eF1nwUTXByiHrCc7fdZ1nHlQOAZuszebWYLqvpcqX\\/HiRmaPldP\\/ALA1TuptL4xqBoq06VwPCd6ihTdlPs5N5UklbBGctFo9dPfK6XqdZv8AUArCDgnuGQq0e+Cg8LrBbeVEXF26i+YUw9VrTJCMfhRNORoC0nVS09w1dV9YdOd6TYw1xKec71MfQmymMprhI1Rt9Sc0lwKnG1pvKk2cnuAHCPUMvhdEcxzAUEE5vhZU68pwPeMAmnKbREZ+1UflUzyo5WMFL8hi\\/IYppQ\\/jBhym06cVsmEB1lSyB3C1ozyj1A4amytaFqP8p8gc2kDRRc08oaYR6fprukHsaKCDl+QxfkRqTqGFpAWY\\/sgrOs6zlWVfbeI\\/XdxgAVsFz213Dn9ci1VInGrVdo47G89n\\/8QAPRAAAQIDBQYDBgUDAwUAAAAAAQACESExAxASIEEiMDJRYZETQHEEM1BicoEjQlKhohTB0QUkklNjguHw\\/9oACAEAAAY\\/AvhU\\/KdM3T4VXJNU8pMql8Rll8FPnY5YhUyR+CHz0RdJTzxG9ifLG+HmpXUyxHkInzPW6HwKuSI3pe8wAUrE917n+S9x\\/Je4\\/kvcH\\/kp2T1xlv1BRaQR03vVdN1OZ5L3X7r3X8l7r+S91\\/Je6\\/dTY5cUPXfYoyUgSuFyDQx01Q0itnTLLeWdn99xis3ELCRC013fXeO6S3EjLkojeBv6je2CEeSiojyD+kslMrXtqEHDcxNckNwSdETz3PQ55KZyBvIXjyRKc7mY3zVFReI2muSCLHRLhoAtix7lSawLib2XE3sphh+y\\/EsyPRY2ODv7XeFZwEKlcQ7KJwu6QQtP2yc3nRcQHSC4x2QHifsnHWmTE5UuhpkCkCVKzH3K\\/KPsuL9lUdlMNK22lqi0xF7z1vLt5DNaHmIZI3v65bV3zZw9hmmOCjzbeW3l7qBOedcjGDIL2DIT03Hy6qKc7kMkd31zsZzMbwhdEoWdnwN155CdYKikFS6mTCrN32zeA2g4r4XEche0IXYnGARd2vAULpNvmMp6yyDdddxh\\/SIXgqHg\\/wAls2TR6lbb5chkCgowipC6dowfdbVsyPqnmzm28lR1Dr2oIv10RJqb8Ruc7mb8UF7v91INCi50cmMqCjBSF07RvdHaBysZ972hDPM9t293M7kSUFitXQChY2f3cvekfTJbT3H1OaOqtB0jeCgoA7DaXgIBPPTdRNFALaM+QWw0NU7Q5wndJXxyzMFId1M3T3E1aO6ZqKioouQgEDV5oEX2jonJRYiJXgXOHTIGjidkxG4N5nPJpXJRdVQXh2Z2tTyy8JW0IXtCmnO5m\\/FdyXPfhn6nZIuVFRUVLpp50EhlElZsGpjeEF6q0HzZ4XBvIXhvNTVFRUvc\\/kFE1vxOoqKiIGgvinnpkGq5eRYz9IvCGYnpmjaPAWICDQIC+KAudDXLBRveeu6dkELqxPIJzzqb8SDeZvaEBvZ5bV3WG7cw6G+LXEHooeM\\/uokxOSKipUTHdMsSoXOdyGQuzuGTZcR6FQNo4\\/fKJRQbyF48mWuF+I7jxW8SgRkc7CZBTBvi5UuY7kcgChe4CqndAV3OJolk2RFYyDeAEAi7Q3lx8nMKiooDPE1UFS7oqIhRuxEZMB4iZZMRyxIupuZqSqpm6CjC7EGrQLCVGCjhQgN7\\/lcjvom45gp1yFxoEX6aZIDyMNEYooRCmVBDndIKMkevkuR3cTeV0y9b5hUXgN\\/8r4KOvkqqvluSnm5HcRyRRvkpXQvJAoEXOqb8RUPhXRcjvzkldBueN2I0Ut3NSVfgMpb3rkjopXdc\\/RdMklPNVVUFT4HKV0YKioqKJEryBjf1aFwWvYI7Fr2C4LXsFDBadgpstewXBadguC07LgtOwXBa9guC17BcFr2CwtJDuTr5lQFFW8tc4xHRBjXGJ6IB5qoYz2Ulie8D1Ui53oFMP7I+G4GF2O0fBq947sVGydGF7cYccXJcNp2XDaLgtOy4LRcFp2XBadlwWnZcFp2ujoqFUKoVR0EJOUBEeu62e2ezDHYY8kT4lpAVmj+Paf8AJDFa2oj1WIuJdGp9U30RA\\/M6Cs4MbEtiTCq4G9lwN7Lgb2XA3suBvZCDQNsaZg4VCBXRbCHjDZOqiDEIg6Jz+QUTVDCsJ\\/KIIeq8V6x2jom+S0UI7LJXQ532P3yQUXENWzaA+oWF4gbgSjmEOaG62prZnlsVa2UDF6Ks3te0bAE0bMmJB\\/um+iH1qz+gLCLURTnWVvgAPHyVmbW3xR\\/PzTmNtBFoiVh8UIH5wmfgHbogLazLY0Qe2xkeoT7NlkcbOIJ1lZ2ZL21CLHVBgUI0XRRTtSJr5dQpUcIptkNZm7EVau+ZNVnyxXQtTD1UgohPfrpe09ULrL75Mf4gOkGRUZ\\/cQuLTXQqBuKO2JKBcIri\\/YrjHZN\\/EbtUTBijGcUDUKI3e0pTUrrFWtraNLsBEgYJ2FpE+asm2ZEPDBovEfxH\\/ACgE36wtmvhhWniQ8X91bfWP7L2X1KBsmzMMRQ4PE\\/eKs8X\\/AFJKx\\/pccZYsFaL2dlv79zmifNWFn\\/u7V\\/68WyFZO\\/K5gDl7b7Zq\\/h\\/+9VEoKdbiNE5vIoNOic\\/sgETyEbgixygac7qxZyQc0yKFkKNqoJj+twusvui8iTGxTWBrXNY4xlGPZOayxhC0ES6NOiLsDwXYuEHZ\\/wAL2htjEFjsNYlDHAmInBNtAwYcJMeStPW4nkuE91hwGP1BQNnOnEE7ZPzbYUSyv\\/cCs5QhLiiUABvtpcwrM2Yjh0Xuno\\/gPgp2T1he2BjT7oeiH1hWf0BHD\\/p4baH8wXhWwjiMSE2zNnstoFhhLksXhBD6wvZv6W3\\/ABG1h6IOtrQuIosBt3QUfbfacEGycrP2ewfiYyrudwgFM3FR\\/UpXYlaekLoogOBhVTCxjnc4mjUXuqSoheG6GH0uhdY\\/e7iPdcTu6LdiPzEzXCA7WCojaGSJNTc70udtSPRVJ0hRe8OuiG3Bw1mm4HSxUQlv5KzDRWqbKB5YCmktl9BRDWy+go+Jxf8Au6IEmuirOD2ghsCCaLjb3XG3uuNvdcbe64290IOB2xrnF5TX8jcAmhNbzddiTrQEgkxkvfOUXuLj1uFnqZm6ICooFQusfvkiDAr8RkeoWzZ9yovN7\\/TMPVCSotN9CzwkdQqWfZUZ2XCzssD8IbrAIYlh0WxRarVarVarW7VRmtVqpqGQtdQqVFEodEI1FLoFRYIel8XLE0TugqIuZqg64GcWqiouFUvoqKBCLeYWyJKgVAqBUQiLjdDe9VLPTJE0F8XU3ETdC+GeipdUKq1VFQLTJTyEDvP77zC1QqdzNQG8qq3Q+CQFFhHCpbqA4ioCvkehzw85HXcgLC2ihu\\/mPk5\\/Aj13PTd9FL4YNxJc1PcxUVHcnp5U9N6PJRU8n\\/\\/EACgQAQACAQQBAwMFAQAAAAAAAAEAESEQMUFRYSBxgZGh8DCxwdHx4f\\/aAAgBAAABPyH0W00HGl+gt2m+5gP99dnpKPQO5MmzfvKc4js0qt5tWGR8RbdQXYnkCY8XL8YPEezPZ9ZbzoJW0tl+ZvKlejmDpYcy6uNEOBKdH7TK7gab6IIYt7cS1U7aU6aa36RsB7\\/or0qeX6AIvM8sy2bG6mCwL5m03Xvg3iVN0w2+qK7qUlpmFSzqKutMt1PJmHmW9DvAtxoDrqS3BLTGql13KnKWbsD76OTMyuzS\\/VUqBmD6r9JR+pk0+hFsXLqo9mU4ltMR1z6BlvRiX1KXTVAbpL9XGYoeGXRZu1AGlxBtMUdK9NStLNF6GjbRd6VcIr9Hv5jzHnTO20o95yYh3MWaisXMaOmfQ1xrWmJcp9C5cXEtcEBLuyWbqhgjSxGJE1RXBAsRL4NKlTE9kt7ly5cFHBrY1t+q7jzHnVNtSVi2XLNvJm6OfmXLmfWR9qmNa0vMv0YOZnY0dykoTZeqW4IA0QRKrxpGWJVyyXLly\\/Rg4JY\\/abGjtBqFcfo8T+518ejuPMzIWpANv\\/Eu69syHSGz7aVKr9GtPEK2frqwZ8zwIHJqAcfXW+GBVm0KNU0qOWMTzgPBrkhZLl+rkdp8DW\\/fTKXEQdtf4nm\\/j2nkfn2nk\\/n2nZ+D2jNp7IxsLPsQClcq9OfmcT\\/s\\/uHHx6F0XMA5\\/wCI6r\\/UO7qZDqJueCJWp7e7Cfh\\/mfl\\/iV\\/D+pT8v6lOV+faJ2HtmYgu6wgCyXZnfifMvrWH1DeJlYDlXiFoN2Et3+3B6Hk1KMqWsVHDbAuyUP3jl1eW712ZdpZ7egxJ7f7f3+hb28nDMcVs4+I\\/unE\\/7P7hx8asLcqbl\\/4lvtNxPu6PGpoZlTx3B+hvy5raDW9zrQkDmKcS5etScAlDa5lHvZ7Gt0N1wNJnCLVjACxM4BBXv6rPaLg29HKeOVPo8yKNx9DxUs5kqnE\\/7ocfEuLN5tA+wHUdxxOBMHgRoL7RS5fRpUrTiwLjO7q9UbnSEefQxewxUpD6pethzLXZM\\/4IA2Prr+Jd6+1oYESRKPEZUOPXYirB6aK7BbEV3bVndkAVSER5V16CCuImW9RchfM\\/2L1ivB7T5b4xD76JiPOu57dZ\\/KcfLF9IRQu5\\/nYfQOVSEzn74qxmHFxUOlVsf3jxBdDU\\/wAzFSAXLWDzop86uCHvdzx4TgplgbttdsywPUZpv2qcefJFtoF+P0TkL3MPtntUVDyO5A5E5Nem8D41AEs3YE\\/7+iFscab8+nb3neFH59bLS3QH19AqOt1V7eugsOO5z5ZSVnravYYucabZ\\/bNytbdGrguxGe7nWro7YYvGpd6l1dp4f\\/Qg85bIRDZh3G4xbbdOJ7mlwPEWPeP39F6hbNlGitdpcpP2Pj\\/daJ5lN0URADdYzFvfk1FB3EMOmK5K2bqzlk8bDLyiKRKTVs8CWfPqqjucNKZOX3dasAhAplnVBGv10mJaM6RHDg2HRqIndYyB1cQNZvqb3\\/M4SonwTpvv0DxdoHZZqqwdsqfiJZMrxDJjRJL2CebpvAPI2jrc2LdDeXAcF\\/LVjdxjjnr8cRR9YGY5vjHoVqxcIOIRNNtbDgBPvUGDWngZVG+tcPeNc0BybR9tbZ5gsC9iHtjl2lrrUFiUNcTzsOtALVxOgwB87Vyyp+dVotlZccQJTkiBYIu8h7zYz8IMONrxHCX1eVr7mQgSpzUSyVbMu7ugLdiUdj1FQA278EVucvMuXKlUW625dp0Oqe36JFA9yFA8Q8w7Wjj+iO5D1D9xE9X7ndROS\\/azr4iYDfE3zYfJ5dUEIYCdg4foj7uoeGusEBMVb86bGHbln7OWopWq+\\/p3Q7YLhWJVrvHVc+kb+YCbdN9i5hsQf9Ys8kANioheyZ\\/P7eg2zFvTm+idtjr39FLLdM8ybM5zDREf4pT0il4P9tRthhsHMDWr3elXCc2VEsOtbc46PBy6hbUxdnStvReYnmlfP0gbgj+1JypFcFacAqtrbptKO1vtDbS7FegwVsCt55AHUFrmYMH2nZQ8yuAuUt2jogGx6FvHE2K1Dl2i3BKiF7tO0vtH4aig7gIt9IttmwmY4ILKhsVcW1t\\/jNQWMQEsuBIYEYNz4\\/30MpfjQPFq1WluxRqxYxKYY0obWGZyhyHLBVInBZtBh\\/xS83LgOSM7Wm3TaPQF7IbYwwVBGrpXBNt2zV2l8WuiBxAwG7l8+tcE40DFxbj+2AMa0ztb8utTle8SrlTaLE8Zc60LbetiRL2dK0yG3L8QSfRDredZX0JlqwHMLhgPpURzCBGWUQT6atanxAxNktlrAhG18off0cKl9mgHYWG6tbxcww7\\/AM9fKrCOKx+iuOYOWK5fn6Jx49GTMYvjGtAzGdSpUqUlSxOKm+Mxr5Akqi+wRaEnK+ix7TYpriWlYfvmPc19NSeJ4JLnlIfRsiWsswhNaWkYferPR+yeStK6fQdveYpd5infb4vX2ZGUD9Ebl2xmLxN2x7QD6OItqx37lPUE4Y5p9a1H+09kvCHzrsJLhmQAidCfJLdMEFO8qcB1LEWhwRzL\\/EfQgsEa5131hMtYM8xMuVRCspZVWFKjLg0+OZds2myM8jwa7QtpFByy+NpQ5nkhuYHLDkPvO0yncrCl1crqGT9AbimMV5j475j4LQUgdHpGrzaZ26SqNepaIHY4Ecyz3LBpcolkuWuHMdIORRL2MrArSPbjgnXjjglXvvKzDPMh7ahbUxlmOBPZLajh4JfgSlUS44ZnqW0V5ht\\/cryQGhfvFyafEE1eXZEWBGK2qUO6s3IGPATiQf3WWS2wmMt7QqUUR\\/RHxCDMbnTOK\\/iP7RqioQ7QzAr1rUDsPBN4Q4mYvB+83h42hvNj7x1Jw3lwOpll3eWU3NpcZKhtYy8bD0aqWMSnKpniDgfRTK8XM+0+XTMtjmVAyXGAY8IRKr5jyUDxU3EDtl00adsxS9s3ETNIIUljxPA+bjbQt7S6C\\/Kd6WETN36C5cQMK8Ti9G1X7z\\/BlfzkJxo02h29V1A7C7Eu69l3oRdrfh3LsuftTmKh28QVueXU7m0pyTLZ0o0xrlfsaqA5hOkBla3MdsomJbLmWmdG+2m8oKgVa7oUN4zWl6VW0vRlxcY7K9fkTphxN9cG\\/voIa46ZR\\/TGMdLs4h3llaXBp6eZvmfx0Mlc7E+VOIV+oWBlFKF8xbnZN1SyLZiiHcWa2t03gIKIMRpcvXM0DV7TJL96fNSpk50dONKv\\/INL9F8YMx3Br9AbQh30Z0MEJejvpY9uoIKH4dK0N5fU\\/b95uziWZZ778Ediu9zdm+R7ElKix+8zel5l3xBMyMx\\/30XuFA6AE5194mV7cdKT2h3ORiVOXxBvDud\\/3TN6Wy0qZI51MuNJEmdMdx8TiVcoN5UVnrJe3WjHY6YeQ6YUMlabNblkuXMrMKeI4IUT\\/ibaJODacxqMdGiC2RZPl5lQkBrcv\\/czowNomzfO8CUJewg3dAuIknLpUYm\\/vhWIqruUhalGF4mZ8aG8ZtN5U3RZvOJeqiexPiUi3aG+JXbMH18dCPeHJBBW50w5FumFFJUAcnmNP9p+Jn4mB\\/KQykwqtBusogAqhX3ZyZvofeDVvfhvPxj+Zijy\\/wCkI\\/iPmN7J1\\/0n+S\\/ufin8yrb8DzA\\/yPvPwj+Z423UsuLiGMh8R2RPZE1K+8plXwBB53iX\\/XTkxwTYzj1BFmLgFZVqrwjCiMhC91Gq8h\\/ZHMH3H9zs7A4SVYbMeJSxtX37aBKVWU2JPee8b3orHiP\\/AAn9z\\/GP7n+I\\/uf5B\\/cLv4H9z\\/Mf3P8AIf3P8h\\/cVqOItzdIRq25tG0+CWG\\/gEQ5JEwyHxLg2X6uUWTeK\\/KP08QyzP4aHJLpydMa1yu7aBq+4tROMBYFpt4FlvJO65C2GqYbGqn7b\\/xBhxl2Uk\\/zE\\/zE\\/wAxP8xP8xG5rePB9SM0ljHV3qZq4G7MgJ1N8i0HiGTJskW\\/n2VXvEdLTaygmY2yWj\\/L+ZfHvAFyIYO2MEcBwe2lumKh4d5ev6RHmwvfnSlHG+UDe8qp+3\\/HWoIAKuwT2I3dgMg6oloP7mjoLxTKBu+fUfe3CBwYrjR8evb3hYoU75meSnTNnG\\/TOjhnKOzP3P7EULII8FT7lihiVAwu4GSL4sx7\\/HPwxg60H7EaVTw19ZUdAQMV\\/NwQ84\\/h4SHvLd67pr6xATY1J7MAAtLzNv43jBnc3H5jRarLKz6x2jcUE+suIN4qxB0qsXsxEKqzBWx2CCWM8EPw0+JRHLgI1WAMpc\\/FWlBVOqFVK55gCbBf0dBWr4dk2QZRKDgqle+KrbvFALzoEWHVmksn87ehSF5atUpKF2cz6afwdBiJgRpl6VLJ1lOJijSqcMoUIblLKNyYvqmSu+6WKnHzUuP4RCBYAfMUCfcgMQ036b0qVDEpgL88yyZV+5NmOjP3P7EwwwclKhm1DaoPU8i0WqKZoqB41T8F0wN5dLqi\\/tBkN+rPhWln5zuV2Qr7p5+amxbJ9ec02ZdZhfDfEwuwWDs3gatVg6DvivEJfHs2qf1DBqkp0wqiWuVjPJU75cTqLa3LEAUjmK7zEqdxavadTL9EYnubRL4Wxd2JSuAQKT5igF4aC4Lmf8TCULl7uX3SgHMWs2jZlt8TDPyvaUPKcu2g\\/eOfBu0rrbJysxypg02b9t7xL5VFZMaDGPl3MMB1XAy58\\/tKgEYDLvL74lLpEhctglMPebE+QWIZHGcczzGg8BVzvcB6DChPjuWIM10M5d5l4y6pwXjJ5wQoNDKo5N6jME7TwTHUdnoqV6bTI0yrh8kXIZWue4bwEQodzuXrIzdRrW6KLJfsPJT9sn4zpl8RbiPiJCEJRg9uIjPvNtAZPPOJw5rVup311bX0gAhQVB7MqrwB69p7JBAfEB1X2v6xNTZQDnb7scJndzY0uZBreFm7mbIRV7EsTsLjtelaUSPaW+75OM4108kOgOzKdIutDStN+4LF8u8xR3CN81oBHuRzn2n8IlqUvemVPu8uYqAsDZnvHUzNrcfxvA67qrwoVWtvEr4V48sZlaWs2Z960oedvdf9XOMOKDZfPmKqWVudZ6ixj4ETOxzqPnuBi4TeNutA78fpm0tkkmSoLs8T7IRMFRLmT6lR46F5qz9413qhkq8Jtr0Ryqkvb8YsGamKCf4ef4ef4ef4ef4eFT20eD6ggG7Cntai4dgVPzo4HM8gEpf\\/AJGlqopsNlXMCo+due9fERUS\\/wDXJpakk8n6Rn3Bpl53hxRPsv4a3DLgyJKAHmVNw7hkk6ODRFMRvRnrsOgy9lN\\/Nu4gF1+WdQPiFF\\/oXL0tNkKETBkZkra3\\/LD8\\/wDzEC7Ts\\/7gy8tiq5nigNpmsz4gq2FwaLxRgt1JdwJ5366MzGPGppRD7sAzr77DMghyFbJMbIpkvameLGFDl4gLtHskTMiRcy\\/mUXUE6FyuiVqpdsfEFDmZiyqrWTzPpo\\/GTwzyJ5UJnuDXBgwRWE+U\\/wAaf4U\\/yp48WMQ3KiQV7EC9orW29Ny9bNDh0qtjLbxNrs5e5iDW0ujiLObnvPElFCeDEogiqGaTShxOO5lqmIQgi4B8xHB2DaMqbyvOmDf49FSo713K5qWc\\/pPFXzKf9J+ElHtPd+ulb19E90yjxGl4ZTolOtLmOpR1KOpR1KOpRpv8y3t7ROHbh6ip9BWhKNFiOS96Dl2\\/eWul2uYzpOjPCXSnM3bcEW3EVd3VAqY20Qn8mW4A+Iq76XBlwY0QZI8AgLIMsMGhss3IqXqFxce5ANkS15jCVrpKom9SjSq0GXUtzrxFFrP6HZpvEvDvw9y7DvpXp7NaD\\/rDgB3hUwj7zGE7JgieM6feCWNbNDMpIP4SKbw9313o8su5jLlSg9OOt6GyrzLKNpa1mIJ3Nyc7ZlYqc\\/EdveXnxNmZZ1KS\\/Q5xNmWY9WzVLI7dW84v07QeZlb1AqWjuPN2O8KVbFQ2iXvH3My3tMBKMBLzrypdfdmfm9x6\\/Q41IsHMXosiYHLUXmeAI7OxA2fWbk3VBj6Mx20J\\/UupbLlJvjQu\\/Ts9C03whgHoshlpQfDEM78JsKxMZGtC5YLzCBceI6X7cDdhChnjx6ybzj07IOYelJtmLAtkE8suXipZCMFumXL+kuFVLxN1Sq0Zd7zyJQQwKnfvoFbfrbvZc38ujaVm8nVxoCa2uXh4euIg0zGiN7iZNMyO06IlCW7aGyds2TbZHL63Tj0kN\\/SDM5aA3fqNo6tMHtP4zZGNmCIfQ1ZbcIfKbOi8xwobENtXSVvZfMxX9Ho\\/\\/9oADAMAAAERAhEAABAQDRxjeub\\/ALBNXf8AgyDWE6asnYum65zOJKHAEADEBEtXSA26QT\\/sjUVYEusTT7s8Su0guiEICGGGOKSZbTowJz8hhQYgzWLKqeVRWji8xljGNCPDIPLMQVbnpIsoAo+gytT2Irj+ZD77K7EiokMDX9QJJAQSlqdQqjwpWkKLToCjg+ne2EfIx3gDLHr6JHDAQIsgqA9sAiwDSwawoJwR9aiofAksNP2HomBMPNvOigoAUQSAe+ARrAlaQH\\/7DX4zF\\/r6x\\/IxFGBFCmlcQniuH+h2yULyQQgofOEB2femHuxuM9JIOM0tgFQpANM6QsI0A4AgdsPAivAPOhv8\\/wCqghQSgd4RqxIgMegAvOoSaoUMNNBHnS7zq+6TcpOhxQAYpy7OqddANYeASrkFyqZqOK+AggsjK9oOQqhwAJrQTcUF5Fg2OGpLNFE5oHl6DGQpBR9iFzCGCgQbasSDnBjXLbdqbcnoDJKGLsudZrpBX9u0qpiBx9vFQTxGhXjRvX8bBEmOMPuITqKBPDTQofurESgIKqBPeiLQgGvGSyLxDYctJnuEuFmtYfqFoK9QDpLKoEqxGIIJTr+wywJs0WqpYFODpRHwDMFlyAAhwgriDBCBJLiTCCCDAzjowiQKBKpN\\/g4euTAzzKpybRCKYxBAACRQCBDzbagOPZ0CoGWAcNsrgBwZhROvQhyRAAAQAQwDwAFdVMODYASIQA37JQDST\\/\\/EACoRAQACAQQCAAQHAQEAAAAAAAEAESEQMUFRIGEwcYGRQFChsdHh8MHx\\/9oACAECEQE\\/EPEGHwSaVAih\\/I3aV+Su34zOz3T3T2ReEEY8V1dXs3M\\/2Cf7BAeY90PtECzzrgLbyrb4+CsDQktiCzRZSJZdfNowBeiM50UpgjRLYAuU8m49xZo61xoB9kE7m5L0t0tv18J3SC2oQV96DKwbYaO6QabI8ujsypcW5zpeJTND7LoGbtMfIi9CCoWnppS+3wnaYNNz2RVyxniEqI+1HoRTTpsdFdJhCXKil3UW22c6IvCq2xO3BL6wQvaK4isptKPtMR3pWPE8jULjsdN\\/PdByq2iUcR3RCrMCghskYlNRQhzpStl570O+hzLNtIoFsvTtHfQQG9sCDYTOdTLCgCBRR4pZaHbR1XSo+DhlmYcERWw5MWCn4Zh8TgKB06ZAljFSjFVtmGF56lB68hbEHMvQoB3AorVah5y\\/emV7hmjX3mI0UFagm1uWSkpGNlEFzBluPM9rCI2jq28ukyzNXnkgy\\/Bag5ZdStF0qXFttl+Wq0Ny6l3BgxMpoviWgvEN4eRKgNx6xE3nOwLuXOLi8RdezPmgAUau0YKpeIEzoRg1LJcC9Hx5VLreWTgYnmC2iO4d0TtKSkpLubWuIFq+2marIk0pHbMo5gCyLUqijk20tAYqWiUWzDFe4im4g0+Q6IjD\\/wBIC47rX89oKUKrA239RYYWqtb0XU4B6Bva+q+m\\/qIIYM7MLcplOkUbIIyrnr+oSZ9P+TMuIfqRHVLURWm9okZeDqAXPoMHcy2b6v8AMcgS3jZiWJj2nS\\/aLScyuobeYILf7IwQGLUO97TEOmqrSrd5uRiFULA+6+McXE9CgrFZODPf6SpWxmHf02waurLXzlJeL13npFTx\\/iZT6ywvUDzvM0Zi0O41W7KFIpVwTFZxV\\/zcvS31f91EL7nMNLNssJlBt+0aP6fxGyLfaGIGfMrtLgWBUclTMtlsUsvLyjS\\/gZaVEW4xFYsWv1hvktuKjF15A3cwxM2l\\/WP2gRVxE2xlE+R958n7yiqiUcfhzM2ipWqI1cQOBLbibaJxKgQjt+H3aKQFhjEN5VxIqypXjs\\/DjUtYFa3WjeKkqNEXMqEPG\\/\\/EACkRAQACAQMDAwMFAQAAAAAAAAEAESEQMVEgQWFAcbGBkaEwweHw8dH\\/2gAIAQERAT8Q6VIr9EYKZcQWWS5n0dSuq+m4by8616d676DfU9PcNCeOeGeGH3R3XQqDU21Ot2ni+Z4vmPBMFuIjT1jG9JdPPUtStLHoWgIdBpiGCWEIUTYkXSFEw6F2REtZmaLWDEFWKdAC8zsUPDHwzblaVBKKc9ZL0qvzFYxyxi8aYiEVLpb6iCUwKtDSmGgUUTtZUksXRniNESd7Z7sAtQ7krdFw6V9F1BQRBKZ44AogmZcHvPAQ5Q5Zp9w0FFmQd2DcwvzMCioAqA4ACiG0ZZXIWM3xA94ta7yw4TM8aXL0q99VqCk02xPBGd423g3O8AWzs9Blgwg2XCBe2mANiUPjRaCPaCb0wFaJQiAPMXtiJB3TE8zEwqKxbb6QKxo8NLr8aXKXL0GyyUqiXlAFEwDmBFY02rd0zOi0dWCPOmEjTDG3AoomYip8yh9QZzHaVoja7xXEStuoXFFsk4CeyS\\/ERW6XhaLi3aC0EQUEplpaEk1lHjCR2O08Ea5ggqVo7Q2X14ZUroFxdiVcvMdoGi1QAKJUV13ytK1Fy0vCKlIhlYiU9TLmGXreJVy81B3ga52I44IlbdVnRCVhqdY79dSmWltBc2jyob8edrs7QqbOHvB2gfc0wXaoAsGoGcS4hkGCWFgQoQFwTwTxTwTwQC0arUl4IlnUmhBP9wy46K3+IrXapZfzM9W8pdXiru5R\\/KZg7sSLCp5ZTP3\\/AGiAp2jw6Pbs+3D+IW13M\\/vMM7x+wQnPKExuaywgGWs5jUMV9yX5n++JnaHij\\/YTWUN\\/+w7IXbzlxgDB94M9aScf5CdLez44inKqn5cTB5NrhxuK\\/Nx7um1TdBSyohO9\\/WK9tTxW82fX+2lL5Qg9\\/wCsxpttKkcyiG3EulYmc8QKbEwI2pkX3lgbRrW5xivf6y6oBX1d\\/tUqoSlKfMFx8wiw+Y24qZHWg3lQUbyp4xCxH0nm\\/b+Z5\\/2\\/mZKX6T3578ZDYaUvCJZa4a2CGhFah+JRplRzek5YhWMLoQdiKs\\/Nr5hDCEESe7Ku8TjLLnf060XLlWZRloJGaoy5cGWqLpuPTqKipSy4GoMshmUlQGGddr1AoLiOoBHhEgEqBcA2IJEj0n\\/\\/xAAoEAEAAgEDAgYDAQEBAAAAAAABABEhMUFRYXEQgZGhscEg0fDh8TD\\/2gAIAQAAAT8Q8QXQuD7V3gN24aQS5SWuhKd2Ud4EoL0JqFcOBg7stu1yz1n1\\/eZP4r65nHtX1+p\\/f3DP5v74nPvf3+4lvb\\/esU6Y8ROuO8C29Z\\/f3M\\/uf+zUrW\\/7+InBTtUNoJqaj+6y4rK86esCmF1biArRFKhSbQvpiEReE3LB58dUGWMid5WUXW4I04HQfcC9R9Y3082UVMmtuJpnWUmC73Lyig7RG9npNWmNpSGNgteKbk0sSyAx11u0ajRG8UbLOhLLU1quYkW5rXp4CxEtak1BklIljw1ZlDDVlDUB6MESxsYNoMFu+kD2vvMBiXOiZ7SuVnYmZt1d4ery22GABQAdvmd\\/f7ntXt+yfxX1Pv3\\/AEz+b+4oatd\\/uPE9Yp38BOh5w9LXpADQr+9yfx\\/bzj2r6\\/U\\/v7ifz\\/bTn3v7\\/c\\/uf+xOYA0muly9UQ86M4FKxiGcEhXVlcBFpgyqqM176\\/qCQNVNCU2SdCXunWKeaOmIg3avT9sdgDrqxU2qzJT5pKdLd5qFBFKobZviWO9wRocoAjTL0CFlrFt+IO0paogGpZhqvQhGdLdzM7qy00z0ja8tTiVTTHO0rwrtZgkbrE7XONweyus0gKBZO4ZcpLdiZ3ZRMyvARQE2luGffO\\/frPrFu3ee1e37J08yvqemfR\\/TEnX77xTpjwIJ1x3gXlzt3n6\\/u5OPavqfxX9if39wzn3v7\\/c\\/uf8AsrF8H9UoPK\\/KO\\/n8THtPxKxKnylW16TSK1UdoAYFahBVAKG8T67r2JVoX2jsY7TfOrKNatmekQ1RTvKrVrvOpL2MrmVKqONmvXeLYujxqKN77S+wO83VsOTANXG3eGGatekCjxqS\\/CgfUczVQtppjLtNn9EfsFeWXLgWIKk0fZlFwd\\/BFNlm5K8528KhBFBqhKtLYraiarVfDk9f3Pr2\\/ZFNWO31HgRWp8BaC5yt8VvABgrbP3PrXp35n8V9cz+K+p8f3ozn3v7\\/AHK7\\/f8ApA02\\/tpgMG1+dx+EfZPs+JfBrT8RUhqvEbFpRsRy1CsuYo9g\\/wB\\/u8GyqzS8x1F0bwzW0dIgEG3ZmVxBmt5bxL7O0rwu8zQo9b8VVZtBO0sb32ltgJZqsN0AJfiW5eTzG84HEo5uXKVm3RxvAAGhEOxL88Z7ygvl0ZUTjzOZ56BxBrWniB0zNlQ5ZUIIsavpOj1R6TtKRm0HY2hzBsGqvPghKcX6QRyeAmuA16QBqW\\/2SemfR7cM\\/m\\/ueuPU78k\\/ivqffv24Z\\/N\\/cp\\/f+8yq9zG0NSsZPiGh2PmbeX3H7fM+yavN9R1mrX6jnrkgUObu462M2bHX9RV1aw2wxmXlDYzoPWWtWVMakSi7O1+OjcRdpZxMm6CWOXtMrdVwSrhCVmFFe8MU1H2jZqYdGXAWLqeQg4E118ACsGdICJgHQiigxWcaeCOp5nMfzscSwGu5FDVmhZjIEWkWbquzMwJZvCrCXV1OC2L2ojybldpeW+JGgEWzStHEz7Xj2Ji0f3M9SvU\\/ZK2rrR8k9M+j+mdeMW7d5649u0++N+0pfPnfvCsOumvDHUdH5jr5viGvd8IaHY+Zt5fcdHs\\/Mft8xfL5IIZq38zFs5tmA1i8+5jZrUDOtQjiLe8VNxGVtZq1ilT4MGmtoVeWus3lc47xS8ZlcS0pJebbaRrQL04eFwSjDLA4cEofIxrYx0miXef1mXV8jBNNIZbnzN07U4hWC8VengoasoWV4Zrn2Tb6RCcvOsze\\/nMxDcbkM7XuJGVP5EmmPeIuBoeDx6M9RiFbAbs4s6FPlb5n\\/DwE2eij63DEm0jejC2o6th30jkY0sp5llecePWBjuJHR7N+U+j4ho7HzHeN\\/wCbT5PhDQ7HzNvL7i4fP5gF31+ZrB1+YXz\\/ALhlBhYPuYPFibt1XMut0sxWOqxxXl+I8RXh1IGq10eYiM2JYm\\/gmUdpURydcnLwTopKnOHWwwaoGyO14YO8o\\/SPgX2flpACCJhHWaOyNX0zBqPKISh3WVe0E9IDXMANCXLlxyVAS6U16xCYLYYEbFm0B9WXtL0\\/1HVJV9D3mkGJUo13u8nrGpujA1vHcpGF0NkYiXl38E3NZc6Qcn58AOsu0FDQ8VkdYzggBvyfH\\/gCWRYN900YFANbcjno+Jq9nxPofMd43\\/m3gDby+ZsdvuVD\\/bxV\\/cxpl8jzgGswsHQcsVoLuXd6xCo2Vcxn1dY4lb7c1MacESJuShsUY2d3vLW9doUlju1PI197\\/wDAavZlZfqJzHRdVxAN4TedC4MyqzEo0N9fEuHWO6vtOFnMurC42j0Y25ahfyniWpFrIJg5CmzVntLWZcPXX9sZcOpxDstPEHo3OguZRbbWX8rNuBqy00B+C0TC2\\/RBn3XxBWguX6ehNCXc\\/B6ljh1NzzIwlhU+n3HV7xv5\\/XgKAeXzMPl9xv8AnWYNvkc5mnBeU0HLETLlFd2GHeYCMtdHaYDoV5zGwHDllyrvBOswuvfwUlZo9IOCIXYLmqyF3W\\/F6gF2nUfRmiB\\/Bttup+GCysSyNzQimXAWOqt2hr3vLr2Mpoj3yZV6t+FPuM3dX8V41qrM4QmlE3a4IDREN0j0hph3c\\/mlB5sAbZqxfwvrltwBcdG0Hdb8QMsdYDTUcR0BPKYawqGhbQ\\/gz14B6wAfahV5LWjSZZdLQD2B+YtjL3+5HMdm\\/cCc9xIVTdUezEDpan0afmFF7oHPY1IFLrj84WFpDJLxeApmOv7u0EOXA28zSaz9snJuJe\\/QarQIG8XWUkADpDabomgOeB8xaf0WHrc\\/u\\/qDIxsZ6TKEF1LZ9r8VY8Fyn25mFFexHNWxUNMoq\\/G1U1MksJDgGasA9431hPgE072rfLNVLofqiFzBTt63wY2Qdj\\/t7QcOWLY+NZtp9jA+PHlWonGzvNit\\/BX4vUesZ5icRb8alby1ocShmvWCvhfELalEjKeJJXzPo\\/A\\/gqvQfeUQ2Ouho9g\\/N8LS7YPCbkwr16B3PWECIIyaop9Hip2ZKmi8jwcQG\\/x1m4mi2NgOx4ko3cQ\\/6FS7YPl8W0dQJUqlhw1LlGVmO2PFU+0xNl6Xmsf+FCNercdzrFjELiWHxhERLVtfBaTwSiRnKPVkCqmjcbSrWR3VK8UBl8UoCNboz26xeJaVK8prtLUxe0pzbvLwa4dBX86eLh7iBSU1CHha0UB1Zkso2V1Z0Nu74qLqqmrgEddo8borZqxoMjpDhqvpMVwQ29FRyyKR1HxLctihLnVZ9E+\\/HMGBBt+S\\/DV7Bh12eTXu9PEN7VhuKsykX3TV\\/fi55dNoekkwmwhfeBF5Gq8Buwk1OxNDxJexekffbUBtZMJrgMx7cbwfafJBrs8oUrg1H4UcQVC4VOL3t9h8RD6gTDtYQEEsZ3LiLFiKGrNEzOMHMLts9o6wFUZWAnDoPvtEq5u9XmVRLCUcEvAZdCWq3qylL0vMG4MU5cvk8QTG1Tox1FCrK3DoXdGh9Khy1wPbNfO\\/wTDqFxDhii+seKSrAQwnjpAhoFQzMAYI+7FiNoD2Ib8OsowW+t+LFRyY62xgzOQ0DZ9+Oe9aRm6BKojS5u6fvyiFXFaq6vi2AmSyLQAHpEddM7Ljxc8e46ykKKcv9R0dNJe7XtOLaqwdjbxBkwS1UOh4lvBVVHpCs5IDpV0gtl9QT0zrmJ1FYBb9o6teC0ngik4shXmlH2PvxYMvVFY4YuLQW+kChLGLNrvUPjZAF47sGvpy4Ii0vBTJlZrWOR\\/UvLCNr6I0lri1vbmV1izBHWWna4lsGu5Xfywx7V\\/4ArQKweql4hYHDBCg4bGVwBliRtjbo8h+46sGwU8zPvLPMa2fL8QVA1YSgLkKHWF\\/Dt49KF95UXucy+VbqcfwHY8X6JeYaQazNsgg9XB8\\/wDilTlaDWI\\/BsgKxRLTAMZPNx5xVNof8KKN0dSl6EujOVf4pR7BKoimsomgWdat918cs1iXHoFoKLgvCGa8BXTPp+4oX0wywmsp1t0GCA0Q6RgjQto9oy3A8UaDglR2YoaRBwahzLVrLuqLvEWjybSrWhtmWD3T8DQC9if8aD6ehE6yOkeMR2nSZ0hnDnUBJFOV5ehGATquBwGx4s0rylZqGjEdIBC058UM3inhS5gtYZvqVHR1SPho3FoO9Dmr\\/Dz6eKGNWCGW0slUZQgr82vUP9T8M9e9P4E4BdlGa74VCQ2uCGmIzmChVxpHbkTH7Dr8RGpG1W18FBa0QZR7Ka5O5EQSiwd\\/HHVg2y+YVsckVdd96vjeO2uF9OeBbBi+pLPpC\\/uB0leh\\/pzFbC+XL+BYNGhz1iiavASnpDryxzEasqBbAb15bHbwpxoAnmPv4nF3VLBlLzOh9JrwO0ovZSpExxHcg281MliKrYJdSqGwlY7tvn401AyN4tTWauFxHmho4FfPs8aTVgkLQYeIG\\/YTB1CTstnz45PNXQPFrbllDwBtKgorM\\/db+K8bf7oe0LGldz2CUUx6E+h0BoA6CbQoqghGCN3OxF1JI7r4LRXaAbC+DaAy5OkxLuxD4USc6vz45yMBiGU1S1u4+\\/Gyg1cEB0w06JQrpYtgXJzK5t+TmC3eWvZKZnLTTvGXTiOaUNWUkFc\\/7K3\\/AL1lbe3+S8GrHCfoPFKm8wTzSB9nMxwEpeDG4QLtlU58o5Y3m7dNJaiqyHY4iKtVt8bohwXm4fqPMBRN9gZZcg4uUtVeLvTp43WaFmYfC5xEVlQEfMz7VXil9R\\/E+7VK1QawLaUJW8zFYsXQwfHjfKsMwg2PSOF0eZVuMdQyzptD1dtbguIyVdnillSxGsZqIB0XmVVBmGtvq7QhxZjQt0PDaUgq12y4U2PYftPHDl02QAWDQ\\/8AFq6vqRwznSGjoDLWNNjiWtA9XnACgFNOD9T+\\/mVmt\\/7aViv70lUWsybYPjxtksGalgEAYMf3oymle31KJz\\/e0369\\/uUMVAbLSEhip3IXh8zx63mK9pYnbMfWNNRClfN\\/AUTIo6xYFbB45mLK3fd15ggWGvXDf3+I9FS8wALq0rJjjwAq6J3rEVVXV18TVWtwscS\\/IhgVRORmiaxE02yTMb6JDuvAHI3Xt+DtoutlvSPFnVNPlL5dfHOhuqUVkNdB5aQjbmpYS\\/QeJ3BQ2x6GQ0f\\/ABHQ+UDJUOU2joaQjoLQ5MMHzcpLaeH9zfr6P+zp9fU26ep\\/kd3p\\/wBlxvdNmeozrvSKUXPSYaR0smnT2\\/7OnwfU26ev\\/J197+58vl\\/jK9P7aEc9g9YNSFc19TiLgPUHi1TvlFjkwFXbEamWogz\\/AI0GTdk0S5o1ehD4Al1IlGWjQ4lK5znix\\/R+AcXbKlCkvwb8AULrSNe0QuK1Gf8ASimA4hW0EahvKhWmhKCxk7xF40jGX3fxib\\/9og5qJHuK2ho+KgtQOsdvDgxFkBWFQiqkCdZ0vrGItyiZUYNIFjReCgK9p0XrETW+hmYQfZfEFYhs3qKh5\\/8ACx5XFG7WaWrMWnTgE1cf3vMKOOHTWIw46OSdfl+5djzMrMi3QekAtK9PWE6A4w\\/7OnrR9Tbp6n+Tr739zfr6P+wP+f5A6iYPKYAWZT5ekqRolp3\\/AMmIBdI3SU3t3mgNM016ET0NJRBlo1g6QAOOlnocwKC2T1f1NGlbAmCNypVuxWAZNpnCHY0Favx5+KANWUHMFkooKSWMOUU6dosIljzH4LekB1MLvJ0iAEA2gKhe8p7vSc5XnOtIk\\/xA4BZ6JoyXYjcoe6OnTcR7o9rZSKNcwgsm9S7cGFGsQlYFukcEx60+kTETQqagMmKKuZtgXFjFdIOsqHcQuofYAQIlUrXpMCqo2\\/8ACmTZMXMz6tUgCU\\/lsxTWeCFMlnJNb85gC1ekHog2esHv5\\/TN979H\\/Z09aPqbdPU\\/ydfe\\/ub9fR\\/2BjvKF77e0oAW6ny9Jlqt3q8\\/5MukE3doXJCZrXoInYAqGhNDuTJOUzMdlY8WU9HuhqQ630VKKUtp08AA2HaAay2VGzt6H33fG80hzCOAFNQsVaorVgIAaRW9GZlmuIHZQB0qEA1PaV0hwPaUma9J2CKvWBUmlLi0tWNFxwuBk6wTwCGh0ijAGmkXyIGqdQhehLhBzgAlY9Y6JqlECxWpY1KQDemTCmAFYqIKscwcOesKt57EqYDRMJf5rYK9GBVWIK7yh2nYNKm8FksHTIjBQ4d\\/HkxZWeCBayNk8EWyaQtBXKaekETFV6n+R6+Vv3HXr6PrvN+vTD6TbEQeuxKAG6Pl6RdzNi5f5N\\/7rNa6Y+Ihd+43f5mCzKYDYziZvp94OHeBhLZQ1YiWqZ1Hbyxu5bVdXvGZU9GI1h2QCdB7TC2gbj+F8vEx1VVEVSHqJBa5gCXFjGkcjDVbroyjkL7yzeUOrOhflAb1qNcjcs6j6Skbo2akBGjCmWDQq6iaGFNYg0lGZL1ld9YBEDSekEvTDGzZ5wxyy9y4d7GKPNFJPSTtr8xKEXXISzbLilwxLU4wwBytG80HYT+94gveoCyJgOO+eT+4nSPA\\/uMOLE1ImF2zBbEjf1OFrWSCWErpp6QygcxoUcZ9JnAI0NzFWpu9Xn\\/IZXT940CrRNSUd8vV6RUy2irgYHB+5oK6U5iIbOWyq7zVESne9uk3HFRYdDbtDItJ1vab9vAUFhE5vq8vgCqC2ZpxizWDQYMS4wxczMy9meUG5Qwbb3BLzU81dWCHHlBHd2i3qQq8LsmZdr3gWfKUJpcxxk7THLjeWIRVhW5ntBbD2ShziYOYLWk7Qb1uusLe3eWXrQecSUtrE4POUHU+UqG9cJ+epMqcRkWbmQlYehOnrBktjrskf3MQ9UnPnFIFKdWSIUGOQ8n9wR6PDHLiIntPiY1sXnMJbiSul0AgIL4+oAiqgPmZUTyXbq\\/qKmVPLLPUo95fZFGn9RbIU6roR4ATmlf20bK7sxmKGrEJTAR0I0AlUN0fFCrZ1ZvstOXiHyLV2CFXRsvDL8ErKDvA6Fw0AnoJYm5BvQwUKtrWiABBbrBN4+Vp3xEtVNzd9o01R5CIECUNXzDGZz2dmFgOb3iLNbg6kZyHoSs6yhYoymqV5TLVoIQlacMDb3iHaU1lIf5ERVaOksxGobE3BviWTc6Sh5MP5GkOVrvNjZNxlOs7gMBirux6yvMrE4YZ8\\/1NB4Rh+otBcGdThnld5XYuKXZ6TuGFS2gfeMsf7WWKF806d\\/WPmV1d4LDyvzN4hqzO8hU1j6IuKffvGLx56zfFOUDdCK6s2SYJfga5aGUlnXFuf9YQ1lgaPaIXekd1faGJ6EylPbM02zy5i1XbwZioUoXTvM1fxLI4o6se0GqTCWZCtq1mSNET1jSAxyEC7DVjPSZCmhMXu9KmWRBWC\\/WCam\\/OWjFxV5IKwqUYcyno8qjZm+0p3lmynnEObJVqtdopv94rW56zXA6CeYivqjwLh2PyqJSmi5jkvhmjMsw2mLxM003MhAY3HbezHKlW+8KzACWLi6Ax0T+InB7EJoE1RGocDfJKGwLRQBv0m6SgBOEL7wPyNxdk4GashsbZlrrN2pNpSGxkksVOghWi+aZN4ocdg8DBufBZ5QUo+vgpTnHEphe9uABj1W94ByWBFS1vUXRDrMs7zHTGVkE10I+iqFB8TUIsOF1tBwBAAW+UKIcrMCBGgeXMcqx4PuJ5ptR7KZzkIGx0roxZBdH+pmrdFQvoq2AFbl\\/wRUBWqZL3ltZB3hg0JOKKNVhd2nMS2ebEbk9iqLWhg2YI3ILJsRKFQY4tAcF4YT2AnTONSZCrwYPuUiorJhz6wmQDiik4cxwKQ40ON4CsTSAU15xv4FlAO2FlEw5b3EDluuIADf8AIsLnUgypy1IaxSrq0K4Us3hq6xzMegspGKXcJbJreqgMXtrK8R0vbpbtKwioBgHS48ERMtmiW6QrroQmnVjgWv1i62xHN7R54QnbPhBbXbODafz31P576n899T+e+p\\/PfUoWipD5P5NvOM5EZqqAsyBuiVIU2Osc0gDldTcgQBtFjA8ik6vH1Ky3Y2wOgPWo2xJG66y+LYvBK8EKuahQ+kE8mXrFl+voesUUnUw8DYgK0CxEt9KPYFMHWpaNDWbtCGyJ7cnrjy8LjQil8f8AYleoWW6zJlqtrmSuU9\\/CDO6NCagWrBQt3nrhg9YkeeC3nbEerReg5Hfw+A2koe6kYqsSlZlfwCA0KT7xabajGCFnzn4Pjeoa2VKj2ITKp8+J1JbsQzpepB8wue2fjwoGAGUyN\\/BFmEsDYXt3iJtE0Gy795ZXthjaEvuzbz2DpAcI1XAVjgoLaCrLVKYAzM61mKC83XnACagmFtV40zxHpMQEM0uzF8w3BKt8VUOUpRYmqR41bDDQbW6GGtaw4grYUdaCjEQyuwhYg2lFG8s+mEe0C8qtButata4g+3gBoaSzEoSAt57RBZ94oKHc\\/wBWMOxYNN3tcJov7HU6wPBpOE0+o47apODHuv0mrPRZcqpsNdBo9iYJjVbI+h4WEB2i89oh0yYQjGkuwS64JaavB+\\/KIkVNq7sDijRM00AHs4lpsOs8bQ5Na51xca2aWPOQvxXBbO7wXfXScBwKib+AMQpdWdr\\/AGB9bBwmseCNOZhQsA3MoSgPoL5ZMOekQq0RoC0aG9nrEN6x3gXVuMaRGp9xORFcYLHLHEC0J2lWOORrzCKAVQR4OdpURJ0EcalW1uSjBpLvP4U4lrBQkWsUTclDyPgfuNiQ7QBpSvDNCFPXwoY5gQsYRycrdxxe8QN6ByRNfKHoSKhghiIKdFSK5EFFaLV\\/oI6ennNa+x\\/tz+1zH9nlCa1CZ+W3EFQ2tVczrWvSp\\/x6tfLWdYaLwqrNXV18XMROPWFSa6LdSipXUOUgMAGeFa3EaHloIZeyLyjwX3eUqvNX2I4BSjVXeEO7oxMCoTs9TL9VvOHXSHkTVWteaY9C2k7LKevzHu3HHAwe0My7EZoWR7Fx9RCsMAqTSFkV01t3hTy4DU6+Fnk51gfB9oYZAP8AZkyDFzNPI+WMYtVTXcMeyfsIKCajENzhpmWFFneEKR01yXM6BYoL+7Q+cscsohg2tAZ0luShMN3FqoVbEWPjmFyqLLQdFEoRYyEFxyq7ECo31E2yXWDYKZVWWqp7F3sd+0ALT72\\/vDu7TKjhqZxnEyckrIFkLHN6VrNgg1BaAR1cBXE1uupZYuBVWfaMSw7oFHAtTzhR1VSZLJFXuNZrgatCy7GvEMjktKvaVuLwsvqVMJVVt+BIJiXLly\\/aDclXls4nz5j2YzU1IxHXTIQyc6QevTDHdnMzr2g45nXygUcHSBxeQ0lhIs3EGry9DsoaLXETJpY2FKFo5c3HAVJVLFFnFEW5y4C+u8xETjLGlU3rAKM6\\/wBgqGOEgoDRjoI0l1QIEpLIIeaDXYigjDFdNB1oNLfNzMFMlprDSG5KLCPVDKL3otXdenhYsap4CJdkyhAcZ13jK6pQij+cw\\/BF4pVbonhlHzhyyr8lejIUOdfC3RoxNfCalsm0TgV3qGRonPt4Bh6IvoebL1BP1W5TlZZZGqdVgRw3r5eDl5UqAhM3kl6nUjoleqwWa5heBtCzSyTXfeU4QSgcjOHrECNcFTq2pd8xB8WjWuuVt21mO2HBdGlerAQAmqlvQ53l+geQrc2\\/Ebdx8UOqVw1aLgNaHQwxzjozLFKvN5bazQUi2C94alUS0khVgo0C06aMsgRgsLtdrD0MZggfuaj20aDSZ7QFoRGHn8bly5czGgbfKOsmDVzW0Py6glKsBWnnxFYqNIyQ5VrcSul3mOQgYoGhVs3em0CUm1QBCkaSZ2Mw\\/bFXQKFHeoy4oLvaLuA\\/mL+XaF5J4IDY7Ywz+A+5\\/Afc\\/gPufwH3P4D7lowVJa6P5CHaUEF00B40A1SVaao6f6DwEq1QGCkFh4VXjoL814EEoC1gmzzFlOpLGB0F7wsNYF2u3EAgqxg2qT6ND1z5eHXZARMkHZHA7JCWeR8TIQY0gRHfwdzsiyhsKRgpico9zSWnQ0qPSaTbTKHoeBMpanEGh5Q6vxOIK3W15zUH1UizRF5GVezmIbbs\\/C\\/HTVqUNIplQTWVtpM+Ux04LElrHIXohWEeG8dwELFRMbCo2Da4g4lHU+UoYhUbXvzAUzF2CdL1n6mC8Pc\\/UqrE7n6nT9Z+p0\\/WfqUA2xZaH1KdfJD9RrwDun6mCAuRb7Q4PUfqCbeo\\/Uw7TyQd9DxNi8iglyQMl1KOoHFwpbWJNcHtM1MtWBdX30jaoauJTLSkYkqLoo9JXhMIDBA7GaMElpFXWCqDaWpvLMbbV3JqlnlCXNUcXMfVYggqwgYpKUU3V3jpE3V6TrvSC6LHIzvic4ec\\/wCAnVPKDJKkAG6x7AZoWWViB0LhNs\\/6b9x\\/3n7i37H7i2vov7hmwqQ\\/uYS2oSxdUV0LY1Llm4+PtKHWWdMeAXLRy6QJbYAWtQWDt4WAWYxWRz3YSiEOlq\\/ULGh6RL3q9al9C3NEtbW4NimCIucl5gLZ6MoQKDYmgVBoSvUHyjgeolauxEci9tIHQmFg0ty\\/UyABoFaEumh6SnB6QjYgsLTlC0IifEsOllTC0oLMsaSnRiu2M9ko48HMRwekRsErrVS74Yg5HWrhurtBu09QSjU\\/VH\\/ImNC\\/KAl8zvNhp51s4g7GWt\\/kVB5NvdikdXXEDsPSUOk8pb+qIbPSCDRDJIW2ek6D0jwPSPA9I8D0nQPSM0lOGhBdUPGr1hmbJybuI+hVp45YNhyh2Vic9ZgPER0G6FrUEKsNB3fojQ6UIY7EV72xLVRLOB6QyXHeZV0hpCrkDSFaMGk4Y4MQwYKnduCmpcfvyjQi4Dq7sAANZOh0n0lCuVwYLwdMWpomXaLdx3oRaWsS1pBgPBQ5IgiN4uPDIpiDZ7S810KsamF80a9oqLXGqsdRK2CUDKjbK6GhEoEu030uFCrQNGJRg1ssi9RCqiEtoaieViXLjnCWWvhFx6S7zL8X8NAIljrH4TW2cToZ7+ADxciQDYhZDPGrRBNWgyG3aJx1Rt0mNbKXlANVrszY9QgBgAgty6RMrggW0CpSFCHELeWLblgtWhu8QTCigNYPHBY9uhN7dfxGEYHWELYGkBnHAMLr\\/gufc9GPaX4DN4LvAlhXtKDZZDdlC8Crs0lXCSOQN4lWUdGkNwCXrN4ZqhAlKpX98y6y92IUCvKAB2wQuAdGXLlU49INTSoqw01DOFVtL\\/H5vEqnyeIVowtRYgaJfhcuXBpeYlh21jwLKWzIBOvRd\\/0QLOApm7vneZACw0z5RKLEesAULlqx6XWC6lDW4IC03YtgGNo0TFt8OGFp6BDwDyU4JatuV\\/KsXNLQm2YwJjmaNuHiSuiekqJWcMuXMCNuCCUvQICIsLGZcZ5RqhyaMAvHaDUzB4lXpmJnTSZd1lM0td6zLNTWqlmmRu6Sae20yNcfT\\/Y5Ed\\/qVNXvU0D0jgVq40Vbe0tJ\\/mAAmjL\\/AA0u\\/i6QEd0C21CX4odYEeDw1GjA4lWNKkbEFZflBITTc1PE73kS2auQXpC+xNZX3xZ8ERPQHQ6wzWBQ4cvViqqtrq\\/kN3SK9ni1g1Lt8CqHZ+F5W5isnTSak0cEYwxztM+9x0l6TkqJcFA4g18p6QStHZhHgQvv2hc6LR1mm6eqASxrvKw4vN8ygHd0iaqmXFmWWXcyqmkjRSiDOTOjHw6uk18JQPSCt8\\/xhlLm857x+BQWes0GJd+OyLRbiC9wcEwqbLsO8ztAaBoRbgROiKurLA5hgoPA39U8QYZxpGrymLhcQGKKl3EDSx8FtomINWEzNhcwIyxxGG1dAYioEMJ2OsSitrq\\/kZZqrYjgPEeBrHRFDxDwJmh0CnXvLiKyraGCgoPC4S4ryiUAsSlNI11y5D3l1Q6\\/eajxiYFNzMVUHRgDVRlLV4HnLls0RwL3mEmgzE95piU2YjYvk0hEBnEF9VPwHsKlTbV8PSWVlryTQowcHj\\/\\/2Q==\\\" data-filename=\\\"14194298_1070473683006358_1783009617_n.jpg\\\" style=\\\"margin: 10px; width: 600px;\\\"><\\/p><p><\\/p><p>Repudiandae laborum impedit, fuga. Labore autem aut libero quo omnis deserunt pariatur? Ipsam iste eligendi est, nulla consequatur voluptas voluptas suscipit ut omnis et vitae ad omnis quia consequatur, quod culpa, aute recusandae. Nesciunt, pariatur? Sapiente anim quis nostrud qui labore ut asperiores elit, nesciunt, perferendis distinctio. Doloremque iure dolor optio, vero et enim dolorem autem iste ullam et labore in aliqua. Laboriosam, dolorum voluptatem irure molestiae aliquam.Repudiandae laborum impedit, fuga. Labore autem aut libero quo omnis deserunt pariatur? Ipsam iste eligendi est, nulla consequatur voluptas voluptas suscipit ut omnis et vitae ad omnis quia consequatur, quod culpa, aute recusandae. Nesciunt, pariatur? Sapiente anim quis nostrud qui labore ut asperiores elit, nesciunt, perferendis distinctio. Doloremque iure dolor optio, vero et enim dolorem autem iste ullam et labore in aliqua. Laboriosam, dolorum voluptatem irure molestiae aliquam.Repudiandae laborum impedit, fuga. Labore autem aut libero quo omnis deserunt pariatur? Ipsam iste eligendi est, nulla consequatur voluptas voluptas suscipit ut omnis et vitae ad omnis quia consequatur, quod culpa, aute recusandae. Nesciunt, pariatur? Sapiente anim quis nostrud qui labore ut asperiores elit, nesciunt, perferendis distinctio. Doloremque iure dolor optio, vero et enim dolorem autem iste ullam et labore in aliqua. Laboriosam, dolorum voluptatem irure molestiae aliquam.<\\/p><p><br><\\/p><p>Repudiandae laborum impedit, fuga. Labore autem aut libero quo omnis deserunt pariatur? Ipsam iste eligendi est, nulla consequatur voluptas voluptas suscipit ut omnis et vitae ad omnis quia consequatur, quod culpa, aute recusandae. Nesciunt, pariatur? Sapiente anim quis nostrud qui labore ut asperiores elit, nesciunt, perferendis distinctio. Doloremque iure dolor optio, vero et enim dolorem autem iste ullam et labore in aliqua. Laboriosam, dolorum voluptatem irure molestiae aliquam.Repudiandae laborum impedit, fuga. Labore autem aut libero quo omnis deserunt pariatur? Ipsam iste eligendi est, nulla consequatur voluptas voluptas suscipit ut omnis et vitae ad omnis quia consequatur, quod culpa, aute recusandae. Nesciunt, pariatur? Sapiente anim quis nostrud qui labore ut asperiores elit, nesciunt, perferendis distinctio. Doloremque iure dolor optio, vero et enim dolorem autem iste ullam et labore in aliqua. Laboriosam, dolorum voluptatem irure molestiae aliquam.Repudiandae laborum impedit, fuga. Labore autem aut libero quo omnis deserunt pariatur? Ipsam iste eligendi est, nulla consequatur voluptas voluptas suscipit ut omnis et vitae ad omnis quia consequatur, quod culpa, aute recusandae. Nesciunt, pariatur? Sapiente anim quis nostrud qui labore ut asperiores elit, nesciunt, perferendis distinctio. Doloremque iure dolor optio, vero et enim dolorem autem iste ullam et labore in aliqua. Laboriosam, dolorum voluptatem irure molestiae aliquam.<br><\\/p><p><\\/p>\",\"widget\":\"\"}]', NULL, NULL);
INSERT INTO `page` (`page_id`, `status`, `page_name`, `parmalink`, `content`, `parts`, `tag`, `fixed`) VALUES
(12, '0', 'Documentation', 'Documentation', NULL, '[{\"size\":\"3\",\"type\":\"widget\",\"content\":\"<p><br><\\/p>\",\"widget\":\"product_categories\"},{\"size\":\"9\",\"type\":\"content\",\"content\":\"<h3><span style=\\\"background-color: transparent; color: rgb(0, 0, 0); font-family: Roboto; font-size: 14.6667px; font-weight: 700; text-decoration: underline; white-space: pre-wrap;\\\">Structure &amp; Information of Important Common Elements<\\/span><\\/h3><ol style=\\\"margin-top:0pt;margin-bottom:0pt;\\\"><li dir=\\\"ltr\\\" style=\\\"list-style-type:decimal;font-size:14.666666666666666px;font-family:Roboto;color:#000000;background-color:transparent;font-weight:400;font-style:normal;font-variant:normal;text-decoration:none;vertical-align:baseline;\\\"><p dir=\\\"ltr\\\" style=\\\"line-height:1.38;margin-top:0pt;margin-bottom:0pt;\\\"><span style=\\\"font-size:14.666666666666666px;font-family:Roboto;color:#000000;background-color:transparent;font-weight:700;font-style:normal;font-variant:normal;text-decoration:underline;vertical-align:baseline;white-space:pre-wrap;\\\">Header<\\/span><span style=\\\"font-size:14.666666666666666px;font-family:Roboto;color:#000000;background-color:transparent;font-weight:400;font-style:normal;font-variant:normal;text-decoration:underline;vertical-align:baseline;white-space:pre-wrap;\\\">:<\\/span><span style=\\\"font-size:14.666666666666666px;font-family:Roboto;color:#000000;background-color:transparent;font-weight:400;font-style:normal;font-variant:normal;text-decoration:none;vertical-align:baseline;white-space:pre-wrap;\\\"> <\\/span><\\/p><\\/li><\\/ol><p dir=\\\"ltr\\\" style=\\\"line-height:1.38;margin-top:0pt;margin-bottom:0pt;text-indent: 36pt;text-align: justify;\\\"><span style=\\\"font-size:14.666666666666666px;font-family:Roboto;color:#000000;background-color:transparent;font-weight:400;font-style:normal;font-variant:normal;text-decoration:none;vertical-align:baseline;white-space:pre-wrap;\\\">We can divide the header into three major parts.<\\/span><\\/p><ul style=\\\"margin-top:0pt;margin-bottom:0pt;\\\"><li dir=\\\"ltr\\\" style=\\\"list-style-type:disc;font-size:14.666666666666666px;font-family:Roboto;color:#000000;background-color:transparent;font-weight:400;font-style:normal;font-variant:normal;text-decoration:none;vertical-align:baseline;margin-left: 48px;\\\"><p dir=\\\"ltr\\\" style=\\\"line-height:1.38;margin-top:0pt;margin-bottom:0pt;text-align: justify;\\\"><span style=\\\"font-size:14.666666666666666px;font-family:Roboto;color:#000000;background-color:transparent;font-weight:700;font-style:normal;font-variant:normal;text-decoration:underline;vertical-align:baseline;white-space:pre-wrap;\\\">Top Header:<\\/span><span style=\\\"font-size:14.666666666666666px;font-family:Roboto;color:#000000;background-color:transparent;font-weight:400;font-style:normal;font-variant:normal;text-decoration:none;vertical-align:baseline;white-space:pre-wrap;\\\"> Top header contains the options for \\u201cLanguage Change\\u201d, \\u201cCurrency Change \\u201d, \\u201cFAQ\\u201d, \\u201cCustomer Login\\u201d, \\u201cCustomer Registration\\u201d &amp; \\u201cVendor Registration\\u201d.<\\/span><span style=\\\"font-size:14.666666666666666px;font-family:Roboto;color:#000000;background-color:transparent;font-weight:400;font-style:normal;font-variant:normal;text-decoration:none;vertical-align:baseline;white-space:pre-wrap;\\\"><br class=\\\"kix-line-break\\\"><br class=\\\"kix-line-break\\\"><\\/span><\\/p><\\/li><li dir=\\\"ltr\\\" style=\\\"list-style-type:disc;font-size:14.666666666666666px;font-family:Roboto;color:#000000;background-color:transparent;font-weight:400;font-style:normal;font-variant:normal;text-decoration:none;vertical-align:baseline;margin-left: 48px;\\\"><p dir=\\\"ltr\\\" style=\\\"line-height:1.38;margin-top:0pt;margin-bottom:0pt;text-align: justify;\\\"><span style=\\\"font-size:14.666666666666666px;font-family:Roboto;color:#000000;background-color:transparent;font-weight:700;font-style:normal;font-variant:normal;text-decoration:underline;vertical-align:baseline;white-space:pre-wrap;\\\">Middle Header:<\\/span><span style=\\\"font-size:14.666666666666666px;font-family:Roboto;color:#000000;background-color:transparent;font-weight:400;font-style:normal;font-variant:normal;text-decoration:none;vertical-align:baseline;white-space:pre-wrap;\\\"> Middle header contains admin uploaded &amp; selected \\u201chome page header logo\\u201d, \\u201csearch bar(product &amp; vendor based search)\\u201d, \\u201ccompare button (from where user can moved the all compared product list page)\\u201d &amp; \\u201ccart button(from where customer moved to checkout page.)\\u201d. &nbsp;<\\/span><span style=\\\"font-size:14.666666666666666px;font-family:Roboto;color:#000000;background-color:transparent;font-weight:400;font-style:normal;font-variant:normal;text-decoration:none;vertical-align:baseline;white-space:pre-wrap;\\\"><br class=\\\"kix-line-break\\\"><br class=\\\"kix-line-break\\\"><\\/span><\\/p><\\/li><li dir=\\\"ltr\\\" style=\\\"list-style-type:disc;font-size:14.666666666666666px;font-family:Roboto;color:#000000;background-color:transparent;font-weight:400;font-style:normal;font-variant:normal;text-decoration:none;vertical-align:baseline;margin-left: 48px;\\\"><p dir=\\\"ltr\\\" style=\\\"line-height:1.38;margin-top:0pt;margin-bottom:0pt;text-align: justify;\\\"><span style=\\\"font-size:14.666666666666666px;font-family:Roboto;color:#000000;background-color:transparent;font-weight:700;font-style:normal;font-variant:normal;text-decoration:underline;vertical-align:baseline;white-space:pre-wrap;\\\">Bottom Header:<\\/span><span style=\\\"font-size:14.666666666666666px;font-family:Roboto;color:#000000;background-color:transparent;font-weight:400;font-style:normal;font-variant:normal;text-decoration:none;vertical-align:baseline;white-space:pre-wrap;\\\"> Bottom Header contains the link for \\u201cHome page\\u201d, \\u201cAll categories(with all sub categories in dropdown)\\u201d, \\u201cFeatured product\\u201d, \\u201cToday\\u2019s deal\\u201d, \\u201cAll brands\\u201d, \\u201cAll vendors\\u201d, \\u201cStore locator\\u201d, \\u201ccontact\\u201d &amp; \\u201cMore(Admin created custom responsive page will be shown on dropdown)\\u201d. <\\/span><span style=\\\"font-size:14.666666666666666px;font-family:Roboto;color:#000000;background-color:transparent;font-weight:400;font-style:normal;font-variant:normal;text-decoration:none;vertical-align:baseline;white-space:pre-wrap;\\\"><br class=\\\"kix-line-break\\\"><br class=\\\"kix-line-break\\\"><\\/span><\\/p><\\/li><\\/ul><p dir=\\\"ltr\\\" style=\\\"line-height:1.38;margin-top:0pt;margin-bottom:0pt;text-align: justify;\\\"><span style=\\\"font-size:14.666666666666666px;font-family:Roboto;color:#000000;background-color:transparent;font-weight:700;font-style:italic;font-variant:normal;text-decoration:none;vertical-align:baseline;white-space:pre-wrap;\\\">Technical Directory:<\\/span><span style=\\\"font-size:14.666666666666666px;font-family:Roboto;color:#000000;background-color:transparent;font-weight:400;font-style:italic;font-variant:normal;text-decoration:none;vertical-align:baseline;white-space:pre-wrap;\\\"> If anyone wants to change the structure or design he\\/she will need to follow the below directory and works on that directed files.<\\/span><\\/p><p dir=\\\"ltr\\\" style=\\\"line-height:1.38;margin-top:0pt;margin-bottom:0pt;text-align: justify;\\\"><span style=\\\"font-size:14.666666666666666px;font-family:Roboto;color:#000000;background-color:transparent;font-weight:400;font-style:italic;font-variant:normal;text-decoration:none;vertical-align:baseline;white-space:pre-wrap;\\\">Your project\\/application\\/views\\/front\\/header\\/header1.php<\\/span><\\/p><p><b style=\\\"font-weight:normal;\\\"><br><\\/b><\\/p><p dir=\\\"ltr\\\" style=\\\"line-height:1.38;margin-top:0pt;margin-bottom:0pt;\\\"><span style=\\\"font-size:14.666666666666666px;font-family:Roboto;color:#000000;background-color:transparent;font-weight:700;font-style:normal;font-variant:normal;text-decoration:none;vertical-align:baseline;white-space:pre-wrap;\\\">Logo upload directory<\\/span><span style=\\\"font-size:14.666666666666666px;font-family:Roboto;color:#000000;background-color:transparent;font-weight:700;font-style:italic;font-variant:normal;text-decoration:none;vertical-align:baseline;white-space:pre-wrap;\\\"> :<\\/span><span style=\\\"font-size:14.666666666666666px;font-family:Roboto;color:#000000;background-color:transparent;font-weight:400;font-style:italic;font-variant:normal;text-decoration:none;vertical-align:baseline;white-space:pre-wrap;\\\"> admin &gt; frontend settings &gt; Display settings &gt; logo &gt; upload logo &gt; change home page item &gt; top slider<\\/span><\\/p><p><b style=\\\"font-weight:normal;\\\"><br><\\/b><\\/p><ol style=\\\"margin-top:0pt;margin-bottom:0pt;\\\" start=\\\"2\\\"><li dir=\\\"ltr\\\" style=\\\"list-style-type:decimal;font-size:14.666666666666666px;font-family:Roboto;color:#000000;background-color:transparent;font-weight:400;font-style:normal;font-variant:normal;text-decoration:none;vertical-align:baseline;\\\"><p dir=\\\"ltr\\\" style=\\\"line-height:1.38;margin-top:0pt;margin-bottom:0pt;text-align: justify;\\\"><span style=\\\"font-size:14.666666666666666px;font-family:Roboto;color:#000000;background-color:transparent;font-weight:700;font-style:normal;font-variant:normal;text-decoration:underline;vertical-align:baseline;white-space:pre-wrap;\\\">Product Box<\\/span><span style=\\\"font-size:14.666666666666666px;font-family:Roboto;color:#000000;background-color:transparent;font-weight:400;font-style:normal;font-variant:normal;text-decoration:underline;vertical-align:baseline;white-space:pre-wrap;\\\">:<\\/span><span style=\\\"font-size:14.666666666666666px;font-family:Roboto;color:#000000;background-color:transparent;font-weight:400;font-style:normal;font-variant:normal;text-decoration:none;vertical-align:baseline;white-space:pre-wrap;\\\"> <\\/span><span style=\\\"font-size:14.666666666666666px;font-family:Roboto;color:#000000;background-color:transparent;font-weight:400;font-style:normal;font-variant:normal;text-decoration:none;vertical-align:baseline;white-space:pre-wrap;\\\"><br class=\\\"kix-line-break\\\"><\\/span><span style=\\\"font-size:14.666666666666666px;font-family:Roboto;color:#000000;background-color:transparent;font-weight:400;font-style:normal;font-variant:normal;text-decoration:none;vertical-align:baseline;white-space:pre-wrap;\\\">We designed three different types of \\u201cproduct box\\u201d for the frontend design to the aspection of making anyone\\u2019s site eye catching and to make difference which will reduce the necessity of custom design. One\\u2019s don\\u2019t need to have any coding knowledge for changing the design and structure. All three designed product box contain the same informations and data for better understand. Please follow the step by step instructions : &nbsp;<\\/span><\\/p><\\/li><\\/ol><ul style=\\\"margin-top:0pt;margin-bottom:0pt;\\\"><li dir=\\\"ltr\\\" style=\\\"list-style-type:disc;font-size:14.666666666666666px;font-family:Roboto;color:#000000;background-color:transparent;font-weight:400;font-style:normal;font-variant:normal;text-decoration:none;vertical-align:baseline;margin-left: 48px;\\\"><p dir=\\\"ltr\\\" style=\\\"line-height:1.38;margin-top:0pt;margin-bottom:0pt;text-align: justify;\\\"><span style=\\\"font-size:14.666666666666666px;font-family:Roboto;color:#000000;background-color:transparent;font-weight:700;font-style:normal;font-variant:normal;text-decoration:underline;vertical-align:baseline;white-space:pre-wrap;\\\">Product Image:<\\/span><span style=\\\"font-size:14.666666666666666px;font-family:Roboto;color:#000000;background-color:transparent;font-weight:400;font-style:normal;font-variant:normal;text-decoration:none;vertical-align:baseline;white-space:pre-wrap;\\\"> This part for product image.After hovering the image \\u201cquick view\\u201d button will appear(where customer can view the short description of the &nbsp;product). <\\/span><span style=\\\"font-size:14.666666666666666px;font-family:Roboto;color:#000000;background-color:transparent;font-weight:400;font-style:normal;font-variant:normal;text-decoration:none;vertical-align:baseline;white-space:pre-wrap;\\\"><br class=\\\"kix-line-break\\\"><br class=\\\"kix-line-break\\\"><\\/span><\\/p><\\/li><\\/ul><ul style=\\\"margin-top:0pt;margin-bottom:0pt;\\\"><li dir=\\\"ltr\\\" style=\\\"list-style-type:disc;font-size:14.666666666666666px;font-family:Roboto;color:#000000;background-color:transparent;font-weight:400;font-style:normal;font-variant:normal;text-decoration:none;vertical-align:baseline;margin-left: 48px;\\\"><p dir=\\\"ltr\\\" style=\\\"line-height:1.38;margin-top:0pt;margin-bottom:0pt;text-align: justify;\\\"><span style=\\\"font-size:14.666666666666666px;font-family:Roboto;color:#000000;background-color:transparent;font-weight:700;font-style:normal;font-variant:normal;text-decoration:underline;vertical-align:baseline;white-space:pre-wrap;\\\">Product Title:<\\/span><span style=\\\"font-size:14.666666666666666px;font-family:Roboto;color:#000000;background-color:transparent;font-weight:400;font-style:normal;font-variant:normal;text-decoration:none;vertical-align:baseline;white-space:pre-wrap;\\\"> Admin \\/ vendor uploaded product title has been shown is here. Click on product title ones can visit the product detail page.<\\/span><\\/p><\\/li><\\/ul><p><b style=\\\"font-weight:normal;\\\"><br><\\/b><\\/p><ul style=\\\"margin-top:0pt;margin-bottom:0pt;\\\"><li dir=\\\"ltr\\\" style=\\\"list-style-type:disc;font-size:14.666666666666666px;font-family:Roboto;color:#000000;background-color:transparent;font-weight:400;font-style:normal;font-variant:normal;text-decoration:none;vertical-align:baseline;margin-left: 48px;\\\"><p dir=\\\"ltr\\\" style=\\\"line-height:1.38;margin-top:0pt;margin-bottom:0pt;text-align: justify;\\\"><span style=\\\"font-size:14.666666666666666px;font-family:Roboto;color:#000000;background-color:transparent;font-weight:700;font-style:normal;font-variant:normal;text-decoration:underline;vertical-align:baseline;white-space:pre-wrap;\\\">Product Price:<\\/span><span style=\\\"font-size:14.666666666666666px;font-family:Roboto;color:#000000;background-color:transparent;font-weight:400;font-style:normal;font-variant:normal;text-decoration:none;vertical-align:baseline;white-space:pre-wrap;\\\"> Admin \\/ vendor fixed product sale price will be shown in here &nbsp;(discounted amount should be deducted &amp; viewed in a smart graphics).<\\/span><\\/p><\\/li><\\/ul><p><b style=\\\"font-weight:normal;\\\"><br><\\/b><\\/p><ul style=\\\"margin-top:0pt;margin-bottom:0pt;\\\"><li dir=\\\"ltr\\\" style=\\\"list-style-type:disc;font-size:14.666666666666666px;font-family:Roboto;color:#000000;background-color:transparent;font-weight:400;font-style:normal;font-variant:normal;text-decoration:none;vertical-align:baseline;margin-left: 48px;\\\"><p dir=\\\"ltr\\\" style=\\\"line-height:1.38;margin-top:0pt;margin-bottom:0pt;text-align: justify;\\\"><span style=\\\"font-size:14.666666666666666px;font-family:Roboto;color:#000000;background-color:transparent;font-weight:700;font-style:normal;font-variant:normal;text-decoration:underline;vertical-align:baseline;white-space:pre-wrap;\\\">Add to Cart:<\\/span><span style=\\\"font-size:14.666666666666666px;font-family:Roboto;color:#000000;background-color:transparent;font-weight:400;font-style:normal;font-variant:normal;text-decoration:none;vertical-align:baseline;white-space:pre-wrap;\\\"> While customers \\/ users take a approach to purchase the chosen product they should click on \\u201cadd to cart\\u201d button for adding in the cart list.Cart list is available in the header(right top part) from where anyone can be moved to check out page with login. <\\/span><\\/p><\\/li><\\/ul><p><b style=\\\"font-weight:normal;\\\"><br><\\/b><\\/p><ul style=\\\"margin-top:0pt;margin-bottom:0pt;\\\"><li dir=\\\"ltr\\\" style=\\\"list-style-type:disc;font-size:14.666666666666666px;font-family:Roboto;color:#000000;background-color:transparent;font-weight:400;font-style:normal;font-variant:normal;text-decoration:none;vertical-align:baseline;margin-left: 48px;\\\"><p dir=\\\"ltr\\\" style=\\\"line-height:1.38;margin-top:0pt;margin-bottom:0pt;text-align: justify;\\\"><span style=\\\"font-size:14.666666666666666px;font-family:Roboto;color:#000000;background-color:transparent;font-weight:700;font-style:normal;font-variant:normal;text-decoration:underline;vertical-align:baseline;white-space:pre-wrap;\\\">Product Compare:<\\/span><span style=\\\"font-size:14.666666666666666px;font-family:Roboto;color:#000000;background-color:transparent;font-weight:400;font-style:normal;font-variant:normal;text-decoration:underline;vertical-align:baseline;white-space:pre-wrap;\\\"> <\\/span><span style=\\\"font-size:14.666666666666666px;font-family:Roboto;color:#000000;background-color:transparent;font-weight:400;font-style:normal;font-variant:normal;text-decoration:none;vertical-align:baseline;white-space:pre-wrap;\\\">For the same category wise product user can add the products in compare list by clicking on \\u201ccompare button\\u201d. Compared products showed in the top right part of the header.From here anyone can visit the compare page.<\\/span><\\/p><\\/li><\\/ul><p><b style=\\\"font-weight:normal;\\\"><br><\\/b><\\/p><ul style=\\\"margin-top:0pt;margin-bottom:0pt;\\\"><li dir=\\\"ltr\\\" style=\\\"list-style-type:disc;font-size:14.666666666666666px;font-family:Roboto;color:#000000;background-color:transparent;font-weight:400;font-style:normal;font-variant:normal;text-decoration:none;vertical-align:baseline;margin-left: 48px;\\\"><p dir=\\\"ltr\\\" style=\\\"line-height:1.38;margin-top:0pt;margin-bottom:0pt;text-align: justify;\\\"><span style=\\\"font-size:14.666666666666666px;font-family:Roboto;color:#000000;background-color:transparent;font-weight:700;font-style:normal;font-variant:normal;text-decoration:underline;vertical-align:baseline;white-space:pre-wrap;\\\">Product Wish:<\\/span><span style=\\\"font-size:14.666666666666666px;font-family:Roboto;color:#000000;background-color:transparent;font-weight:400;font-style:normal;font-variant:normal;text-decoration:underline;vertical-align:baseline;white-space:pre-wrap;\\\"> <\\/span><span style=\\\"font-size:14.666666666666666px;font-family:Roboto;color:#000000;background-color:transparent;font-weight:400;font-style:normal;font-variant:normal;text-decoration:none;vertical-align:baseline;white-space:pre-wrap;\\\">Any user can wish their products while they are logged in.Wished product log has been listed into the user profile.The wishlist button is available in the top header(right) part from where user can look upon his\\/her wished product list.<\\/span><\\/p><\\/li><\\/ul><p><b style=\\\"font-weight:normal;\\\"><br><\\/b><\\/p><ul style=\\\"margin-top:0pt;margin-bottom:0pt;\\\"><li dir=\\\"ltr\\\" style=\\\"list-style-type:disc;font-size:14.666666666666666px;font-family:Roboto;color:#000000;background-color:transparent;font-weight:400;font-style:normal;font-variant:normal;text-decoration:none;vertical-align:baseline;margin-left: 48px;\\\"><p dir=\\\"ltr\\\" style=\\\"line-height:1.38;margin-top:0pt;margin-bottom:0pt;text-align: justify;\\\"><span style=\\\"font-size:14.666666666666666px;font-family:Roboto;color:#000000;background-color:transparent;font-weight:700;font-style:normal;font-variant:normal;text-decoration:underline;vertical-align:baseline;white-space:pre-wrap;\\\">Vendor Name:<\\/span><span style=\\\"font-size:14.666666666666666px;font-family:Roboto;color:#000000;background-color:transparent;font-weight:400;font-style:normal;font-variant:normal;text-decoration:underline;vertical-align:baseline;white-space:pre-wrap;\\\"> <\\/span><span style=\\\"font-size:14.666666666666666px;font-family:Roboto;color:#000000;background-color:transparent;font-weight:400;font-style:normal;font-variant:normal;text-decoration:none;vertical-align:baseline;white-space:pre-wrap;\\\">Vendor &nbsp;name will be shown in here.By clicking on the name ones can visit the vendor\\u2019s public profile.<\\/span><\\/p><\\/li><\\/ul><p><b style=\\\"font-weight:normal;\\\"><br><\\/b><\\/p><ul style=\\\"margin-top:0pt;margin-bottom:0pt;\\\"><li dir=\\\"ltr\\\" style=\\\"list-style-type:disc;font-size:14.666666666666666px;font-family:Roboto;color:#000000;background-color:transparent;font-weight:400;font-style:normal;font-variant:normal;text-decoration:none;vertical-align:baseline;margin-left: 48px;\\\"><p dir=\\\"ltr\\\" style=\\\"line-height:1.38;margin-top:0pt;margin-bottom:0pt;text-align: justify;\\\"><span style=\\\"font-size:14.666666666666666px;font-family:Roboto;color:#000000;background-color:transparent;font-weight:700;font-style:normal;font-variant:normal;text-decoration:underline;vertical-align:baseline;white-space:pre-wrap;\\\">Out of Stock:<\\/span><span style=\\\"font-size:14.666666666666666px;font-family:Roboto;color:#000000;background-color:transparent;font-weight:400;font-style:normal;font-variant:normal;text-decoration:underline;vertical-align:baseline;white-space:pre-wrap;\\\"> <\\/span><span style=\\\"font-size:14.666666666666666px;font-family:Roboto;color:#000000;background-color:transparent;font-weight:400;font-style:normal;font-variant:normal;text-decoration:none;vertical-align:baseline;white-space:pre-wrap;\\\">If any product crossed the stock limit the product will be unavailable and the \\u201cout of stock\\u201d sticker viewed on the product box.<\\/span><\\/p><\\/li><\\/ul><p dir=\\\"ltr\\\" style=\\\"line-height:1.38;margin-top:0pt;margin-bottom:0pt;text-align: justify;\\\"><span style=\\\"font-size:14.666666666666666px;font-family:Roboto;color:#000000;background-color:transparent;font-weight:400;font-style:normal;font-variant:normal;text-decoration:none;vertical-align:baseline;white-space:pre-wrap;\\\"> <\\/span><\\/p><ul style=\\\"margin-top:0pt;margin-bottom:0pt;\\\"><li dir=\\\"ltr\\\" style=\\\"list-style-type:disc;font-size:14.666666666666666px;font-family:Roboto;color:#000000;background-color:transparent;font-weight:400;font-style:normal;font-variant:normal;text-decoration:none;vertical-align:baseline;margin-left: 48px;\\\"><p dir=\\\"ltr\\\" style=\\\"line-height:1.38;margin-top:0pt;margin-bottom:0pt;text-align: justify;\\\"><span style=\\\"font-size:14.666666666666666px;font-family:Roboto;color:#000000;background-color:transparent;font-weight:700;font-style:normal;font-variant:normal;text-decoration:underline;vertical-align:baseline;white-space:pre-wrap;\\\">Product Discount:<\\/span><span style=\\\"font-size:14.666666666666666px;font-family:Roboto;color:#000000;background-color:transparent;font-weight:400;font-style:normal;font-variant:normal;text-decoration:underline;vertical-align:baseline;white-space:pre-wrap;\\\"> <\\/span><span style=\\\"font-size:14.666666666666666px;font-family:Roboto;color:#000000;background-color:transparent;font-weight:400;font-style:normal;font-variant:normal;text-decoration:none;vertical-align:baseline;white-space:pre-wrap;\\\">&nbsp;Any discounted product will have the \\u201cDiscount sticker\\u201d with the limitation of discounted amount or discounted percentage.<\\/span><\\/p><\\/li><\\/ul><p dir=\\\"ltr\\\" style=\\\"line-height:1.38;margin-top:0pt;margin-bottom:0pt;text-align: justify;\\\"><span style=\\\"font-size:14.666666666666666px;font-family:Roboto;color:#000000;background-color:transparent;font-weight:700;font-style:italic;font-variant:normal;text-decoration:none;vertical-align:baseline;white-space:pre-wrap;\\\">Admin directory :<\\/span><span style=\\\"font-size:14.666666666666666px;font-family:Roboto;color:#000000;background-color:transparent;font-weight:400;font-style:italic;font-variant:normal;text-decoration:none;vertical-align:baseline;white-space:pre-wrap;\\\"> admin &gt; frontend settings &gt; Display settings &gt; home page &gt; select home page &gt; change home page item &gt; featured product\\/category wise product &gt; choose product box style.<\\/span><\\/p><p dir=\\\"ltr\\\" style=\\\"line-height:1.38;margin-top:0pt;margin-bottom:0pt;text-align: justify;\\\"><span style=\\\"font-size:14.666666666666666px;font-family:Roboto;color:#000000;background-color:transparent;font-weight:700;font-style:italic;font-variant:normal;text-decoration:underline;vertical-align:baseline;white-space:pre-wrap;\\\">Technical Directory:<\\/span><span style=\\\"font-size:14.666666666666666px;font-family:Roboto;color:#000000;background-color:transparent;font-weight:400;font-style:normal;font-variant:normal;text-decoration:underline;vertical-align:baseline;white-space:pre-wrap;\\\"> <\\/span><span style=\\\"font-size:14.666666666666666px;font-family:Roboto;color:#000000;background-color:transparent;font-weight:400;font-style:normal;font-variant:normal;text-decoration:none;vertical-align:baseline;white-space:pre-wrap;\\\">If anyone wants to change the structure or design he\\/she will need to follow the below directory and works on that directed files.<\\/span><\\/p><p dir=\\\"ltr\\\" style=\\\"line-height:1.38;margin-top:0pt;margin-bottom:0pt;margin-left: 36pt;text-align: justify;\\\"><span style=\\\"font-size:14.666666666666666px;font-family:Roboto;color:#000000;background-color:transparent;font-weight:400;font-style:normal;font-variant:normal;text-decoration:none;vertical-align:baseline;white-space:pre-wrap;\\\">Your project\\/application\\/views\\/front\\/<\\/span><span style=\\\"font-size:14.666666666666666px;font-family:Roboto;color:#ff0000;background-color:transparent;font-weight:400;font-style:normal;font-variant:normal;text-decoration:none;vertical-align:baseline;white-space:pre-wrap;\\\">product box<\\/span><span style=\\\"font-size:14.666666666666666px;font-family:Roboto;color:#000000;background-color:transparent;font-weight:400;font-style:normal;font-variant:normal;text-decoration:none;vertical-align:baseline;white-space:pre-wrap;\\\">.<\\/span><\\/p><p><b style=\\\"font-weight:normal;\\\"><br><br><br><\\/b><\\/p><ol style=\\\"margin-top:0pt;margin-bottom:0pt;\\\" start=\\\"3\\\"><li dir=\\\"ltr\\\" style=\\\"list-style-type:decimal;font-size:14.666666666666666px;font-family:Roboto;color:#000000;background-color:transparent;font-weight:400;font-style:normal;font-variant:normal;text-decoration:none;vertical-align:baseline;\\\"><p dir=\\\"ltr\\\" style=\\\"line-height:1.38;margin-top:0pt;margin-bottom:0pt;\\\"><span style=\\\"font-size:14.666666666666666px;font-family:Roboto;color:#000000;background-color:transparent;font-weight:700;font-style:normal;font-variant:normal;text-decoration:underline;vertical-align:baseline;white-space:pre-wrap;\\\">Sidebar section : <\\/span><span style=\\\"font-size:14.666666666666666px;font-family:Roboto;color:#000000;background-color:transparent;font-weight:400;font-style:normal;font-variant:normal;text-decoration:none;vertical-align:baseline;white-space:pre-wrap;\\\">Sidebar section contain the most advance search options like as category, sub category, brand and price range. Bottom of this section holds the special products such as popular, latest &amp; today\\u2019s deal products.<\\/span><\\/p><\\/li><\\/ol><p dir=\\\"ltr\\\" style=\\\"line-height:1.38;margin-top:0pt;margin-bottom:0pt;text-align: justify;\\\"><span style=\\\"font-size:14.666666666666666px;font-family:Roboto;color:#000000;background-color:transparent;font-weight:700;font-style:italic;font-variant:normal;text-decoration:underline;vertical-align:baseline;white-space:pre-wrap;\\\">Technical Directory:<\\/span><span style=\\\"font-size:14.666666666666666px;font-family:Roboto;color:#000000;background-color:transparent;font-weight:400;font-style:normal;font-variant:normal;text-decoration:underline;vertical-align:baseline;white-space:pre-wrap;\\\"> <\\/span><span style=\\\"font-size:14.666666666666666px;font-family:Roboto;color:#000000;background-color:transparent;font-weight:400;font-style:normal;font-variant:normal;text-decoration:none;vertical-align:baseline;white-space:pre-wrap;\\\">If anyone wants to change the structure or design he\\/she will need to follow the below directory and works on that directed files.<\\/span><\\/p><p dir=\\\"ltr\\\" style=\\\"line-height:1.38;margin-top:0pt;margin-bottom:0pt;\\\"><span style=\\\"font-size:14.666666666666666px;font-family:Roboto;color:#000000;background-color:transparent;font-weight:400;font-style:normal;font-variant:normal;text-decoration:none;vertical-align:baseline;white-space:pre-wrap;\\\">Your project\\/application\\/views\\/front\\/<\\/span><span style=\\\"font-size:14.666666666666666px;font-family:Roboto;color:#ff0000;background-color:transparent;font-weight:400;font-style:normal;font-variant:normal;text-decoration:none;vertical-align:baseline;white-space:pre-wrap;\\\">product box<\\/span><span style=\\\"font-size:14.666666666666666px;font-family:Roboto;color:#000000;background-color:transparent;font-weight:400;font-style:normal;font-variant:normal;text-decoration:none;vertical-align:baseline;white-space:pre-wrap;\\\">. <\\/span><\\/p><p><b style=\\\"font-weight:normal;\\\"><br><\\/b><\\/p><ol style=\\\"margin-top:0pt;margin-bottom:0pt;\\\" start=\\\"4\\\"><li dir=\\\"ltr\\\" style=\\\"list-style-type:decimal;font-size:14.666666666666666px;font-family:Roboto;color:#000000;background-color:transparent;font-weight:400;font-style:normal;font-variant:normal;text-decoration:none;vertical-align:baseline;\\\"><p dir=\\\"ltr\\\" style=\\\"line-height:1.38;margin-top:0pt;margin-bottom:0pt;\\\"><span style=\\\"font-size:14.666666666666666px;font-family:Roboto;color:#000000;background-color:transparent;font-weight:700;font-style:normal;font-variant:normal;text-decoration:underline;vertical-align:baseline;white-space:pre-wrap;\\\">Footer<\\/span><span style=\\\"font-size:14.666666666666666px;font-family:Roboto;color:#000000;background-color:transparent;font-weight:400;font-style:normal;font-variant:normal;text-decoration:underline;vertical-align:baseline;white-space:pre-wrap;\\\">:<\\/span><span style=\\\"font-size:14.666666666666666px;font-family:Roboto;color:#000000;background-color:transparent;font-weight:400;font-style:normal;font-variant:normal;text-decoration:none;vertical-align:baseline;white-space:pre-wrap;\\\"> <\\/span><\\/p><\\/li><\\/ol><p dir=\\\"ltr\\\" style=\\\"line-height:1.38;margin-top:0pt;margin-bottom:0pt;\\\"><span style=\\\"font-size:14.666666666666666px;font-family:Roboto;color:#000000;background-color:transparent;font-weight:700;font-style:normal;font-variant:normal;text-decoration:none;vertical-align:baseline;white-space:pre-wrap;\\\"><span class=\\\"Apple-tab-span\\\" style=\\\"white-space:pre;\\\">\\t<\\/span><\\/span><span style=\\\"font-size:14.666666666666666px;font-family:Roboto;color:#000000;background-color:transparent;font-weight:400;font-style:normal;font-variant:normal;text-decoration:none;vertical-align:baseline;white-space:pre-wrap;\\\">There are two parts of the footer.<\\/span><\\/p><ul style=\\\"margin-top:0pt;margin-bottom:0pt;\\\"><li dir=\\\"ltr\\\" style=\\\"list-style-type:disc;font-size:14.666666666666666px;font-family:Roboto;color:#000000;background-color:transparent;font-weight:400;font-style:normal;font-variant:normal;text-decoration:none;vertical-align:baseline;margin-left: 48px;\\\"><p dir=\\\"ltr\\\" style=\\\"line-height:1.38;margin-top:0pt;margin-bottom:0pt;\\\"><span style=\\\"font-size:14.666666666666666px;font-family:Roboto;color:#000000;background-color:transparent;font-weight:700;font-style:normal;font-variant:normal;text-decoration:underline;vertical-align:baseline;white-space:pre-wrap;\\\">Footer Top<\\/span><span style=\\\"font-size:14.666666666666666px;font-family:Roboto;color:#000000;background-color:transparent;font-weight:400;font-style:normal;font-variant:normal;text-decoration:none;vertical-align:baseline;white-space:pre-wrap;\\\"> <\\/span><span style=\\\"font-size:14.666666666666666px;font-family:Roboto;color:#000000;background-color:transparent;font-weight:700;font-style:normal;font-variant:normal;text-decoration:none;vertical-align:baseline;white-space:pre-wrap;\\\">:<\\/span><span style=\\\"font-size:14.666666666666666px;font-family:Roboto;color:#000000;background-color:transparent;font-weight:400;font-style:normal;font-variant:normal;text-decoration:none;vertical-align:baseline;white-space:pre-wrap;\\\">Top footer contains some options such as footer logo,subscription box categories links, page links, contact details,social media links.All elements sorted in four columns.Category &amp; text in footer has been managed by admin.<\\/span><\\/p><\\/li><\\/ul><ul style=\\\"margin-top:0pt;margin-bottom:0pt;\\\"><li dir=\\\"ltr\\\" style=\\\"list-style-type:disc;font-size:14.666666666666666px;font-family:Roboto;color:#000000;background-color:transparent;font-weight:700;font-style:normal;font-variant:normal;text-decoration:none;vertical-align:baseline;margin-left: 48px;\\\"><p dir=\\\"ltr\\\" style=\\\"line-height:1.38;margin-top:0pt;margin-bottom:0pt;\\\"><span style=\\\"font-size:14.666666666666666px;font-family:Roboto;color:#000000;background-color:transparent;font-weight:700;font-style:normal;font-variant:normal;text-decoration:underline;vertical-align:baseline;white-space:pre-wrap;\\\">Footer Bottom <\\/span><span style=\\\"font-size:14.666666666666666px;font-family:Roboto;color:#000000;background-color:transparent;font-weight:700;font-style:normal;font-variant:normal;text-decoration:none;vertical-align:baseline;white-space:pre-wrap;\\\">: <\\/span><span style=\\\"font-size:14.666666666666666px;font-family:Roboto;color:#000000;background-color:transparent;font-weight:400;font-style:normal;font-variant:normal;text-decoration:none;vertical-align:baseline;white-space:pre-wrap;\\\">This portion contains the \\u201cdeveloper authority name\\u201d,\\u201dterms &amp; condition\\u201d,\\u201dprivacy policy\\u201d and \\u201cpayment gateway logo\\u201d<\\/span><\\/p><\\/li><\\/ul><p dir=\\\"ltr\\\" style=\\\"line-height:1.38;margin-top:0pt;margin-bottom:0pt;text-align: justify;\\\"><span style=\\\"font-size:14.666666666666666px;font-family:Roboto;color:#000000;background-color:transparent;font-weight:700;font-style:italic;font-variant:normal;text-decoration:none;vertical-align:baseline;white-space:pre-wrap;\\\">Admin directory :<\\/span><span style=\\\"font-size:14.666666666666666px;font-family:Roboto;color:#000000;background-color:transparent;font-weight:400;font-style:italic;font-variant:normal;text-decoration:none;vertical-align:baseline;white-space:pre-wrap;\\\"> admin &gt; frontend settings &gt; Display settings &gt; footer.<\\/span><\\/p><p dir=\\\"ltr\\\" style=\\\"line-height:1.38;margin-top:0pt;margin-bottom:0pt;text-align: justify;\\\"><span style=\\\"font-size:14.666666666666666px;font-family:Roboto;color:#000000;background-color:transparent;font-weight:700;font-style:italic;font-variant:normal;text-decoration:underline;vertical-align:baseline;white-space:pre-wrap;\\\">Technical Directory:<\\/span><span style=\\\"font-size:14.666666666666666px;font-family:Roboto;color:#000000;background-color:transparent;font-weight:400;font-style:normal;font-variant:normal;text-decoration:underline;vertical-align:baseline;white-space:pre-wrap;\\\"> <\\/span><span style=\\\"font-size:14.666666666666666px;font-family:Roboto;color:#000000;background-color:transparent;font-weight:400;font-style:normal;font-variant:normal;text-decoration:none;vertical-align:baseline;white-space:pre-wrap;\\\">If anyone wants to change the structure or design he\\/she will need to follow the below directory and works on that directed files.<\\/span><\\/p><p dir=\\\"ltr\\\" style=\\\"line-height:1.38;margin-top:0pt;margin-bottom:0pt;text-align: justify;\\\"><span style=\\\"font-size:14.666666666666666px;font-family:Roboto;color:#000000;background-color:transparent;font-weight:400;font-style:normal;font-variant:normal;text-decoration:none;vertical-align:baseline;white-space:pre-wrap;\\\">Your project\\/application\\/views\\/front\\/<\\/span><span style=\\\"font-size:14.666666666666666px;font-family:Roboto;color:#ff0000;background-color:transparent;font-weight:400;font-style:normal;font-variant:normal;text-decoration:none;vertical-align:baseline;white-space:pre-wrap;\\\">product box<\\/span><span style=\\\"font-size:14.666666666666666px;font-family:Roboto;color:#000000;background-color:transparent;font-weight:400;font-style:normal;font-variant:normal;text-decoration:none;vertical-align:baseline;white-space:pre-wrap;\\\">.<\\/span><\\/p><p dir=\\\"ltr\\\" style=\\\"line-height:1.38;margin-top:0pt;margin-bottom:0pt;text-align: justify;\\\"><span style=\\\"font-size:14.666666666666666px;font-family:Roboto;color:#000000;background-color:transparent;font-weight:400;font-style:normal;font-variant:normal;text-decoration:none;vertical-align:baseline;white-space:pre-wrap;\\\"><br class=\\\"kix-line-break\\\"><br class=\\\"kix-line-break\\\"><\\/span><\\/p><p dir=\\\"ltr\\\" style=\\\"line-height:1.38;margin-top:0pt;margin-bottom:0pt;\\\"><span style=\\\"font-size:14.666666666666666px;font-family:Roboto;color:#000000;background-color:transparent;font-weight:700;font-style:normal;font-variant:normal;text-decoration:underline;vertical-align:baseline;white-space:pre-wrap;\\\">Structure &amp; Information of Home page<\\/span><\\/p><p><b style=\\\"font-weight:normal;\\\"><br><\\/b><\\/p><p dir=\\\"ltr\\\" style=\\\"line-height:1.38;margin-top:0pt;margin-bottom:0pt;\\\"><span style=\\\"font-size:14.666666666666666px;font-family:Roboto;color:#000000;background-color:transparent;font-weight:700;font-style:normal;font-variant:normal;text-decoration:none;vertical-align:baseline;white-space:pre-wrap;\\\">Home page : <\\/span><span style=\\\"font-size:14.666666666666666px;font-family:Roboto;color:#000000;background-color:transparent;font-weight:400;font-style:normal;font-variant:normal;text-decoration:none;vertical-align:baseline;white-space:pre-wrap;\\\">We designed two most conspicuous and absolutely customizable types of home with the utmost experience of qualified user interface perception for representing your eCommerce in a distinctive aspection.We splat the whole home page into several parts such as Layer slider , home top part , advance search area, featured product area, category wise products(for home page 1), category wise banner(for homepage 2), latest blogs (home page 1), special products (Latest products, Most sold, Most viewed product).All of these very specific portions is easily editable with having the options of enable\\/disable.<\\/span><\\/p><p dir=\\\"ltr\\\" style=\\\"line-height:1.38;margin-top:0pt;margin-bottom:0pt;\\\"><span style=\\\"font-size:14.666666666666666px;font-family:Roboto;color:#000000;background-color:transparent;font-weight:700;font-style:italic;font-variant:normal;text-decoration:none;vertical-align:baseline;white-space:pre-wrap;\\\">Admin directory : <\\/span><span style=\\\"font-size:14.666666666666666px;font-family:Roboto;color:#000000;background-color:transparent;font-weight:400;font-style:italic;font-variant:normal;text-decoration:none;vertical-align:baseline;white-space:pre-wrap;\\\">admin(login) &gt; frontend settings &gt; display settings &gt; home page &gt; choose homepage &gt; change home page items.<\\/span><\\/p><p dir=\\\"ltr\\\" style=\\\"line-height:1.38;margin-top:0pt;margin-bottom:0pt;text-align: justify;\\\"><span style=\\\"font-size:14.666666666666666px;font-family:Roboto;color:#000000;background-color:transparent;font-weight:700;font-style:italic;font-variant:normal;text-decoration:underline;vertical-align:baseline;white-space:pre-wrap;\\\">Technical Directory:<\\/span><span style=\\\"font-size:14.666666666666666px;font-family:Roboto;color:#000000;background-color:transparent;font-weight:400;font-style:normal;font-variant:normal;text-decoration:underline;vertical-align:baseline;white-space:pre-wrap;\\\"> <\\/span><span style=\\\"font-size:14.666666666666666px;font-family:Roboto;color:#000000;background-color:transparent;font-weight:400;font-style:normal;font-variant:normal;text-decoration:none;vertical-align:baseline;white-space:pre-wrap;\\\">If anyone wants to change the structure or design he\\/she will need to follow the below directory and works on that directed files.<\\/span><\\/p><p><span style=\\\"font-size: 14.6667px; font-family: Roboto; color: rgb(0, 0, 0); background-color: transparent; vertical-align: baseline; white-space: pre-wrap;\\\">Your project\\/application\\/views\\/front\\/<\\/span><span style=\\\"font-size: 14.6667px; font-family: Roboto; color: rgb(255, 0, 0); background-color: transparent; vertical-align: baseline; white-space: pre-wrap;\\\">product box<\\/span><span style=\\\"font-size: 14.6667px; font-family: Roboto; color: rgb(0, 0, 0); background-color: transparent; vertical-align: baseline; white-space: pre-wrap;\\\">.<\\/span><br><\\/p>\",\"widget\":\"\"}]', NULL, NULL);

-- --------------------------------------------------------

--
