-- Table structure for table `slider`
--

CREATE TABLE `slider` (
  `slider_id` int(11) NOT NULL,
  `elements` longtext,
  `status` longtext,
  `title` longtext,
  `style` varchar(20) DEFAULT NULL,
  `serial` int(11) DEFAULT NULL
) ENGINE=InnoDB DEFAULT CHARSET=utf8;

--
-- Dumping data for table `slider`
--

INSERT INTO `slider` (`slider_id`, `elements`, `status`, `title`, `style`, `serial`) VALUES
(2, '{\"images\":[],\"texts\":[{\"name\":\"text_1\",\"text\":\"WELCOME\",\"color\":\"rgba(255,255,255,1)\",\"background\":\"rgba(0,0,0,0)\"},{\"name\":\"text_2\",\"text\":\"YOUR SHOP NAME\",\"color\":\"rgba(255,255,255,1)\",\"background\":\"rgba(0,0,0,0)\"},{\"name\":\"text_3\",\"text\":\"SHOP TITLE\",\"color\":\"rgba(255,255,255,1)\",\"background\":\"rgba(0,0,0,0)\"}]}', 'ok', 'Welcome 2', '1', 2),
(4, '{\"images\":[],\"texts\":[{\"name\":\"text_1\",\"text\":\"Introducing \",\"color\":\"rgba(33,38,51,1)\",\"background\":\"rgba(0,0,0,0)\"},{\"name\":\"text_2\",\"text\":\"Active Super Shop\",\"color\":\"rgba(101,3,199,1)\",\"background\":\"rgba(0,0,0,0)\"},{\"name\":\"text_3\",\"text\":\"Multi-vendor CMS version 1.5.2\",\"color\":\"rgba(167,0,181,1)\",\"background\":\"rgba(0,0,0,0)\"}]}', 'ok', 'Welcome Slider', '1', 3);

-- --------------------------------------------------------

--
-- Table structure for table `slider_style`
--

CREATE TABLE `slider_style` (
  `slider_style_id` int(11) NOT NULL,
  `name` varchar(100) DEFAULT NULL,
  `value` longtext
) ENGINE=MyISAM DEFAULT CHARSET=utf8;

--
-- Dumping data for table `slider_style`
--

INSERT INTO `slider_style` (`slider_style_id`, `name`, `value`) VALUES
(1, 'WELCOME TYPE 1', '{\n   \"full_slide_style\":\"data-ls=\\\"slidedelay:6500;transition2d:all;transition3d:15;\\\"\",\n   \"background\":\"bg\",\n   \"images\":[\n\n   ],\n   \"texts\":[\n      {\n         \"element\":\"h1\",\n         \"show_name\":\"WELCOME\",\n         \"name\":\"text_1\",\n         \"style\":\"top:30%; left:50%; text-shadow: 0px 0px 20px white;  font-weight: 300; font-size:50px;\",\n         \"data_ls\":\"offsetxin:0; durationin:2500; offsetxout:0; durationout:2500; showuntil:1;\",\n         \"color\":\"#ffffff\",\n         \"background\":\"rgba(0,0,0,0)\"\n      },\n      {\n         \"element\":\"h1\",\n         \"show_name\":\"YOUR SHOP NAME\",\n         \"name\":\"text_2\",\n         \"style\":\"top:50%; left:50%; text-shadow: 0px 0px 20px white;  font-weight: 300; font-size:100px;  white-space: nowrap;\",\n         \"data_ls\":\"offsetxin:0; durationin:2500; delayin:500; offsetxout:0; durationout:2500; showuntil:1;\",\n         \"color\":\"#ffffff\",\n         \"background\":\"rgba(0,0,0,0)\"\n      },\n      {\n         \"element\":\"h1\",\n         \"show_name\":\"SHOP TITLE\",\n         \"name\":\"text_3\",\n         \"style\":\"top:70%; left:50%; text-shadow: 0px 0px 20px white;  font-weight: 300; font-size:40px; white-space: nowrap;\",\n         \"data_ls\":\"offsetxin:0; durationin:2500; delayin:1200; offsetxout:0; durationout:2500; showuntil:1;\",\n         \"color\":\"#ffffff\",\n         \"background\":\"rgba(0,0,0,0)\"\n      }\n   ]\n}'),
(2, 'WELCOME TYPE 2', '{\r\n   \"full_slide_style\":\"data-ls=\\\"slidedelay:4500;transition2d:24,25,27,28,34,35,37,38,110,113;\\\"\",\r\n   \"background\":\"bg_apple\",\r\n   \"images\":[\r\n      {\r\n         \"show_name\":\"Image 1\",\r\n         \"name\":\"ase\",\r\n         \"style\":\"top:20px; left:50%;width:220px; white-space: nowrap;\",\r\n         \"data_ls\":\"offsetxin:0; offsetyin:top; durationin:4600; easingin:easeOutQuad; fadein:false; rotatein:-10; offsetxout:0; durationout:1500;\"\r\n      }\r\n   ],\r\n   \"texts\":[\r\n      {\r\n         \"element\":\"h5\",\r\n         \"show_name\":\"WELCOME TO\",\r\n         \"name\":\"text_1\",\r\n         \"style\":\"top:260px; left:50%; text-align: center;  font-weight: 300; width:300px; height:60px; font-size:30px; line-height:60px; border-radius:5px; white-space: nowrap;\",\r\n         \"data_ls\":\"offsetxin:0; scalexin:0; scaleyin:0; offsetxout:0; offsetyout:top; durationout:750; durationin:1000; fadeout:false;\",\r\n         \"color\":\"#ffffff\",\r\n         \"background\":\"#C404BD\"\r\n      },\r\n      {\r\n         \"element\":\"h5\",\r\n         \"show_name\":\"YOUR SHOP NAME\",\r\n         \"name\":\"text_2\",\r\n         \"style\":\"top:340px; left:50%; text-align: center; font-weight: 300; width:500px; height:100px; font-size:40px; line-height:100px; border-radius:5px; white-space: nowrap;\",\r\n         \"data_ls\":\"offsetxin:0; scalexin:0; scaleyin:0; offsetxout:0; offsetyout:bottom; durationin:1000; durationout:750; fadeout:false;\",\r\n         \"color\":\"#ffffff\",\r\n         \"background\":\"#8D00B0\"\r\n      }\r\n   ]\r\n}'),
(3, 'SLIDER TYPE 1', '{\r\n   \"full_slide_style\":\"data-ls=\\\"slidedelay:7000;transition2d:76,77,78,79;\\\"\",\r\n   \"background\":\"bg_apple\",\r\n   \"images\":[\r\n      {\r\n         \"show_name\":\"Product Image 1\",\r\n         \"name\":\"circle_1\",\r\n         \"style\":\"top:35%; left:60%;width:200px; white-space: nowrap; \",\r\n         \"data_ls\":\"offsetxin:0; offsetyin:top; durationin:750; delayin:1500; easingin:easeOutQuart; fadein:false; offsetxout:right; durationout:1000; showuntil:1; easingout:easeInQuart; fadeout:false; \"\r\n      },\r\n      {\r\n         \"show_name\":\"Product Image 2\",\r\n         \"name\":\"circle_2\",\r\n         \"style\":\"top:35%; left:60%;width:200px; white-space: nowrap;\",\r\n         \"data_ls\":\"offsetxin:0; offsetyin:top; durationin:750; delayin:3000; easingin:easeOutQuart; fadein:false; offsetxout:right; durationout:1000; showuntil:1; easingout:easeInQuart; fadeout:false; \"\r\n      },\r\n      {\r\n         \"show_name\":\"Product Image 3\",\r\n         \"name\":\"circle_3\",\r\n         \"style\":\"top:35%; left:60%;width:200px; white-space: nowrap;\",\r\n         \"data_ls\":\"offsetxin:0; offsetyin:top; durationin:750; delayin:4500; easingin:easeOutQuart; fadein:false; offsetxout:right; durationout:1000; easingout:easeInQuart; fadeout:false; \"\r\n      }\r\n   ],\r\n   \"texts\":[\r\n      {\r\n         \"element\":\"h5\",\r\n         \"show_name\":\"+\",\r\n         \"name\":\"feature_bullet_1\",\r\n         \"style\":\"top:105px; left:30px; text-align: center; font-weight: 300; width:30px; height:30px; font-size:30px; line-height:30px; border-radius:100px; white-space: nowrap;\",\r\n         \"data_ls\":\"offsetxin:0; durationin:750; easingin:easeOutQuint; rotatein:90; scalexin:0.5; scaleyin:0.5; offsetxout:0; durationout:750; rotateout:90; scalexout:0.5; scaleyout:0.5;\",\r\n         \"color\":\"#ffffff\",\r\n         \"background\":\"#C404BD\",\r\n         \"other\":\"fixed\"\r\n      },\r\n      {\r\n         \"element\":\"h5\",\r\n         \"show_name\":\"PRODUCT FEATURE 1\",\r\n         \"name\":\"product_feature_1\",\r\n         \"style\":\"top:100px; left:85px; font-weight: 300; font-size:25px; white-space: nowrap;\",\r\n         \"data_ls\":\"offsetxin:left; easingin:easeOutBack; fadein:false; scalexin:0.1; scaleyin:0.1; offsetxout:left; durationout:750; fadeout:false; scalexout:0.1; scaleyout:0.1;\",\r\n         \"color\":\"#000\",\r\n         \"background\":\"rgba(0,0,0,0)\"\r\n      },\r\n      {\r\n         \"element\":\"h5\",\r\n         \"show_name\":\"+\",\r\n         \"name\":\"feature_bullet_2\",\r\n         \"style\":\"top:155px; left:30px; font-weight: 300; text-align: center; width:30px; height:30px; font-size:30px; line-height:30PX; border-radius:100px; white-space: nowrap;\",\r\n         \"data_ls\":\"offsetxin:0; durationin:750; delayin:500; easingin:easeOutQuint; rotatein:90; scalexin:0.5; scaleyin:0.5; offsetxout:0; durationout:750; rotateout:90; scalexout:0.5; scaleyout:0.5; \",\r\n         \"color\":\"#ffffff\",\r\n         \"background\":\"#C404BD\",\r\n         \"other\":\"fixed\"\r\n      },\r\n      {\r\n         \"element\":\"h5\",\r\n         \"show_name\":\"PRODUCT FEATURE 2\",\r\n         \"name\":\"product_feature_2\",\r\n         \"style\":\"top:150px; left:85px; font-weight: 300; font-size:25px; white-space: nowrap;\",\r\n         \"data_ls\":\"offsetxin:left; delayin:500; easingin:easeOutBack; fadein:false; scalexin:0.1; scaleyin:0.1; offsetxout:left; durationout:750; fadeout:false; scalexout:0.1; scaleyout:0.1;\",\r\n         \"color\":\"#000\",\r\n         \"background\":\"rgba(0,0,0,0)\"\r\n      },\r\n      {\r\n         \"element\":\"h5\",\r\n         \"show_name\":\"+\",\r\n         \"name\":\"feature_bullet_3\",\r\n         \"style\":\"top:205px; left:30px; font-weight: 300; text-align: center; width:30px; height:30px; font-size:30px; line-height:30PX; border-radius:100px; white-space: nowrap;\",\r\n         \"data_ls\":\"offsetxin:0; durationin:750; delayin:1000; easingin:easeOutQuint; rotatein:90; scalexin:0.5; scaleyin:0.5; offsetxout:0; durationout:750; rotateout:90; scalexout:0.5; scaleyout:0.5; \",\r\n         \"color\":\"#ffffff\",\r\n         \"background\":\"#C404BD\",\r\n         \"other\":\"fixed\"\r\n      },\r\n      {\r\n         \"element\":\"h5\",\r\n         \"show_name\":\"PRODUCT FEATURE 3\",\r\n         \"name\":\"product_feature_3\",\r\n         \"style\":\"top:200px; left:85px;  font-weight: 300; font-size:25px; white-space: nowrap; \",\r\n         \"data_ls\":\"offsetxin:left; delayin:1000; easingin:easeOutBack; fadein:false; scalexin:0.1; scaleyin:0.1; offsetxout:left; durationout:750; fadeout:false; scalexout:0.1; scaleyout:0.1;\",\r\n         \"color\":\"#000\",\r\n         \"background\":\"rgba(0,0,0,0)\"\r\n      },\r\n      {\r\n         \"element\":\"h5\",\r\n         \"show_name\":\"+\",\r\n         \"name\":\"feature_bullet_4\",\r\n         \"style\":\"top:255px; left:30px; font-weight: 300; text-align: center; width:30px; height:30px; font-size:30px; line-height:30PX;  border-radius:100px; white-space: nowrap; \",\r\n         \"data_ls\":\"offsetxin:0; durationin:750; delayin:1500; easingin:easeOutQuint; rotatein:90; scalexin:0.5; scaleyin:0.5; offsetxout:0; durationout:750; rotateout:90; scalexout:0.5; scaleyout:0.5;\",\r\n         \"color\":\"#ffffff\",\r\n         \"background\":\"#C404BD\",\r\n         \"other\":\"fixed\"\r\n      },\r\n      {\r\n         \"element\":\"h5\",\r\n         \"show_name\":\"PRODUCT FEATURE 4\",\r\n         \"name\":\"product_feature_4\",\r\n         \"style\":\"top:250px; left:85px;  font-weight: 300; font-size:25px; white-space: nowrap;\",\r\n         \"data_ls\":\"offsetxin:left; delayin:1500; easingin:easeOutBack; fadein:false; scalexin:0.1; scaleyin:0.1; offsetxout:left; durationout:750; fadeout:false; scalexout:0.1; scaleyout:0.1;\",\r\n         \"color\":\"#000\",\r\n         \"background\":\"rgba(0,0,0,0)\"\r\n      },\r\n      {\r\n         \"element\":\"h5\",\r\n         \"show_name\":\"+\",\r\n         \"name\":\"feature_bullet_5\",\r\n         \"style\":\"top:305px; left:30px; font-weight: 300; text-align: center; width:30px; height:30px; font-size:30px; line-height:30PX; border-radius:100px; white-space: nowrap;\",\r\n         \"data_ls\":\"offsetxin:0; durationin:750; delayin:2000; easingin:easeOutQuint; rotatein:90; scalexin:0.5; scaleyin:0.5; offsetxout:0; durationout:750; rotateout:90; scalexout:0.5; scaleyout:0.5; \",\r\n         \"color\":\"#ffffff\",\r\n         \"background\":\"#C404BD\",\r\n         \"other\":\"fixed\"\r\n      },\r\n      {\r\n         \"element\":\"h5\",\r\n         \"show_name\":\"PRODUCT FEATURE 5\",\r\n         \"name\":\"product_feature_5\",\r\n         \"style\":\"top:300px; left:85px;  font-weight: 300; font-size:25px; white-space: nowrap;\",\r\n         \"data_ls\":\"offsetxin:left; delayin:2000; easingin:easeOutBack; fadein:false; scalexin:0.1; scaleyin:0.1; offsetxout:left; durationout:750; fadeout:false; scalexout:0.1; scaleyout:0.1;\",\r\n         \"color\":\"#000\",\r\n         \"background\":\"rgba(0,0,0,0)\"\r\n      },\r\n      {\r\n         \"element\":\"h5\",\r\n         \"show_name\":\"PRODUCT TITLE 1\",\r\n         \"name\":\"product_title_1\",\r\n         \"style\":\"top:65%; left:60%; font-weight: 300; font-size:30px; white-space: nowrap;\",\r\n         \"data_ls\":\"offsetxin:0; durationin:450; delayin:1750; easingin:easeOutQuart; scalexin:0; scaleyin:0; offsetxout:0; durationout:1000; showuntil:51; easingout:easeInQuart; scalexout:3; scaleyout:3;\",\r\n         \"color\":\"#000\",\r\n         \"background\":\"rgba(0,0,0,0)\"\r\n      },\r\n      {\r\n         \"element\":\"h5\",\r\n         \"show_name\":\"PRODUCT TITLE 2\",\r\n         \"name\":\"product_title_2\",\r\n         \"style\":\"top:65%; left:60%; font-weight: 300; font-size:30px; white-space: nowrap; \",\r\n         \"data_ls\":\"offsetxin:0; durationin:450; delayin:3250; easingin:easeOutQuart; scalexin:0; scaleyin:0; offsetxout:0; durationout:1000; showuntil:51; easingout:easeInQuart; scalexout:3; scaleyout:3;\",\r\n         \"color\":\"#000\",\r\n         \"background\":\"rgba(0,0,0,0)\"\r\n      },\r\n      {\r\n         \"element\":\"h5\",\r\n         \"show_name\":\"PRODUCT TITLE 3\",\r\n         \"name\":\"product_title_3\",\r\n         \"style\":\"top:65%; left:60%; font-weight: 300; font-size:30px; white-space: nowrap;\",\r\n         \"data_ls\":\"offsetxin:0; durationin:450; delayin:4750; easingin:easeOutQuart; scalexin:0; scaleyin:0; offsetxout:0; durationout:1000; easingout:easeInQuart; scalexout:3; scaleyout:3;\",\r\n         \"color\":\"#000\",\r\n         \"background\":\"rgba(0,0,0,0)\"\r\n      }\r\n   ]\r\n}'),
(4, 'SLIDER TYPE 2', '{\r\n   \"full_slide_style\":\"data-ls=\\\"slidedelay:4500;transition2d:105,106;\\\"\",\r\n   \"background\":\"bg_apple\",\r\n   \"images\":[\r\n      {\r\n         \"style\":\"top:100px;left:80px; white-space:nowrap; width:220px;\",\r\n         \"data_ls\":\"offsetxin:left;durationin:1500; delayin:1400; fadein:false; offsetxout:left; durationout:1000; fadeout:false; \",\r\n         \"name\":\"semi_long_1\",\r\n         \"show_name\":\"PRODUCT IMAGE 1\"\r\n      },\r\n      {\r\n         \"style\":\"top:100px;left:180px; white-space:nowrap;width:220px; \",\r\n         \"data_ls\":\"offsetxin:left;durationin:1500; delayin:1200; fadein:false; offsetxout:left; durationout:1000; fadeout:false; \",\r\n         \"name\":\"semi_long_2\",\r\n         \"show_name\":\"PRODUCT IMAGE 2\"\r\n      },\r\n      {\r\n         \"style\":\"top:100px;left:280px; white-space:nowrap; width:220px;\",\r\n         \"data_ls\":\"offsetxin:left;durationin:1500; delayin:1000; fadein:false; offsetxout:left; durationout:1000; fadeout:false; \",\r\n         \"name\":\"semi_long_3\",\r\n         \"show_name\":\"PRODUCT IMAGE 3\"\r\n      }\r\n   ],\r\n   \"texts\":[\r\n      {\r\n         \"element\":\"h5\",\r\n         \"show_name\":\"PRODUCT TITLE\",\r\n         \"name\":\"product_title\",\r\n         \"style\":\"top:20px;left:700px; font-weight:300; font-size:40px; white-space:nowrap; \",\r\n         \"data_ls\":\"offsetxin:0;scalexin:0.5; scaleyin:0.5; offsetxout:0; durationout:1000; scalexout:0.5; scaleyout:0.5; \",\r\n         \"color\":\"#000\",\r\n         \"background\":\"rgba(0,0,0,0)\"\r\n      },\r\n      {\r\n         \"element\":\"h5\",\r\n         \"show_name\":\"PRODUCT FEATURE 1\",\r\n         \"name\":\"product_feature_1\",\r\n         \"style\":\"top:100px;left:761px; font-weight:300; font-size:30px; white-space:nowrap; \",\r\n         \"data_ls\":\"offsetxin:0;delayin:800; easingin:easeoutquint; scalexin:0.8; scaleyin:0.8; offsetxout:0; durationout:750; scalexout:0.8; scaleyout:0.8; \",\r\n         \"color\":\"#8d00b0\",\r\n         \"background\":\"rgba(0,0,0,0)\"\r\n      },\r\n      {\r\n         \"element\":\"h5\",\r\n         \"show_name\":\"PRODUCT FEATURE 2\",\r\n         \"name\":\"product_feature_2\",\r\n         \"style\":\"top:150px;left:761px; font-weight:300; font-size:30px; white-space:nowrap; \",\r\n         \"data_ls\":\"offsetxin:0;delayin:1300; easingin:easeoutquint; scalexin:0.8; scaleyin:0.8; offsetxout:0; durationout:750; scalexout:0.8; scaleyout:0.8; \",\r\n         \"color\":\"#8d00b0\",\r\n         \"background\":\"rgba(0,0,0,0)\"\r\n      },\r\n      {\r\n         \"element\":\"h5\",\r\n         \"show_name\":\"PRODUCT FEATURe 3\",\r\n         \"name\":\"product_feature_3\",\r\n         \"style\":\"top:200px;left:761px; font-weight:300; font-size:30px; white-space:nowrap; \",\r\n         \"data_ls\":\"offsetxin:0;delayin:1800; easingin:easeoutquint; scalexin:0.8; scaleyin:0.8; offsetxout:0; durationout:750; scalexout:0.8; scaleyout:0.8; \",\r\n         \"color\":\"#8d00b0\",\r\n         \"background\":\"rgba(0,0,0,0)\"\r\n      },\r\n      {\r\n         \"element\":\"h5\",\r\n         \"show_name\":\"PRODUCT FEATURE 4\",\r\n         \"name\":\"product_feature_4\",\r\n         \"style\":\"top:250px;left:761px; font-weight:300; font-size:30px; white-space:nowrap; \",\r\n         \"data_ls\":\"offsetxin:0;delayin:2300; easingin:easeoutquint; scalexin:0.8; scaleyin:0.8; offsetxout:0; durationout:750; scalexout:0.8; scaleyout:0.8; \",\r\n         \"color\":\"#8d00b0\",\r\n         \"background\":\"rgba(0,0,0,0)\"\r\n      },\r\n      {\r\n         \"element\":\"h5\",\r\n         \"show_name\":\"PRODUCT FEATURE 5\",\r\n         \"name\":\"product_feature_5\",\r\n         \"style\":\"top:300px;left:761px; font-weight:300; font-size:30px; white-space:nowrap; \",\r\n         \"data_ls\":\"offsetxin:0;delayin:2800; easingin:easeoutquint; scalexin:0.8; scaleyin:0.8; offsetxout:0; durationout:750; scalexout:0.8; scaleyout:0.8; \",\r\n         \"color\":\"#8d00b0\",\r\n         \"background\":\"rgba(0,0,0,0)\"\r\n      },\r\n      {\r\n         \"element\":\"h5\",\r\n         \"show_name\":\"PRODUCT FEATURE 6\",\r\n         \"name\":\"product_feature_6\",\r\n         \"style\":\"top:350px;left:761px; font-weight:300; font-size:30px; white-space:nowrap; \",\r\n         \"data_ls\":\"offsetxin:0;delayin:3300; easingin:easeoutquint; scalexin:0.8; scaleyin:0.8; offsetxout:0; durationout:750; scalexout:0.8; scaleyout:0.8; \",\r\n         \"color\":\"#8d00b0\",\r\n         \"background\":\"rgba(0,0,0,0)\"\r\n      },\r\n      {\r\n         \"element\":\"h5\",\r\n         \"show_name\":\"+\",\r\n         \"name\":\"feature_bullet_1\",\r\n         \"style\":\"top:107px;left:710px; font-weight:300; text-align:center; width:30px; height:30px; font-size:30px; line-height:30px; border-radius:100px; white-space:nowrap; \",\r\n         \"data_ls\":\"offsetxin:0;durationin:750; delayin:500; easingin:easeoutquint; rotatein:90; scalexin:0.5; scaleyin:0.5; offsetxout:0; durationout:750; rotateout:90; scalexout:0.5; scaleyout:0.5; \",\r\n         \"color\":\"#ffffff\",\r\n         \"background\":\"#c404bd\"\r\n      },\r\n      {\r\n         \"element\":\"h5\",\r\n         \"show_name\":\"+\",\r\n         \"name\":\"feature_bullet_2\",\r\n         \"style\":\"top:157px;left:710px; font-weight:300; text-align:center; width:30px; height:30px; font-size:30px; line-height:30px; border-radius:100px; white-space:nowrap; \",\r\n         \"data_ls\":\"offsetxin:0;durationin:750; delayin:1000; easingin:easeoutquint; rotatein:90; scalexin:0.5; scaleyin:0.5; offsetxout:0; durationout:750; rotateout:90; scalexout:0.5; scaleyout:0.5; \",\r\n         \"color\":\"#ffffff\",\r\n         \"background\":\"#c404bd\"\r\n      },\r\n      {\r\n         \"element\":\"h5\",\r\n         \"show_name\":\"+\",\r\n         \"name\":\"feature_bullet_3\",\r\n         \"style\":\"top:207px;left:710px; font-weight:300; text-align:center; width:30px; height:30px; font-size:30px; line-height:30px; border-radius:100px; white-space:nowrap; \",\r\n         \"data_ls\":\"offsetxin:0;durationin:750; delayin:1500; easingin:easeoutquint; rotatein:90; scalexin:0.5; scaleyin:0.5; offsetxout:0; durationout:750; rotateout:90; scalexout:0.5; scaleyout:0.5; \",\r\n         \"color\":\"#ffffff\",\r\n         \"background\":\"#c404bd\"\r\n      },\r\n      {\r\n         \"element\":\"h5\",\r\n         \"show_name\":\"+\",\r\n         \"name\":\"feature_bullet_4\",\r\n         \"style\":\"top:257px;left:710px; font-weight:300; text-align:center; width:30px; height:30px; font-size:30px; line-height:30px; border-radius:100px; white-space:nowrap; \",\r\n         \"data_ls\":\"offsetxin:0;durationin:750; delayin:2000; easingin:easeoutquint; rotatein:90; scalexin:0.5; scaleyin:0.5; offsetxout:0; durationout:750; rotateout:90; scalexout:0.5; scaleyout:0.5; \",\r\n         \"color\":\"#ffffff\",\r\n         \"background\":\"#c404bd\"\r\n      },\r\n      {\r\n         \"element\":\"h5\",\r\n         \"show_name\":\"+\",\r\n         \"name\":\"feature_bullet_5\",\r\n         \"style\":\"top:307px;left:710px; font-weight:300; text-align:center; width:30px; height:30px; font-size:30px; line-height:30px; border-radius:100px; white-space:nowrap; \",\r\n         \"data_ls\":\"offsetxin:0;durationin:750; delayin:2500; easingin:easeoutquint; rotatein:90; scalexin:0.5; scaleyin:0.5; offsetxout:0; durationout:750; rotateout:90; scalexout:0.5; scaleyout:0.5; \",\r\n         \"color\":\"#ffffff\",\r\n         \"background\":\"#c404bd\"\r\n      },\r\n      {\r\n         \"element\":\"h5\",\r\n         \"show_name\":\"+\",\r\n         \"name\":\"feature_bullet_6\",\r\n         \"style\":\"top:357px;left:710px; font-weight:300; text-align:center; width:30px; height:30px; font-size:30px; line-height:30px; border-radius:100px; white-space:nowrap; \",\r\n         \"data_ls\":\"offsetxin:0;durationin:750; delayin:3000; easingin:easeoutquint; rotatein:90; scalexin:0.5; scaleyin:0.5; offsetxout:0; durationout:750; rotateout:90; scalexout:0.5; scaleyout:0.5; \",\r\n         \"color\":\"#ffffff\",\r\n         \"background\":\"#c404bd\"\r\n      }\r\n   ]\r\n}'),
(5, 'SLIDER TYPE 3', '{\r\n   \"full_slide_style\":\"data-ls=\\\"slidedelay:7500;transition2d:105,106;\\\"\",\r\n   \"background\":\"bg_apple\",\r\n   \"images\":[\r\n      {\r\n         \"style\":\"top:100px;left:580px;width:220px; white-space:nowrap; \",\r\n         \"data_ls\":\"offsetxin:right;durationin:1500; delayin:1400; fadein:false; offsetxout:left; durationout:1000; fadeout:false; \",\r\n         \"name\":\"semi_long_1\",\r\n         \"show_name\":\"PRODUCT IMAGE 1\"\r\n      },\r\n      {\r\n         \"style\":\"top:100px;left:680px;width:220px; white-space:nowrap; \",\r\n         \"data_ls\":\"offsetxin:right;durationin:1500; delayin:1200; fadein:false; offsetxout:left; durationout:1000; fadeout:false; \",\r\n         \"name\":\"semi_long_2\",\r\n         \"show_name\":\"PRODUCT IMAGE 2\"\r\n      },\r\n      {\r\n         \"style\":\"top:100px;left:780px;width:220px; white-space:nowrap; \",\r\n         \"data_ls\":\"offsetxin:right;durationin:1500; delayin:1000; fadein:false; offsetxout:left; durationout:1000; fadeout:false; \",\r\n         \"name\":\"semi_long_3\",\r\n         \"show_name\":\"PRODUCT IMAGE 3\"\r\n      }\r\n   ],\r\n   \"texts\":[\r\n      {\r\n         \"element\":\"h5\",\r\n         \"show_name\":\"PRODUCT TITLE\",\r\n         \"name\":\"product_title\",\r\n         \"style\":\"top:20px;left:80px; font-weight:300; font-size:40px; white-space:nowrap; \",\r\n         \"data_ls\":\"offsetxin:0;scalexin:0.5; scaleyin:0.5; offsetxout:0; durationout:1000; scalexout:0.5; scaleyout:0.5; \",\r\n         \"color\":\"#000\",\r\n         \"background\":\"rgba(0,0,0,0)\"\r\n      },\r\n      {\r\n         \"element\":\"h5\",\r\n         \"show_name\":\"+\",\r\n         \"name\":\"feature_bullet_1\",\r\n         \"style\":\"top:107px;left:71px; font-weight:300; text-align:center; width:30px; height:30px; font-size:30px; line-height:30px; border-radius:100px; white-space:nowrap; \",\r\n         \"data_ls\":\"offsetxin:0;durationin:750; delayin:500; easingin:easeoutquint; rotatein:90; scalexin:0.5; scaleyin:0.5; offsetxout:0; durationout:750; rotateout:90; scalexout:0.5; scaleyout:0.5; \",\r\n         \"color\":\"#ffffff\",\r\n         \"background\":\"#c404bd\"\r\n      },\r\n      {\r\n         \"element\":\"h5\",\r\n         \"show_name\":\"PRODUCT FEATURE 1\",\r\n         \"name\":\"product_feature_1\",\r\n         \"style\":\"top:100px;left:116px; font-weight:300; font-size:30px; white-space:nowrap; \",\r\n         \"data_ls\":\"offsetxin:0;delayin:800; easingin:easeoutquint; scalexin:0.8; scaleyin:0.8; offsetxout:0; durationout:750; scalexout:0.8; scaleyout:0.8; \",\r\n         \"color\":\"#8d00b0\",\r\n         \"background\":\"rgba(0,0,0,0)\"\r\n      },\r\n      {\r\n         \"element\":\"h5\",\r\n         \"show_name\":\"+\",\r\n         \"name\":\"feature_bullet_2\",\r\n         \"style\":\"top:157px;left:71px; font-weight:300; text-align:center; width:30px; height:30px; font-size:30px; line-height:30px; border-radius:100px; white-space:nowrap; \",\r\n         \"data_ls\":\"offsetxin:0;durationin:750; delayin:1000; easingin:easeoutquint; rotatein:90; scalexin:0.5; scaleyin:0.5; offsetxout:0; durationout:750; rotateout:90; scalexout:0.5; scaleyout:0.5; \",\r\n         \"color\":\"#ffffff\",\r\n         \"background\":\"#c404bd\"\r\n      },\r\n      {\r\n         \"element\":\"h5\",\r\n         \"show_name\":\"PRODUCT FEATURE 2\",\r\n         \"name\":\"product_feature_2\",\r\n         \"style\":\"top:150px;left:116px; font-weight:300; font-size:30px; white-space:nowrap; \",\r\n         \"data_ls\":\"offsetxin:0;delayin:1300; easingin:easeoutquint; scalexin:0.8; scaleyin:0.8; offsetxout:0; durationout:750; scalexout:0.8; scaleyout:0.8; \",\r\n         \"color\":\"#8d00b0\",\r\n         \"background\":\"rgba(0,0,0,0)\"\r\n      },\r\n      {\r\n         \"element\":\"h5\",\r\n         \"show_name\":\"+\",\r\n         \"name\":\"feature_bullet_3\",\r\n         \"style\":\"top:207px;left:71px; font-weight:300; text-align:center; width:30px; height:30px; font-size:30px; line-height:30px; border-radius:100px; white-space:nowrap; \",\r\n         \"data_ls\":\"offsetxin:0;durationin:750; delayin:1500; easingin:easeoutquint; rotatein:90; scalexin:0.5; scaleyin:0.5; offsetxout:0; durationout:750; rotateout:90; scalexout:0.5; scaleyout:0.5; \",\r\n         \"color\":\"#ffffff\",\r\n         \"background\":\"#c404bd\"\r\n      },\r\n      {\r\n         \"element\":\"h5\",\r\n         \"show_name\":\"PRODUCT FEATURE 3\",\r\n         \"name\":\"product_feature_3\",\r\n         \"style\":\"top:200px;left:116px; font-weight:300; font-size:30px; white-space:nowrap; \",\r\n         \"data_ls\":\"offsetxin:0;delayin:1800; easingin:easeoutquint; scalexin:0.8; scaleyin:0.8; offsetxout:0; durationout:750; scalexout:0.8; scaleyout:0.8; \",\r\n         \"color\":\"#8d00b0\",\r\n         \"background\":\"rgba(0,0,0,0)\"\r\n      },\r\n      {\r\n         \"element\":\"h5\",\r\n         \"show_name\":\"+\",\r\n         \"name\":\"feature_bullet_4\",\r\n         \"style\":\"top:257px;left:71px; font-weight:300; text-align:center; width:30px; height:30px; font-size:30px; line-height:30px; border-radius:100px; white-space:nowrap; \",\r\n         \"data_ls\":\"offsetxin:0;durationin:750; delayin:2000; easingin:easeoutquint; rotatein:90; scalexin:0.5; scaleyin:0.5; offsetxout:0; durationout:750; rotateout:90; scalexout:0.5; scaleyout:0.5; \",\r\n         \"color\":\"#ffffff\",\r\n         \"background\":\"#c404bd\"\r\n      },\r\n      {\r\n         \"element\":\"h5\",\r\n         \"show_name\":\"PRODUCT FEATURE 4\",\r\n         \"name\":\"product_feature_4\",\r\n         \"style\":\"top:250px;left:116px; font-weight:300; font-size:30px; white-space:nowrap; \",\r\n         \"data_ls\":\"offsetxin:0;delayin:2300; easingin:easeoutquint; scalexin:0.8; scaleyin:0.8; offsetxout:0; durationout:750; scalexout:0.8; scaleyout:0.8; \",\r\n         \"color\":\"#8d00b0\",\r\n         \"background\":\"rgba(0,0,0,0)\"\r\n      },\r\n      {\r\n         \"element\":\"h5\",\r\n         \"show_name\":\"+\",\r\n         \"name\":\"feature_bullet_5\",\r\n         \"style\":\"top:307px;left:71px; font-weight:300; text-align:center; width:30px; height:30px; font-size:30px; line-height:30px; border-radius:100px; white-space:nowrap; \",\r\n         \"data_ls\":\"offsetxin:0;durationin:750; delayin:2500; easingin:easeoutquint; rotatein:90; scalexin:0.5; scaleyin:0.5; offsetxout:0; durationout:750; rotateout:90; scalexout:0.5; scaleyout:0.5; \",\r\n         \"color\":\"#ffffff\",\r\n         \"background\":\"#c404bd\"\r\n      },\r\n      {\r\n         \"element\":\"h5\",\r\n         \"show_name\":\"PRODUCT FEATURE 5\",\r\n         \"name\":\"product_feature_5\",\r\n         \"style\":\"top:300px;left:116px; font-weight:300; font-size:30px; white-space:nowrap;\",\r\n         \"data_ls\":\"offsetxin:0;delayin:2800; easingin:easeoutquint; scalexin:0.8; scaleyin:0.8; offsetxout:0; durationout:750; scalexout:0.8; scaleyout:0.8; \",\r\n         \"color\":\"#8d00b0\",\r\n         \"background\":\"rgba(0,0,0,0)\"\r\n      },\r\n      {\r\n         \"element\":\"h5\",\r\n         \"show_name\":\"+\",\r\n         \"name\":\"feature_bullet_6\",\r\n         \"style\":\"top:357px;left:71px; font-weight:300; text-align:center; width:30px; height:30px; font-size:30px; line-height:30px; border-radius:100px; white-space:nowrap; \",\r\n         \"data_ls\":\"offsetxin:0;durationin:750; delayin:3000; easingin:easeoutquint; rotatein:90; scalexin:0.5; scaleyin:0.5; offsetxout:0; durationout:750; rotateout:90; scalexout:0.5; scaleyout:0.5; \",\r\n         \"color\":\"#ffffff\",\r\n         \"background\":\"#c404bd\"\r\n      },\r\n      {\r\n         \"element\":\"h5\",\r\n         \"show_name\":\"PRODUCT FEATURE 6\",\r\n         \"name\":\"product_feature_6\",\r\n         \"style\":\"top:350px;left:116px; font-weight:300; font-size:30px; white-space:nowrap; \",\r\n         \"data_ls\":\"offsetxin:0;delayin:3300; easingin:easeoutquint; scalexin:0.8; scaleyin:0.8; offsetxout:0; durationout:750; scalexout:0.8; scaleyout:0.8; \",\r\n         \"color\":\"#8d00b0\",\r\n         \"background\":\"rgba(0,0,0,0)\"\r\n      }\r\n   ]\r\n}'),
(6, 'SLIDER TYPE 4', '{\r\n   \"full_slide_style\":\"data-ls=\\\"slidedelay:7500;transition2d:105,106;\\\"\",\r\n   \"background\":\"bg_apple\",\r\n   \"images\":[\r\n      {\r\n         \"name\":\"long_1\",\r\n         \"style\":\"top:60px;left:578px;width:200px; white-space:nowrap; \",\r\n         \"data_ls\":\"offsetxin:0;durationin:4000; delayin:1500; easingin:easeinoutquad; scalexin:1.1; scaleyin:1.1; offsetxout:0; durationout:1000; scalexout:0.9; scaleyout:0.9; \",\r\n         \"show_name\":\"PRODUCT IMAGE 1\"\r\n      },\r\n      {\r\n         \"name\":\"semi_long_1\",\r\n         \"style\":\"top:170px;left:800px;width:200px; white-space:nowrap; \",\r\n         \"data_ls\":\"offsetxin:0;durationin:4000; delayin:1500; easingin:easeinoutquad; scalexin:1.1; scaleyin:1.1; offsetxout:0; durationout:1000; scalexout:0.9; scaleyout:0.9; \",\r\n         \"show_name\":\"PRODUCT IMAGE 2\"\r\n      },\r\n      {\r\n         \"name\":\"square_1\",\r\n         \"style\":\"top:265px;left:1020px;width:200px; white-space:nowrap; \",\r\n         \"data_ls\":\"offsetxin:0;durationin:4000; delayin:1500; easingin:easeinoutquad; scalexin:1.1; scaleyin:1.1; offsetxout:0; durationout:1000; scalexout:0.9; scaleyout:0.9; \",\r\n         \"show_name\":\"PRODUCT IMAGE 3\"\r\n      }\r\n   ],\r\n   \"texts\":[\r\n      {\r\n         \"element\":\"h1\",\r\n         \"show_name\":\"PRODUCT TITLE\",\r\n         \"name\":\"product_title\",\r\n         \"style\":\"top:20px;left:50px; font-size:50px; font-weight:300; white-space:nowrap; \",\r\n         \"data_ls\":\"offsetxin:0;durationin:3000; delayin:500; easingin:easeoutelastic; rotatexin:90; transformoriginin:50; bottom; 0; offsetxout:0; rotatexout:90; transformoriginout:50; \",\r\n         \"color\":\"#000\",\r\n         \"background\":\"rgba(0,0,0,0)\"\r\n      },\r\n      {\r\n         \"element\":\"div\",\r\n         \"show_name\":\"PRODUCT FEATURE 1\",\r\n         \"name\":\"product_feature_1\",\r\n         \"style\":\"top:100px;left:50px; text-align:justify; width:500px; font-size:20px; \",\r\n         \"data_ls\":\"offsetxin:-150;durationin:2000; delayin:500; easingin:easeinoutquart; rotateyin:-40; offsetxout:-150; durationout:1000; rotateyout:-40; \",\r\n         \"color\":\"#470467\",\r\n         \"background\":\"rgba(0,0,0,0)\"\r\n      },\r\n      {\r\n         \"element\":\"div\",\r\n         \"show_name\":\"PRODUCT FEATURE 2\",\r\n         \"name\":\"product_feature_2\",\r\n         \"style\":\"top:150px;left:50px; text-align:justify; width:500px; font-size:20px; \",\r\n         \"data_ls\":\"offsetxin:-150;durationin:2000; delayin:1000; easingin:easeinoutquart; rotateyin:-40; offsetxout:-150; durationout:1000; rotateyout:-40; \",\r\n         \"color\":\"#470467\",\r\n         \"background\":\"rgba(0,0,0,0)\"\r\n      },\r\n      {\r\n         \"element\":\"div\",\r\n         \"show_name\":\"PRODUCT FEATURE 3\",\r\n         \"name\":\"product_feature_3\",\r\n         \"style\":\"top:200px;left:50px; text-align:justify; width:500px; font-size:20px; \",\r\n         \"data_ls\":\"offsetxin:-150;durationin:2000; delayin:1500; easingin:easeinoutquart; rotateyin:-40; offsetxout:-150; durationout:1000; rotateyout:-40; \",\r\n         \"color\":\"#470467\",\r\n         \"background\":\"rgba(0,0,0,0)\"\r\n      },\r\n      {\r\n         \"element\":\"div\",\r\n         \"show_name\":\"PRODUCT FEATURE 4\",\r\n         \"name\":\"product_feature_4\",\r\n         \"style\":\"top:250px;left:50px; text-align:justify; width:500px; font-size:20px; \",\r\n         \"data_ls\":\"offsetxin:-150;durationin:2000; delayin:2000; easingin:easeinoutquart; rotateyin:-40; offsetxout:-150; durationout:1000; rotateyout:-40; \",\r\n         \"color\":\"#470467\",\r\n         \"background\":\"rgba(0,0,0,0)\"\r\n      },\r\n      {\r\n         \"element\":\"div\",\r\n         \"show_name\":\"PRODUCT FEATURE 5\",\r\n         \"name\":\"product_feature_5\",\r\n         \"style\":\"top:300px;left:50px; text-align:justify; width:500px; font-size:20px; \",\r\n         \"data_ls\":\"offsetxin:-150;durationin:2000; delayin:2500; easingin:easeinoutquart; rotateyin:-40; offsetxout:-150; durationout:1000; rotateyout:-40; \",\r\n         \"color\":\"#470467\",\r\n         \"background\":\"rgba(0,0,0,0)\"\r\n      },\r\n      {\r\n         \"element\":\"div\",\r\n         \"show_name\":\"PRODUCT FEATURE 6\",\r\n         \"name\":\"product_feature_6\",\r\n         \"style\":\"top:350px;left:50px; text-align:justify; width:500px; font-size:20px; \",\r\n         \"data_ls\":\"offsetxin:-150;durationin:2000; delayin:3000; easingin:easeinoutquart; rotateyin:-40; offsetxout:-150; durationout:1000; rotateyout:-40; \",\r\n         \"color\":\"#470467\",\r\n         \"background\":\"rgba(0,0,0,0)\"\r\n      },\r\n      {\r\n         \"element\":\"div\",\r\n         \"show_name\":\"PRODUCT FEATURE 7\",\r\n         \"name\":\"product_feature_7\",\r\n         \"style\":\"top:400px;left:50px; text-align:justify; width:500px; font-size:20px; \",\r\n         \"data_ls\":\"offsetxin:-150;durationin:2000; delayin:3500; easingin:easeinoutquart; rotateyin:-40; offsetxout:-150; durationout:1000; rotateyout:-40; \",\r\n         \"color\":\"#470467\",\r\n         \"background\":\"rgba(0,0,0,0)\"\r\n      }\r\n   ]\r\n}'),
(7, 'SLIDER TYPE 5', '{\n   \"full_slide_style\":\"data-ls=\\\"slidedelay:7500;transition2d:73,102;\\\"\",\n   \"background\":\"bg_apple\",\n   \"images\":[\n      {\n         \"name\":\"long_1\",\n         \"style\":\"top:50%; left:50%;width:200px; white-space:nowrap;\",\n         \"data_ls\" : \"\",\n         \"show_name\":\"IMAGE\"\n      }\n   ],\n   \"texts\":[\n      {\n         \"element\":\"h6\",\n         \"show_name\":\"PRICE\",\n         \"name\":\"price\",\n         \"style\":\"top:55%; left:39%; durationin:500; delayin:600; fadein:false; rotatein:30; durationout:500; fadeout:false; slidedirection:fade; slideoutdirection:fade; scalein:0.1; scaleout:0.1; font-weight:300; box-shadow:0px 2px 8px -2px black; padding-top:5px; padding-right:20px; padding-bottom:5px; padding-left:20px; font-size:30px; color:#ffffff; background:#B816B2; border-radius:5px; white-space:nowrap;\",\n         \"data_ls\" : \"\",\n         \"color\":\"#ffffff\",\n         \"background\":\"#b816b2\"\n      },\n      {\n         \"element\":\"h6\",\n         \"show_name\":\"PRODUCT TITLE\",\n         \"name\":\"product_title\",\n         \"style\":\"top:45%; left:36%; durationin:500; delayin:500; fadein:false; rotatein:-30; durationout:500; fadeout:false; slidedirection:fade; slideoutdirection:fade; scalein:0.1;scaleout:0.1; font-weight:300; box-shadow:0px 2px 8px -2px black; padding-top:5px; padding-right:20px; padding-bottom:5px; padding-left:20px; font-size:30px; color:#ffffff; background:#760093;border-radius:5px; white-space:nowrap;\",\n         \"data_ls\" : \"\",\n         \"color\":\"#ffffff\",\n         \"background\":\"#760093\"\n      }\n   ]\n}'),
(8, 'SLIDER TYPE 6', '{\r\n   \"full_slide_style\":\"data-ls=\\\"slidedelay:7500;transition2d:73,102;\\\"\",\r\n   \"background\":\"bg_apple\",\r\n   \"images\":[\r\n      {\r\n         \"style\":\"top:100px;left:100px; width:250px; white-space:nowrap; \",\r\n         \"data_ls\":\"offsetxin:0;durationin:3000; delayin:1500; rotateyin:90; transformoriginin:left; 0; offsetxout:0; durationout:750; rotateyout:90; transformoriginout:left; \",\r\n         \"name\":\"semi_long_1\",\r\n         \"show_name\":\"PRODUCT IMAGE 1\"\r\n      },\r\n      {\r\n         \"style\":\"top:100px;left:400px; width:250px; white-space:nowrap; \",\r\n         \"data_ls\":\"offsetxin:0;durationin:3000; delayin:1500; rotateyin:-90; transformoriginin:right; 0; offsetxout:0; durationout:750; rotateyout:90; transformoriginout:right; \",\r\n         \"name\":\"semi_long_2\",\r\n         \"show_name\":\"PRODUCT IMAGE 2\"\r\n      }\r\n   ],\r\n   \"texts\":[\r\n      {\r\n         \"element\":\"h1\",\r\n         \"show_name\":\"PRODUCT TITLE\",\r\n         \"name\":\"product_title\",\r\n         \"style\":\"font-family:Roboto;top:25px; left:192px; font-weight:100; text-align:center; width:340px; font-size:40px; border-radius:5px; white-space:nowrap; \",\r\n         \"data_ls\":\"offsetxin:0;durationin:2500; delayin:2000; easingin:easeoutelastic; rotatexin:90; transformoriginin:50; bottom; 0; offsetxout:0; rotateout:-90; transformoriginout:left; \",\r\n         \"color\":\"#34009d\",\r\n         \"background\":\"rgba(0,0,0,0)\"\r\n      },\r\n      {\r\n         \"element\":\"p\",\r\n         \"show_name\":\" DUMMY TEXT 1\",\r\n         \"name\":\"dummy_text_1\",\r\n         \"style\":\"top:50px;left:800px; font-weight:300; height:40px; padding-right:10px; padding-left:10px; font-size:30px; line-height:37px; border-radius:4px; white-space:nowrap; \",\r\n         \"data_ls\":\"durationin:1500;delayin:2300; rotatein:20; rotatexin:30; scalexin:1.5; scaleyin:1.5; transformoriginin:left; 0; durationout:750; rotateout:20; rotatexout:-30; scalexout:0; scaleyout:0; transformoriginout:left; \",\r\n         \"color\":\"#ffffff\",\r\n         \"background\":\"#740091\"\r\n      },\r\n      {\r\n         \"element\":\"p\",\r\n         \"show_name\":\"DUMMY TEXT 2\",\r\n         \"name\":\"dummy_text_2\",\r\n         \"style\":\"top:90px;left:800px; font-weight:300; font-size:24px; white-space:nowrap; \",\r\n         \"data_ls\":\"offsetxin:0;durationin:1500; delayin:2700; rotateyin:90; skewxin:60; transformoriginin:25; 0; offsetxout:100; durationout:750; skewxout:60; \",\r\n         \"color\":\"#ff00f6\",\r\n         \"background\":\"rgba(0,0,0,0)\"\r\n      },\r\n      {\r\n         \"element\":\"p\",\r\n         \"show_name\":\"DUMMY TEXT 3\",\r\n         \"name\":\"dummy_text_3\",\r\n         \"style\":\"top:150px;left:800px; font-weight:300; height:40px; padding-right:10px; padding-left:10px; font-size:30px; line-height:37px; border-radius:4px; white-space:nowrap; \",\r\n         \"data_ls\":\"durationin:1500;delayin:3000; rotatein:20; rotatexin:30; scalexin:1.5; scaleyin:1.5; transformoriginin:left; 0; durationout:750; rotateout:20; rotatexout:-30; scalexout:0; scaleyout:0; transformoriginout:left; \",\r\n         \"color\":\"#ffffff\",\r\n         \"background\":\"#740091\"\r\n      },\r\n      {\r\n         \"element\":\"p\",\r\n         \"show_name\":\"DUMMY TEXT 4\",\r\n         \"name\":\"dummy_text_4\",\r\n         \"style\":\"top:190px;left:800px; font-weight:300; font-size:24px; white-space:nowrap; \",\r\n         \"data_ls\":\"offsetxin:0;durationin:1500; delayin:3400; rotateyin:90; skewxin:60; transformoriginin:25; 0; offsetxout:100; durationout:750; skewxout:60; \",\r\n         \"color\":\"#ff00f6\",\r\n         \"background\":\"rgba(0,0,0,0)\"\r\n      },\r\n      {\r\n         \"element\":\"p\",\r\n         \"show_name\":\"DUMMY TEXT 5\",\r\n         \"name\":\"dummy_text_5\",\r\n         \"style\":\"top:250px;left:800px; font-weight:300; height:40px; padding-right:10px; padding-left:10px; font-size:30px; line-height:37px; border-radius:4px; white-space:nowrap; \",\r\n         \"data_ls\":\"durationin:1500;delayin:3700; rotatein:20; rotatexin:30; scalexin:1.5; scaleyin:1.5; transformoriginin:left; 0; durationout:750; rotateout:20; rotatexout:-30; scalexout:0; scaleyout:0; transformoriginout:left; \",\r\n         \"color\":\"#ffffff\",\r\n         \"background\":\"#740091\"\r\n      },\r\n      {\r\n         \"element\":\"p\",\r\n         \"show_name\":\"DUMMY TEXT 6\",\r\n         \"name\":\"dummy_text_6\",\r\n         \"style\":\"top:290px;left:799px; font-weight:300; font-size:24px; white-space:nowrap; \",\r\n         \"data_ls\":\"offsetxin:0;durationin:1500; delayin:4100; rotateyin:90; skewxin:60; transformoriginin:25; 0; offsetxout:100; durationout:750; skewxout:60; \",\r\n         \"color\":\"#ff00f6\",\r\n         \"background\":\"rgba(0,0,0,0)\"\r\n      },\r\n      {\r\n         \"element\":\"p\",\r\n         \"show_name\":\"DUMMY TEXT 7\",\r\n         \"name\":\"dummy_text_7\",\r\n         \"style\":\"top:360px;left:800px; font-weight:300; height:40px; padding-right:10px; padding-left:10px; font-size:30px; line-height:37px; border-radius:4px; white-space:nowrap; \",\r\n         \"data_ls\":\"durationin:1500;delayin:4400; rotatein:20; rotatexin:30; scalexin:1.5; scaleyin:1.5; transformoriginin:left; 0; durationout:750; rotateout:20; rotatexout:-30; scalexout:0; scaleyout:0; transformoriginout:left; \",\r\n         \"color\":\"#ffffff\",\r\n         \"background\":\"#740091\"\r\n      },\r\n      {\r\n         \"element\":\"p\",\r\n         \"show_name\":\"DUMMY TEXT 8\",\r\n         \"name\":\"dummy_text_8\",\r\n         \"style\":\"top:400px;left:799px; font-weight:300; font-size:24px; white-space:nowrap; \",\r\n         \"data_ls\":\"offsetxin:0;durationin:1500; delayin:4800; rotateyin:90; skewxin:60; transformoriginin:25; 0; offsetxout:100; durationout:750; skewxout:60; \",\r\n         \"color\":\"#ff00f6\",\r\n         \"background\":\"rgba(0,0,0,0)\"\r\n      }\r\n   ]\r\n}'),
(9, 'SLIDER TYPE 7', '{\r\n   \"full_slide_style\":\"data-ls=\\\"slidedelay:7500;transition2d:73,102;\\\"\",\r\n   \"background\":\"bg_apple\",\r\n   \"images\":[\r\n      {\r\n         \"style\":\"top:50px; left:50%;width:278px; white-space:nowrap;\",\r\n         \"data_ls\":\"durationin:1500;scalexin:0.8; scaleyin:0.8; scalexout:0.8; scaleyout:0.8; \",\r\n         \"name\":\"semi_long_1\",\r\n         \"show_name\":\"IMAGE\"\r\n      }\r\n   ],\r\n   \"texts\":[\r\n      {\r\n         \"element\":\"p\",\r\n         \"show_name\":\"DUMMY TEXT 1\",\r\n         \"name\":\"dummy_text_1\",\r\n         \"style\":\"top:80px;left:20px; font-weight:300; height:40px; padding-right:10px; padding-left:10px; font-size:30px; line-height:37px; white-space:nowrap; \",\r\n         \"data_ls\":\"offsetxin:-50;durationin:2000; delayin:1000; offsetxout:-50; durationout:1000; \",\r\n         \"color\":\"#fd2931\",\r\n         \"background\":\"rgba(255,255,255,0.85)\"\r\n      },\r\n      {\r\n         \"element\":\"p\",\r\n         \"show_name\":\"DUMMY TEXT 2\",\r\n         \"name\":\"dummy_text_2\",\r\n         \"style\":\"top:140px;left:20px; font-weight:300; height:40px; padding-right:10px; padding-left:10px; font-size:30px; line-height:37px; white-space:nowrap; \",\r\n         \"data_ls\":\"offsetxin:-50;durationin:2000; delayin:1500; offsetxout:-50; durationout:1000; \",\r\n         \"color\":\"#fd2931\",\r\n         \"background\":\"rgba(255,255,255,0.85)\"\r\n      },\r\n      {\r\n         \"element\":\"p\",\r\n         \"show_name\":\"DUMMY TEXT 3\",\r\n         \"name\":\"dummy_text_3\",\r\n         \"style\":\"top:200px;left:20px; font-weight:300; height:40px; padding-right:10px; padding-left:10px; font-size:30px; line-height:37px; white-space:nowrap; \",\r\n         \"data_ls\":\"offsetxin:-50;durationin:2000; delayin:2000; offsetxout:-50; durationout:1000; \",\r\n         \"color\":\"#fd2931\",\r\n         \"background\":\"rgba(255,255,255,0.85)\"\r\n      },\r\n      {\r\n         \"element\":\"p\",\r\n         \"show_name\":\"DUMMY TEXT 4\",\r\n         \"name\":\"dummy_text_4\",\r\n         \"style\":\"top:260px;left:20px; font-weight:300; height:40px; padding-right:10px; padding-left:10px; font-size:30px; line-height:37px; white-space:nowrap; \",\r\n         \"data_ls\":\"offsetxin:-50;durationin:2000; delayin:2500; offsetxout:-50; durationout:1000; \",\r\n         \"color\":\"#fd2931\",\r\n         \"background\":\"rgba(255,255,255,0.85)\"\r\n      },\r\n      {\r\n         \"element\":\"p\",\r\n         \"show_name\":\"DUMMY TEXT 5\",\r\n         \"name\":\"dummy_text_5\",\r\n         \"style\":\"top:320px;left:20px; font-weight:300; height:40px; padding-right:10px; padding-left:10px; font-size:30px; line-height:37px; white-space:nowrap; \",\r\n         \"data_ls\":\"offsetxin:-50;durationin:2000; delayin:3000; offsetxout:-50; durationout:1000; \",\r\n         \"color\":\"#fd2931\",\r\n         \"background\":\"rgba(255,255,255,0.85)\"\r\n      },\r\n      {\r\n         \"element\":\"p\",\r\n         \"show_name\":\"DUMMY TEXT 6\",\r\n         \"name\":\"dummy_text_6\",\r\n         \"style\":\"top:380px;left:20px; font-weight:300; height:40px; padding-right:10px; padding-left:10px; font-size:30px; line-height:37px; white-space:nowrap; \",\r\n         \"data_ls\":\"offsetxin:-50;durationin:2000; delayin:3500; offsetxout:-50; durationout:1000; \",\r\n         \"color\":\"#fd2931\",\r\n         \"background\":\"rgba(255,255,255,0.85)\"\r\n      },\r\n      {\r\n         \"element\":\"p\",\r\n         \"show_name\":\"PRODUCT TITLE\",\r\n         \"name\":\"product_title\",\r\n         \"style\":\"top:50%;left:900px; font-weight:100; text-align:right; padding:15px; font-size:40px; line-height:37px; font-family:roboto; border-radius:4px; white-space:nowrap; \",\r\n         \"data_ls\":\"offsetxin:0;durationin:2500; delayin:3250; easingin:easeoutelastic; rotatexin:90; transformoriginin:50; top; 0; offsetxout:0; durationout:1000; rotatexout:90; transformoriginout:50; bottom; \",\r\n         \"color\":\"#fff\",\r\n         \"background\":\"#11008b\"\r\n      },\r\n      {\r\n         \"element\":\"p\",\r\n         \"show_name\":\"DUMMY TEXT 6\",\r\n         \"name\":\"dummy_text_6\",\r\n         \"style\":\"top:505px;left:983px; font-family:; flower; font-size:30px; white-space:nowrap; \",\r\n         \"data_ls\":\"offsetxin:-50;delayin:3500; skewxin:60; scalexin:1.5; offsetxout:-50; durationout:1000; skewxout:60; scalexout:1.5; \",\r\n         \"color\":\"#d9482b\",\r\n         \"background\":\"rgba(0,0,0,0)\"\r\n      }\r\n   ]\r\n}');
INSERT INTO `slider_style` (`slider_style_id`, `name`, `value`) VALUES
(10, 'SLIDER TYPE 8', '{\r\n   \"full_slide_style\":\"data-ls=\\\"slidedelay:7000;transition2d:76,77,78,79;\\\"\",\r\n   \"background\":\"bg_apple\",\r\n   \"images\":[\r\n      {\r\n         \"style\":\"top:120px; left:42%;width:180px; white-space:nowrap; \",\r\n         \"data_ls\":\"durationin:1500;scalexin:0.8; scaleyin:0.8; scalexout:0.8; scaleyout:0.8; \",\r\n         \"name\":\"semi_long_1\",\r\n         \"show_name\":\"PRODUCT IMAGE 1\"\r\n      },\r\n      {\r\n         \"style\":\"top:120px; left:58%;width:180px; white-space:nowrap; \",\r\n         \"data_ls\":\"durationin:1500;scalexin:0.8; scaleyin:0.8; scalexout:0.8; scaleyout:0.8; \",\r\n         \"name\":\"semi_long_2\",\r\n         \"show_name\":\"PRODUCT IMAGE 2\"\r\n      },\r\n      {\r\n         \"style\":\"top:50px; left:50%;width:200px; white-space:nowrap; \",\r\n         \"data_ls\":\"durationin:1500;scalexin:0.8; scaleyin:0.8; scalexout:0.8; scaleyout:0.8; \",\r\n         \"name\":\"long_1\",\r\n         \"show_name\":\"PRODUCT IMAGE 3\"\r\n      }\r\n   ],\r\n   \"texts\":[\r\n      {\r\n         \"element\":\"p\",\r\n         \"show_name\":\"DUMMY TEXT 1\",\r\n         \"name\":\"dummy_text_1\",\r\n         \"style\":\"top:80px;left:20px; font-weight:300; height:40px; padding-right:10px; padding-left:10px; font-size:30px; line-height:37px; white-space:nowrap; \",\r\n         \"data_ls\":\"offsetxin:-50;durationin:2000; delayin:1000; offsetxout:-50; durationout:1000; \",\r\n         \"color\":\"#fd2931\",\r\n         \"background\":\"rgba(255,255,255,0.85)\"\r\n      },\r\n      {\r\n         \"element\":\"p\",\r\n         \"show_name\":\"DUMMY TEXT 2\",\r\n         \"name\":\"dummy_text_2\",\r\n         \"style\":\"top:140px;left:20px; font-weight:300; height:40px; padding-right:10px; padding-left:10px; font-size:30px; line-height:37px; white-space:nowrap; \",\r\n         \"data_ls\":\"offsetxin:-50;durationin:2000; delayin:1500; offsetxout:-50; durationout:1000; \",\r\n         \"color\":\"#fd2931\",\r\n         \"background\":\"rgba(255,255,255,0.85)\"\r\n      },\r\n      {\r\n         \"element\":\"p\",\r\n         \"show_name\":\"DUMMY TEXT 3\",\r\n         \"name\":\"dummy_text_3\",\r\n         \"style\":\"top:200px;left:20px; font-weight:300; height:40px; padding-right:10px; padding-left:10px; font-size:30px; line-height:37px; white-space:nowrap; \",\r\n         \"data_ls\":\"offsetxin:-50;durationin:2000; delayin:2000; offsetxout:-50; durationout:1000; \",\r\n         \"color\":\"#fd2931\",\r\n         \"background\":\"rgba(255,255,255,0.85)\"\r\n      },\r\n      {\r\n         \"element\":\"p\",\r\n         \"show_name\":\"DUMMY TEXT 4\",\r\n         \"name\":\"dummy_text_4\",\r\n         \"style\":\"top:260px;left:20px; font-weight:300; height:40px; padding-right:10px; padding-left:10px; font-size:30px; line-height:37px; white-space:nowrap; \",\r\n         \"data_ls\":\"offsetxin:-50;durationin:2000; delayin:2500; offsetxout:-50; durationout:1000; \",\r\n         \"color\":\"#fd2931\",\r\n         \"background\":\"rgba(255,255,255,.85)\"\r\n      },\r\n      {\r\n         \"element\":\"p\",\r\n         \"show_name\":\"DUMMY TEXT 5\",\r\n         \"name\":\"dummy_text_5\",\r\n         \"style\":\"top:320px;left:20px; font-weight:300; height:40px; padding-right:10px; padding-left:10px; font-size:30px; line-height:37px; white-space:nowrap; \",\r\n         \"data_ls\":\"offsetxin:-50;durationin:2000; delayin:3000; offsetxout:-50; durationout:1000; \",\r\n         \"color\":\"#fd2931\",\r\n         \"background\":\"rgba(255,255,255,0.85)\"\r\n      },\r\n      {\r\n         \"element\":\"p\",\r\n         \"show_name\":\"DUMMY TEXT 6\",\r\n         \"name\":\"dummy_text_6\",\r\n         \"style\":\"top:380px;left:20px; font-weight:300; height:40px; padding-right:10px; padding-left:10px; font-size:30px; line-height:37px; white-space:nowrap; \",\r\n         \"data_ls\":\"offsetxin:-50;durationin:2000; delayin:3500; offsetxout:-50; durationout:1000; \",\r\n         \"color\":\"#fd2931\",\r\n         \"background\":\"rgba(255,255,255,0.85)\"\r\n      },\r\n      {\r\n         \"element\":\"p\",\r\n         \"show_name\":\"PRODUCT TITLE\",\r\n         \"name\":\"product_title\",\r\n         \"style\":\"top:50%;left:900px; font-weight:100; text-align:right; padding:15px; font-size:40px; line-height:37px; font-family:roboto; border-radius:4px; white-space:nowrap; \",\r\n         \"data_ls\":\"offsetxin:0;durationin:2500; delayin:3250; easingin:easeoutelastic; rotatexin:90; transformoriginin:50; top; 0; offsetxout:0; durationout:1000; rotatexout:90; transformoriginout:50; bottom; \",\r\n         \"color\":\"#fff\",\r\n         \"background\":\"#11008b\"\r\n      },\r\n      {\r\n         \"element\":\"p\",\r\n         \"show_name\":\"DUMMY TEXT 7\",\r\n         \"name\":\"dummy_text_7\",\r\n         \"style\":\"top:505px;left:983px; font-family:; flower; font-size:30px; white-space:nowrap; \",\r\n         \"data_ls\":\"offsetxin:-50;delayin:3500; skewxin:60; scalexin:1.5; offsetxout:-50; durationout:1000; skewxout:60; scalexout:1.5; \",\r\n         \"color\":\"#000\",\r\n         \"background\":\"rgba(0,0,0,0)\"\r\n      }\r\n   ]\r\n}'),
(11, 'WELCOME TYPE 3', '{\r\n   \"full_slide_style\":\"data-ls=\\\"slidedelay:8000;transition2d:4;\\\"\",\r\n   \"background\":\"bg_apple\",\r\n   \"images\":[\r\n      {\r\n         \"show_name\":\"Image 1\",\r\n         \"name\":\"ase\",\r\n         \"style\":\"top:45%; left:45%;width:200px; white-space: nowrap;\",\r\n         \"data_ls\":\"offsetxin:0; durationin:1500; delayin:3000; rotateyin:90; transformoriginin:right 50% 0; offsetxout:0; durationout:1500; showuntil:1000; rotateyout:-90; transformoriginout:right 50% 0;\"\r\n      }\r\n   ],\r\n   \"texts\":[\r\n      {\r\n         \"element\":\"p\",\r\n         \"show_name\":\"Introducing\",\r\n         \"name\":\"text_1\",\r\n         \"style\":\"top:40%; left:50%; font-weight: 300; font-size:30px; white-space: nowrap;\",\r\n         \"data_ls\":\"offsetxin:50; durationin:750; easingin:easeOutBack; skewxin:-50; offsetxout:-50; durationout:600; showuntil:1500; easingout:easeInBack; skewxout:50;\",\r\n         \"color\":\"#C505BD\",\r\n         \"background\":\"rgba(1,1,1,0)\"\r\n      },\r\n      {\r\n         \"element\":\"p\",\r\n         \"show_name\":\"Your Shop Name\",\r\n         \"name\":\"text_2\",\r\n         \"style\":\"top:50%; left:50%; font-weight: 300; font-size:50px; white-space: nowrap;\",\r\n         \"data_ls\":\"offsetxin:-100; durationin:750; delayin:250; easingin:easeOutBack; skewxin:-50; offsetxout:100; durationout:600; showuntil:1500; easingout:easeInBack; skewxout:50;\",\r\n         \"color\":\"#8D00AF\",\r\n         \"background\":\"rgba(1,1,1,0)\"\r\n      },\r\n      {\r\n         \"element\":\"p\",\r\n         \"show_name\":\"your Shop Slogan\",\r\n         \"name\":\"text_3\",\r\n         \"style\":\"top:47%; left:690px; font-weight: 300; font-size:35px; white-space: nowrap;\",\r\n         \"data_ls\":\"offsetxin:0; durationin:1500; delayin:3000; rotateyin:90; transformoriginin:left 50% 0; offsetxout:0; durationout:1500; showuntil:1500; rotateyout:-90; transformoriginout:left 50% 0;\",\r\n         \"color\":\"#8D00AF\",\r\n         \"background\":\"rgba(1,1,1,0)\"\r\n      }\r\n   ]\r\n}'),
(12, 'SLIDER TYPE 9', '{\r\n   \"full_slide_style\":\"data-ls=\\\"slidedelay:9500;transition2d:5;timeshift:-3000;\\\"\",\r\n   \"background\":\"bg_apple\",\r\n   \"images\":[\r\n      {\r\n         \"show_name\":\"Image 1\",\r\n         \"name\":\"semi_long_1\",\r\n         \"style\":\"top:120px; left:300px; width:200px; white-space: nowrap;\",\r\n         \"data_ls\":\"offsetxin:0; offsetyin:100; durationin:2000; delayin:1000; offsetxout:-100; offsetyout:50; durationout:2000; showuntil:2010;\"\r\n      },\r\n      {\r\n         \"show_name\":\"Image 2\",\r\n         \"name\":\"semi_long_2\",\r\n         \"style\":\"top:120px; left:200px; width:200px; white-space: nowrap;\",\r\n         \"data_ls\":\"offsetxin:0; offsetyin:100; durationin:2000; delayin:2000; offsetxout:-100; offsetyout:50; durationout:2000; showuntil:2010;\"\r\n      },\r\n      {\r\n         \"show_name\":\"Image 3\",\r\n         \"name\":\"semi_long_3\",\r\n         \"style\":\"top:120px; left:100px; width:200px; white-space: nowrap;\",\r\n         \"data_ls\":\"offsetxin:0; offsetyin:100; durationin:2000; delayin:3000; offsetxout:-100; offsetyout:50; durationout:2000; showuntil:2010;\"\r\n      }\r\n   ],\r\n   \"texts\":[\r\n      {\r\n         \"element\":\"h1\",\r\n         \"show_name\":\"PRODUCT TITLE\",\r\n         \"name\":\"text_1\",\r\n         \"style\":\"top:60px; left:800px; font-weight: 300; font-size:50px; white-space: nowrap;\",\r\n         \"data_ls\":\"offsetxin:50; durationin:3000; rotateyin:60; transformoriginin:right 50% 0; offsetxout:-50; durationout:3000; rotateyout:-60; transformoriginout:left 50% 0;\",\r\n         \"color\":\"#730091\",\r\n         \"background\":\"rgba(1,1,1,0)\"\r\n      },\r\n      {\r\n         \"element\":\"h2\",\r\n         \"show_name\":\"BIG SALE\",\r\n         \"name\":\"text_2\",\r\n         \"style\":\"top:120px; left:801px; font-weight: 300; font-size:30px; white-space: nowrap;\",\r\n         \"data_ls\":\"offsetxin:-50; durationin:3000; delayin:500; rotateyin:-60; transformoriginin:left 50% 0; offsetxout:50; durationout:3000; rotateyout:60; transformoriginout:right 50% 0;\",\r\n         \"color\":\"#FA6BF3\",\r\n         \"background\":\"rgba(1,1,1,0)\"\r\n      },\r\n      {\r\n         \"element\":\"h3\",\r\n         \"show_name\":\"$99\",\r\n         \"name\":\"text_3\",\r\n         \"style\":\"top:200px; left:850px; font-weight: 300; font-size:120px; white-space: nowrap;\",\r\n         \"data_ls\":\"offsetxin:0; durationin:4000; delayin:2000; rotateyin:450; transformoriginin:left 50% 0; offsetxout:0; durationout:500; easingout:easeInBack; rotateyout:90; transformoriginout:left 50% 0;\",\r\n         \"color\":\"#730091\",\r\n         \"background\":\"rgba(1,1,1,0)\"\r\n      }\r\n   ]\r\n}');

-- --------------------------------------------------------

--
-- Table structure for table `slides`
--

CREATE TABLE `slides` (
  `slides_id` int(11) NOT NULL,
  `button_color` longtext,
  `text_color` longtext,
  `button_text` varchar(300) DEFAULT NULL,
  `button_link` varchar(500) DEFAULT NULL,
  `uploaded_by` longtext,
  `added_by` longtext,
  `status` varchar(20) DEFAULT NULL
) ENGINE=InnoDB DEFAULT CHARSET=utf8;

--
-- Dumping data for table `slides`
--

INSERT INTO `slides` (`slides_id`, `button_color`, `text_color`, `button_text`, `button_link`, `uploaded_by`, `added_by`, `status`) VALUES
(15, '', '', '', '', 'vendor', '{\"type\":\"vendor\",\"id\":\"3\"}', 'ok'),
(16, 'rgba(0,0,0,1)', 'rgba(0,0,0,1)', '', '', 'vendor', '{\"type\":\"vendor\",\"id\":\"3\"}', 'ok'),
(19, 'rgba(0,0,0,1)', 'rgba(0,0,0,1)', '', '', 'admin', '{\"type\":\"admin\",\"id\":\"1\"}', 'ok'),
(20, 'rgba(0,0,0,1)', 'rgba(0,0,0,1)', '', '', 'admin', '{\"type\":\"admin\",\"id\":\"1\"}', 'ok'),
(21, 'rgba(0,0,0,1)', 'rgba(0,0,0,1)', '', '', 'admin', '{\"type\":\"admin\",\"id\":\"1\"}', 'ok'),
(22, 'rgba(0,0,0,1)', 'rgba(0,0,0,1)', '', '', 'admin', '{\"type\":\"admin\",\"id\":\"1\"}', 'ok'),
(23, 'rgba(0,0,0,1)', 'rgba(0,0,0,1)', '', '', 'admin', '{\"type\":\"admin\",\"id\":\"1\"}', '0'),
(24, 'rgba(0,0,0,1)', 'rgba(0,0,0,1)', '', '', 'admin', '{\"type\":\"admin\",\"id\":\"1\"}', 'ok'),
(25, 'rgba(0,0,0,1)', 'rgba(0,0,0,1)', '', '', 'vendor', '{\"type\":\"vendor\",\"id\":\"3\"}', 'ok'),
(26, 'rgba(255,0,0,1)', 'rgba(255,255,255,1)', 'Demo', '', 'vendor', '{\"type\":\"vendor\",\"id\":\"12\"}', '0'),
(27, 'rgba(134,217,29,1)', 'rgba(29,92,214,1)', 'link', 'www.google.com', 'vendor', '{\"type\":\"vendor\",\"id\":\"13\"}', 'ok'),
(28, 'rgba(0,0,0,1)', 'rgba(0,0,0,1)', '', '', 'admin', '{\"type\":\"admin\",\"id\":\"1\"}', 'ok'),
(29, 'rgba(0,0,0,1)', 'rgba(0,0,0,1)', '', '', 'admin', '{\"type\":\"admin\",\"id\":\"1\"}', 'ok'),
(30, 'rgba(0,0,0,1)', 'rgba(0,0,0,1)', '', '', 'vendor', '{\"type\":\"vendor\",\"id\":\"5\"}', 'ok'),
(31, 'rgba(0,0,0,1)', 'rgba(0,0,0,1)', '', '', 'vendor', '{\"type\":\"vendor\",\"id\":\"5\"}', 'ok'),
(32, 'rgba(0,0,0,1)', 'rgba(0,0,0,1)', '', '', 'vendor', '{\"type\":\"vendor\",\"id\":\"5\"}', 'ok'),
(33, 'rgba(0,0,0,1)', 'rgba(0,0,0,1)', '', '', 'vendor', '{\"type\":\"vendor\",\"id\":\"5\"}', 'ok'),
(34, 'rgba(245,233,233,1)', 'rgba(18,17,17,1)', 'Demo', 'https://www.google.com', 'vendor', '{\"type\":\"vendor\",\"id\":\"17\"}', 'ok');

-- --------------------------------------------------------

--
-- Table structure for table `social_links`
--

CREATE TABLE `social_links` (
  `social_links_id` int(11) NOT NULL,
  `type` longtext,
  `value` longtext
) ENGINE=MyISAM DEFAULT CHARSET=utf8;

--
-- Dumping data for table `social_links`
--

INSERT INTO `social_links` (`social_links_id`, `type`, `value`) VALUES
(1, 'facebook', 'http://facebook.com/'),
(2, 'google-plus', 'http://google.com/'),
(3, 'twitter', 'http://twitter.com/'),
(4, 'skype', 'http://skype.com/'),
(5, 'pinterest', 'http://pinterest.com/'),
(6, 'youtube', 'http://youtube.com/');

-- --------------------------------------------------------

--
-- Table structure for table `stock`
--

CREATE TABLE `stock` (
  `stock_id` int(11) NOT NULL,
  `type` longtext,
  `category` longtext,
  `sub_category` longtext,
  `product` longtext,
  `quantity` longtext,
  `rate` longtext,
  `total` longtext,
  `reason_note` longtext,
  `datetime` longtext,
  `sale_id` varchar(30) DEFAULT NULL,
  `added_by` varchar(50) DEFAULT NULL
) ENGINE=MyISAM DEFAULT CHARSET=utf8;

--
-- Dumping data for table `stock`
--

INSERT INTO `stock` (`stock_id`, `type`, `category`, `sub_category`, `product`, `quantity`, `rate`, `total`, `reason_note`, `datetime`, `sale_id`, `added_by`) VALUES
(1, 'add', '6', '15', '42', '50', '140.00', '7000', '', '1474202947', NULL, NULL),
(2, 'add', '6', '13', '41', '80', '220.00', '17600', '', '1474205403', NULL, NULL),
(3, 'add', '3', '19', '45', '10', '400.00', '4000', '', '1474273237', NULL, '{\"type\":\"vendor\",\"id\":\"2\"}'),
(4, 'destroy', '3', '19', '45', '3', NULL, '3', '', '1474273259', NULL, '{\"type\":\"vendor\",\"id\":\"2\"}'),
(5, 'add', '7', '24', '46', '50', '170.00', '8500', '', '1474279907', NULL, '{\"type\":\"vendor\",\"id\":\"3\"}'),
(6, 'add', '7', '23', '47', '25', '8.00', '200', '', '1474283137', NULL, '{\"type\":\"vendor\",\"id\":\"3\"}'),
(7, 'add', '7', '25', '48', '35', '6.00', '210', '', '1474284193', NULL, '{\"type\":\"vendor\",\"id\":\"3\"}'),
(8, 'add', '5', '29', '50', '50', '15.25', '762.5', '', '1474485138', NULL, '{\"type\":\"vendor\",\"id\":\"3\"}'),
(9, 'add', '5', '29', '49', '45', '34.35', '1545.75', '', '1474485156', NULL, '{\"type\":\"vendor\",\"id\":\"3\"}'),
(10, 'add', '5', '29', '51', '25', '11.11', '277.75', '', '1474485808', NULL, '{\"type\":\"vendor\",\"id\":\"3\"}'),
(11, 'add', '5', '29', '52', '18', '9.56', '172.08', '', '1474487386', NULL, '{\"type\":\"vendor\",\"id\":\"3\"}'),
(12, 'add', '5', '27', '53', '10', '85.00', '850', '', '1474488421', NULL, '{\"type\":\"vendor\",\"id\":\"3\"}'),
(13, 'add', '5', '27', '55', '15', '101.00', '1515', '', '1474489704', NULL, '{\"type\":\"vendor\",\"id\":\"3\"}'),
(14, 'add', '5', '27', '54', '15', '100.00', '1500', '', '1474489715', NULL, '{\"type\":\"vendor\",\"id\":\"3\"}'),
(15, 'add', '5', '27', '56', '25', '85.00', '2125', '', '1474490017', NULL, '{\"type\":\"vendor\",\"id\":\"3\"}'),
(16, 'add', '5', '28', '57', '20', '65.00', '1300', '', '1474490674', NULL, '{\"type\":\"vendor\",\"id\":\"3\"}'),
(17, 'add', '5', '28', '58', '25', '60.00', '1500', '', '1474491530', NULL, '{\"type\":\"vendor\",\"id\":\"3\"}'),
(18, 'add', '5', '28', '59', '20', '65.00', '1300', '', '1474492165', NULL, '{\"type\":\"vendor\",\"id\":\"3\"}'),
(19, 'add', '5', '30', '61', '100', '41.00', '4100', '', '1474493210', NULL, '{\"type\":\"vendor\",\"id\":\"3\"}'),
(20, 'add', '5', '28', '60', '20', '75.00', '1500', '', '1474493219', NULL, '{\"type\":\"vendor\",\"id\":\"3\"}'),
(21, 'add', '5', '30', '62', '80', '620.00', '49600', '', '1474493510', NULL, '{\"type\":\"vendor\",\"id\":\"3\"}'),
(22, 'add', '5', '30', '63', '50', '650.00', '32500', '', '1474493879', NULL, '{\"type\":\"vendor\",\"id\":\"3\"}'),
(23, 'add', '4', '9', '65', '30', '11.26', '337.8', '', '1474572304', NULL, '{\"type\":\"vendor\",\"id\":\"5\"}'),
(24, 'add', '4', '9', '66', '35', '15.35', '537.25', '', '1474572782', NULL, '{\"type\":\"vendor\",\"id\":\"5\"}'),
(25, 'add', '4', '9', '67', '30', '13.20', '396', '', '1474574151', NULL, '{\"type\":\"vendor\",\"id\":\"5\"}'),
(26, 'add', '4', '10', '68', '20', '12.36', '247.2', '', '1474575119', NULL, '{\"type\":\"vendor\",\"id\":\"5\"}'),
(27, 'add', '4', '10', '69', '30', '8.20', '245.99999999999997', '', '1474575712', NULL, '{\"type\":\"vendor\",\"id\":\"5\"}'),
(28, 'add', '4', '11', '70', '25', '3.35', '83.75', '', '1474576989', NULL, '{\"type\":\"vendor\",\"id\":\"5\"}'),
(29, 'add', '4', '11', '71', '50', '2.88', '144', '', '1474577860', NULL, '{\"type\":\"vendor\",\"id\":\"5\"}'),
(30, 'add', '4', '11', '72', '10', '8.90', '89', '', '1474578795', NULL, '{\"type\":\"vendor\",\"id\":\"5\"}'),
(31, 'add', '4', '36', '73', '15', '38.32', '574.8', '', '1474580033', NULL, '{\"type\":\"vendor\",\"id\":\"5\"}'),
(32, 'add', '4', '36', '74', '20', '41.38', '827.6', '', '1474580235', NULL, '{\"type\":\"vendor\",\"id\":\"5\"}'),
(33, 'add', '4', '36', '75', '20', '39.63', '792.6', '', '1474580993', NULL, NULL),
(34, 'add', '1', '3', '76', '10', '43567.00', '435670', '', '1474721288', NULL, '{\"type\":\"vendor\",\"id\":\"3\"}'),
(35, 'add', '1', '3', '77', '15', '58378.00', '875670', '', '1474722264', NULL, '{\"type\":\"vendor\",\"id\":\"3\"}'),
(36, 'add', '1', '3', '78', '20', '131772.00', '2635440', '', '1474722788', NULL, '{\"type\":\"vendor\",\"id\":\"3\"}'),
(37, 'add', '1', '63', '79', '5', '1734589.00', '8672945', '', '1474790400', NULL, '{\"type\":\"vendor\",\"id\":\"3\"}'),
(38, 'add', '1', '63', '80', '10', '558900.00', '5589000', '', '1474792233', NULL, NULL),
(39, 'add', '1', '63', '81', '5', '3234690.00', '16173450', '', '1474792382', NULL, NULL),
(40, 'add', '1', '63', '82', '8', '4467490.00', '35739920', '', '1474792879', NULL, NULL),
(41, 'add', '1', '5', '83', '12', '11670.00', '140040', '', '1474793757', NULL, NULL),
(42, 'add', '1', '5', '84', '25', '42879.00', '1071975', '', '1474796354', NULL, NULL),
(43, 'add', '1', '5', '85', '18', '74590.00', '1342620', '', '1474796688', NULL, NULL),
(44, 'add', '1', '2', '86', '16', '45000.00', '720000', '', '1474799085', NULL, NULL),
(45, 'add', '1', '6', '87', '10', '41000.00', '410000', '', '1474800049', NULL, NULL),
(46, 'add', '1', '6', '88', '25', '33890.00', '847250', '', '1474800332', NULL, NULL),
(47, 'add', '1', '6', '89', '10', '42000.00', '420000', '', '1474801376', NULL, NULL),
(48, 'add', '2', '62', '90', '45', '61897.00', '2785365', '', '1474802601', NULL, NULL),
(49, 'add', '2', '17', '92', '55', '42000.00', '2310000', '', '1474803009', NULL, '{\"type\":\"vendor\",\"id\":\"3\"}'),
(50, 'add', '2', '62', '91', '10', '65000.00', '650000', '', '1474889590', NULL, NULL),
(52, 'add', '4', '10', '69', '0', '8.20', '0', '', '1475390469', NULL, NULL),
(53, 'add', '2', '18', '93', '10', '350.00', '3500', '', '1475483558', NULL, NULL),
(54, 'add', '2', '18', '94', '10', '350.00', '3500', '', '1475485603', NULL, NULL),
(56, 'add', '2', '18', '96', '100', '350.00', '35000', '', '1475498670', NULL, NULL),
(59, 'add', '1', '3', '4', '100', '88000.00', '8800000', '', '1476007723', NULL, NULL),
(60, 'add', '1', '2', '1', '50', '120000.00', '6000000', '', '1476007803', NULL, NULL),
(61, 'destroy', '4', '36', '74', '2', NULL, '0', 'sale', '1517725191', '5', NULL),
(62, 'destroy', '4', '36', '73', '1', NULL, '0', 'sale', '1517732450', '6', NULL),
(63, 'destroy', '4', '36', '73', '1', NULL, '0', 'sale', '1517732639', '7', NULL),
(64, 'add', '4', '10', '37', '100', '150.00', '15000', '', '1517942532', NULL, NULL),
(65, 'add', '4', '8', '36', '100', '210.00', '0', '', '1517942542', NULL, NULL),
(66, 'add', '4', '35', '35', '100', '240.00', '24000', '', '1517942553', NULL, NULL),
(67, 'add', '4', '9', '26', '100', '10.00', '1000', '', '1517942563', NULL, NULL),
(68, 'add', '4', '37', '25', '100', '250.00', '25000', '', '1517942574', NULL, NULL),
(69, 'add', '4', '37', '24', '100', '400.00', '40000', '', '1517942585', NULL, NULL),
(70, 'add', '4', '37', '23', '100', '210.00', '21000', '', '1517942598', NULL, NULL),
(71, 'add', '4', '40', '18', '200', '100.00', '20000', '', '1517942609', NULL, NULL),
(72, 'add', '4', '35', '17', '150', '120.00', '18000', '', '1517942624', NULL, NULL),
(73, 'add', '4', '39', '16', '200', '110.00', '22000', '', '1517942637', NULL, NULL),
(74, 'add', '4', '37', '15', '200', '130.00', '0', '', '1517942647', NULL, NULL),
(75, 'add', '4', '34', '14', '100', '320.00', '32000', '', '1517942656', NULL, NULL),
(76, 'add', '4', '8', '12', '200', '180.00', '36000', '', '1517942666', NULL, NULL),
(77, 'add', '4', '11', '11', '100', '6500.00', '650000', '', '1517942677', NULL, NULL),
(78, 'add', '1', '5', '2', '100', '18000.00', '1800000', '', '1517942691', NULL, NULL),
(79, 'add', '4', '10', '7', '500', '35.00', '17500', '', '1517942704', NULL, NULL),
(80, 'add', '5', '30', '8', '300', '650.00', '195000', '', '1517942726', NULL, NULL),
(81, 'add', '5', '28', '9', '500', '120.00', '60000', '', '1517942751', NULL, NULL),
(82, 'add', '16', '78', '101', '10', '95.00', '950', '', '1518078812', NULL, NULL),
(83, 'add', '16', '78', '103', '20', '125.00', '2500', '', '1518079324', NULL, NULL),
(84, 'add', '16', '78', '102', '15', '125.00', '1875', '', '1518079332', NULL, NULL),
(85, 'add', '16', '78', '104', '15', '125.00', '1875', '', '1518079423', NULL, NULL),
(86, 'add', '16', '78', '104', '100', '125.00', '12500', '', '1518079433', NULL, NULL),
(87, 'add', '16', '78', '103', '150', '125.00', '18750', '', '1518079443', NULL, NULL),
(88, 'add', '16', '78', '102', '90', '125.00', '11250', '', '1518079453', NULL, NULL),
(89, 'add', '16', '78', '101', '120', '95.00', '11400', '', '1518079464', NULL, NULL),
(90, 'add', '1', '6', '89', '50', '42000.00', '2100000', '', '1518079474', NULL, NULL),
(91, 'add', '1', '6', '88', '50', '33890.00', '1694500', '', '1518079483', NULL, NULL),
(92, 'add', '1', '6', '87', '80', '41000.00', '3280000', '', '1518079495', NULL, NULL),
(93, 'add', '1', '6', '86', '80', '45000.00', '3600000', '', '1518079507', NULL, NULL),
(94, 'add', '16', '78', '105', '120', '110.00', '13200', '', '1518079727', NULL, NULL),
(95, 'add', '16', '78', '106', '150', '122.00', '18300', '', '1518079898', NULL, NULL),
(96, 'add', '16', '79', '107', '120', '145.00', '17400', '', '1518080173', NULL, NULL),
(97, 'add', '16', '79', '108', '80', '144.00', '11520', '', '1518080359', NULL, NULL),
(98, 'add', '16', '79', '110', '50', '75.00', '3750', '', '1518081142', NULL, NULL),
(99, 'add', '16', '79', '109', '60', '140.00', '8400', '', '1518081151', NULL, NULL),
(100, 'add', '16', '79', '111', '100', '95.00', '9500', '', '1518081235', NULL, NULL),
(101, 'add', '16', '79', '112', '150', '50.00', '7500', '', '1518081346', NULL, NULL),
(102, 'add', '16', '80', '113', '150', '95.00', '14250', '', '1518081575', NULL, NULL),
(103, 'add', '16', '80', '114', '130', '98.00', '12740', '', '1518081650', NULL, NULL),
(104, 'add', '16', '80', '115', '200', '100.00', '20000', '', '1518081994', NULL, NULL),
(105, 'add', '5', '27', '117', '85', '45.00', '3825', '', '1518082666', NULL, NULL),
(106, 'add', '16', '80', '116', '100', '92.00', '9200', '', '1518082674', NULL, NULL),
(107, 'add', '5', '27', '118', '80', '56.00', '4480', '', '1518082825', NULL, NULL),
(108, 'add', '5', '27', '120', '80', '65.00', '5200', '', '1518083101', NULL, NULL),
(109, 'add', '5', '27', '119', '80', '65.00', '5200', '', '1518083110', NULL, NULL),
(110, 'add', '5', '28', '121', '50', '79.00', '3950', '', '1518083320', NULL, NULL),
(111, 'add', '5', '28', '122', '60', '55.00', '3300', '', '1518083433', NULL, NULL),
(112, 'add', '5', '28', '123', '60', '66.00', '3960', '', '1518083632', NULL, NULL),
(113, 'add', '5', '29', '124', '82', '45.00', '3690', '', '1518083830', NULL, NULL),
(114, 'add', '5', '29', '124', '56', '45.00', '2520', '', '1518084168', NULL, NULL),
(115, 'add', '5', '30', '126', '55', '90.00', '4950', '', '1518084178', NULL, NULL),
(116, 'add', '5', '30', '127', '80', '125.00', '10000', '', '1518084186', NULL, NULL),
(117, 'add', '5', '29', '125', '50', '56.00', '2800', '', '1518084194', NULL, NULL),
(118, 'add', '4', '37', '128', '80', '120.00', '9600', '', '1518086137', NULL, NULL),
(119, 'add', '4', '37', '129', '100', '145.00', '14500', '', '1518086245', NULL, NULL),
(120, 'add', '1', '2', '130', '50', '32000.00', '1600000', '', '1518091220', NULL, NULL),
(127, 'destroy', '0', '0', '101', '1', NULL, '0', 'sale', '1521374128', '15', NULL),
(133, 'add', '4', '10', '37', '500', '150.00', '75000', '', '1522827326', NULL, NULL),
(134, 'add', '1', '5', '2', '100', '18000.00', '1800000', '', '1522827360', NULL, NULL),
(135, 'add', '4', '10', '7', '1000', '35.00', '35000', '', '1522827390', NULL, NULL),
(136, 'add', '4', '34', '14', '150', '320.00', '0', '', '1522827433', NULL, NULL),
(137, 'add', '4', '37', '15', '200', '130.00', '0', '', '1522827463', NULL, NULL),
(138, 'add', '4', '39', '16', '200', '110.00', '0', '', '1522827488', NULL, NULL),
(139, 'add', '4', '35', '17', '100', '120.00', '12000', '', '1522827994', NULL, NULL),
(140, 'add', '4', '40', '18', '150', '100.00', '15000', '', '1522828021', NULL, NULL),
(141, 'add', '4', '35', '35', '200', '240.00', '0', '', '1522828073', NULL, NULL),
(142, 'add', '4', '9', '26', '200', '10.00', '0', '', '1522828105', NULL, NULL),
(143, 'add', '4', '37', '25', '200', '250.00', '50000', '', '1522828132', NULL, NULL),
(144, 'add', '4', '37', '24', '200', '400.00', '0', '', '1522828163', NULL, NULL),
(145, 'add', '4', '37', '23', '300', '210.00', '0', '', '1522828256', NULL, NULL),
(146, 'add', '4', '8', '36', '400', '210.00', '0', '', '1522828286', NULL, NULL),
(147, 'add', '4', '8', '12', '300', '180.00', '0', '', '1522828328', NULL, NULL),
(148, 'add', '4', '11', '11', '250', '6500.00', '0', '', '1522828413', NULL, NULL),
(149, 'add', '5', '28', '9', '250', '120.00', '0', '', '1522828467', NULL, NULL),
(150, 'add', '5', '30', '8', '300', '650.00', '195000', '', '1522828488', NULL, NULL),
(151, 'add', '17', '78', '103', '30', '4.40', '132', '', '1522837440', NULL, NULL),
(152, 'add', '17', '78', '104', '50', '4.72', '236', '', '1522837706', NULL, NULL),
(153, 'add', '17', '78', '105', '20', '5.50', '110', '', '1522837862', NULL, NULL),
(154, 'add', '18', '79', '106', '15', '18.30', '274.5', '', '1522838553', NULL, NULL),
(155, 'add', '18', '79', '107', '12', '22.63', '271.56', '', '1522838928', NULL, NULL),
(156, 'add', '21', '80', '108', '5', '57.53', '287.65', '', '1522841201', NULL, NULL),
(157, 'add', '21', '80', '109', '1', '58.77', '58.77', '', '1522841562', NULL, NULL),
(158, 'add', '16', '81', '110', '5', '719.99', '3599.95', '', '1522842237', NULL, NULL),
(159, 'add', '16', '81', '111', '3', '209.99', '629.97', '', '1522842721', NULL, NULL),
(160, 'add', '16', '81', '112', '2', '629.99', '1259.98', '', '1522842852', NULL, NULL),
(161, 'add', '1', '3', '124', '200', '54000.00', '10800000', '', '1522922112', NULL, NULL),
(162, 'add', '1', '3', '125', '300', '59000.00', '17700000', '', '1522922301', NULL, NULL),
(163, 'add', '5', '27', '127', '25', '169.99', '4249.75', '', '1522925860', NULL, NULL),
(164, 'add', '5', '27', '127', '75', '169.99', '12749.25', '', '1522925881', NULL, NULL),
(165, 'add', '5', '27', '128', '100', '372.06', '37206', '', '1522926055', NULL, NULL),
(166, 'add', '5', '27', '130', '500', '79.20', '0', '', '1522930929', NULL, NULL),
(167, 'add', '5', '28', '129', '500', '50.00', '0', '', '1522930942', NULL, NULL),
(174, 'add', '1', '6', '131', '25', '26999.00', '674975', '', '1523857079', NULL, NULL),
(175, 'add', '1', '6', '132', '10', '4999.00', '49990', '', '1523861112', NULL, NULL),
(176, 'add', '1', '63', '133', '5', '117139.33', '585696.65', '', '1523863280', NULL, NULL),
(177, 'add', '1', '63', '134', '10', '794782.29', '7947822.9', '', '1523863576', NULL, NULL),
(178, 'add', '5', '28', '135', '200', '63.75', '12750', '', '1523867199', NULL, NULL),
(179, 'add', '5', '28', '136', '150', '44.99', '6748.5', '', '1523867819', NULL, NULL),
(180, 'add', '5', '29', '137', '500', '52.99', '26495', '', '1523868841', NULL, NULL),
(181, 'add', '5', '29', '138', '300', '31.80', '9540', '', '1523869110', NULL, NULL),
(182, 'add', '5', '29', '139', '300', '45.99', '13797', '', '1523869336', NULL, NULL),
(183, 'add', '5', '30', '140', '50', '26724.99', '1336249.5', '', '1523870296', NULL, NULL),
(184, 'add', '5', '30', '141', '100', '664.99', '66499', '', '1523870578', NULL, NULL),
(185, 'add', '16', '81', '142', '100', '794.00', '79400', '', '1523871020', NULL, NULL),
(186, 'add', '16', '81', '143', '100', '625.00', '62500', '', '1523871351', NULL, NULL),
(187, 'add', '16', '81', '144', '200', '409.00', '81800', '', '1523871782', NULL, NULL),
(188, 'add', '16', '83', '145', '50', '70.72', '3536', '', '1523872591', NULL, NULL),
(189, 'add', '16', '83', '146', '100', '11.58', '1158', '', '1523872944', NULL, NULL),
(190, 'add', '16', '83', '147', '140', '91.97', '12875.8', '', '1523873194', NULL, NULL),
(191, 'add', '16', '83', '148', '200', '96.28', '19256', '', '1523873449', NULL, NULL),
(192, 'add', '16', '83', '149', '50', '105.97', '5298.5', '', '1523873845', NULL, NULL),
(193, 'add', '16', '83', '150', '200', '36.43', '7286', '', '1523874195', NULL, NULL),
(194, 'add', '4', '9', '151', '300', '43.98', '13193.999999999998', '', '1523874895', NULL, NULL),
(195, 'add', '4', '10', '152', '250', '13.59', '3397.5', '', '1523875175', NULL, NULL),
(196, 'add', '4', '9', '153', '300', '19.99', '5996.999999999999', '', '1523875678', NULL, NULL),
(197, 'add', '4', '10', '154', '200', '16.29', '3258', '', '1523875974', NULL, NULL),
(198, 'add', '4', '11', '155', '50', '18.99', '949.4999999999999', '', '1523876663', NULL, NULL),
(199, 'add', '4', '11', '156', '10', '4530.00', '45300', '', '1523876990', NULL, NULL),
(200, 'add', '4', '37', '157', '100', '51.00', '5100', '', '1523877983', NULL, NULL),
(201, 'add', '4', '37', '158', '120', '158.99', '19078.800000000003', '', '1523878181', NULL, NULL),
(203, 'add', '16', '87', '159', '500', '4500.00', '2250000', '', '1524784507', NULL, NULL),
(204, 'add', '16', '85', '160', '500', '1000.00', '0', '', '1524784752', NULL, NULL),
(205, 'add', '16', '88', '161', '500', '800.00', '0', '', '1524784866', NULL, NULL),
(206, 'add', '16', '86', '162', '500', '900.00', '450000', '', '1524845655', NULL, NULL),
(207, 'add', '16', '81', '166', '12', '125.00', '1500', '', '1524911159', NULL, '{\"type\":\"vendor\",\"id\":\"9\"}'),
(208, 'add', '16', '81', '168', '5', '1190.00', '5950', '', '1524984498', NULL, '{\"type\":\"vendor\",\"id\":\"10\"}'),
(209, 'add', '16', '83', '169', '5', '800.00', '4000', '', '1524984850', NULL, '{\"type\":\"vendor\",\"id\":\"10\"}'),
(210, 'add', '16', '81', '170', '25', '1195.00', '29875', '', '1524984898', NULL, '{\"type\":\"vendor\",\"id\":\"10\"}'),
(211, 'add', '16', '81', '171', '25', '1190.00', '29750', '', '1524985905', NULL, '{\"type\":\"vendor\",\"id\":\"10\"}'),
(216, 'add', '4', '11', '172', '50', '40.00', '2000', '', '1528779289', NULL, NULL),
(217, 'add', '4', '11', '173', '50', '62.00', '3100', '', '1528779815', NULL, NULL),
(218, 'add', '4', '11', '174', '50', '30.00', '1500', '', '1528780266', NULL, NULL),
(219, 'add', '5', '89', '175', '100', '68.00', '6800', '', '1528785307', NULL, NULL),
(220, 'add', '5', '89', '176', '120', '12.00', '1440', '', '1528785411', NULL, NULL),
(221, 'add', '5', '89', '177', '45', '10.00', '450', '', '1528785743', NULL, NULL),
(222, 'add', '5', '89', '178', '60', '74.80', '4488', '', '1528786064', NULL, NULL),
(223, 'add', '16', '88', '180', '10', '3500.00', '35000', '', '1528787255', NULL, NULL),
(226, 'add', '4', '8', '183', '25', '180.00', '4500', '', '1530166850', NULL, '{\"type\":\"vendor\",\"id\":\"16\"}'),
(261, 'add', '21', '80', '184', '500', '189.99', '94995', '', '1530427971', NULL, '{\"type\":\"vendor\",\"id\":\"16\"}'),
(262, 'add', '21', '80', '185', '50', '40.99', '2049.5', '', '1530428579', NULL, '{\"type\":\"vendor\",\"id\":\"16\"}'),
(263, 'add', '16', '83', '186', '300', '249.00', '74700', '', '1530428936', NULL, '{\"type\":\"vendor\",\"id\":\"16\"}'),
(264, 'add', '16', '86', '187', '50', '1049.00', '52450', '', '1530429328', NULL, '{\"type\":\"vendor\",\"id\":\"16\"}'),
(265, 'add', '5', '90', '188', '100', '154.99', '15499', '', '1530429645', NULL, '{\"type\":\"vendor\",\"id\":\"16\"}'),
(266, 'add', '5', '90', '189', '500', '38.98', '19490', '', '1530431736', NULL, '{\"type\":\"vendor\",\"id\":\"16\"}'),
(267, 'add', '5', '30', '190', '500', '99.84', '49920', '', '1530434062', NULL, '{\"type\":\"vendor\",\"id\":\"16\"}'),
(268, 'add', '5', '28', '191', '100', '56.99', '5699', '', '1530434437', NULL, '{\"type\":\"vendor\",\"id\":\"16\"}'),
(269, 'add', '21', '80', '192', '200', '385.00', '77000', '', '1530435423', NULL, '{\"type\":\"vendor\",\"id\":\"12\"}'),
(270, 'add', '21', '80', '193', '300', '80.00', '24000', '', '1530435832', NULL, '{\"type\":\"vendor\",\"id\":\"12\"}'),
(271, 'add', '21', '80', '194', '50', '199.99', '9999.5', '', '1530436258', NULL, '{\"type\":\"vendor\",\"id\":\"12\"}'),
(272, 'add', '21', '80', '195', '400', '39.99', '15996', '', '1530436731', NULL, '{\"type\":\"vendor\",\"id\":\"12\"}'),
(273, 'add', '21', '80', '196', '100', '230.97', '23097', '', '1530437119', NULL, '{\"type\":\"vendor\",\"id\":\"12\"}'),
(274, 'add', '4', '40', '197', '200', '23.99', '4798', '', '1530437673', NULL, '{\"type\":\"vendor\",\"id\":\"1\"}'),
(275, 'add', '4', '35', '198', '500', '34.99', '17495', '', '1530438201', NULL, '{\"type\":\"vendor\",\"id\":\"1\"}'),
(276, 'add', '4', '36', '199', '140', '34.98', '4897.2', '', '1530438511', NULL, '{\"type\":\"vendor\",\"id\":\"1\"}'),
(277, 'add', '4', '11', '200', '600', '12.97', '7782', '', '1530439263', NULL, '{\"type\":\"vendor\",\"id\":\"1\"}'),
(278, 'add', '16', '87', '201', '50', '1049.00', '52450', '', '1530440570', NULL, '{\"type\":\"vendor\",\"id\":\"7\"}'),
(279, 'add', '16', '87', '202', '300', '28.99', '8697', '', '1530441002', NULL, '{\"type\":\"vendor\",\"id\":\"7\"}'),
(280, 'add', '16', '86', '203', '100', '49.34', '4934', '', '1530441771', NULL, '{\"type\":\"vendor\",\"id\":\"7\"}'),
(281, 'add', '16', '81', '204', '200', '249.99', '49998', '', '1530442235', NULL, '{\"type\":\"vendor\",\"id\":\"7\"}'),
(282, 'add', '16', '81', '205', '500', '49.99', '24995', '', '1530442480', NULL, '{\"type\":\"vendor\",\"id\":\"7\"}'),
(283, 'add', '16', '85', '206', '100', '399.00', '39900', '', '1530444192', NULL, '{\"type\":\"vendor\",\"id\":\"16\"}'),
(284, 'add', '17', '93', '207', '500', '39.00', '19500', '', '1530509804', NULL, '{\"type\":\"vendor\",\"id\":\"9\"}'),
(285, 'add', '17', '78', '208', '500', '40.00', '20000', '', '1530511789', NULL, '{\"type\":\"vendor\",\"id\":\"9\"}'),
(286, 'add', '17', '91', '209', '400', '28.50', '11400', '', '1530512382', NULL, '{\"type\":\"vendor\",\"id\":\"9\"}'),
(287, 'add', '17', '96', '210', '100', '75.00', '7500', '', '1530512762', NULL, '{\"type\":\"vendor\",\"id\":\"9\"}'),
(288, 'add', '17', '93', '211', '500', '28.00', '14000', '', '1530513333', NULL, '{\"type\":\"vendor\",\"id\":\"9\"}'),
(289, 'add', '1', '1', '212', '50', '63750.00', '3187500', '', '1530514188', NULL, '{\"type\":\"vendor\",\"id\":\"10\"}'),
(290, 'add', '1', '1', '213', '150', '39190.00', '5878500', '', '1530514879', NULL, '{\"type\":\"vendor\",\"id\":\"10\"}'),
(291, 'add', '1', '2', '214', '1000', '535500.00', '535500000', '', '1530515357', NULL, '{\"type\":\"vendor\",\"id\":\"10\"}'),
(292, 'add', '1', '1', '215', '100', '15350.00', '1535000', '', '1530523300', NULL, '{\"type\":\"vendor\",\"id\":\"10\"}'),
(293, 'add', '1', '1', '216', '100', '44100.00', '4410000', '', '1530523869', NULL, '{\"type\":\"vendor\",\"id\":\"10\"}'),
(301, 'destroy', '4', '11', '172', '1', NULL, '0', 'sale', '1530779882', '99', NULL),
(302, 'destroy', '0', '0', '179', '1', NULL, '0', 'sale', '1530780344', '100', NULL),
(303, 'destroy', '5', '30', '190', '1', NULL, '0', 'sale', '1530780876', '103', NULL),
(304, 'destroy', '0', '0', '122', '1', NULL, '0', 'sale', '1530781627', '104', NULL),
(314, 'add', '5', '28', '217', '200', '88.95', '17790', '', '1531637332', NULL, '{\"type\":\"vendor\",\"id\":\"17\"}'),
(315, 'add', '5', '28', '217', '100', '88.95', '8895', '', '1531637661', NULL, '{\"type\":\"vendor\",\"id\":\"17\"}'),
(327, 'add', '16', '88', '180', '500', '3500.00', '1750000', '', '1531642809', NULL, NULL),
(328, 'add', '4', '11', '200', '500', '12.97', '6485', '', '1531642840', NULL, NULL),
(329, 'add', '4', '11', '174', '500', '30.00', '15000', '', '1531642856', NULL, NULL),
(330, 'add', '4', '11', '172', '500', '40.00', '20000', '', '1531642878', NULL, NULL),
(331, 'add', '4', '11', '155', '500', '18.99', '9495', '', '1531642899', NULL, NULL),
(335, 'add', '5', '27', '220', '125', '110.00', '13750', '', '1554029932', NULL, '{\"type\":\"vendor\",\"id\":\"18\"}'),
(344, 'add', '24', '114', '226', '10', '20.00', '200', '', '1571652007', NULL, NULL),
(346, 'add', '24', '114', '227', '100', '117.00', '11700', '', '1571724012', NULL, '{\"type\":\"vendor\",\"id\":\"5\"}'),
(347, 'add', '24', '114', '228', '100', '36.00', '3600', '', '1571724396', NULL, '{\"type\":\"vendor\",\"id\":\"5\"}'),
(350, 'add', '4', '5', '225', '100', '19.00', '1900', '', '1574742818', NULL, NULL),
(351, 'add', '1', '1', '218', '100', '234', '23400', '', '1575877383', NULL, NULL),
(378, 'destroy', '5', '29', '138', '1', NULL, '0', 'sale', '1672847896', '228', NULL),
(379, 'destroy', '5', '27', '130', '1', NULL, '0', 'sale', '1675768707', '229', NULL),
(355, 'destroy', '12', '66', '98', '1', NULL, '0', 'sale', '1576064394', '211', NULL),
(356, 'destroy', '12', '66', '98', '1', NULL, '0', 'sale', '1576064677', '212', NULL),
(360, 'destroy', '16', '88', '161', '1', NULL, '0', 'sale', '1583400477', '218', NULL),
(361, 'destroy', '4', '11', '172', '1', NULL, '0', 'sale', '1583402656', '219', NULL),
(362, 'destroy', '1', '1', '213', '1', NULL, '0', 'sale', '1583406268', '220', NULL),
(373, 'destroy', '4', '11', '155', '1', NULL, '0', 'sale', '1671373198', '224', NULL),
(374, 'destroy', '4', '11', '156', '1', NULL, '0', 'sale', '1671373198', '224', NULL),
(375, 'destroy', '17', '93', '211', '1', NULL, '0', 'sale', '1672795590', '225', NULL),
(376, 'add', '17', '91', '229', '100', '80.00', '8000', '', '1672810509', NULL, '{\"type\":\"vendor\",\"id\":\"22\"}'),
(377, 'destroy', '17', '91', '229', '1', NULL, '0', 'sale', '1672810751', '226', NULL);

-- --------------------------------------------------------

--
-- Table structure for table `subscribe`
--

CREATE TABLE `subscribe` (
  `subscribe_id` int(11) NOT NULL,
  `email` varchar(600) DEFAULT NULL
) ENGINE=MyISAM DEFAULT CHARSET=utf8;

--
-- Dumping data for table `subscribe`
--

INSERT INTO `subscribe` (`subscribe_id`, `email`) VALUES
(1, 'sub1@mail.com'),
(2, 'sub2@mail.com'),
(3, 'sub3@mail.com'),
(4, 'sub4@mail.com');

-- --------------------------------------------------------

--
-- Table structure for table `sub_category`
--

CREATE TABLE `sub_category` (
  `sub_category_id` int(11) NOT NULL,
  `sub_category_name` longtext,
  `category` longtext,
  `brand` varchar(2000) NOT NULL DEFAULT '[]',
  `digital` varchar(10) DEFAULT NULL,
  `banner` longtext,
  `affiliation` tinyint(4) NOT NULL DEFAULT '0',
  `affiliation_points` decimal(10,0) NOT NULL DEFAULT '0'
) ENGINE=MyISAM DEFAULT CHARSET=utf8;

--
-- Dumping data for table `sub_category`
--

INSERT INTO `sub_category` (`sub_category_id`, `sub_category_name`, `category`, `brand`, `digital`, `banner`, `affiliation`, `affiliation_points`) VALUES
(1, 'Car', '1', '[\"41\",\"40\",\"39\",\"38\",\"44\",\"45\",\"46\",\"47\",\"51\",\"52\",\"54\"]', NULL, 'sub_category_1.jpg', 1, 100),
(2, 'Racing Car', '1', '[\"41\",\"40\",\"39\",\"38\",\"45\",\"46\",\"47\",\"50\",\"51\",\"52\",\"54\",\"55\"]', NULL, 'sub_category_2.jpg', 0, 0),
(3, 'Luxury SUV', '1', '[\"41\",\"40\",\"39\",\"38\",\"45\",\"47\",\"51\",\"54\",\"148\",\"151\",\"152\"]', NULL, 'sub_category_3.jpg', 0, 0),
(5, 'Chopper Bike', '1', '[\"39\",\"45\",\"48\",\"52\",\"56\",\"57\"]', NULL, 'sub_category_5.jpg', 0, 0),
(6, 'Racing Bike', '1', '[\"45\",\"52\",\"57\",\"153\",\"155\",\"156\",\"157\",\"158\"]', NULL, 'sub_category_6.jpg', 0, 0),
(8, 'Party Dress', '4', '[\"8\",\"10\",\"11\",\"159\",\"160\"]', NULL, 'sub_category_8.jpg', 0, 0),
(9, 'Women Secret', '4', '[\"10\",\"13\",\"14\",\"15\",\"150\"]', NULL, 'sub_category_9.jpg', 0, 0),
(10, 'Sleeping Dress', '4', '[\"10\",\"11\",\"14\",\"15\",\"159\"]', NULL, 'sub_category_10.jpg', 0, 0),
(11, 'Beauty & Health', '4', '[\"8\",\"9\",\"100\",\"160\",\"162\",\"221\"]', NULL, 'sub_category_11.jpg', 0, 0),
(27, 'Formal Dress', '5', '[\"22\",\"25\",\"26\",\"27\",\"30\"]', NULL, 'sub_category_27.jpg', 0, 0),
(28, 'Men\'s shoe', '5', '[\"17\",\"23\",\"24\",\"33\",\"35\"]', NULL, 'sub_category_28.jpg', 0, 0),
(29, 'Casual Dress', '5', '[\"20\",\"21\",\"23\",\"31\",\"37\",\"102\"]', NULL, 'sub_category_29.jpg', 0, 0),
(30, 'Men Watch', '5', '[\"17\",\"18\",\"23\",\"29\",\"31\",\"34\",\"63\"]', NULL, 'sub_category_30.jpg', 0, 0),
(34, 'Bridal Attire', '4', '[\"6\",\"7\",\"9\",\"13\",\"100\"]', NULL, 'sub_category_34.jpg', 0, 0),
(35, 'Formal Dress', '4', '[\"8\",\"11\",\"15\",\"16\",\"163\"]', NULL, 'sub_category_35.jpg', 0, 0),
(36, 'Women\'s Shoe', '4', '[\"12\",\"14\",\"15\",\"19\",\"100\",\"159\"]', NULL, 'sub_category_36.jpg', 0, 0),
(37, 'Fragrance World', '4', '[\"7\",\"10\",\"11\",\"14\",\"15\",\"100\"]', NULL, 'sub_category_37.jpg', 0, 0),
(39, 'Women\'s Time Zone', '4', '[\"15\",\"16\",\"17\",\"18\",\"19\",\"100\"]', NULL, 'sub_category_39.jpg', 0, 0),
(40, 'Casual wear', '4', '[\"7\",\"8\",\"15\",\"17\",\"163\"]', NULL, 'sub_category_40.jpg', 0, 0),
(63, 'Private Air', '1', '[\"40\",\"39\",\"38\",\"46\",\"47\",\"55\"]', NULL, 'sub_category_63.jpg', 0, 0),
(64, 'HTML', '12', '[]', 'ok', 'sub_category_64.jpg', 0, 0),
(65, 'CSS', '12', '[]', 'ok', 'sub_category_65.jpg', 0, 0),
(66, 'php', '12', '[]', 'ok', 'sub_category_66.jpg', 1, 24),
(67, 'wordpress', '12', '[]', 'ok', 'sub_category_67.jpg', 0, 0),
(72, 'Logo design', '13', '[]', 'ok', 'sub_category_72.jpg', 0, 0),
(73, '3D Design', '13', '[]', 'ok', 'sub_category_73.jpg', 0, 0),
(74, 'Web element', '13', '[]', 'ok', 'sub_category_74.jpg', 0, 0),
(75, 'Printing solution', '13', '[]', 'ok', 'sub_category_75.jpg', 0, 0),
(78, 'Only Skin', '17', '[\"11\",\"159\",\"193\",\"207\",\"215\",\"219\",\"220\"]', NULL, 'sub_category_78.', 0, 0),
(79, 'Make-up', '18', '[\"146\",\"159\",\"188\",\"193\",\"212\",\"213\",\"241\",\"242\"]', NULL, 'sub_category_79.', 0, 0),
(80, 'furniture', '21', '[\"224\",\"226\",\"227\",\"228\"]', NULL, 'sub_category_80.', 0, 0),
(81, 'Cell phone', '16', '[\"59\",\"60\",\"63\",\"142\",\"167\",\"168\",\"170\",\"171\",\"172\"]', NULL, 'sub_category_81.', 0, 0),
(83, 'Tools', '16', '[\"173\",\"174\",\"175\",\"176\",\"177\",\"178\",\"179\",\"180\"]', NULL, 'sub_category_83.', 0, 0),
(85, 'Mobile', '16', '[\"59\",\"60\",\"61\",\"62\",\"63\",\"64\",\"168\",\"169\",\"171\",\"172\"]', NULL, 'sub_category_85.jpg', 0, 0),
(86, 'Laptop', '16', '[\"59\",\"60\",\"61\",\"62\",\"63\",\"64\",\"181\",\"182\"]', NULL, 'sub_category_86.jpg', 0, 0),
(87, 'Desktop PC', '16', '[\"59\",\"60\",\"61\",\"63\",\"64\",\"181\",\"182\"]', NULL, 'sub_category_87.jpg', 0, 0),
(88, 'DSLR Camera', '16', '[\"142\",\"143\",\"144\",\"183\",\"184\",\"185\",\"186\"]', NULL, 'sub_category_88.jpg', 0, 0),
(89, 'Accessories', '5', '[\"11\",\"30\",\"35\",\"100\",\"162\",\"222\"]', NULL, 'sub_category_89.', 0, 0),
(90, 'Outerwear & Jackets', '5', '[\"23\",\"35\",\"100\",\"165\",\"166\"]', NULL, 'sub_category_90.', 0, 0),
(91, 'Essential Oil', '17', '[\"196\",\"197\",\"198\",\"199\",\"200\",\"201\"]', NULL, 'sub_category_91.', 0, 0),
(92, 'Face Mask', '17', '[\"202\",\"203\",\"204\",\"205\",\"206\",\"207\",\"208\",\"209\"]', NULL, 'sub_category_92.', 0, 0),
(93, 'Facial Care', '17', '[\"188\",\"193\",\"210\",\"211\",\"212\",\"213\"]', NULL, 'sub_category_93.', 0, 0),
(94, 'Body Care', '17', '[\"188\",\"193\",\"210\",\"212\",\"213\",\"215\",\"216\"]', NULL, 'sub_category_94.', 0, 0),
(95, 'Facial Steamer', '17', '[\"188\",\"193\",\"210\",\"211\",\"212\",\"213\"]', NULL, 'sub_category_95.', 0, 0),
(96, 'Sun care', '17', '[\"188\",\"189\",\"190\",\"192\",\"193\",\"223\"]', NULL, 'sub_category_96.', 0, 0),
(97, 'Hair care', '18', '[\"213\",\"229\",\"230\",\"232\",\"233\"]', NULL, 'sub_category_97.', 0, 0),
(98, 'Deodorants', '18', '[\"232\",\"234\",\"235\",\"236\",\"237\"]', NULL, 'sub_category_98.', 0, 0),
(99, 'Beauty aids', '18', '[\"238\",\"239\",\"240\",\"241\",\"242\"]', NULL, 'sub_category_99.', 0, 0),
(100, 'Bath toiletries', '18', '[\"243\",\"244\",\"245\",\"246\",\"247\"]', NULL, 'sub_category_100.', 0, 0),
(101, 'Oral health', '18', '[\"248\",\"249\",\"250\",\"251\",\"252\",\"253\",\"254\",\"255\"]', NULL, 'sub_category_101.', 0, 0),
(102, 'Shaving products', '18', '[\"\",\"237\",\"256\",\"257\",\"258\",\"259\",\"260\"]', NULL, 'sub_category_102.', 0, 0),
(103, 'Luxury toiletries & cosmetics', '18', '[\"41\",\"11\",\"159\",\"188\",\"193\",\"211\",\"212\",\"213\",\"215\",\"229\",\"232\",\"241\",\"242\"]', NULL, 'sub_category_103.', 0, 0),
(104, 'Hot Categories', '23', '[\"63\",\"167\",\"169\",\"171\",\"261\",\"262\",\"263\",\"264\"]', NULL, 'sub_category_104.', 0, 0),
(105, 'Cases & Covers', '23', '[\"63\",\"169\",\"171\",\"261\",\"262\",\"263\",\"264\"]', NULL, 'sub_category_105.', 0, 0),
(106, 'Mobile Phone Accessories', '23', '[\"63\",\"167\",\"169\",\"171\",\"261\",\"262\",\"263\",\"264\"]', NULL, 'sub_category_106.', 0, 0),
(107, 'Mobile Phone Parts', '23', '[\"63\",\"169\",\"261\",\"262\",\"263\",\"264\"]', NULL, 'sub_category_107.', 0, 0),
(108, 'Kitchen & Dining ', '21', '[\"265\",\"266\",\"267\",\"268\",\"269\",\"270\",\"271\",\"272\",\"273\"]', NULL, 'sub_category_108.', 0, 0),
(110, 'Home Essentials', '21', '[\"265\",\"266\",\"268\",\"270\",\"272\",\"273\"]', NULL, 'sub_category_110.', 0, 0),
(111, 'Home Cleaning Supplies', '21', '[\"267\",\"268\",\"269\",\"271\",\"272\",\"273\"]', NULL, 'sub_category_111.', 0, 0),
(112, 'Decor', '21', '[\"266\",\"268\",\"270\",\"271\",\"272\",\"273\"]', NULL, 'sub_category_112.', 0, 0),
(113, 'Indoor Lights', '21', '[\"267\",\"268\",\"269\",\"270\"]', NULL, 'sub_category_113.', 0, 0),
(115, 'Hobby', '1', '[\"38\"]', NULL, 'sub_category_115.', 0, 211),
(116, 'python', '12', '[]', 'ok', 'sub_category_116.', 0, 24),
(117, 'Flask - Django', '12', '[]', 'ok', 'sub_category_117.', 0, 0),
(118, 'Belts', '5', '[\"149\"]', NULL, 'sub_category_118.', 0, 0);

-- --------------------------------------------------------

--
-- Table structure for table `ticket`
--

CREATE TABLE `ticket` (
  `ticket_id` int(11) NOT NULL,
  `time` varchar(30) DEFAULT NULL,
  `from_where` varchar(100) DEFAULT NULL,
  `to_where` varchar(100) DEFAULT NULL,
  `subject` varchar(100) DEFAULT NULL,
  `view_status` varchar(30) DEFAULT NULL
) ENGINE=InnoDB DEFAULT CHARSET=utf8;

-- --------------------------------------------------------

--
-- Table structure for table `ticket_message`
--

CREATE TABLE `ticket_message` (
  `ticket_message_id` int(11) NOT NULL,
  `time` varchar(30) DEFAULT NULL,
  `from_where` varchar(100) DEFAULT NULL,
  `to_where` varchar(100) DEFAULT NULL,
  `ticket_id` int(11) DEFAULT NULL,
  `subject` varchar(100) DEFAULT NULL,
  `view_status` varchar(100) DEFAULT NULL,
  `message` longtext
) ENGINE=InnoDB DEFAULT CHARSET=utf8;

--
-- Dumping data for table `ticket_message`
--

INSERT INTO `ticket_message` (`ticket_message_id`, `time`, `from_where`, `to_where`, `ticket_id`, `subject`, `view_status`, `message`) VALUES
(1, '1475585594', '{\"type\":\"user\",\"id\":\"3\"}', '{\"type\":\"admin\",\"id\":\"\"}', 1, 'check', '{\"user_show\":\"ok\",\"admin_show\":\"ok\"}', 'check ticket'),
(2, '1476180432', '{\"type\":\"user\",\"id\":\"3\"}', '{\"type\":\"admin\",\"id\":\"\"}', 1, 'check', '{\"user_show\":\"ok\",\"admin_show\":\"ok\"}', 'example ticket'),
(3, '1476180432', '{\"type\":\"user\",\"id\":\"3\"}', '{\"type\":\"admin\",\"id\":\"\"}', 1, 'check', '{\"user_show\":\"ok\",\"admin_show\":\"ok\"}', 'example ticket'),
(4, '1526117716', '{\"type\":\"user\",\"id\":\"11\"}', '{\"type\":\"admin\",\"id\":\"\"}', 2, 'Demo', '{\"user_show\":\"ok\",\"admin_show\":\"ok\"}', 'dummy text'),
(5, '1526117806', '{\"type\":\"admin\",\"id\":\"\"}', '{\"type\":\"user\",\"id\":\"11\"}', 2, 'Demo', '{\"user_show\":\"ok\",\"admin_show\":\"ok\"}', 'DEmo'),
(6, '1528018344', '{\"type\":\"user\",\"id\":\"13\"}', '{\"type\":\"admin\",\"id\":\"\"}', 3, 'demo', '{\"user_show\":\"ok\",\"admin_show\":\"ok\"}', 'demo'),
(7, '1528095351', '{\"type\":\"user\",\"id\":\"7\"}', '{\"type\":\"admin\",\"id\":\"\"}', 4, 'Aut omnis quas in vero rerum vitae omnis accusantium', '{\"user_show\":\"ok\",\"admin_show\":\"ok\"}', 'Excepturi aut repellendus Incidunt quia atque voluptatum quasi nihil dolore nihil anim corporis ut nulla delectus'),
(8, '1528095981', '{\"type\":\"user\",\"id\":\"7\"}', '{\"type\":\"admin\",\"id\":\"\"}', 4, 'Aut omnis quas in vero rerum vitae omnis accusantium', '{\"user_show\":\"ok\",\"admin_show\":\"ok\"}', 'hi'),
(9, '1528095997', '{\"type\":\"user\",\"id\":\"7\"}', '{\"type\":\"admin\",\"id\":\"\"}', 4, 'Aut omnis quas in vero rerum vitae omnis accusantium', '{\"user_show\":\"ok\",\"admin_show\":\"ok\"}', 'hjkhkj'),
(10, '1530002748', '{\"type\":\"user\",\"id\":\"17\"}', '{\"type\":\"admin\",\"id\":\"\"}', 5, 'Demo', '{\"user_show\":\"ok\",\"admin_show\":\"ok\"}', 'Demo text'),
(11, '1531634451', '{\"type\":\"user\",\"id\":\"23\"}', '{\"type\":\"admin\",\"id\":\"\"}', 6, 'qwert', '{\"user_show\":\"ok\",\"admin_show\":\"ok\"}', 'qwertyuiop'),
(12, '1531634471', '{\"type\":\"admin\",\"id\":\"\"}', '{\"type\":\"user\",\"id\":\"23\"}', 6, 'qwert', '{\"user_show\":\"ok\",\"admin_show\":\"ok\"}', 'dfghjkl;\''),
(13, '1554012558', '{\"type\":\"user\",\"id\":\"24\"}', '{\"type\":\"admin\",\"id\":\"\"}', 7, 'Hey Admin ', '{\"user_show\":\"ok\",\"admin_show\":\"ok\"}', 'I have a problem'),
(14, '1554012639', '{\"type\":\"admin\",\"id\":\"\"}', '{\"type\":\"user\",\"id\":\"24\"}', 7, 'Hey Admin ', '{\"user_show\":\"ok\",\"admin_show\":\"ok\"}', 'Here is the solution'),
(15, '1554012692', '{\"type\":\"user\",\"id\":\"24\"}', '{\"type\":\"admin\",\"id\":\"\"}', 8, 'New', '{\"user_show\":\"ok\",\"admin_show\":\"no\"}', 'New Problem'),
(16, '1554012735', '{\"type\":\"user\",\"id\":\"24\"}', '{\"type\":\"admin\",\"id\":\"\"}', 9, 'rr', '{\"user_show\":\"ok\",\"admin_show\":\"no\"}', 'rrtt'),
(17, '1554012767', '{\"type\":\"user\",\"id\":\"24\"}', '{\"type\":\"admin\",\"id\":\"\"}', 10, 'Keu ', '{\"user_show\":\"ok\",\"admin_show\":\"no\"}', 'Jert'),
(18, '1554013847', '{\"type\":\"user\",\"id\":\"24\"}', '{\"type\":\"admin\",\"id\":\"\"}', 11, 'sdfdsf', '{\"user_show\":\"ok\",\"admin_show\":\"no\"}', 'dsfds'),
(19, '1554014267', '{\"type\":\"user\",\"id\":\"24\"}', '{\"type\":\"admin\",\"id\":\"\"}', 12, 'sdfds sf sdf', '{\"user_show\":\"ok\",\"admin_show\":\"no\"}', 'sd fdsf'),
(20, '1554014514', '{\"type\":\"user\",\"id\":\"24\"}', '{\"type\":\"admin\",\"id\":\"\"}', 13, 'ddfg ', '{\"user_show\":\"ok\",\"admin_show\":\"no\"}', 'g dfgdg'),
(21, '1554014780', '{\"type\":\"user\",\"id\":\"24\"}', '{\"type\":\"admin\",\"id\":\"\"}', 14, 'dfgd', '{\"user_show\":\"ok\",\"admin_show\":\"no\"}', 'dfgdfg'),
(22, '1554015730', '{\"type\":\"user\",\"id\":\"24\"}', '{\"type\":\"admin\",\"id\":\"\"}', 15, 'rtrt', '{\"user_show\":\"ok\",\"admin_show\":\"no\"}', 'rtretrfggf dfg dfgdf gdfg \r\n\r\n\r\n\r\n\r\n\r\n\r\n\r\n'),
(23, '1554015759', '{\"type\":\"user\",\"id\":\"24\"}', '{\"type\":\"admin\",\"id\":\"\"}', 16, 'Samuel', '{\"user_show\":\"ok\",\"admin_show\":\"no\"}', 'Jackson'),
(24, '1554016172', '{\"type\":\"user\",\"id\":\"24\"}', '{\"type\":\"admin\",\"id\":\"\"}', 17, 'JJ ', '{\"user_show\":\"ok\",\"admin_show\":\"no\"}', 'aBRAHAM\r\n'),
(25, '1554019237', '{\"type\":\"user\",\"id\":\"24\"}', '{\"type\":\"admin\",\"id\":\"\"}', 11, 'sdfdsf', '{\"user_show\":\"ok\",\"admin_show\":\"no\"}', 'dj'),
(26, '1554019253', '{\"type\":\"user\",\"id\":\"24\"}', '{\"type\":\"admin\",\"id\":\"\"}', 11, 'sdfdsf', '{\"user_show\":\"ok\",\"admin_show\":\"no\"}', 'Samind Ujal '),
(27, '1554020191', '{\"type\":\"user\",\"id\":\"24\"}', '{\"type\":\"admin\",\"id\":\"\"}', 18, 'sam', '{\"user_show\":\"ok\",\"admin_show\":\"no\"}', 'mas\r\nsms '),
(28, '1554020208', '{\"type\":\"user\",\"id\":\"24\"}', '{\"type\":\"admin\",\"id\":\"\"}', 11, 'sdfdsf', '{\"user_show\":\"ok\",\"admin_show\":\"no\"}', 'Santakul'),
(29, '1560245785', '{\"type\":\"user\",\"id\":\"24\"}', '{\"type\":\"admin\",\"id\":\"\"}', 19, 'ss', '{\"user_show\":\"ok\",\"admin_show\":\"ok\"}', 'ss');

-- --------------------------------------------------------

--
-- Table structure for table `ui_settings`
--

CREATE TABLE `ui_settings` (
  `ui_settings_id` int(11) NOT NULL,
  `type` longtext,
  `value` longtext
) ENGINE=MyISAM DEFAULT CHARSET=utf8;

--
-- Dumping data for table `ui_settings`
--

INSERT INTO `ui_settings` (`ui_settings_id`, `type`, `value`) VALUES
(5, 'filter_div', 'on'),
(6, 'admin_login_logo', '46'),
(7, 'admin_nav_logo', '18'),
(8, 'home_top_logo', '77'),
(9, 'home_bottom_logo', '76'),
(11, 'fav_ext', 'png'),
(12, 'side_bar_pos_category', 'right'),
(14, 'footer_color', 'purple-1'),
(15, 'header_color', 'purple-1'),
(19, 'parallax_blog_title', 'LATEST BLOGS'),
(16, 'font', 'Roboto'),
(17, 'parallax_vendor_title', 'OUR VENDOR'),
(18, 'home_page_style', '3'),
(20, 'no_of_featured_products', '6'),
(21, 'no_of_vendor', '10'),
(22, 'no_of_brands', '12'),
(23, 'brand_show', 'ok'),
(24, 'featured_show', 'ok'),
(25, 'vandors_show', 'ok'),
(26, 'blog_show', 'ok'),
(27, 'parallax_search_title', 'Search Products'),
(28, 'no_of_blog', '3'),
(29, 'featured_product_box_style', '1'),
(30, 'no_of_todays_deal', '6'),
(31, 'special_products_show', 'ok'),
(32, 'category_slides', 'ok'),
(33, 'home_categories', '[{\"category\":\"4\",\"sub_category\":[\"11\",\"36\"],\"color_back\":\"rgba(250,101,235,1)\",\"color_text\":\"rgba(255,255,255,1)\"}]'),
(34, 'category_product_box_style', '2'),
(35, 'top_slide_categories', '[\"1\",\"4\",\"5\",\"16\",\"17\",\"18\",\"23\",\"12\",\"13\",\"21\"]'),
(36, 'email_theme_style', 'style_1'),
(37, 'email_theme_style_2', '<div style=\"margin: 0px 10px; background: #45a9b9; padding: 30px;\"><div style=\"margin: 0px auto; background: #eff7ff; padding: 30px;\">[[body]]</div></div>'),
(38, 'email_theme_style_3', '<div style=\"margin: 0px 10px; background: repeating-linear-gradient(-45deg, red 0, red 1em, #fffdeb 0, #fffdeb 2em, #58a 0, #58a 3em, #fffdeb 0, #fffdeb 4em); padding: 15px;\"><div style=\"margin: 0px auto; background: #fffdeb; padding: 30px;\">[[body]]</div></div>'),
(39, 'email_theme_style_4', '<div style=\"margin: 0px 10px; background: #f7f7f7; padding: 30px;\"><div style=\"padding: 30px; background: #76cece; border-radius:5px 5px 0px 0px; box-shadow: 0px -1px 7px #616565; display:block;\"><div style=\"background-image:url([[logo]]); background-repeat:no-repeat; height:80px; width:auto; display:block;\"></div></div><div style=\"margin: 0px auto; background: rgba(255, 255, 255, 0.91); padding: 30px; box-shadow: 0px 3px 7px #616565; border-radius:0px 0px 5x 5px;\">[[body]]</div></div>'),
(40, 'product_bundle_show', 'ok'),
(41, 'no_of_product_bundle', '6'),
(42, 'product_bundle_box_style', '2'),
(43, 'customer_product_show', 'ok'),
(44, 'no_of_customer_product', '6'),
(45, 'header_homepage_status', 'yes'),
(46, 'header_all_categories_status', 'yes'),
(47, 'header_featured_products_status', 'yes'),
(48, 'header_todays_deal_status', 'yes'),
(49, 'header_bundled_product_status', 'yes'),
(50, 'header_classifieds_status', 'yes'),
(51, 'header_latest_products_status', 'yes'),
(52, 'header_all_brands_status', 'yes'),
(53, 'header_all_vendors_status', 'yes'),
(54, 'header_blogs_status', 'yes'),
(55, 'header_store_locator_status', 'yes'),
(56, 'header_contact_status', 'yes'),
(57, 'header_more_status', 'yes'),
(58, 'home3_categories', '[{\\\"category\\\":\\\"4\\\",\\\"sub_category\\\":[\\\"8\\\",\\\"11\\\",\\\"34\\\",\\\"35\\\",\\\"36\\\",\\\"37\\\",\\\"39\\\",\\\"40\\\"],\\\"color_back\\\":null,\\\"color_text\\\":null},{\\\"category\\\":\\\"5\\\",\\\"sub_category\\\":[\\\"27\\\",\\\"28\\\",\\\"29\\\",\\\"30\\\",\\\"89\\\",\\\"90\\\"],\\\"color_back\\\":null,\\\"color_text\\\":null}]'),
(59, 'todays_deal_show', 'ok'),
(60, 'todays_deal_product_box_style', '4'),
(61, 'no_of_deal_products', '8');

-- --------------------------------------------------------

--
-- Table structure for table `user_rating`
--

CREATE TABLE `user_rating` (
  `rating_id` bigint(20) NOT NULL,
  `user_id` int(11) NOT NULL,
  `product_id` int(11) NOT NULL,
  `product_type` varchar(255) COLLATE utf8mb4_unicode_ci NOT NULL,
  `rating` decimal(10,2) NOT NULL,
  `comment` text COLLATE utf8mb4_unicode_ci NOT NULL,
  `created_at` timestamp NOT NULL DEFAULT CURRENT_TIMESTAMP,
  `updated_at` timestamp NOT NULL DEFAULT CURRENT_TIMESTAMP
) ENGINE=InnoDB DEFAULT CHARSET=utf8mb4 COLLATE=utf8mb4_unicode_ci;

-- --------------------------------------------------------

--
-- Table structure for table `vendor_invoice`
--

CREATE TABLE `vendor_invoice` (
  `vendor_invoice_id` int(11) NOT NULL,
  `vendor_id` int(11) DEFAULT NULL,
  `amount` varchar(50) DEFAULT NULL,
  `timestamp` int(11) DEFAULT NULL,
  `status` varchar(100) DEFAULT NULL,
  `method` varchar(100) DEFAULT NULL,
  `payment_details` longtext
) ENGINE=InnoDB DEFAULT CHARSET=utf8;

--
-- Dumping data for table `vendor_invoice`
--

INSERT INTO `vendor_invoice` (`vendor_invoice_id`, `vendor_id`, `amount`, `timestamp`, `status`, `method`, `payment_details`) VALUES
(2, 3, '324.9273', 1525579407, 'paid', 'cash', ''),
(3, 3, '5.6843418860808E-14', 1528263035, 'due', 'cash', ''),
(4, 3, '5.6843418860808E-14', 1528263055, 'paid', 'cash', ''),
(6, 3, '250', 1529559027, 'due', 'payUmoney', NULL),
(7, 3, '0', 1529559101, NULL, 'payUmoney', NULL),
(8, 3, '0', 1529559230, 'due', 'payUmoney', NULL),
(9, 3, '0', 1529559369, 'due', 'payUmoney', NULL),
(10, 3, '0', 1529559610, 'due', 'payUmoney', NULL),
(11, 3, '0', 1529559624, 'due', 'payUmoney', NULL),
(12, 3, '0', 1529559765, 'due', 'payUmoney', NULL),
(13, 3, '0', 1529559781, 'due', 'payUmoney', NULL),
(14, 3, '220', 1529560632, NULL, 'payUmoney', NULL),
(15, 3, '250', 1529560733, 'due', 'payUmoney', NULL),
(25, 16, '4295.89', 1532512294, 'paid', 'stripe', 'Customer Info: \n{\"\\u0000*\\u0000_opts\":{\"headers\":[],\"apiKey\":\"sk_test_NYIpPjs6gbmuogdwUuJ8She4\"},\"\\u0000*\\u0000_values\":{\"id\":\"cus_DIKJSgpKH7t3sV\",\"object\":\"customer\",\"account_balance\":0,\"created\":1532512293,\"currency\":null,\"default_source\":\"card_1CrjeUKmGdRDZlHSSgm3uUI8\",\"delinquent\":false,\"description\":null,\"discount\":null,\"email\":\"ceo.activeitzone@gmail.com\",\"invoice_prefix\":\"8A7DC79\",\"livemode\":false,\"metadata\":{},\"shipping\":null,\"sources\":{},\"subscriptions\":{}},\"\\u0000*\\u0000_unsavedValues\":{},\"\\u0000*\\u0000_transientValues\":{},\"\\u0000*\\u0000_retrieveOptions\":[]}\n \n Charge Info: \n{\"\\u0000*\\u0000_opts\":{\"headers\":[],\"apiKey\":\"sk_test_NYIpPjs6gbmuogdwUuJ8She4\"},\"\\u0000*\\u0000_values\":{\"id\":\"ch_1CrjedKmGdRDZlHSytg15z2v\",\"object\":\"charge\",\"amount\":5370,\"amount_refunded\":0,\"application\":null,\"application_fee\":null,\"balance_transaction\":\"txn_1CrjedKmGdRDZlHSNzJEg10u\",\"captured\":true,\"created\":1532512295,\"currency\":\"usd\",\"customer\":\"cus_DIKJSgpKH7t3sV\",\"description\":null,\"destination\":null,\"dispute\":null,\"failure_code\":null,\"failure_message\":null,\"fraud_details\":[],\"invoice\":null,\"livemode\":false,\"metadata\":{},\"on_behalf_of\":null,\"order\":null,\"outcome\":{},\"paid\":true,\"receipt_email\":null,\"receipt_number\":null,\"refunded\":false,\"refunds\":{},\"review\":null,\"shipping\":null,\"source\":{},\"source_transfer\":null,\"statement_descriptor\":null,\"status\":\"succeeded\",\"transfer_group\":null},\"\\u0000*\\u0000_unsavedValues\":{},\"\\u0000*\\u0000_transientValues\":{},\"\\u0000*\\u0000_retrieveOptions\":[]}'),
(26, 22, '73.50', 1672811418, 'due', 'cash', ''),
(27, 22, '73.50', 1672811437, 'paid', 'cash', '');

-- --------------------------------------------------------

--
-- Table structure for table `wallet_load`
--

CREATE TABLE `wallet_load` (
  `wallet_load_id` int(11) NOT NULL,
  `user` varchar(100) DEFAULT NULL,
  `amount` varchar(1000) DEFAULT NULL,
  `method` varchar(100) DEFAULT NULL,
  `status` longtext,
  `timestamp` varchar(100) DEFAULT NULL,
  `payment_details` longtext
) ENGINE=MyISAM DEFAULT CHARSET=latin1;

--
-- Dumping data for table `wallet_load`
--

INSERT INTO `wallet_load` (`wallet_load_id`, `user`, `amount`, `method`, `status`, `timestamp`, `payment_details`) VALUES
(1, '8', '500', 'stripe', 'paid', '1517724197', 'Customer Info: \n{\"\\u0000*\\u0000_opts\":{\"headers\":[],\"apiKey\":\"sk_test_NYIpPjs6gbmuogdwUuJ8She4\"},\"\\u0000*\\u0000_values\":{\"id\":\"cus_CGD0YQw7B62I38\",\"object\":\"customer\",\"account_balance\":0,\"created\":1517724196,\"currency\":null,\"default_source\":\"card_1BrgapKmGdRDZlHSSMFOLv2m\",\"delinquent\":false,\"description\":null,\"discount\":null,\"email\":null,\"invoice_prefix\":\"6d34e931e9\",\"livemode\":false,\"metadata\":{},\"shipping\":null,\"sources\":{},\"subscriptions\":{}},\"\\u0000*\\u0000_unsavedValues\":{},\"\\u0000*\\u0000_transientValues\":{},\"\\u0000*\\u0000_retrieveOptions\":[]}\n \n Charge Info: \n{\"\\u0000*\\u0000_opts\":{\"headers\":[],\"apiKey\":\"sk_test_NYIpPjs6gbmuogdwUuJ8She4\"},\"\\u0000*\\u0000_values\":{\"id\":\"ch_1BrgavKmGdRDZlHSmk8RfDyU\",\"object\":\"charge\",\"amount\":50000,\"amount_refunded\":0,\"application\":null,\"application_fee\":null,\"balance_transaction\":\"txn_1BrgavKmGdRDZlHSovrdDAZr\",\"captured\":true,\"created\":1517724197,\"currency\":\"usd\",\"customer\":\"cus_CGD0YQw7B62I38\",\"description\":null,\"destination\":null,\"dispute\":null,\"failure_code\":null,\"failure_message\":null,\"fraud_details\":[],\"invoice\":null,\"livemode\":false,\"metadata\":{},\"on_behalf_of\":null,\"order\":null,\"outcome\":{},\"paid\":true,\"receipt_email\":null,\"receipt_number\":null,\"refunded\":false,\"refunds\":{},\"review\":null,\"shipping\":null,\"source\":{},\"source_transfer\":null,\"statement_descriptor\":null,\"status\":\"succeeded\",\"transfer_group\":null},\"\\u0000*\\u0000_unsavedValues\":{},\"\\u0000*\\u0000_transientValues\":{},\"\\u0000*\\u0000_retrieveOptions\":[]}'),
(4, '7', '1000', 'stripe', 'paid', '1518067735', 'Customer Info: \n{\"\\u0000*\\u0000_opts\":{\"headers\":[],\"apiKey\":\"sk_test_NYIpPjs6gbmuogdwUuJ8She4\"},\"\\u0000*\\u0000_values\":{\"id\":\"cus_CHhMag8O50VaHI\",\"object\":\"customer\",\"account_balance\":0,\"created\":1518067734,\"currency\":null,\"default_source\":\"card_1Bt7xlKmGdRDZlHSPQR35wSG\",\"delinquent\":false,\"description\":null,\"discount\":null,\"email\":null,\"invoice_prefix\":\"4a211cb13d\",\"livemode\":false,\"metadata\":{},\"shipping\":null,\"sources\":{},\"subscriptions\":{}},\"\\u0000*\\u0000_unsavedValues\":{},\"\\u0000*\\u0000_transientValues\":{},\"\\u0000*\\u0000_retrieveOptions\":[]}\n \n Charge Info: \n{\"\\u0000*\\u0000_opts\":{\"headers\":[],\"apiKey\":\"sk_test_NYIpPjs6gbmuogdwUuJ8She4\"},\"\\u0000*\\u0000_values\":{\"id\":\"ch_1Bt7xrKmGdRDZlHSIOGetvuw\",\"object\":\"charge\",\"amount\":100000,\"amount_refunded\":0,\"application\":null,\"application_fee\":null,\"balance_transaction\":\"txn_1Bt7xrKmGdRDZlHS4aoaW4pY\",\"captured\":true,\"created\":1518067735,\"currency\":\"usd\",\"customer\":\"cus_CHhMag8O50VaHI\",\"description\":null,\"destination\":null,\"dispute\":null,\"failure_code\":null,\"failure_message\":null,\"fraud_details\":[],\"invoice\":null,\"livemode\":false,\"metadata\":{},\"on_behalf_of\":null,\"order\":null,\"outcome\":{},\"paid\":true,\"receipt_email\":null,\"receipt_number\":null,\"refunded\":false,\"refunds\":{},\"review\":null,\"shipping\":null,\"source\":{},\"source_transfer\":null,\"statement_descriptor\":null,\"status\":\"succeeded\",\"transfer_group\":null},\"\\u0000*\\u0000_unsavedValues\":{},\"\\u0000*\\u0000_transientValues\":{},\"\\u0000*\\u0000_retrieveOptions\":[]}'),
(5, '7', '500', 'paypal', 'due', '1518455611', '[]'),
(7, '7', '50', 'paypal', 'due', '1519804590', '[]'),
(8, '7', '50', 'paypal', 'due', '1519805069', '[]'),
(40, '7', '1000', 'paypal', 'pending', '1527662380', 'testing'),
(41, '7', '1000', 'stripe', 'paid', '1523850882', 'Customer Info: \n{\"\\u0000*\\u0000_opts\":{\"headers\":[],\"apiKey\":\"sk_test_NYIpPjs6gbmuogdwUuJ8She4\"},\"\\u0000*\\u0000_values\":{\"id\":\"cus_CglyFhGtTEn5Rw\",\"object\":\"customer\",\"account_balance\":0,\"created\":1523850881,\"currency\":null,\"default_source\":\"card_1CHOQKKmGdRDZlHSWlsub8PR\",\"delinquent\":false,\"description\":null,\"discount\":null,\"email\":null,\"invoice_prefix\":\"55A02F2\",\"livemode\":false,\"metadata\":{},\"shipping\":null,\"sources\":{},\"subscriptions\":{}},\"\\u0000*\\u0000_unsavedValues\":{},\"\\u0000*\\u0000_transientValues\":{},\"\\u0000*\\u0000_retrieveOptions\":[]}\n \n Charge Info: \n{\"\\u0000*\\u0000_opts\":{\"headers\":[],\"apiKey\":\"sk_test_NYIpPjs6gbmuogdwUuJ8She4\"},\"\\u0000*\\u0000_values\":{\"id\":\"ch_1CHOQQKmGdRDZlHSmVqPSfof\",\"object\":\"charge\",\"amount\":100000,\"amount_refunded\":0,\"application\":null,\"application_fee\":null,\"balance_transaction\":\"txn_1CHOQQKmGdRDZlHSHTZAUnwy\",\"captured\":true,\"created\":1523850882,\"currency\":\"usd\",\"customer\":\"cus_CglyFhGtTEn5Rw\",\"description\":null,\"destination\":null,\"dispute\":null,\"failure_code\":null,\"failure_message\":null,\"fraud_details\":[],\"invoice\":null,\"livemode\":false,\"metadata\":{},\"on_behalf_of\":null,\"order\":null,\"outcome\":{},\"paid\":true,\"receipt_email\":null,\"receipt_number\":null,\"refunded\":false,\"refunds\":{},\"review\":null,\"shipping\":null,\"source\":{},\"source_transfer\":null,\"statement_descriptor\":null,\"status\":\"succeeded\",\"transfer_group\":null},\"\\u0000*\\u0000_unsavedValues\":{},\"\\u0000*\\u0000_transientValues\":{},\"\\u0000*\\u0000_retrieveOptions\":[]}'),
(42, '11', '1000', 'paypal', 'due', '1526117372', '[]'),
(43, '11', '1000', 'stripe', 'paid', '1526117453', 'Customer Info: \n{\"\\u0000*\\u0000_opts\":{\"headers\":[],\"apiKey\":\"sk_test_NYIpPjs6gbmuogdwUuJ8She4\"},\"\\u0000*\\u0000_values\":{\"id\":\"cus_CqbGW0YNtvcREq\",\"object\":\"customer\",\"account_balance\":0,\"created\":1526117452,\"currency\":null,\"default_source\":\"card_1CQu3uKmGdRDZlHSrzC62YUh\",\"delinquent\":false,\"description\":null,\"discount\":null,\"email\":null,\"invoice_prefix\":\"66A1B35\",\"livemode\":false,\"metadata\":{},\"shipping\":null,\"sources\":{},\"subscriptions\":{}},\"\\u0000*\\u0000_unsavedValues\":{},\"\\u0000*\\u0000_transientValues\":{},\"\\u0000*\\u0000_retrieveOptions\":[]}\n \n Charge Info: \n{\"\\u0000*\\u0000_opts\":{\"headers\":[],\"apiKey\":\"sk_test_NYIpPjs6gbmuogdwUuJ8She4\"},\"\\u0000*\\u0000_values\":{\"id\":\"ch_1CQu41KmGdRDZlHSpp4r8Atn\",\"object\":\"charge\",\"amount\":100000,\"amount_refunded\":0,\"application\":null,\"application_fee\":null,\"balance_transaction\":\"txn_1CQu41KmGdRDZlHSfawtbM2r\",\"captured\":true,\"created\":1526117453,\"currency\":\"usd\",\"customer\":\"cus_CqbGW0YNtvcREq\",\"description\":null,\"destination\":null,\"dispute\":null,\"failure_code\":null,\"failure_message\":null,\"fraud_details\":[],\"invoice\":null,\"livemode\":false,\"metadata\":{},\"on_behalf_of\":null,\"order\":null,\"outcome\":{},\"paid\":true,\"receipt_email\":null,\"receipt_number\":null,\"refunded\":false,\"refunds\":{},\"review\":null,\"shipping\":null,\"source\":{},\"source_transfer\":null,\"statement_descriptor\":null,\"status\":\"succeeded\",\"transfer_group\":null},\"\\u0000*\\u0000_unsavedValues\":{},\"\\u0000*\\u0000_transientValues\":{},\"\\u0000*\\u0000_retrieveOptions\":[]}'),
(44, '13', '4000', 'paypal', 'due', '1528014769', '[]'),
(45, '13', '2000', 'stripe', 'paid', '1528014852', 'Customer Info: \n{\"\\u0000*\\u0000_opts\":{\"headers\":[],\"apiKey\":\"sk_test_NYIpPjs6gbmuogdwUuJ8She4\"},\"\\u0000*\\u0000_values\":{\"id\":\"cus_CypKoO0j152SBl\",\"object\":\"customer\",\"account_balance\":0,\"created\":1528014864,\"currency\":null,\"default_source\":\"card_1CYrfKKmGdRDZlHSpMLENA98\",\"delinquent\":false,\"description\":null,\"discount\":null,\"email\":null,\"invoice_prefix\":\"B82E3F3\",\"livemode\":false,\"metadata\":{},\"shipping\":null,\"sources\":{},\"subscriptions\":{}},\"\\u0000*\\u0000_unsavedValues\":{},\"\\u0000*\\u0000_transientValues\":{},\"\\u0000*\\u0000_retrieveOptions\":[]}\n \n Charge Info: \n{\"\\u0000*\\u0000_opts\":{\"headers\":[],\"apiKey\":\"sk_test_NYIpPjs6gbmuogdwUuJ8She4\"},\"\\u0000*\\u0000_values\":{\"id\":\"ch_1CYrfSKmGdRDZlHSYJxiAZgz\",\"object\":\"charge\",\"amount\":200000,\"amount_refunded\":0,\"application\":null,\"application_fee\":null,\"balance_transaction\":\"txn_1CYrfSKmGdRDZlHSDavgb3gk\",\"captured\":true,\"created\":1528014866,\"currency\":\"usd\",\"customer\":\"cus_CypKoO0j152SBl\",\"description\":null,\"destination\":null,\"dispute\":null,\"failure_code\":null,\"failure_message\":null,\"fraud_details\":[],\"invoice\":null,\"livemode\":false,\"metadata\":{},\"on_behalf_of\":null,\"order\":null,\"outcome\":{},\"paid\":true,\"receipt_email\":null,\"receipt_number\":null,\"refunded\":false,\"refunds\":{},\"review\":null,\"shipping\":null,\"source\":{},\"source_transfer\":null,\"statement_descriptor\":null,\"status\":\"succeeded\",\"transfer_group\":null},\"\\u0000*\\u0000_unsavedValues\":{},\"\\u0000*\\u0000_transientValues\":{},\"\\u0000*\\u0000_retrieveOptions\":[]}'),
(46, '15', '5000', 'stripe', 'paid', '1528348710', 'Customer Info: \n{\"\\u0000*\\u0000_opts\":{\"headers\":[],\"apiKey\":\"sk_test_NYIpPjs6gbmuogdwUuJ8She4\"},\"\\u0000*\\u0000_values\":{\"id\":\"cus_D0H4Qix0Od4VKZ\",\"object\":\"customer\",\"account_balance\":0,\"created\":1528348726,\"currency\":null,\"default_source\":\"card_1CaGWBKmGdRDZlHSO3Fff73X\",\"delinquent\":false,\"description\":null,\"discount\":null,\"email\":null,\"invoice_prefix\":\"1AD0DFE\",\"livemode\":false,\"metadata\":{},\"shipping\":null,\"sources\":{},\"subscriptions\":{}},\"\\u0000*\\u0000_unsavedValues\":{},\"\\u0000*\\u0000_transientValues\":{},\"\\u0000*\\u0000_retrieveOptions\":[]}\n \n Charge Info: \n{\"\\u0000*\\u0000_opts\":{\"headers\":[],\"apiKey\":\"sk_test_NYIpPjs6gbmuogdwUuJ8She4\"},\"\\u0000*\\u0000_values\":{\"id\":\"ch_1CaGWJKmGdRDZlHSEnZ0FTBn\",\"object\":\"charge\",\"amount\":500000,\"amount_refunded\":0,\"application\":null,\"application_fee\":null,\"balance_transaction\":\"txn_1CaGWKKmGdRDZlHSwbeV2PTy\",\"captured\":true,\"created\":1528348727,\"currency\":\"usd\",\"customer\":\"cus_D0H4Qix0Od4VKZ\",\"description\":null,\"destination\":null,\"dispute\":null,\"failure_code\":null,\"failure_message\":null,\"fraud_details\":[],\"invoice\":null,\"livemode\":false,\"metadata\":{},\"on_behalf_of\":null,\"order\":null,\"outcome\":{},\"paid\":true,\"receipt_email\":null,\"receipt_number\":null,\"refunded\":false,\"refunds\":{},\"review\":null,\"shipping\":null,\"source\":{},\"source_transfer\":null,\"statement_descriptor\":null,\"status\":\"succeeded\",\"transfer_group\":null},\"\\u0000*\\u0000_unsavedValues\":{},\"\\u0000*\\u0000_transientValues\":{},\"\\u0000*\\u0000_retrieveOptions\":[]}'),
(47, '7', '10000', 'pum', 'due', '1529490145', '[]'),
(48, '7', '', 'pum', 'due', '1529492063', '[]'),
(49, '7', '', 'pum', 'due', '1529492100', '[]'),
(50, '7', '', 'payu', 'due', '1529492324', '[]'),
(51, '7', '1000', 'pum', 'due', '1529492411', '[]'),
(52, '7', '', 'pum', 'due', '1529492473', '[]'),
(53, '7', '', 'pum', 'due', '1529492681', '[]'),
(54, '7', '1000', 'pum', 'due', '1529493122', '[]'),
(55, '7', '1000', 'pum', 'due', '1529493178', '[]'),
(56, '7', '10000', 'pum', 'due', '1529493787', '[]'),
(61, '7', '9', 'stripe', 'paid', '1530002551', 'Customer Info: \n{\"\\u0000*\\u0000_opts\":{\"headers\":[],\"apiKey\":\"sk_test_NYIpPjs6gbmuogdwUuJ8She4\"},\"\\u0000*\\u0000_values\":{\"id\":\"cus_D7ReEvEpBqS4NK\",\"object\":\"customer\",\"account_balance\":0,\"created\":1530002549,\"currency\":null,\"default_source\":\"card_1ChCklKmGdRDZlHSUIPmOpTa\",\"delinquent\":false,\"description\":null,\"discount\":null,\"email\":null,\"invoice_prefix\":\"C9E4A94\",\"livemode\":false,\"metadata\":{},\"shipping\":null,\"sources\":{},\"subscriptions\":{}},\"\\u0000*\\u0000_unsavedValues\":{},\"\\u0000*\\u0000_transientValues\":{},\"\\u0000*\\u0000_retrieveOptions\":[]}\n \n Charge Info: \n{\"\\u0000*\\u0000_opts\":{\"headers\":[],\"apiKey\":\"sk_test_NYIpPjs6gbmuogdwUuJ8She4\"},\"\\u0000*\\u0000_values\":{\"id\":\"ch_1ChCksKmGdRDZlHSirYxwBQw\",\"object\":\"charge\",\"amount\":900,\"amount_refunded\":0,\"application\":null,\"application_fee\":null,\"balance_transaction\":\"txn_1ChCktKmGdRDZlHSx0iE3JF7\",\"captured\":true,\"created\":1530002550,\"currency\":\"usd\",\"customer\":\"cus_D7ReEvEpBqS4NK\",\"description\":null,\"destination\":null,\"dispute\":null,\"failure_code\":null,\"failure_message\":null,\"fraud_details\":[],\"invoice\":null,\"livemode\":false,\"metadata\":{},\"on_behalf_of\":null,\"order\":null,\"outcome\":{},\"paid\":true,\"receipt_email\":null,\"receipt_number\":null,\"refunded\":false,\"refunds\":{},\"review\":null,\"shipping\":null,\"source\":{},\"source_transfer\":null,\"statement_descriptor\":null,\"status\":\"succeeded\",\"transfer_group\":null},\"\\u0000*\\u0000_unsavedValues\":{},\"\\u0000*\\u0000_transientValues\":{},\"\\u0000*\\u0000_retrieveOptions\":[]}'),
(62, '17', '5000', 'stripe', 'paid', '1530002584', 'Customer Info: \n{\"\\u0000*\\u0000_opts\":{\"headers\":[],\"apiKey\":\"sk_test_NYIpPjs6gbmuogdwUuJ8She4\"},\"\\u0000*\\u0000_values\":{\"id\":\"cus_D7RewmuWEVXK8O\",\"object\":\"customer\",\"account_balance\":0,\"created\":1530002582,\"currency\":null,\"default_source\":\"card_1ChClIKmGdRDZlHSEAlZ37dY\",\"delinquent\":false,\"description\":null,\"discount\":null,\"email\":null,\"invoice_prefix\":\"72A87E5\",\"livemode\":false,\"metadata\":{},\"shipping\":null,\"sources\":{},\"subscriptions\":{}},\"\\u0000*\\u0000_unsavedValues\":{},\"\\u0000*\\u0000_transientValues\":{},\"\\u0000*\\u0000_retrieveOptions\":[]}\n \n Charge Info: \n{\"\\u0000*\\u0000_opts\":{\"headers\":[],\"apiKey\":\"sk_test_NYIpPjs6gbmuogdwUuJ8She4\"},\"\\u0000*\\u0000_values\":{\"id\":\"ch_1ChClPKmGdRDZlHSFSoPTHXd\",\"object\":\"charge\",\"amount\":500000,\"amount_refunded\":0,\"application\":null,\"application_fee\":null,\"balance_transaction\":\"txn_1ChClPKmGdRDZlHSEiZYfL6z\",\"captured\":true,\"created\":1530002583,\"currency\":\"usd\",\"customer\":\"cus_D7RewmuWEVXK8O\",\"description\":null,\"destination\":null,\"dispute\":null,\"failure_code\":null,\"failure_message\":null,\"fraud_details\":[],\"invoice\":null,\"livemode\":false,\"metadata\":{},\"on_behalf_of\":null,\"order\":null,\"outcome\":{},\"paid\":true,\"receipt_email\":null,\"receipt_number\":null,\"refunded\":false,\"refunds\":{},\"review\":null,\"shipping\":null,\"source\":{},\"source_transfer\":null,\"statement_descriptor\":null,\"status\":\"succeeded\",\"transfer_group\":null},\"\\u0000*\\u0000_unsavedValues\":{},\"\\u0000*\\u0000_transientValues\":{},\"\\u0000*\\u0000_retrieveOptions\":[]}'),
(63, '7', '100', 'pum', 'due', '1530684206', '[]'),
(64, '23', '4000', 'stripe', 'paid', '1531631786', 'Customer Info: \n{\"\\u0000*\\u0000_opts\":{\"headers\":[],\"apiKey\":\"sk_test_NYIpPjs6gbmuogdwUuJ8She4\"},\"\\u0000*\\u0000_values\":{\"id\":\"cus_DEVcnI3Zo7vX2x\",\"object\":\"customer\",\"account_balance\":0,\"created\":1531631788,\"currency\":null,\"default_source\":\"card_1Co2amKmGdRDZlHSkv9Pbbss\",\"delinquent\":false,\"description\":null,\"discount\":null,\"email\":null,\"invoice_prefix\":\"0D4B893\",\"livemode\":false,\"metadata\":{},\"shipping\":null,\"sources\":{},\"subscriptions\":{}},\"\\u0000*\\u0000_unsavedValues\":{},\"\\u0000*\\u0000_transientValues\":{},\"\\u0000*\\u0000_retrieveOptions\":[]}\n \n Charge Info: \n{\"\\u0000*\\u0000_opts\":{\"headers\":[],\"apiKey\":\"sk_test_NYIpPjs6gbmuogdwUuJ8She4\"},\"\\u0000*\\u0000_values\":{\"id\":\"ch_1Co2avKmGdRDZlHSpSoSEvEQ\",\"object\":\"charge\",\"amount\":400000,\"amount_refunded\":0,\"application\":null,\"application_fee\":null,\"balance_transaction\":\"txn_1Co2awKmGdRDZlHSRLWeQBT2\",\"captured\":true,\"created\":1531631789,\"currency\":\"usd\",\"customer\":\"cus_DEVcnI3Zo7vX2x\",\"description\":null,\"destination\":null,\"dispute\":null,\"failure_code\":null,\"failure_message\":null,\"fraud_details\":[],\"invoice\":null,\"livemode\":false,\"metadata\":{},\"on_behalf_of\":null,\"order\":null,\"outcome\":{},\"paid\":true,\"receipt_email\":null,\"receipt_number\":null,\"refunded\":false,\"refunds\":{},\"review\":null,\"shipping\":null,\"source\":{},\"source_transfer\":null,\"statement_descriptor\":null,\"status\":\"succeeded\",\"transfer_group\":null},\"\\u0000*\\u0000_unsavedValues\":{},\"\\u0000*\\u0000_transientValues\":{},\"\\u0000*\\u0000_retrieveOptions\":[]}'),
(66, '7', '10', 'ssl', 'paid', '1532421610', '[]'),
(71, '3', '6', 'affiliation_point_conversion', 'paid', '1576132901', '[]'),
(70, '3', '25', 'affiliation_point_conversion', 'paid', '1576063567', '[]'),
(72, '3', '25', 'affiliation_point_conversion', 'paid', '1576145647', '[]'),
(73, '27', '10', 'pum', 'pending', '1672809334', 'Check status'),
(74, '27', '100', 'paypal', 'pending', '1672809564', 'for savings'),
(75, '27', '10', 'pum', 'pending', '1672813078', 'done');

--
-- Indexes for table `banner`
--
ALTER TABLE `banner`
  ADD PRIMARY KEY (`banner_id`);

--
-- Indexes for table `blog`
--
ALTER TABLE `blog`
  ADD PRIMARY KEY (`blog_id`);

--
-- Indexes for table `blog_category`
--
ALTER TABLE `blog_category`
  ADD PRIMARY KEY (`blog_category_id`);

--
-- Indexes for table `brand`
--
ALTER TABLE `brand`
  ADD PRIMARY KEY (`brand_id`);

--
-- Indexes for table `bundle_stock`
--
ALTER TABLE `bundle_stock`
  ADD PRIMARY KEY (`stock_id`);

--
-- Indexes for table `business_settings`
--
ALTER TABLE `business_settings`
  ADD PRIMARY KEY (`business_settings_id`);

--
-- Indexes for table `category`
--
ALTER TABLE `category`
  ADD PRIMARY KEY (`category_id`);

--
-- Indexes for table `ci_sessions`
--
ALTER TABLE `ci_sessions`
  ADD PRIMARY KEY (`id`),
  ADD KEY `ci_sessions_timestamp` (`timestamp`);

--
-- Indexes for table `contact_message`
--
ALTER TABLE `contact_message`
  ADD PRIMARY KEY (`contact_message_id`);

--
-- Indexes for table `coupon`
--
ALTER TABLE `coupon`
  ADD PRIMARY KEY (`coupon_id`);

--
-- Indexes for table `currency_settings`
--
ALTER TABLE `currency_settings`
  ADD PRIMARY KEY (`currency_settings_id`);

--
-- Indexes for table `customer_product`
--
ALTER TABLE `customer_product`
  ADD PRIMARY KEY (`customer_product_id`);

--
-- Indexes for table `email_template`
--
ALTER TABLE `email_template`
  ADD PRIMARY KEY (`email_template_id`);

--
-- Indexes for table `general_settings`
--
ALTER TABLE `general_settings`
  ADD PRIMARY KEY (`general_settings_id`);

--
-- Indexes for table `language`
--
ALTER TABLE `language`
  ADD PRIMARY KEY (`word_id`);

--
-- Indexes for table `language_list`
--
ALTER TABLE `language_list`
  ADD PRIMARY KEY (`language_list_id`);

--
-- Indexes for table `logo`
--
ALTER TABLE `logo`
  ADD PRIMARY KEY (`logo_id`);

--
-- Indexes for table `membership`
--
ALTER TABLE `membership`
  ADD PRIMARY KEY (`membership_id`);

--
-- Indexes for table `membership_payment`
--
ALTER TABLE `membership_payment`
  ADD PRIMARY KEY (`membership_payment_id`);

--
-- Indexes for table `message`
--
ALTER TABLE `message`
  ADD PRIMARY KEY (`message_id`);

--
-- Indexes for table `message_thread`
--
ALTER TABLE `message_thread`
  ADD PRIMARY KEY (`message_thread_id`);

--
-- Indexes for table `package`
--
ALTER TABLE `package`
  ADD PRIMARY KEY (`package_id`);

--
-- Indexes for table `package_payment`
--
ALTER TABLE `package_payment`
  ADD PRIMARY KEY (`package_payment_id`);

--
-- Indexes for table `page`
--
ALTER TABLE `page`
  ADD PRIMARY KEY (`page_id`);

--
-- Indexes for table `permission`
--
ALTER TABLE `permission`
  ADD PRIMARY KEY (`permission_id`);

--
-- Indexes for table `product`
--
ALTER TABLE `product`
  ADD PRIMARY KEY (`product_id`);

--
-- Indexes for table `product_affiliation`
--
ALTER TABLE `product_affiliation`
  ADD PRIMARY KEY (`product_affiliation_id`);

--
-- Indexes for table `product_affiliation_code_use`
--
ALTER TABLE `product_affiliation_code_use`
  ADD PRIMARY KEY (`product_affiliation_code_use_id`);

--
-- Indexes for table `product_affiliation_points_total`
--
ALTER TABLE `product_affiliation_points_total`
  ADD PRIMARY KEY (`product_affiliation_points_total_id`);

--
-- Indexes for table `role`
--
ALTER TABLE `role`
  ADD PRIMARY KEY (`role_id`);

--
-- Indexes for table `sale`
--
ALTER TABLE `sale`
  ADD PRIMARY KEY (`sale_id`);

--
-- Indexes for table `slider`
--
ALTER TABLE `slider`
  ADD PRIMARY KEY (`slider_id`);

--
-- Indexes for table `slider_style`
--
ALTER TABLE `slider_style`
  ADD PRIMARY KEY (`slider_style_id`);

--
-- Indexes for table `slides`
--
ALTER TABLE `slides`
  ADD PRIMARY KEY (`slides_id`);

--
-- Indexes for table `social_links`
--
ALTER TABLE `social_links`
  ADD PRIMARY KEY (`social_links_id`);

--
-- Indexes for table `stock`
--
ALTER TABLE `stock`
  ADD PRIMARY KEY (`stock_id`);

--
-- Indexes for table `subscribe`
--
ALTER TABLE `subscribe`
  ADD PRIMARY KEY (`subscribe_id`);

--
-- Indexes for table `sub_category`
--
ALTER TABLE `sub_category`
  ADD PRIMARY KEY (`sub_category_id`);

--
-- Indexes for table `ticket`
--
ALTER TABLE `ticket`
  ADD PRIMARY KEY (`ticket_id`);

--
-- Indexes for table `ticket_message`
--
ALTER TABLE `ticket_message`
  ADD PRIMARY KEY (`ticket_message_id`);

--
-- Indexes for table `ui_settings`
--
ALTER TABLE `ui_settings`
  ADD PRIMARY KEY (`ui_settings_id`);

--
-- Indexes for table `user_rating`
--
ALTER TABLE `user_rating`
  ADD PRIMARY KEY (`rating_id`);

--
-- Indexes for table `vendor_invoice`
--
ALTER TABLE `vendor_invoice`
  ADD PRIMARY KEY (`vendor_invoice_id`);

--
-- Indexes for table `wallet_load`
--
ALTER TABLE `wallet_load`
  ADD PRIMARY KEY (`wallet_load_id`);

--
-- AUTO_INCREMENT for table `banner`
--
ALTER TABLE `banner`
  MODIFY `banner_id` int(11) NOT NULL AUTO_INCREMENT, AUTO_INCREMENT=27;

--
-- AUTO_INCREMENT for table `blog`
--
ALTER TABLE `blog`
  MODIFY `blog_id` int(11) NOT NULL AUTO_INCREMENT, AUTO_INCREMENT=15;

--
-- AUTO_INCREMENT for table `blog_category`
--
ALTER TABLE `blog_category`
  MODIFY `blog_category_id` int(11) NOT NULL AUTO_INCREMENT, AUTO_INCREMENT=7;

--
-- AUTO_INCREMENT for table `brand`
--
ALTER TABLE `brand`
  MODIFY `brand_id` int(11) NOT NULL AUTO_INCREMENT, AUTO_INCREMENT=275;

--
-- AUTO_INCREMENT for table `bundle_stock`
--
ALTER TABLE `bundle_stock`
  MODIFY `stock_id` int(11) NOT NULL AUTO_INCREMENT, AUTO_INCREMENT=27;

--
-- AUTO_INCREMENT for table `business_settings`
--
ALTER TABLE `business_settings`
  MODIFY `business_settings_id` int(11) NOT NULL AUTO_INCREMENT, AUTO_INCREMENT=58;

--
-- AUTO_INCREMENT for table `category`
--
ALTER TABLE `category`
  MODIFY `category_id` int(11) NOT NULL AUTO_INCREMENT, AUTO_INCREMENT=25;

--
-- AUTO_INCREMENT for table `contact_message`
--
ALTER TABLE `contact_message`
  MODIFY `contact_message_id` int(11) NOT NULL AUTO_INCREMENT;

--
-- AUTO_INCREMENT for table `coupon`
--
ALTER TABLE `coupon`
  MODIFY `coupon_id` int(11) NOT NULL AUTO_INCREMENT, AUTO_INCREMENT=2;

--
-- AUTO_INCREMENT for table `currency_settings`
--
ALTER TABLE `currency_settings`
  MODIFY `currency_settings_id` int(11) NOT NULL AUTO_INCREMENT, AUTO_INCREMENT=28;

--
-- AUTO_INCREMENT for table `customer_product`
--
ALTER TABLE `customer_product`
  MODIFY `customer_product_id` int(11) NOT NULL AUTO_INCREMENT, AUTO_INCREMENT=38;

--
-- AUTO_INCREMENT for table `email_template`
--
ALTER TABLE `email_template`
  MODIFY `email_template_id` int(11) NOT NULL AUTO_INCREMENT, AUTO_INCREMENT=10;

--
-- AUTO_INCREMENT for table `general_settings`
--
ALTER TABLE `general_settings`
  MODIFY `general_settings_id` int(11) NOT NULL AUTO_INCREMENT, AUTO_INCREMENT=96;

--
-- AUTO_INCREMENT for table `language`
--
ALTER TABLE `language`
  MODIFY `word_id` int(11) NOT NULL AUTO_INCREMENT, AUTO_INCREMENT=1699;

--
-- AUTO_INCREMENT for table `language_list`
--
ALTER TABLE `language_list`
  MODIFY `language_list_id` int(11) NOT NULL AUTO_INCREMENT, AUTO_INCREMENT=7;

--
-- AUTO_INCREMENT for table `logo`
--
ALTER TABLE `logo`
  MODIFY `logo_id` int(11) NOT NULL AUTO_INCREMENT, AUTO_INCREMENT=78;

--
-- AUTO_INCREMENT for table `membership`
--
ALTER TABLE `membership`
  MODIFY `membership_id` int(11) NOT NULL AUTO_INCREMENT, AUTO_INCREMENT=8;

--
-- AUTO_INCREMENT for table `membership_payment`
--
ALTER TABLE `membership_payment`
  MODIFY `membership_payment_id` int(11) NOT NULL AUTO_INCREMENT, AUTO_INCREMENT=29;

--
-- AUTO_INCREMENT for table `message`
--
ALTER TABLE `message`
  MODIFY `message_id` int(11) NOT NULL AUTO_INCREMENT;

--
-- AUTO_INCREMENT for table `message_thread`
--
ALTER TABLE `message_thread`
  MODIFY `message_thread_id` int(11) NOT NULL AUTO_INCREMENT;

--
-- AUTO_INCREMENT for table `package`
--
ALTER TABLE `package`
  MODIFY `package_id` int(11) NOT NULL AUTO_INCREMENT, AUTO_INCREMENT=6;

--
-- AUTO_INCREMENT for table `package_payment`
--
ALTER TABLE `package_payment`
  MODIFY `package_payment_id` int(11) NOT NULL AUTO_INCREMENT, AUTO_INCREMENT=27;

--
-- AUTO_INCREMENT for table `page`
--
ALTER TABLE `page`
  MODIFY `page_id` int(11) NOT NULL AUTO_INCREMENT, AUTO_INCREMENT=13;

--
-- AUTO_INCREMENT for table `permission`
--
ALTER TABLE `permission`
  MODIFY `permission_id` int(11) NOT NULL AUTO_INCREMENT, AUTO_INCREMENT=115;

--
-- AUTO_INCREMENT for table `product`
--
ALTER TABLE `product`
  MODIFY `product_id` int(11) NOT NULL AUTO_INCREMENT, AUTO_INCREMENT=230;

--
-- AUTO_INCREMENT for table `product_affiliation`
--
ALTER TABLE `product_affiliation`
  MODIFY `product_affiliation_id` bigint(20) NOT NULL AUTO_INCREMENT, AUTO_INCREMENT=4;

--
-- AUTO_INCREMENT for table `product_affiliation_code_use`
--
ALTER TABLE `product_affiliation_code_use`
  MODIFY `product_affiliation_code_use_id` bigint(20) NOT NULL AUTO_INCREMENT, AUTO_INCREMENT=4;

--
-- AUTO_INCREMENT for table `product_affiliation_points_total`
--
ALTER TABLE `product_affiliation_points_total`
  MODIFY `product_affiliation_points_total_id` bigint(20) NOT NULL AUTO_INCREMENT, AUTO_INCREMENT=2;

--
-- AUTO_INCREMENT for table `role`
--
ALTER TABLE `role`
  MODIFY `role_id` int(11) NOT NULL AUTO_INCREMENT, AUTO_INCREMENT=7;

--
-- AUTO_INCREMENT for table `sale`
--
ALTER TABLE `sale`
  MODIFY `sale_id` int(11) NOT NULL AUTO_INCREMENT, AUTO_INCREMENT=230;

--
-- AUTO_INCREMENT for table `slider`
--
ALTER TABLE `slider`
  MODIFY `slider_id` int(11) NOT NULL AUTO_INCREMENT, AUTO_INCREMENT=5;

--
-- AUTO_INCREMENT for table `slider_style`
--
ALTER TABLE `slider_style`
  MODIFY `slider_style_id` int(11) NOT NULL AUTO_INCREMENT, AUTO_INCREMENT=13;

--
-- AUTO_INCREMENT for table `slides`
--
ALTER TABLE `slides`
  MODIFY `slides_id` int(11) NOT NULL AUTO_INCREMENT, AUTO_INCREMENT=35;

--
-- AUTO_INCREMENT for table `social_links`
--
ALTER TABLE `social_links`
  MODIFY `social_links_id` int(11) NOT NULL AUTO_INCREMENT, AUTO_INCREMENT=7;

--
-- AUTO_INCREMENT for table `stock`
--
ALTER TABLE `stock`
  MODIFY `stock_id` int(11) NOT NULL AUTO_INCREMENT, AUTO_INCREMENT=380;

--
-- AUTO_INCREMENT for table `subscribe`
--
ALTER TABLE `subscribe`
  MODIFY `subscribe_id` int(11) NOT NULL AUTO_INCREMENT, AUTO_INCREMENT=5;

--
-- AUTO_INCREMENT for table `sub_category`
--
ALTER TABLE `sub_category`
  MODIFY `sub_category_id` int(11) NOT NULL AUTO_INCREMENT, AUTO_INCREMENT=119;

--
-- AUTO_INCREMENT for table `ticket`
--
ALTER TABLE `ticket`
  MODIFY `ticket_id` int(11) NOT NULL AUTO_INCREMENT;

--
-- AUTO_INCREMENT for table `ticket_message`
--
ALTER TABLE `ticket_message`
  MODIFY `ticket_message_id` int(11) NOT NULL AUTO_INCREMENT, AUTO_INCREMENT=30;

--
-- AUTO_INCREMENT for table `ui_settings`
--
ALTER TABLE `ui_settings`
  MODIFY `ui_settings_id` int(11) NOT NULL AUTO_INCREMENT, AUTO_INCREMENT=62;

--
-- AUTO_INCREMENT for table `user_rating`
--
ALTER TABLE `user_rating`
  MODIFY `rating_id` bigint(20) NOT NULL AUTO_INCREMENT;

--
-- AUTO_INCREMENT for table `vendor_invoice`
--
ALTER TABLE `vendor_invoice`
  MODIFY `vendor_invoice_id` int(11) NOT NULL AUTO_INCREMENT, AUTO_INCREMENT=28;

--
-- AUTO_INCREMENT for table `wallet_load`
--
ALTER TABLE `wallet_load`
  MODIFY `wallet_load_id` int(11) NOT NULL AUTO_INCREMENT, AUTO_INCREMENT=76;
--
-- Database: `slogisticsftwz_crm`
--
CREATE DATABASE IF NOT EXISTS `slogisticsftwz_crm` DEFAULT CHARACTER SET latin1 COLLATE latin1_swedish_ci;
USE `slogisticsftwz_crm`;

-- --------------------------------------------------------

--
-- Table structure for table `acc_coa`
--

CREATE TABLE `acc_coa` (
  `id` int(11) NOT NULL,
  `HeadCode` int(11) NOT NULL,
  `HeadName` varchar(100) NOT NULL,
  `PHeadName` varchar(200) NOT NULL,
  `PHeadCode` varchar(50) DEFAULT NULL,
  `HeadLevel` int(11) NOT NULL,
  `IsActive` tinyint(1) NOT NULL,
  `IsTransaction` tinyint(1) NOT NULL,
  `IsGL` tinyint(1) NOT NULL,
  `isCashNature` int(11) NOT NULL DEFAULT '0',
  `isBankNature` int(11) NOT NULL DEFAULT '0',
  `HeadType` char(1) NOT NULL,
  `IsBudget` tinyint(1) NOT NULL,
  `IsDepreciation` tinyint(1) NOT NULL,
  `customer_id` varchar(50) DEFAULT NULL,
  `supplier_id` varchar(50) DEFAULT NULL,
  `bank_id` varchar(100) DEFAULT NULL,
  `service_id` varchar(50) DEFAULT NULL,
  `DepreciationRate` decimal(18,2) NOT NULL,
  `CreateBy` varchar(50) NOT NULL,
  `CreateDate` datetime NOT NULL,
  `UpdateBy` varchar(50) NOT NULL,
  `UpdateDate` datetime NOT NULL,
  `isSubType` int(11) NOT NULL DEFAULT '0',
  `subType` int(11) NOT NULL DEFAULT '1',
  `isStock` int(11) NOT NULL DEFAULT '0',
  `isFixedAssetSch` int(11) NOT NULL DEFAULT '0',
  `noteNo` varchar(20) DEFAULT NULL,
  `assetCode` varchar(20) DEFAULT NULL,
  `depCode` varchar(20) DEFAULT NULL
) ENGINE=InnoDB DEFAULT CHARSET=utf8;

--
-- Dumping data for table `acc_coa`
--

INSERT INTO `acc_coa` (`id`, `HeadCode`, `HeadName`, `PHeadName`, `PHeadCode`, `HeadLevel`, `IsActive`, `IsTransaction`, `IsGL`, `isCashNature`, `isBankNature`, `HeadType`, `IsBudget`, `IsDepreciation`, `customer_id`, `supplier_id`, `bank_id`, `service_id`, `DepreciationRate`, `CreateBy`, `CreateDate`, `UpdateBy`, `UpdateDate`, `isSubType`, `subType`, `isStock`, `isFixedAssetSch`, `noteNo`, `assetCode`, `depCode`) VALUES
(8, 50202, 'Accounts Payable', 'Current Liabilities', '502', 3, 1, 0, 1, 0, 0, 'L', 0, 0, NULL, NULL, NULL, NULL, 0.00, '1', '2022-05-17 12:52:17', '0', '0000-00-00 00:00:00', 0, 1, 0, 0, NULL, NULL, NULL),
(10, 1, 'Assets', 'COA', '0', 1, 1, 0, 0, 0, 0, 'A', 0, 0, NULL, NULL, NULL, NULL, 0.00, '0', '0000-00-00 00:00:00', '0', '0000-00-00 00:00:00', 0, 1, 0, 0, '', '', ''),
(13, 10201, 'Cash', 'Current Asset', '102', 3, 1, 0, 0, 0, 0, 'A', 0, 0, NULL, NULL, NULL, NULL, 0.00, '1', '2022-04-10 12:07:11', '0', '2015-10-15 15:57:55', 0, 1, 0, 0, NULL, NULL, NULL),
(15, 1020101, 'Cash In Hand', 'Cash', '10201', 4, 1, 1, 1, 1, 0, 'A', 0, 0, NULL, NULL, NULL, NULL, 0.00, '1', '2022-04-12 08:16:03', '0', '2016-05-23 12:05:43', 0, 1, 0, 0, NULL, NULL, NULL),
(16, 102, 'Current Asset', 'Assets', '1', 2, 1, 0, 0, 0, 0, 'A', 0, 0, NULL, NULL, NULL, NULL, 0.00, '0', '0000-00-00 00:00:00', '0', '2018-07-07 11:23:00', 0, 1, 0, 0, '', '', ''),
(17, 502, 'Current Liabilities', 'Liabilities', '5', 2, 1, 0, 0, 0, 0, 'L', 0, 0, NULL, NULL, NULL, NULL, 0.00, '0', '2014-08-30 13:18:20', '0', '2015-10-15 19:49:21', 0, 1, 0, 0, '', '', ''),
(23, 401, 'Cost of Goods Solds', 'Expenses', '4', 2, 1, 1, 1, 0, 0, 'E', 0, 0, NULL, NULL, NULL, NULL, 0.00, '1', '2022-04-02 10:28:34', '0', '0000-00-00 00:00:00', 0, 1, 0, 0, '', '', ''),
(24, 2, 'Shareholder\'s Equity', 'COA', '0', 1, 1, 0, 0, 0, 0, 'L', 0, 0, NULL, NULL, NULL, NULL, 0.00, '0', '0000-00-00 00:00:00', '0', '0000-00-00 00:00:00', 0, 1, 0, 0, '', '', ''),
(25, 4, 'Expenses', 'COA', '0', 1, 1, 0, 0, 0, 0, 'E', 0, 0, NULL, NULL, NULL, NULL, 0.00, '2', '2019-11-24 05:45:24', '0', '0000-00-00 00:00:00', 0, 1, 0, 0, '', '', ''),
(26, 101, 'Fixed Assets', 'Assets', '1', 2, 1, 0, 0, 0, 0, 'A', 0, 0, NULL, NULL, NULL, NULL, 0.00, '0', '0000-00-00 00:00:00', '0', '2015-10-15 15:29:11', 0, 1, 0, 0, '', '', ''),
(27, 402, 'Over Head Cost', 'Expenses', '4', 2, 1, 1, 1, 0, 0, 'E', 0, 0, NULL, NULL, NULL, NULL, 0.00, '1', '2022-04-04 10:01:58', '0', '0000-00-00 00:00:00', 0, 1, 0, 0, '', '', ''),
(29, 3, 'Income', 'COA', '0', 1, 1, 0, 0, 0, 0, 'I', 0, 0, NULL, NULL, NULL, NULL, 0.00, '0', '0000-00-00 00:00:00', '0', '0000-00-00 00:00:00', 0, 1, 0, 0, '', '', ''),
(30, 5, 'Liabilities', 'COA', '0', 1, 1, 0, 0, 0, 0, 'L', 0, 0, NULL, NULL, NULL, NULL, 0.00, '0', '2013-07-04 12:32:07', '0', '2015-10-15 19:46:54', 0, 1, 0, 0, '', '', ''),
(31, 501, 'Long Term Liabilities', 'Liabilities', '5', 2, 1, 0, 0, 0, 0, 'L', 0, 0, NULL, NULL, NULL, NULL, 0.00, '0', '2014-08-30 13:18:20', '0', '2015-10-15 19:49:21', 0, 1, 0, 0, '', '', ''),
(33, 301, 'Direct Income', 'Income', '3', 2, 1, 1, 1, 0, 0, 'I', 0, 0, NULL, NULL, NULL, NULL, 0.00, '1', '2022-04-02 10:31:45', '0', '0000-00-00 00:00:00', 0, 1, 0, 0, '', '', ''),
(35, 302, 'Indirect Income', 'Income', '3', 2, 1, 1, 1, 0, 0, 'I', 0, 0, NULL, NULL, NULL, NULL, 0.00, '1', '2022-04-02 10:55:45', '0', '0000-00-00 00:00:00', 0, 1, 0, 0, '', '', ''),
(36, 5020201, 'Supplier Payable', 'Accounts Payable', '50202', 4, 1, 0, 1, 0, 0, 'L', 0, 0, NULL, NULL, NULL, NULL, 0.00, '1', '2022-05-17 12:52:44', '0', '0000-00-00 00:00:00', 1, 4, 0, 0, NULL, NULL, NULL),
(41, 10203, 'Prepaid Expenses', 'Current Asset', '102', 3, 1, 0, 0, 0, 0, 'A', 0, 0, NULL, NULL, NULL, NULL, 0.00, '1', '2022-04-10 06:45:19', '0', '0000-00-00 00:00:00', 0, 1, 0, 0, NULL, NULL, NULL),
(43, 10204, 'Inventory', 'Current Asset', '102', 3, 1, 0, 0, 0, 0, 'A', 0, 0, NULL, NULL, NULL, NULL, 0.00, '1', '2022-04-10 06:48:32', '0', '0000-00-00 00:00:00', 0, 1, 0, 0, NULL, NULL, NULL),
(44, 50203, 'Accrued Expenses', 'Current Liabilities', '502', 3, 1, 0, 0, 0, 0, 'L', 0, 0, NULL, NULL, NULL, NULL, 0.00, '1', '2022-04-10 06:50:20', '0', '0000-00-00 00:00:00', 0, 1, 0, 0, NULL, NULL, NULL),
(46, 50101, 'Long-Term Debt', 'Long Term Liabilities', '501', 3, 1, 0, 0, 0, 0, 'L', 0, 0, NULL, NULL, NULL, NULL, 0.00, '1', '2022-04-10 06:51:45', '0', '0000-00-00 00:00:00', 0, 1, 0, 0, NULL, NULL, NULL),
(47, 50102, 'Other Long-Term  Liabilities', 'Long Term Liabilities', '501', 3, 1, 0, 0, 0, 0, 'L', 0, 0, NULL, NULL, NULL, NULL, 0.00, '1', '2022-04-10 06:53:04', '0', '0000-00-00 00:00:00', 0, 1, 0, 0, NULL, NULL, NULL),
(48, 201, 'Equity', 'Shareholder\'s Equity', '2', 2, 1, 0, 0, 0, 0, 'L', 0, 0, NULL, NULL, NULL, NULL, 0.00, '0', '2022-04-10 06:56:38', '0', '2022-04-10 06:56:38', 0, 1, 0, 0, NULL, NULL, NULL),
(49, 20101, 'Equity Capital', 'Equity', '201', 3, 1, 0, 0, 0, 0, 'L', 0, 0, NULL, NULL, NULL, NULL, 0.00, '1', '2022-05-17 12:31:33', '0', '0000-00-00 00:00:00', 0, 1, 0, 0, NULL, NULL, NULL),
(50, 20102, 'Retained Earnings', 'Equity', '201', 3, 1, 0, 0, 0, 0, 'L', 0, 0, NULL, NULL, NULL, NULL, 0.00, '1', '2022-04-10 07:01:45', '0', '0000-00-00 00:00:00', 0, 1, 0, 0, NULL, NULL, NULL),
(51, 10101, 'Property & Equipment', 'Fixed Assets', '101', 3, 1, 0, 0, 0, 0, 'A', 0, 0, NULL, NULL, NULL, NULL, 0.00, '1', '2022-04-10 11:35:53', '0', '0000-00-00 00:00:00', 0, 1, 0, 0, NULL, NULL, NULL),
(52, 10102, 'Goodwills', 'Fixed Assets', '101', 3, 1, 0, 0, 0, 0, 'A', 0, 0, NULL, NULL, NULL, NULL, 0.00, '1', '2022-04-23 06:47:21', '0', '0000-00-00 00:00:00', 0, 1, 0, 0, NULL, NULL, NULL),
(53, 30101, 'Construction Income', 'Direct Income', '301', 3, 1, 0, 0, 0, 0, 'I', 0, 0, NULL, NULL, NULL, NULL, 0.00, '1', '2022-04-10 08:08:04', '0', '0000-00-00 00:00:00', 0, 1, 0, 0, NULL, NULL, NULL),
(54, 30102, 'Reimbursement Income', 'Direct Income', '301', 3, 1, 0, 0, 0, 0, 'I', 0, 0, NULL, NULL, NULL, NULL, 0.00, '1', '2022-04-10 08:09:02', '0', '0000-00-00 00:00:00', 0, 1, 0, 0, NULL, NULL, NULL),
(55, 40101, 'Cost of Goods Sold', 'Cost of Goods Solds', '401', 3, 1, 0, 0, 0, 0, 'E', 0, 0, NULL, NULL, NULL, NULL, 0.00, '1', '2022-04-10 08:13:52', '0', '0000-00-00 00:00:00', 0, 1, 0, 0, NULL, NULL, NULL),
(56, 40102, 'Job Expenses', 'Cost of Goods Solds', '401', 3, 1, 0, 0, 0, 0, 'E', 0, 0, NULL, NULL, NULL, NULL, 0.00, '1', '2022-04-10 08:14:18', '0', '0000-00-00 00:00:00', 0, 1, 0, 0, NULL, NULL, NULL),
(57, 40201, 'Automobile', 'Over Head Cost', '402', 3, 1, 0, 0, 0, 0, 'E', 0, 0, NULL, NULL, NULL, NULL, 0.00, '1', '2022-04-10 08:14:37', '0', '0000-00-00 00:00:00', 0, 1, 0, 0, NULL, NULL, NULL),
(58, 40202, 'Bank Service Charges', 'Over Head Cost', '402', 3, 1, 0, 0, 0, 0, 'E', 0, 0, NULL, NULL, NULL, NULL, 0.00, '1', '2022-04-10 08:15:32', '0', '0000-00-00 00:00:00', 0, 1, 0, 0, NULL, NULL, NULL),
(59, 40203, 'Insurance', 'Over Head Cost', '402', 3, 1, 0, 0, 0, 0, 'E', 0, 0, NULL, NULL, NULL, NULL, 0.00, '1', '2022-04-10 08:15:58', '0', '0000-00-00 00:00:00', 0, 1, 0, 0, NULL, NULL, NULL),
(60, 40204, 'Interest Expenses', 'Over Head Cost', '402', 3, 1, 0, 0, 0, 0, 'E', 0, 0, NULL, NULL, NULL, NULL, 0.00, '1', '2022-04-10 08:16:36', '0', '0000-00-00 00:00:00', 0, 1, 0, 0, NULL, NULL, NULL),
(61, 40205, 'Payroll Expenses', 'Over Head Cost', '402', 3, 1, 0, 0, 0, 0, 'E', 0, 0, NULL, NULL, NULL, NULL, 0.00, '1', '2022-04-10 08:17:08', '0', '0000-00-00 00:00:00', 0, 1, 0, 0, NULL, NULL, NULL),
(62, 40206, 'Postage', 'Over Head Cost', '402', 3, 1, 0, 0, 0, 0, 'E', 0, 0, NULL, NULL, NULL, NULL, 0.00, '1', '2022-04-10 08:17:26', '0', '0000-00-00 00:00:00', 0, 1, 0, 0, NULL, NULL, NULL),
(63, 40207, 'Professional Fees', 'Over Head Cost', '402', 3, 1, 0, 0, 0, 0, 'E', 0, 0, NULL, NULL, NULL, NULL, 0.00, '1', '2022-04-10 08:17:55', '0', '0000-00-00 00:00:00', 0, 1, 0, 0, NULL, NULL, NULL),
(64, 40208, 'Repairs', 'Over Head Cost', '402', 3, 1, 0, 0, 0, 0, 'E', 0, 0, NULL, NULL, NULL, NULL, 0.00, '1', '2022-04-10 08:18:38', '0', '0000-00-00 00:00:00', 0, 1, 0, 0, NULL, NULL, NULL),
(65, 40209, 'Tools and Macchnery', 'Over Head Cost', '402', 3, 1, 0, 0, 0, 0, 'E', 0, 0, NULL, NULL, NULL, NULL, 0.00, '1', '2022-04-10 08:28:02', '0', '0000-00-00 00:00:00', 0, 1, 0, 0, NULL, NULL, NULL),
(66, 40210, 'Utilities', 'Over Head Cost', '402', 3, 1, 0, 0, 0, 0, 'E', 0, 0, NULL, NULL, NULL, NULL, 0.00, '1', '2022-04-10 08:28:42', '0', '0000-00-00 00:00:00', 0, 1, 0, 0, NULL, NULL, NULL),
(67, 4021001, 'Electic Bill', 'Utilities', '40210', 4, 1, 0, 0, 0, 0, 'E', 0, 0, NULL, NULL, NULL, NULL, 0.00, '1', '2022-04-10 09:05:45', '0', '0000-00-00 00:00:00', 0, 1, 0, 0, NULL, NULL, NULL),
(68, 4021002, 'House Rent', 'Utilities', '40210', 4, 1, 0, 0, 0, 0, 'E', 0, 0, NULL, NULL, NULL, NULL, 0.00, '1', '2022-04-10 09:06:05', '0', '0000-00-00 00:00:00', 0, 1, 0, 0, NULL, NULL, NULL),
(69, 10205, 'Cash at Bank', 'Current Asset', '102', 3, 1, 0, 0, 0, 0, 'A', 0, 0, NULL, NULL, NULL, NULL, 0.00, '1', '2022-05-17 12:44:19', '0', '0000-00-00 00:00:00', 0, 1, 0, 0, NULL, NULL, NULL),
(75, 1010201, 'Goodwill', 'Goodwills', '10102', 4, 1, 0, 0, 0, 0, 'A', 0, 0, NULL, NULL, NULL, NULL, 15.00, '1', '2022-04-23 06:45:48', '0', '0000-00-00 00:00:00', 0, 1, 0, 1, NULL, 'GD001', NULL),
(77, 5020401, 'property sales', 'Unearned Revenue', '50204', 4, 1, 0, 0, 0, 0, 'L', 0, 0, NULL, NULL, NULL, NULL, 0.00, '1', '2022-04-10 11:40:48', '0', '0000-00-00 00:00:00', 0, 1, 0, 0, NULL, NULL, NULL),
(78, 5010101, 'Debts', 'Long-Term Debt', '50101', 4, 1, 0, 0, 0, 0, 'L', 0, 0, NULL, NULL, NULL, NULL, 0.00, '1', '2022-04-10 11:41:49', '0', '0000-00-00 00:00:00', 0, 1, 0, 0, NULL, NULL, NULL),
(79, 5010201, 'Other Long-Term  Liabilities', 'Other Long-Term  Liabilities', '50102', 4, 1, 0, 0, 0, 0, 'L', 0, 0, NULL, NULL, NULL, NULL, 0.00, '1', '2022-04-10 11:42:03', '0', '0000-00-00 00:00:00', 0, 1, 0, 0, NULL, NULL, NULL),
(80, 2010101, 'Capital Fund', 'Equity Capital', '20101', 4, 1, 0, 0, 0, 0, 'L', 0, 0, NULL, NULL, NULL, NULL, 0.00, '1', '2022-04-10 11:42:36', '0', '0000-00-00 00:00:00', 0, 1, 0, 0, NULL, NULL, NULL),
(81, 2010201, 'Current year Profit & Loss', 'Retained Earnings', '20102', 4, 1, 0, 0, 0, 0, 'L', 0, 0, NULL, NULL, NULL, NULL, 0.00, '1', '2022-04-10 11:42:53', '0', '0000-00-00 00:00:00', 0, 1, 0, 0, NULL, NULL, NULL),
(82, 2010202, 'Last year Profit & Loss', 'Retained Earnings', '20102', 4, 1, 0, 0, 0, 0, 'L', 0, 0, NULL, NULL, NULL, NULL, 0.00, '1', '2022-04-10 11:43:03', '0', '0000-00-00 00:00:00', 0, 1, 0, 0, NULL, NULL, NULL),
(84, 50201, 'Provisions', 'Current Liabilities', '502', 3, 1, 0, 0, 0, 0, 'L', 0, 0, NULL, NULL, NULL, NULL, 0.00, '1', '2022-04-10 11:46:00', '0', '0000-00-00 00:00:00', 0, 1, 0, 0, NULL, NULL, NULL),
(85, 5020104, 'Depreciation of Goodwill', 'Depreciations', '50205', 4, 1, 0, 0, 0, 0, 'L', 0, 0, NULL, NULL, NULL, NULL, 0.00, '1', '2022-04-23 06:47:07', '0', '0000-00-00 00:00:00', 0, 1, 0, 1, NULL, NULL, 'GD001'),
(86, 50204, 'Unearned Revenue', 'Current Liabilities', '502', 3, 1, 0, 0, 0, 0, 'L', 0, 0, NULL, NULL, NULL, NULL, 0.00, '1', '2022-05-17 12:53:09', '0', '0000-00-00 00:00:00', 0, 1, 0, 0, NULL, NULL, NULL),
(88, 10206, 'Advance', 'Current Asset', '102', 3, 1, 0, 0, 0, 0, 'A', 0, 0, NULL, NULL, NULL, NULL, 0.00, '1', '2022-04-11 11:56:56', '0', '0000-00-00 00:00:00', 0, 1, 0, 0, NULL, NULL, NULL),
(89, 1020601, 'Advance against Employee', 'Advance', '10206', 4, 1, 0, 0, 0, 0, 'A', 0, 0, NULL, NULL, NULL, NULL, 0.00, '1', '2022-04-11 11:57:18', '0', '0000-00-00 00:00:00', 1, 2, 0, 0, NULL, NULL, NULL),
(90, 1020602, 'Advance Against Customer', 'Advance', '10206', 4, 1, 0, 0, 0, 0, 'A', 0, 0, NULL, NULL, NULL, NULL, 0.00, '1', '2022-04-11 11:57:35', '0', '0000-00-00 00:00:00', 1, 3, 0, 0, NULL, NULL, NULL),
(91, 1020102, 'Petty Cash', 'Cash', '10201', 4, 1, 0, 0, 1, 0, 'A', 0, 0, NULL, NULL, NULL, NULL, 0.00, '1', '2022-04-12 08:16:19', '0', '0000-00-00 00:00:00', 0, 1, 0, 0, NULL, NULL, NULL),
(94, 40301, 'Purchase Account', 'Purchase Accounts', '402', 3, 1, 0, 0, 0, 0, 'E', 0, 0, NULL, NULL, NULL, NULL, 0.00, '0', '2022-04-16 10:31:43', '0', '2022-04-16 10:31:43', 0, 1, 0, 0, NULL, NULL, NULL),
(95, 4030102, 'Purchase', 'Purchase Account', '40201', 4, 1, 0, 0, 0, 0, 'E', 0, 0, NULL, NULL, NULL, NULL, 0.00, '1', '2022-04-16 10:33:59', '0', '0000-00-00 00:00:00', 0, 1, 0, 0, NULL, NULL, NULL),
(96, 30103, 'Sales Accounts', 'Direct Income', '301', 3, 1, 0, 0, 0, 0, 'I', 0, 0, NULL, NULL, NULL, NULL, 0.00, '1', '2022-04-16 10:34:37', '0', '0000-00-00 00:00:00', 0, 1, 0, 0, NULL, NULL, NULL),
(97, 3010301, 'Sales Account', 'Sales Accounts', '30103', 4, 1, 0, 0, 0, 0, 'I', 0, 0, NULL, NULL, NULL, NULL, 0.00, '1', '2022-04-16 10:34:57', '0', '0000-00-00 00:00:00', 0, 1, 0, 0, NULL, NULL, NULL),
(99, 4020501, 'Salary Expense', 'Payroll Expenses', '40205', 4, 1, 0, 0, 0, 0, 'E', 0, 0, NULL, NULL, NULL, NULL, 0.00, '1', '2022-04-20 06:24:08', '0', '0000-00-00 00:00:00', 0, 1, 0, 0, NULL, NULL, NULL),
(104, 5020102, 'Provision for npf contribution', 'Provisions', '50201', 4, 1, 0, 0, 0, 0, 'L', 0, 0, NULL, NULL, NULL, NULL, 0.00, '1', '2022-05-10 06:19:45', '0', '0000-00-00 00:00:00', 0, 1, 0, 0, NULL, NULL, NULL),
(106, 5020101, 'Provision for State Income Tax', 'Provisions', '50201', 4, 1, 0, 0, 0, 0, 'L', 0, 0, NULL, NULL, NULL, NULL, 0.00, '1', '2022-04-26 06:44:29', '0', '0000-00-00 00:00:00', 0, 1, 0, 0, NULL, NULL, NULL),
(107, 40211, 'State Income Tax', 'Over Head Cost', '402', 3, 1, 0, 0, 0, 0, 'E', 0, 0, NULL, NULL, NULL, NULL, 0.00, '1', '2022-04-26 06:44:46', '0', '0000-00-00 00:00:00', 0, 1, 0, 0, NULL, NULL, NULL),
(108, 4021101, 'State Income Tax', 'State Income Tax', '40211', 4, 1, 0, 0, 0, 0, 'E', 0, 0, NULL, NULL, NULL, NULL, 0.00, '1', '2022-04-26 06:45:00', '0', '0000-00-00 00:00:00', 0, 1, 0, 0, NULL, NULL, NULL),
(110, 40212, 'Employeer ICF Expense', 'Over Head Cost', '402', 3, 1, 0, 0, 0, 0, 'E', 0, 0, NULL, NULL, NULL, NULL, 0.00, '1', '2022-05-10 06:35:37', '0', '0000-00-00 00:00:00', 0, 1, 0, 0, NULL, NULL, NULL),
(111, 4021201, 'Employeer 1% ICF Expense', 'Employeer ICF Expense', '40212', 4, 1, 0, 0, 0, 0, 'E', 0, 0, NULL, NULL, NULL, NULL, 0.00, '1', '2022-05-17 11:34:02', '0', '0000-00-00 00:00:00', 0, 1, 0, 0, NULL, NULL, NULL),
(112, 50205, 'Depreciations', 'Current Liabilities', '502', 3, 1, 0, 0, 0, 0, 'L', 0, 0, NULL, NULL, NULL, NULL, 0.00, '0', '2022-05-10 09:35:15', '0', '2022-05-10 09:35:15', 0, 1, 0, 0, NULL, NULL, NULL),
(191, 4020502, 'Employee 5 % NPF Expenses', 'Payroll Expenses', '40205', 4, 1, 0, 0, 0, 0, 'E', 0, 0, NULL, NULL, NULL, NULL, 0.00, '1', '2022-05-17 11:32:14', '0', '0000-00-00 00:00:00', 0, 1, 0, 0, NULL, NULL, NULL),
(192, 4020503, 'Employee 10 % NPF Expenses', 'Payroll Expenses', '40205', 4, 1, 0, 0, 0, 0, 'E', 0, 0, NULL, NULL, NULL, NULL, 0.00, '1', '2022-05-17 11:32:36', '0', '0000-00-00 00:00:00', 0, 1, 0, 0, NULL, NULL, NULL),
(221, 50206, 'Aoounts pay by name supplier', 'Current Liabilities', '502', 3, 1, 0, 0, 0, 0, 'L', 0, 0, NULL, NULL, NULL, NULL, 0.00, '1', '2022-06-13 11:51:32', '0', '0000-00-00 00:00:00', 0, 1, 0, 0, NULL, NULL, NULL),
(229, 10208, 'Accounts Receivable', 'Current Asset', '102', 3, 1, 0, 0, 0, 0, 'A', 0, 0, NULL, NULL, NULL, NULL, 0.00, '1', '2022-06-16 07:05:42', '0', '0000-00-00 00:00:00', 0, 1, 0, 0, NULL, NULL, NULL),
(230, 1020801, 'Customer Receivable', 'Accounts Receivable', '10208', 4, 1, 0, 0, 0, 0, 'A', 0, 0, NULL, NULL, NULL, NULL, 0.00, '1', '2022-06-16 07:07:17', '0', '0000-00-00 00:00:00', 1, 3, 0, 0, NULL, NULL, NULL),
(231, 1020802, 'Employee Receivable', 'Accounts Receivable', '10208', 4, 1, 0, 0, 0, 0, 'A', 0, 0, NULL, NULL, NULL, NULL, 0.00, '1', '2022-06-16 07:06:58', '0', '0000-00-00 00:00:00', 1, 2, 0, 0, NULL, NULL, NULL),
(232, 1020401, 'Inventory account', 'Inventory', '10204', 4, 1, 0, 0, 0, 0, 'A', 0, 0, NULL, NULL, NULL, NULL, 0.00, '1', '2022-06-15 07:53:16', '', '0000-00-00 00:00:00', 0, 1, 0, 0, NULL, NULL, NULL),
(233, 4010101, 'Cost of Goods Sold Account', 'Cost of Goods Sold', '40101', 4, 1, 0, 0, 0, 0, 'E', 0, 0, NULL, NULL, NULL, NULL, 0.00, '1', '2022-06-15 08:58:18', '', '0000-00-00 00:00:00', 0, 1, 0, 0, NULL, NULL, NULL),
(234, 30104, 'Service Accounts', 'Direct Income', '301', 3, 1, 0, 0, 0, 0, 'I', 0, 0, NULL, NULL, NULL, NULL, 0.00, '1', '2022-06-15 16:23:37', '', '0000-00-00 00:00:00', 0, 1, 0, 0, NULL, NULL, NULL),
(235, 3010401, 'Service Account', 'Service Accounts', '30104', 4, 1, 0, 0, 0, 0, 'I', 0, 0, NULL, NULL, NULL, NULL, 0.00, '1', '2022-06-15 16:24:11', '', '0000-00-00 00:00:00', 0, 1, 0, 0, NULL, NULL, NULL),
(238, 2116000001, '1-MDHossen', 'Employee Ledger', NULL, 4, 1, 1, 0, 0, 0, 'L', 0, 0, NULL, NULL, NULL, NULL, 0.00, '1', '2022-07-20 10:47:55', '', '0000-00-00 00:00:00', 0, 1, 0, 0, NULL, NULL, NULL);

-- --------------------------------------------------------

--
-- Table structure for table `acc_monthly_balance`
--

CREATE TABLE `acc_monthly_balance` (
  `id` int(11) NOT NULL,
  `fyear` int(11) NOT NULL,
  `COAID` int(11) NOT NULL,
  `balance1` decimal(18,2) NOT NULL DEFAULT '0.00',
  `balance2` decimal(18,2) NOT NULL DEFAULT '0.00',
  `balance3` decimal(18,2) NOT NULL DEFAULT '0.00',
  `balance4` decimal(18,2) NOT NULL DEFAULT '0.00',
  `balance5` decimal(18,2) NOT NULL DEFAULT '0.00',
  `balance6` decimal(18,2) NOT NULL DEFAULT '0.00',
  `balance7` decimal(18,2) NOT NULL DEFAULT '0.00',
  `balance8` decimal(18,2) NOT NULL DEFAULT '0.00',
  `balance9` decimal(18,2) NOT NULL DEFAULT '0.00',
  `balance10` decimal(18,2) NOT NULL DEFAULT '0.00',
  `balance11` decimal(18,2) NOT NULL DEFAULT '0.00',
  `balance12` decimal(18,2) NOT NULL DEFAULT '0.00',
  `totalBalance` decimal(18,2) NOT NULL DEFAULT '0.00',
  `updatedDate` datetime NOT NULL DEFAULT CURRENT_TIMESTAMP
) ENGINE=InnoDB DEFAULT CHARSET=utf8mb4;

-- --------------------------------------------------------

--
-- Table structure for table `acc_opening_balance`
--

CREATE TABLE `acc_opening_balance` (
  `id` int(11) NOT NULL,
  `fyear` int(11) NOT NULL,
  `COAID` int(11) NOT NULL,
  `subType` int(11) NOT NULL DEFAULT '1',
  `subCode` int(11) DEFAULT NULL,
  `Debit` decimal(10,0) NOT NULL,
  `Credit` decimal(10,0) NOT NULL,
  `openDate` date NOT NULL,
  `CreateBy` int(11) NOT NULL,
  `CreateDate` datetime NOT NULL
) ENGINE=InnoDB DEFAULT CHARSET=utf8mb4;

-- --------------------------------------------------------

--
-- Table structure for table `acc_predefine_account`
--

CREATE TABLE `acc_predefine_account` (
  `id` int(11) NOT NULL,
  `cashCode` int(11) NOT NULL,
  `bankCode` int(11) NOT NULL,
  `advance` int(11) NOT NULL,
  `fixedAsset` int(11) NOT NULL,
  `purchaseCode` int(11) NOT NULL,
  `salesCode` int(11) NOT NULL,
  `serviceCode` int(11) NOT NULL,
  `customerCode` int(11) NOT NULL,
  `supplierCode` int(11) NOT NULL,
  `costs_of_good_solds` int(11) NOT NULL,
  `vat` int(11) NOT NULL,
  `tax` int(11) NOT NULL,
  `inventoryCode` int(11) NOT NULL,
  `CPLCode` int(11) NOT NULL,
  `LPLCode` int(11) NOT NULL,
  `salary_code` int(11) DEFAULT NULL,
  `emp_npf_contribution` int(11) DEFAULT NULL,
  `empr_npf_contribution` int(11) DEFAULT NULL,
  `emp_icf_contribution` int(11) DEFAULT NULL,
  `empr_icf_contribution` int(11) DEFAULT NULL,
  `prov_state_tax` int(11) NOT NULL,
  `state_tax` int(11) NOT NULL,
  `prov_npfcode` int(11) DEFAULT NULL
) ENGINE=InnoDB DEFAULT CHARSET=utf8mb4;

--
-- Dumping data for table `acc_predefine_account`
--

INSERT INTO `acc_predefine_account` (`id`, `cashCode`, `bankCode`, `advance`, `fixedAsset`, `purchaseCode`, `salesCode`, `serviceCode`, `customerCode`, `supplierCode`, `costs_of_good_solds`, `vat`, `tax`, `inventoryCode`, `CPLCode`, `LPLCode`, `salary_code`, `emp_npf_contribution`, `empr_npf_contribution`, `emp_icf_contribution`, `empr_icf_contribution`, `prov_state_tax`, `state_tax`, `prov_npfcode`) VALUES
(2, 10201, 10205, 10206, 101, 1020401, 3010301, 3010401, 1020801, 5020201, 4010101, 0, 4021101, 1020401, 2010201, 2010202, 4020501, 4020502, 4020503, 4021201, 0, 5020101, 4021101, 5020102);

-- --------------------------------------------------------

--
-- Table structure for table `acc_subcode`
--

CREATE TABLE `acc_subcode` (
  `id` int(11) NOT NULL,
  `subTypeId` int(11) NOT NULL,
  `name` varchar(250) NOT NULL,
  `referenceNo` int(11) NOT NULL,
  `status` int(11) NOT NULL DEFAULT '1',
  `created_by` int(11) NOT NULL,
  `created_date` date NOT NULL,
  `updated_by` int(11) NOT NULL,
  `updated_date` timestamp NOT NULL DEFAULT CURRENT_TIMESTAMP ON UPDATE CURRENT_TIMESTAMP
) ENGINE=InnoDB DEFAULT CHARSET=utf8mb4;

--
-- Dumping data for table `acc_subcode`
--

INSERT INTO `acc_subcode` (`id`, `subTypeId`, `name`, `referenceNo`, `status`, `created_by`, `created_date`, `updated_by`, `updated_date`) VALUES
(1, 4, 'jhon 2', 1, 1, 0, '2022-07-19', 0, '2022-07-19 05:19:00'),
(3, 3, 'walking customer', 2, 1, 0, '2022-07-20', 1, '2022-07-25 21:07:17');

-- --------------------------------------------------------

--
-- Table structure for table `acc_subtype`
--

CREATE TABLE `acc_subtype` (
  `id` int(11) NOT NULL,
  `subtypeName` varchar(200) NOT NULL,
  `staus` int(11) NOT NULL DEFAULT '1',
  `created_by` int(11) NOT NULL,
  `created_date` datetime NOT NULL
) ENGINE=InnoDB DEFAULT CHARSET=utf8mb4;

--
-- Dumping data for table `acc_subtype`
--

INSERT INTO `acc_subtype` (`id`, `subtypeName`, `staus`, `created_by`, `created_date`) VALUES
(1, 'None', 1, 1, '2022-04-05 10:19:27'),
(2, 'Employee', 1, 1, '2022-04-06 08:14:48'),
(3, 'Customer', 1, 1, '2022-04-10 08:49:22'),
(4, 'Supplier', 1, 1, '2022-04-10 08:49:22'),
(6, 'Agent', 1, 1, '2022-04-10 08:50:12');

-- --------------------------------------------------------

--
-- Table structure for table `acc_transaction`
--

CREATE TABLE `acc_transaction` (
  `ID` int(11) NOT NULL,
  `vid` int(11) NOT NULL,
  `fyear` int(11) NOT NULL,
  `VNo` varchar(50) CHARACTER SET utf8 DEFAULT NULL,
  `Vtype` varchar(50) CHARACTER SET utf8 DEFAULT NULL,
  `referenceNo` varchar(20) COLLATE utf8_unicode_ci DEFAULT NULL,
  `VDate` date DEFAULT NULL,
  `COAID` varchar(50) CHARACTER SET utf8 NOT NULL,
  `Narration` text CHARACTER SET utf8,
  `chequeNo` varchar(30) COLLATE utf8_unicode_ci DEFAULT NULL,
  `chequeDate` date DEFAULT NULL,
  `isHonour` int(11) DEFAULT NULL,
  `ledgerComment` varchar(100) COLLATE utf8_unicode_ci NOT NULL DEFAULT '0',
  `Debit` decimal(18,2) DEFAULT NULL,
  `Credit` decimal(18,2) DEFAULT NULL,
  `StoreID` int(11) NOT NULL DEFAULT '0',
  `IsPosted` char(10) CHARACTER SET utf8 DEFAULT NULL,
  `is_opening` int(11) NOT NULL DEFAULT '0',
  `CreateBy` varchar(50) CHARACTER SET utf8 DEFAULT NULL,
  `CreateDate` datetime DEFAULT NULL,
  `UpdateBy` varchar(50) CHARACTER SET utf8 DEFAULT NULL,
  `UpdateDate` datetime DEFAULT NULL,
  `IsAppove` char(10) CHARACTER SET utf8 DEFAULT NULL,
  `RevCodde` bigint(20) NOT NULL,
  `subType` int(11) NOT NULL DEFAULT '1',
  `subCode` int(11) DEFAULT NULL
) ENGINE=InnoDB DEFAULT CHARSET=utf8 COLLATE=utf8_unicode_ci;

-- --------------------------------------------------------

--
-- Table structure for table `acc_vaucher`
--

CREATE TABLE `acc_vaucher` (
  `id` int(11) NOT NULL,
  `fyear` int(11) NOT NULL,
  `VNo` varchar(50) NOT NULL,
  `Vtype` varchar(50) NOT NULL,
  `referenceNo` varchar(50) DEFAULT NULL,
  `VDate` date NOT NULL,
  `COAID` int(11) NOT NULL,
  `Narration` varchar(255) DEFAULT NULL,
  `chequeno` varchar(30) DEFAULT NULL,
  `chequeDate` date DEFAULT NULL,
  `isHonour` int(11) NOT NULL DEFAULT '0',
  `ledgerComment` varchar(255) DEFAULT NULL,
  `Debit` decimal(18,2) NOT NULL DEFAULT '0.00',
  `Credit` decimal(18,2) NOT NULL DEFAULT '0.00',
  `RevCodde` int(11) NOT NULL,
  `subType` int(11) NOT NULL DEFAULT '1',
  `subCode` int(11) DEFAULT NULL,
  `isApproved` int(11) NOT NULL DEFAULT '0',
  `CreateBy` int(11) NOT NULL,
  `CreateDate` datetime NOT NULL,
  `UpdateBy` int(11) DEFAULT NULL,
  `UpdateDate` datetime DEFAULT NULL,
  `approvedBy` int(11) DEFAULT NULL,
  `approvedDate` datetime DEFAULT NULL,
  `isyearClosed` tinyint(1) NOT NULL DEFAULT '0',
  `status` int(11) NOT NULL DEFAULT '0' COMMENT '0 = non yet transfer to transation,  1 = Tranfer to transition'
) ENGINE=InnoDB DEFAULT CHARSET=utf8mb4;

-- --------------------------------------------------------

--
-- Table structure for table `activity_logs`
--

CREATE TABLE `activity_logs` (
  `activity_id` int(11) NOT NULL,
  `user_id` varchar(11) NOT NULL COMMENT 'for employee , it will save employee_id',
  `type` varchar(30) NOT NULL COMMENT 'ticket, employee, attendnace etc.',
  `action` varchar(15) NOT NULL COMMENT 'create, update, delete',
  `action_id` varchar(15) NOT NULL,
  `table_name` varchar(30) DEFAULT NULL,
  `slug` varchar(150) NOT NULL,
  `form_data` text,
  `create_date` datetime NOT NULL DEFAULT CURRENT_TIMESTAMP,
  `status` tinyint(1) NOT NULL DEFAULT '0' COMMENT '1=created, 2=updated, 3=deleted	'
) ENGINE=InnoDB DEFAULT CHARSET=utf8mb4;

-- --------------------------------------------------------

--
-- Table structure for table `app_setting`
--

CREATE TABLE `app_setting` (
  `id` int(11) NOT NULL,
  `localhserver` varchar(250) DEFAULT NULL,
  `onlineserver` varchar(250) DEFAULT NULL,
  `hotspot` varchar(250) DEFAULT NULL
) ENGINE=InnoDB DEFAULT CHARSET=utf8;

--
-- Dumping data for table `app_setting`
--

INSERT INTO `app_setting` (`id`, `localhserver`, `onlineserver`, `hotspot`) VALUES
(1, 'http://4slogisticsftwz.com/demo/crm', 'http://4slogisticsftwz.com/demo/crm', 'http://4slogisticsftwz.com/demo/crm');

-- --------------------------------------------------------

--
-- Table structure for table `attendance`
--

CREATE TABLE `attendance` (
  `att_id` int(11) NOT NULL,
  `employee_id` int(11) NOT NULL,
  `date` date NOT NULL,
  `sign_in` varchar(30) NOT NULL,
  `sign_out` varchar(30) NOT NULL,
  `staytime` varchar(30) NOT NULL
) ENGINE=InnoDB DEFAULT CHARSET=utf8;

-- --------------------------------------------------------

--
-- Table structure for table `bank_add`
--

CREATE TABLE `bank_add` (
  `id` int(11) NOT NULL,
  `bank_id` varchar(255) NOT NULL,
  `bank_name` varchar(255) NOT NULL,
  `ac_name` varchar(250) DEFAULT NULL,
  `ac_number` varchar(250) DEFAULT NULL,
  `branch` varchar(250) DEFAULT NULL,
  `signature_pic` varchar(250) DEFAULT NULL,
  `status` int(11) DEFAULT NULL
) ENGINE=InnoDB DEFAULT CHARSET=utf8;

-- --------------------------------------------------------

--
-- Table structure for table `closing_records`
--

CREATE TABLE `closing_records` (
  `id` int(11) NOT NULL,
  `head_code` bigint(20) DEFAULT NULL,
  `opening_balance` decimal(10,2) NOT NULL DEFAULT '0.00',
  `amount_in` decimal(10,2) NOT NULL DEFAULT '0.00',
  `amount_out` decimal(10,2) NOT NULL DEFAULT '0.00',
  `closign_balance` decimal(10,2) NOT NULL DEFAULT '0.00',
  `datetime` timestamp NOT NULL DEFAULT CURRENT_TIMESTAMP,
  `user_id` varchar(20) DEFAULT NULL,
  `status` int(11) DEFAULT NULL
) ENGINE=InnoDB DEFAULT CHARSET=utf8mb4;

-- --------------------------------------------------------

--
-- Table structure for table `company_information`
--

CREATE TABLE `company_information` (
  `company_id` varchar(250) NOT NULL,
  `company_name` varchar(50) NOT NULL,
  `email` varchar(50) NOT NULL,
  `address` text NOT NULL,
  `mobile` varchar(50) NOT NULL,
  `website` varchar(50) NOT NULL,
  `vat_no` varchar(50) DEFAULT NULL,
  `cr_no` varchar(50) DEFAULT NULL,
  `status` int(11) NOT NULL
) ENGINE=InnoDB DEFAULT CHARSET=utf8;

--
-- Dumping data for table `company_information`
--

INSERT INTO `company_information` (`company_id`, `company_name`, `email`, `address`, `mobile`, `website`, `vat_no`, `cr_no`, `status`) VALUES
('1', 'Demo Company', 'demo@mail.com', 'Company Demo Address', '123456', 'https://www.demo.com/', '', '', 1);

-- --------------------------------------------------------

--
-- Table structure for table `currency_tbl`
--

CREATE TABLE `currency_tbl` (
  `id` int(11) NOT NULL,
  `currency_name` varchar(50) NOT NULL,
  `icon` text NOT NULL
) ENGINE=InnoDB DEFAULT CHARSET=utf8;

--
-- Dumping data for table `currency_tbl`
--

INSERT INTO `currency_tbl` (`id`, `currency_name`, `icon`) VALUES
(2, 'USD', '$');

-- --------------------------------------------------------

--
-- Table structure for table `customer_information`
--

CREATE TABLE `customer_information` (
  `customer_id` bigint(20) NOT NULL,
  `customer_name` varchar(255) DEFAULT NULL,
  `customer_address` varchar(255) DEFAULT NULL,
  `address2` text NOT NULL,
  `customer_mobile` varchar(100) DEFAULT NULL,
  `customer_email` varchar(100) DEFAULT NULL,
  `email_address` varchar(200) DEFAULT NULL,
  `contact` varchar(100) DEFAULT NULL,
  `phone` varchar(50) DEFAULT NULL,
  `fax` varchar(100) DEFAULT NULL,
  `city` text,
  `state` text,
  `zip` varchar(50) DEFAULT NULL,
  `country` varchar(250) DEFAULT NULL,
  `status` int(11) NOT NULL COMMENT '1=paid,2=credit',
  `create_date` timestamp NOT NULL DEFAULT CURRENT_TIMESTAMP,
  `create_by` varchar(30) DEFAULT NULL
) ENGINE=MyISAM DEFAULT CHARSET=utf8;

-- --------------------------------------------------------

--
-- Table structure for table `daily_banking_add`
--

CREATE TABLE `daily_banking_add` (
  `banking_id` varchar(255) NOT NULL,
  `date` datetime DEFAULT NULL,
  `bank_id` varchar(100) DEFAULT NULL,
  `deposit_type` varchar(255) DEFAULT NULL,
  `transaction_type` varchar(255) DEFAULT NULL,
  `description` text,
  `amount` int(11) DEFAULT NULL,
  `status` int(11) DEFAULT NULL
) ENGINE=InnoDB DEFAULT CHARSET=utf8;

-- --------------------------------------------------------

--
-- Table structure for table `daily_closing`
--

CREATE TABLE `daily_closing` (
  `closing_id` int(11) NOT NULL,
  `last_day_closing` float NOT NULL,
  `cash_in` float NOT NULL,
  `cash_out` float NOT NULL,
  `date` varchar(250) NOT NULL,
  `amount` float NOT NULL,
  `adjustment` float DEFAULT NULL,
  `status` int(11) NOT NULL
) ENGINE=InnoDB DEFAULT CHARSET=utf8;

-- --------------------------------------------------------

--
-- Table structure for table `designation`
--

CREATE TABLE `designation` (
  `id` int(11) NOT NULL,
  `designation` varchar(150) NOT NULL,
  `details` text NOT NULL
) ENGINE=InnoDB DEFAULT CHARSET=utf8;

--
-- Dumping data for table `designation`
--

INSERT INTO `designation` (`id`, `designation`, `details`) VALUES
(1, 'sales man', '');

-- --------------------------------------------------------

--
-- Table structure for table `employee_salary_payment`
--

CREATE TABLE `employee_salary_payment` (
  `emp_sal_pay_id` int(11) NOT NULL,
  `generate_id` int(11) NOT NULL,
  `employee_id` varchar(50) CHARACTER SET latin1 NOT NULL,
  `total_salary` decimal(18,2) NOT NULL DEFAULT '0.00',
  `total_working_minutes` varchar(50) CHARACTER SET latin1 NOT NULL,
  `working_period` varchar(50) CHARACTER SET latin1 NOT NULL,
  `payment_due` varchar(50) CHARACTER SET latin1 NOT NULL,
  `payment_date` varchar(50) CHARACTER SET latin1 NOT NULL,
  `salary_name` varchar(100) DEFAULT NULL,
  `payment_type` int(11) DEFAULT NULL,
  `bank_name` varchar(255) DEFAULT NULL,
  `paid_by` varchar(50) CHARACTER SET latin1 NOT NULL,
  `salary_month` varchar(70) DEFAULT NULL
) ENGINE=InnoDB DEFAULT CHARSET=utf8;

-- --------------------------------------------------------

--
-- Table structure for table `employee_salary_setup`
--

CREATE TABLE `employee_salary_setup` (
  `e_s_s_id` int(10) UNSIGNED NOT NULL,
  `employee_id` varchar(30) CHARACTER SET latin1 NOT NULL,
  `sal_type` varchar(30) NOT NULL,
  `salary_type_id` varchar(30) CHARACTER SET latin1 NOT NULL,
  `amount` decimal(12,2) NOT NULL DEFAULT '0.00',
  `is_percentage` int(11) DEFAULT NULL COMMENT 'all amount will add or deduct on percent if true ',
  `create_date` date DEFAULT NULL,
  `update_date` datetime(6) DEFAULT NULL,
  `update_id` varchar(30) CHARACTER SET latin1 NOT NULL,
  `gross_salary` float NOT NULL
) ENGINE=InnoDB DEFAULT CHARSET=utf8;

-- --------------------------------------------------------

--
-- Table structure for table `expense`
--

CREATE TABLE `expense` (
  `id` int(11) NOT NULL,
  `date` date NOT NULL,
  `type` varchar(100) NOT NULL,
  `voucher_no` varchar(50) NOT NULL,
  `amount` float NOT NULL
) ENGINE=InnoDB DEFAULT CHARSET=utf8;

-- --------------------------------------------------------

--
-- Table structure for table `expense_item`
--

CREATE TABLE `expense_item` (
  `id` int(11) NOT NULL,
  `expense_item_name` varchar(200) NOT NULL
) ENGINE=InnoDB DEFAULT CHARSET=utf8;

-- --------------------------------------------------------

--
-- Table structure for table `financial_year`
--

CREATE TABLE `financial_year` (
  `id` int(11) NOT NULL,
  `yearName` varchar(30) NOT NULL,
  `startDate` date NOT NULL,
  `endDate` date NOT NULL,
  `isCloseReq` tinyint(1) NOT NULL DEFAULT '0',
  `status` tinyint(1) NOT NULL DEFAULT '2' COMMENT '1=active, 0=closed, 2=pending',
  `created_by` int(6) NOT NULL,
  `created_date` datetime NOT NULL DEFAULT CURRENT_TIMESTAMP,
  `updated_by` int(6) DEFAULT NULL,
  `updated_date` datetime DEFAULT NULL
) ENGINE=InnoDB DEFAULT CHARSET=utf8;

-- --------------------------------------------------------

--
-- Table structure for table `gmb_salary_advance`
--

CREATE TABLE `gmb_salary_advance` (
  `id` int(11) NOT NULL,
  `employee_id` int(50) NOT NULL,
  `salary_month` varchar(50) NOT NULL COMMENT 'for the month advance will be deducted',
  `amount` decimal(11,0) NOT NULL,
  `release_amount` decimal(11,0) DEFAULT '0',
  `paid` tinyint(4) NOT NULL DEFAULT '0' COMMENT 'paid_to_employee',
  `CreateDate` date NOT NULL,
  `CreateBy` int(11) NOT NULL,
  `UpdateDate` date DEFAULT NULL,
  `UpdateBy` int(11) DEFAULT NULL
) ENGINE=InnoDB DEFAULT CHARSET=utf8mb4;

-- --------------------------------------------------------

--
-- Table structure for table `gmb_salary_generate`
--

CREATE TABLE `gmb_salary_generate` (
  `id` int(11) NOT NULL,
  `sal_month_year` varchar(50) NOT NULL,
  `employee_id` varchar(11) NOT NULL,
  `tin_no` int(50) DEFAULT NULL COMMENT 'TIN No',
  `total_attendance` varchar(11) DEFAULT NULL COMMENT 'tagret_hours / days',
  `total_count` varchar(11) DEFAULT NULL COMMENT 'weorked_hours / days',
  `atten_allowance` decimal(11,2) DEFAULT NULL COMMENT 'based on taget hours / days',
  `gross` decimal(11,2) NOT NULL COMMENT 'from employee_file table',
  `basic` decimal(11,2) NOT NULL COMMENT 'from employee_file table',
  `transport` decimal(11,2) NOT NULL,
  `house_rent` decimal(11,2) DEFAULT NULL,
  `medical` decimal(11,2) DEFAULT NULL,
  `other_allowance` decimal(11,2) DEFAULT NULL,
  `gross_salary` decimal(11,2) NOT NULL COMMENT 'after adding all allowance with basic',
  `income_tax` decimal(11,2) DEFAULT NULL COMMENT 'from employee_file table it will convert to amount',
  `soc_sec_npf_tax` decimal(11,2) DEFAULT NULL COMMENT 'from employee_file table it will convert to amount',
  `employer_contribution` decimal(11,2) DEFAULT NULL COMMENT '10 % of basic if there soc.sec.tax available ',
  `icf_amount` decimal(11,0) NOT NULL COMMENT 'Id social security tax available',
  `loan_deduct` decimal(11,2) DEFAULT NULL,
  `loan_id` int(11) DEFAULT NULL COMMENT 'From grand_loan table',
  `salary_advance` decimal(11,2) DEFAULT NULL,
  `salary_adv_id` int(11) DEFAULT NULL COMMENT 'From gmb_salary_advance table',
  `lwp` decimal(11,2) DEFAULT NULL COMMENT 'leave without pay	',
  `pf` decimal(11,2) DEFAULT NULL COMMENT 'providend fund',
  `stamp` decimal(11,2) DEFAULT NULL COMMENT 'deduct type',
  `net_salary` decimal(11,2) DEFAULT NULL COMMENT 'after deduct net amount from gross salary',
  `createDate` date DEFAULT NULL,
  `createBy` varchar(11) NOT NULL,
  `updateDate` date DEFAULT NULL,
  `updateBy` varchar(11) DEFAULT NULL,
  `medical_benefit` decimal(11,2) DEFAULT NULL,
  `family_benefit` decimal(11,2) DEFAULT NULL,
  `transportation_benefit` decimal(11,2) DEFAULT NULL,
  `other_benefit` decimal(11,2) DEFAULT NULL,
  `normal_working_hrs_month` decimal(20,2) DEFAULT NULL,
  `actual_working_hrs_month` decimal(20,2) DEFAULT NULL,
  `hourly_rate_basic` decimal(20,2) DEFAULT NULL,
  `hourly_rate_trasport_allowance` decimal(20,2) DEFAULT NULL,
  `basic_salary_pro_rated` decimal(20,2) DEFAULT NULL,
  `transport_allowance_pro_rated` decimal(20,2) DEFAULT NULL,
  `basic_transport_allowance` decimal(20,2) DEFAULT NULL
) ENGINE=InnoDB DEFAULT CHARSET=utf8mb4;

-- --------------------------------------------------------

--
-- Table structure for table `gmb_salary_sheet_generate`
--

CREATE TABLE `gmb_salary_sheet_generate` (
  `ssg_id` int(11) NOT NULL,
  `name` varchar(30) NOT NULL,
  `gdate` varchar(30) DEFAULT NULL,
  `start_date` varchar(30) NOT NULL,
  `end_date` varchar(30) NOT NULL,
  `generate_by` varchar(30) NOT NULL COMMENT 'user_id',
  `approved` tinyint(1) DEFAULT '0' COMMENT '1 = approved, 0= not approved',
  `approved_by` varchar(20) DEFAULT NULL,
  `approved_date` date DEFAULT NULL
) ENGINE=InnoDB DEFAULT CHARSET=utf8mb4;

-- --------------------------------------------------------

--
-- Table structure for table `invoice`
--

CREATE TABLE `invoice` (
  `id` int(11) NOT NULL,
  `invoice_id` bigint(20) NOT NULL,
  `customer_id` bigint(20) NOT NULL,
  `date` varchar(50) DEFAULT NULL,
  `total_amount` decimal(18,2) NOT NULL DEFAULT '0.00',
  `paid_amount` decimal(10,2) NOT NULL DEFAULT '0.00',
  `due_amount` decimal(10,2) NOT NULL DEFAULT '0.00',
  `prevous_due` decimal(20,2) NOT NULL DEFAULT '0.00',
  `shipping_cost` decimal(10,2) NOT NULL DEFAULT '0.00',
  `invoice` bigint(20) NOT NULL,
  `offline_invoice_no` bigint(20) DEFAULT NULL,
  `invoice_discount` decimal(10,2) DEFAULT '0.00' COMMENT 'invoice discount',
  `total_discount` decimal(10,2) DEFAULT '0.00' COMMENT 'total invoice discount',
  `total_vat_amnt` decimal(10,2) NOT NULL DEFAULT '0.00' COMMENT 'total invoice vat',
  `total_tax` decimal(10,2) DEFAULT '0.00',
  `ret_adjust_amnt` decimal(10,2) DEFAULT NULL,
  `returnable_amount` decimal(10,2) DEFAULT NULL,
  `sales_by` varchar(50) NOT NULL,
  `delivery_note` text,
  `invoice_details` text NOT NULL,
  `is_credit` tinyint(4) DEFAULT NULL,
  `is_fixed` int(11) NOT NULL DEFAULT '0',
  `is_dynamic` int(11) NOT NULL DEFAULT '0',
  `status` int(11) NOT NULL,
  `bank_id` varchar(30) DEFAULT NULL,
  `payment_type` int(11) NOT NULL,
  `is_online` int(11) NOT NULL DEFAULT '1'
) ENGINE=MyISAM DEFAULT CHARSET=utf8;

-- --------------------------------------------------------

--
-- Table structure for table `invoice_details`
--

CREATE TABLE `invoice_details` (
  `id` int(11) NOT NULL,
  `invoice_details_id` varchar(100) NOT NULL,
  `invoice_id` varchar(100) NOT NULL,
  `ret_invoice_id` bigint(20) DEFAULT NULL,
  `product_id` varchar(30) NOT NULL,
  `serial_no` varchar(30) DEFAULT NULL,
  `description` varchar(250) DEFAULT NULL,
  `quantity` decimal(10,2) DEFAULT NULL,
  `rate` decimal(10,2) DEFAULT NULL,
  `batch_id` varchar(30) DEFAULT NULL,
  `supplier_rate` float DEFAULT NULL,
  `total_price` decimal(12,2) DEFAULT NULL,
  `discount` decimal(10,2) DEFAULT NULL,
  `discount_per` varchar(15) DEFAULT NULL,
  `vat_amnt` decimal(10,2) DEFAULT NULL,
  `vat_amnt_per` varchar(15) DEFAULT NULL,
  `tax` decimal(10,2) DEFAULT NULL,
  `paid_amount` decimal(12,0) DEFAULT NULL,
  `due_amount` decimal(10,2) DEFAULT NULL,
  `status` int(11) NOT NULL
) ENGINE=MyISAM DEFAULT CHARSET=utf8;

-- --------------------------------------------------------

--
-- Table structure for table `language`
--

CREATE TABLE `language` (
  `id` int(10) UNSIGNED NOT NULL,
  `phrase` text NOT NULL,
  `english` text
) ENGINE=InnoDB DEFAULT CHARSET=utf8;



-- --------------------------------------------------------

--
-- Table structure for table `module`
--

CREATE TABLE `module` (
  `id` int(11) NOT NULL,
  `name` varchar(50) NOT NULL,
  `description` text,
  `image` varchar(255) DEFAULT NULL,
  `directory` varchar(100) DEFAULT NULL,
  `status` tinyint(1) NOT NULL DEFAULT '1'
) ENGINE=InnoDB DEFAULT CHARSET=utf8;

--
-- Dumping data for table `module`
--

INSERT INTO `module` (`id`, `name`, `description`, `image`, `directory`, `status`) VALUES
(1, 'invoice', NULL, NULL, NULL, 1),
(2, 'customer', NULL, NULL, NULL, 1),
(3, 'product', NULL, NULL, NULL, 1),
(4, 'supplier', NULL, NULL, NULL, 1),
(5, 'purchase', NULL, NULL, NULL, 1),
(6, 'stock', NULL, NULL, NULL, 1),
(7, 'return', NULL, NULL, NULL, 1),
(8, 'report', NULL, NULL, NULL, 1),
(9, 'accounts', NULL, NULL, NULL, 1),
(11, 'tax', NULL, NULL, NULL, 1),
(12, 'hrm_management', NULL, NULL, NULL, 1),
(13, 'service', NULL, NULL, NULL, 1),
(15, 'setting', NULL, NULL, NULL, 1),
(16, 'quotation', NULL, NULL, NULL, 1);

-- --------------------------------------------------------

--
-- Table structure for table `module_purchase_key`
--

CREATE TABLE `module_purchase_key` (
  `id` int(11) NOT NULL,
  `identity` varchar(100) DEFAULT NULL,
  `purchase_key` varchar(100) DEFAULT NULL
) ENGINE=InnoDB DEFAULT CHARSET=utf8mb4;

-- --------------------------------------------------------

--
-- Table structure for table `payroll_tax_setup`
--

CREATE TABLE `payroll_tax_setup` (
  `tax_setup_id` int(10) UNSIGNED NOT NULL,
  `start_amount` decimal(12,2) NOT NULL DEFAULT '0.00',
  `end_amount` decimal(12,2) NOT NULL DEFAULT '0.00',
  `rate` decimal(12,2) NOT NULL DEFAULT '0.00',
  `status` varchar(30) CHARACTER SET latin1 NOT NULL
) ENGINE=InnoDB DEFAULT CHARSET=utf8;

-- --------------------------------------------------------

--
-- Table structure for table `personal_loan`
--

CREATE TABLE `personal_loan` (
  `per_loan_id` int(11) NOT NULL,
  `transaction_id` varchar(30) NOT NULL,
  `person_id` varchar(30) NOT NULL,
  `debit` decimal(12,2) DEFAULT '0.00',
  `credit` decimal(12,2) NOT NULL DEFAULT '0.00',
  `date` varchar(30) NOT NULL,
  `details` varchar(100) NOT NULL,
  `status` int(11) NOT NULL COMMENT '1=no paid,2=paid'
) ENGINE=InnoDB DEFAULT CHARSET=utf8;

-- --------------------------------------------------------

--
-- Table structure for table `person_information`
--

CREATE TABLE `person_information` (
  `id` int(11) NOT NULL,
  `person_id` varchar(50) NOT NULL,
  `person_name` varchar(50) NOT NULL,
  `person_phone` varchar(50) NOT NULL,
  `person_address` text NOT NULL,
  `status` int(11) NOT NULL
) ENGINE=InnoDB DEFAULT CHARSET=utf8;

-- --------------------------------------------------------

--
-- Table structure for table `person_ledger`
--

CREATE TABLE `person_ledger` (
  `id` int(11) NOT NULL,
  `transaction_id` varchar(50) NOT NULL,
  `person_id` varchar(50) NOT NULL,
  `date` varchar(50) NOT NULL,
  `debit` decimal(12,2) NOT NULL DEFAULT '0.00',
  `credit` decimal(12,2) NOT NULL DEFAULT '0.00',
  `details` text NOT NULL,
  `status` int(11) NOT NULL COMMENT '1=no paid,2=paid'
) ENGINE=InnoDB DEFAULT CHARSET=utf8;

-- --------------------------------------------------------

--
-- Table structure for table `pesonal_loan_information`
--

CREATE TABLE `pesonal_loan_information` (
  `id` int(11) NOT NULL,
  `person_id` varchar(50) NOT NULL,
  `person_name` varchar(50) NOT NULL,
  `person_phone` varchar(30) NOT NULL,
  `person_address` text NOT NULL,
  `status` int(11) NOT NULL
) ENGINE=InnoDB DEFAULT CHARSET=utf8;

-- --------------------------------------------------------

--
-- Table structure for table `print_setting`
--

CREATE TABLE `print_setting` (
  `id` int(11) NOT NULL,
  `header` int(11) NOT NULL,
  `footer` int(11) NOT NULL
) ENGINE=InnoDB DEFAULT CHARSET=utf8mb4;

--
-- Dumping data for table `print_setting`
--

INSERT INTO `print_setting` (`id`, `header`, `footer`) VALUES
(1, 200, 100);

-- --------------------------------------------------------

--
-- Table structure for table `product_category`
--

CREATE TABLE `product_category` (
  `category_id` int(11) NOT NULL,
  `category_name` varchar(255) DEFAULT NULL,
  `status` int(11) NOT NULL
) ENGINE=InnoDB DEFAULT CHARSET=utf8;

--
-- Dumping data for table `product_category`
--

INSERT INTO `product_category` (`category_id`, `category_name`, `status`) VALUES
(1, 'Tt', 1);

-- --------------------------------------------------------

--
-- Table structure for table `product_information`
--

CREATE TABLE `product_information` (
  `id` int(11) NOT NULL,
  `product_id` varchar(100) NOT NULL,
  `category_id` varchar(255) DEFAULT NULL,
  `product_name` varchar(255) NOT NULL,
  `price` varchar(100) DEFAULT NULL,
  `unit` varchar(50) DEFAULT NULL,
  `tax` float DEFAULT NULL COMMENT 'Tax in %',
  `serial_no` varchar(200) DEFAULT NULL,
  `product_vat` float DEFAULT NULL,
  `product_model` varchar(100) DEFAULT NULL,
  `product_details` varchar(255) DEFAULT NULL,
  `image` varchar(255) DEFAULT NULL,
  `status` int(11) DEFAULT NULL
) ENGINE=MyISAM DEFAULT CHARSET=utf8;

-- --------------------------------------------------------

--
-- Table structure for table `product_purchase`
--

CREATE TABLE `product_purchase` (
  `id` int(11) NOT NULL,
  `purchase_id` bigint(20) NOT NULL,
  `chalan_no` varchar(100) NOT NULL,
  `supplier_id` bigint(20) NOT NULL,
  `grand_total_amount` decimal(12,2) NOT NULL DEFAULT '0.00',
  `paid_amount` decimal(10,2) DEFAULT '0.00',
  `due_amount` decimal(10,2) DEFAULT '0.00',
  `total_discount` decimal(10,2) DEFAULT NULL,
  `invoice_discount` decimal(10,2) NOT NULL DEFAULT '0.00' COMMENT 'sum of product discount',
  `total_vat_amnt` decimal(10,2) NOT NULL DEFAULT '0.00' COMMENT 'sum of product vat',
  `purchase_date` varchar(50) DEFAULT NULL,
  `purchase_details` text,
  `status` int(11) NOT NULL,
  `bank_id` varchar(30) DEFAULT NULL,
  `payment_type` int(11) NOT NULL,
  `is_credit` tinyint(4) DEFAULT NULL
) ENGINE=MyISAM DEFAULT CHARSET=utf8;

-- --------------------------------------------------------

--
-- Table structure for table `product_purchase_details`
--

CREATE TABLE `product_purchase_details` (
  `id` int(11) NOT NULL,
  `purchase_detail_id` varchar(100) DEFAULT NULL,
  `purchase_id` bigint(20) DEFAULT NULL,
  `product_id` varchar(30) DEFAULT NULL,
  `quantity` decimal(10,2) DEFAULT NULL,
  `rate` decimal(10,2) DEFAULT NULL,
  `batch_id` varchar(30) DEFAULT NULL,
  `expiry_date` date DEFAULT NULL,
  `total_amount` decimal(10,2) DEFAULT NULL,
  `discount` float DEFAULT NULL COMMENT 'discount percentage',
  `discount_amnt` decimal(10,2) NOT NULL DEFAULT '0.00',
  `vat_amnt_per` decimal(10,2) NOT NULL DEFAULT '0.00',
  `vat_amnt` decimal(10,2) NOT NULL DEFAULT '0.00',
  `status` int(11) DEFAULT NULL
) ENGINE=MyISAM DEFAULT CHARSET=utf8;

-- --------------------------------------------------------

--
-- Table structure for table `product_return`
--

CREATE TABLE `product_return` (
  `return_id` varchar(30) CHARACTER SET latin1 NOT NULL,
  `product_id` varchar(20) CHARACTER SET latin1 NOT NULL,
  `invoice_id` varchar(20) CHARACTER SET latin1 NOT NULL,
  `purchase_id` varchar(30) CHARACTER SET latin1 DEFAULT NULL,
  `date_purchase` varchar(20) CHARACTER SET latin1 NOT NULL,
  `date_return` varchar(30) CHARACTER SET latin1 NOT NULL,
  `byy_qty` float NOT NULL,
  `ret_qty` float NOT NULL,
  `customer_id` varchar(20) CHARACTER SET latin1 NOT NULL,
  `supplier_id` varchar(30) CHARACTER SET latin1 NOT NULL,
  `product_rate` decimal(10,2) NOT NULL DEFAULT '0.00',
  `deduction` float NOT NULL,
  `total_deduct` decimal(10,2) NOT NULL DEFAULT '0.00',
  `total_tax` decimal(10,2) NOT NULL DEFAULT '0.00',
  `total_ret_amount` decimal(10,2) NOT NULL DEFAULT '0.00',
  `net_total_amount` decimal(10,2) NOT NULL DEFAULT '0.00',
  `reason` text CHARACTER SET latin1 NOT NULL,
  `usablity` int(11) NOT NULL
) ENGINE=InnoDB DEFAULT CHARSET=utf8;

-- --------------------------------------------------------

--
-- Table structure for table `product_service`
--

CREATE TABLE `product_service` (
  `service_id` int(11) NOT NULL,
  `service_name` varchar(250) NOT NULL,
  `description` text NOT NULL,
  `charge` decimal(10,2) NOT NULL DEFAULT '0.00',
  `service_vat` float DEFAULT NULL,
  `is_fixed` int(11) NOT NULL DEFAULT '0',
  `is_dynamic` int(11) NOT NULL DEFAULT '0'
) ENGINE=InnoDB DEFAULT CHARSET=utf8;

-- --------------------------------------------------------

--
-- Table structure for table `quotation`
--

CREATE TABLE `quotation` (
  `id` int(11) NOT NULL,
  `quotation_id` varchar(30) NOT NULL,
  `quot_no` varchar(50) NOT NULL,
  `quot_description` text NOT NULL,
  `customer_id` varchar(30) NOT NULL,
  `quotdate` date NOT NULL,
  `expire_date` date DEFAULT NULL,
  `item_total_amount` decimal(12,2) NOT NULL,
  `item_total_dicount` decimal(10,2) NOT NULL DEFAULT '0.00',
  `item_total_vat` double(10,2) NOT NULL DEFAULT '0.00',
  `item_total_tax` decimal(10,2) DEFAULT '0.00',
  `service_total_amount` decimal(10,2) NOT NULL DEFAULT '0.00',
  `service_total_discount` decimal(10,2) NOT NULL DEFAULT '0.00',
  `service_total_vat` double(10,2) NOT NULL DEFAULT '0.00',
  `service_total_tax` decimal(10,2) DEFAULT '0.00',
  `quot_dis_item` decimal(10,2) NOT NULL DEFAULT '0.00',
  `quot_dis_service` decimal(10,2) NOT NULL DEFAULT '0.00',
  `is_fixed` int(11) NOT NULL DEFAULT '0',
  `is_dynamic` int(11) NOT NULL DEFAULT '0',
  `create_by` varchar(30) NOT NULL,
  `create_date` date NOT NULL,
  `update_by` varchar(30) DEFAULT NULL,
  `update_date` date DEFAULT NULL,
  `status` tinyint(4) NOT NULL,
  `cust_show` tinyint(4) DEFAULT NULL
) ENGINE=InnoDB DEFAULT CHARSET=utf8;

-- --------------------------------------------------------

--
-- Table structure for table `quotation_service_used`
--

CREATE TABLE `quotation_service_used` (
  `id` int(11) NOT NULL,
  `quot_id` varchar(20) NOT NULL,
  `service_id` int(11) NOT NULL,
  `qty` decimal(10,2) NOT NULL DEFAULT '0.00',
  `charge` decimal(10,2) NOT NULL DEFAULT '0.00',
  `discount` decimal(10,2) NOT NULL DEFAULT '0.00',
  `discount_amount` decimal(10,2) NOT NULL DEFAULT '0.00',
  `vat_per` decimal(10,2) DEFAULT '0.00',
  `vat_amnt` decimal(10,2) DEFAULT '0.00',
  `tax` decimal(10,2) DEFAULT '0.00',
  `total` decimal(10,2) NOT NULL DEFAULT '0.00'
) ENGINE=InnoDB DEFAULT CHARSET=utf8;

-- --------------------------------------------------------

--
-- Table structure for table `quotation_taxinfo`
--

CREATE TABLE `quotation_taxinfo` (
  `id` int(11) NOT NULL,
  `date` date NOT NULL,
  `customer_id` int(11) NOT NULL,
  `relation_id` varchar(30) NOT NULL
) ENGINE=InnoDB DEFAULT CHARSET=utf8mb4;

-- --------------------------------------------------------

--
-- Table structure for table `quot_products_used`
--

CREATE TABLE `quot_products_used` (
  `id` int(11) NOT NULL,
  `quot_id` varchar(100) NOT NULL,
  `product_id` varchar(100) NOT NULL,
  `serial_no` varchar(30) DEFAULT NULL,
  `batch_id` varchar(10) DEFAULT NULL,
  `description` varchar(250) DEFAULT NULL,
  `used_qty` decimal(10,2) DEFAULT NULL,
  `rate` decimal(10,2) DEFAULT NULL,
  `supplier_rate` float DEFAULT NULL,
  `total_price` decimal(12,2) DEFAULT NULL,
  `discount` decimal(10,2) DEFAULT NULL,
  `discount_per` varchar(15) DEFAULT NULL,
  `vat_amnt` decimal(10,2) DEFAULT NULL,
  `vat_per` decimal(10,2) DEFAULT NULL,
  `tax` decimal(10,2) DEFAULT NULL
) ENGINE=MyISAM DEFAULT CHARSET=utf8;

-- --------------------------------------------------------

--
-- Table structure for table `role_permission`
--

CREATE TABLE `role_permission` (
  `id` int(11) NOT NULL,
  `fk_module_id` int(11) NOT NULL,
  `role_id` int(11) NOT NULL,
  `create` tinyint(1) DEFAULT NULL,
  `read` tinyint(1) DEFAULT NULL,
  `update` tinyint(1) DEFAULT NULL,
  `delete` tinyint(1) DEFAULT NULL
) ENGINE=InnoDB DEFAULT CHARSET=utf8;

--
-- Dumping data for table `role_permission`
--

INSERT INTO `role_permission` (`id`, `fk_module_id`, `role_id`, `create`, `read`, `update`, `delete`) VALUES
(547, 1, 1, 1, 1, 1, 1),
(548, 2, 1, 1, 1, 1, 1),
(549, 3, 1, 1, 1, 1, 1),
(550, 121, 1, 1, 1, 1, 1),
(551, 122, 1, 1, 1, 1, 1),
(552, 4, 1, 1, 1, 1, 1),
(553, 5, 1, 1, 1, 1, 1),
(554, 10, 1, 1, 1, 1, 1),
(555, 11, 1, 1, 1, 1, 1),
(556, 12, 1, 1, 1, 1, 1),
(557, 13, 1, 1, 1, 1, 1),
(558, 14, 1, 1, 1, 1, 1),
(559, 15, 1, 1, 1, 1, 1),
(560, 16, 1, 1, 1, 1, 1),
(561, 17, 1, 1, 1, 1, 1),
(562, 18, 1, 1, 1, 1, 1),
(563, 21, 1, 1, 1, 1, 1),
(564, 22, 1, 1, 1, 1, 1),
(565, 23, 1, 1, 1, 1, 1),
(566, 24, 1, 1, 1, 1, 1),
(567, 25, 1, 1, 1, 1, 1),
(568, 26, 1, 1, 1, 1, 1),
(569, 27, 1, 1, 1, 1, 1),
(570, 28, 1, 1, 1, 1, 1),
(571, 29, 1, 1, 1, 1, 1),
(572, 30, 1, 1, 1, 1, 1),
(573, 31, 1, 1, 1, 1, 1),
(574, 32, 1, 1, 1, 1, 1),
(575, 33, 1, 1, 1, 1, 1),
(576, 34, 1, 1, 1, 1, 1),
(577, 35, 1, 1, 1, 1, 1),
(578, 36, 1, 1, 1, 1, 1),
(579, 37, 1, 1, 1, 1, 1),
(580, 38, 1, 1, 1, 1, 1),
(581, 39, 1, 1, 1, 1, 1),
(582, 40, 1, 1, 1, 1, 1),
(583, 41, 1, 1, 1, 1, 1),
(584, 42, 1, 1, 1, 1, 1),
(585, 43, 1, 1, 1, 1, 1),
(586, 44, 1, 1, 1, 1, 1),
(587, 45, 1, 1, 1, 1, 1),
(588, 46, 1, 1, 1, 1, 1),
(589, 47, 1, 1, 1, 1, 1),
(590, 48, 1, 1, 1, 1, 1),
(591, 49, 1, 1, 1, 1, 1),
(592, 50, 1, 1, 1, 1, 1),
(593, 51, 1, 1, 1, 1, 1),
(594, 52, 1, 1, 1, 1, 1),
(595, 53, 1, 1, 1, 1, 1),
(596, 54, 1, 1, 1, 1, 1),
(597, 55, 1, 1, 1, 1, 1),
(598, 56, 1, 1, 1, 1, 1),
(599, 57, 1, 1, 1, 1, 1),
(600, 58, 1, 1, 1, 1, 1),
(601, 60, 1, 1, 1, 1, 1),
(602, 123, 1, 1, 1, 1, 1),
(603, 125, 1, 1, 1, 1, 1),
(604, 126, 1, 1, 1, 1, 1),
(605, 127, 1, 1, 1, 1, 1),
(606, 128, 1, 1, 1, 1, 1),
(607, 129, 1, 1, 1, 1, 1),
(608, 130, 1, 1, 1, 1, 1),
(609, 131, 1, 1, 1, 1, 1),
(610, 132, 1, 1, 1, 1, 1),
(611, 133, 1, 1, 1, 1, 1),
(612, 134, 1, 1, 1, 1, 1),
(613, 135, 1, 1, 1, 1, 1),
(614, 136, 1, 1, 1, 1, 1),
(615, 137, 1, 1, 1, 1, 1),
(616, 138, 1, 1, 1, 1, 1),
(617, 139, 1, 1, 1, 1, 1),
(618, 140, 1, 1, 1, 1, 1),
(619, 65, 1, 1, 1, 1, 1),
(620, 124, 1, 1, 1, 1, 1),
(621, 70, 1, 1, 1, 1, 1),
(622, 71, 1, 1, 1, 1, 1),
(623, 72, 1, 1, 1, 1, 1),
(624, 73, 1, 1, 1, 1, 1),
(625, 74, 1, 1, 1, 1, 1),
(626, 75, 1, 1, 1, 1, 1),
(627, 76, 1, 1, 1, 1, 1),
(628, 141, 1, 1, 1, 1, 1),
(629, 142, 1, 1, 1, 1, 1),
(630, 143, 1, 1, 1, 1, 1),
(631, 97, 1, 1, 1, 1, 1),
(632, 98, 1, 1, 1, 1, 1),
(633, 99, 1, 1, 1, 1, 1),
(634, 100, 1, 1, 1, 1, 1),
(635, 102, 1, 1, 1, 1, 0),
(636, 103, 1, 1, 1, 1, 0),
(637, 104, 1, 1, 1, 1, 0),
(638, 105, 1, 1, 1, 1, 0),
(639, 106, 1, 1, 1, 1, 0),
(640, 107, 1, 0, 0, 0, 0),
(641, 108, 1, 1, 1, 1, 0),
(642, 109, 1, 1, 1, 1, 0),
(643, 110, 1, 1, 1, 1, 0),
(644, 111, 1, 0, 1, 0, 0),
(645, 112, 1, 0, 0, 0, 0),
(646, 113, 1, 0, 0, 0, 0),
(647, 115, 1, 0, 0, 0, 0),
(648, 116, 1, 0, 0, 0, 0),
(649, 117, 1, 0, 0, 0, 0),
(650, 118, 1, 1, 1, 1, 1),
(651, 119, 1, 1, 1, 1, 1),
(652, 120, 1, 1, 1, 1, 1);

-- --------------------------------------------------------

--
-- Table structure for table `salary_setup_header`
--

CREATE TABLE `salary_setup_header` (
  `s_s_h_id` int(11) UNSIGNED NOT NULL,
  `employee_id` varchar(30) CHARACTER SET latin1 NOT NULL,
  `salary_payable` varchar(30) CHARACTER SET latin1 DEFAULT NULL,
  `absent_deduct` varchar(30) CHARACTER SET latin1 DEFAULT NULL,
  `tax_manager` varchar(30) CHARACTER SET latin1 NOT NULL,
  `status` varchar(30) CHARACTER SET latin1 NOT NULL
) ENGINE=InnoDB DEFAULT CHARSET=utf8;

-- --------------------------------------------------------

--
-- Table structure for table `salary_sheet_generate`
--

CREATE TABLE `salary_sheet_generate` (
  `ssg_id` int(10) UNSIGNED NOT NULL,
  `name` varchar(30) CHARACTER SET latin1 DEFAULT NULL,
  `gdate` varchar(30) DEFAULT NULL,
  `start_date` varchar(30) CHARACTER SET latin1 NOT NULL,
  `end_date` varchar(30) CHARACTER SET latin1 NOT NULL,
  `generate_by` varchar(30) CHARACTER SET latin1 NOT NULL
) ENGINE=InnoDB DEFAULT CHARSET=utf8;

-- --------------------------------------------------------

--
-- Table structure for table `salary_type`
--

CREATE TABLE `salary_type` (
  `salary_type_id` int(11) NOT NULL,
  `sal_name` varchar(100) NOT NULL,
  `salary_type` varchar(50) NOT NULL,
  `status` varchar(30) NOT NULL,
  `emp_sal_type` varchar(50) DEFAULT NULL,
  `default_amount` varchar(50) DEFAULT NULL
) ENGINE=InnoDB DEFAULT CHARSET=utf8;

-- --------------------------------------------------------

--
-- Table structure for table `sec_role`
--

CREATE TABLE `sec_role` (
  `id` int(11) NOT NULL,
  `type` varchar(100) CHARACTER SET utf8 NOT NULL
) ENGINE=InnoDB DEFAULT CHARSET=latin1;

--
-- Dumping data for table `sec_role`
--

INSERT INTO `sec_role` (`id`, `type`) VALUES
(1, 'Test');

-- --------------------------------------------------------

--
-- Table structure for table `sec_userrole`
--

CREATE TABLE `sec_userrole` (
  `id` int(11) NOT NULL,
  `user_id` varchar(50) COLLATE utf8_unicode_ci NOT NULL,
  `roleid` int(11) NOT NULL,
  `createby` varchar(50) COLLATE utf8_unicode_ci NOT NULL,
  `createdate` datetime NOT NULL
) ENGINE=InnoDB DEFAULT CHARSET=utf8 COLLATE=utf8_unicode_ci;

--
-- Dumping data for table `sec_userrole`
--

INSERT INTO `sec_userrole` (`id`, `user_id`, `roleid`, `createby`, `createdate`) VALUES
(1, '615419', 1, '1', '2022-06-16 03:49:43'),
(2, '893096', 1, '1', '2023-03-16 01:40:04');

-- --------------------------------------------------------

--
-- Table structure for table `seles_termscondi`
--

CREATE TABLE `seles_termscondi` (
  `id` int(11) NOT NULL,
  `description` text NOT NULL,
  `status` int(11) NOT NULL
) ENGINE=InnoDB DEFAULT CHARSET=utf8mb4;

--
-- Dumping data for table `seles_termscondi`
--

INSERT INTO `seles_termscondi` (`id`, `description`, `status`) VALUES
(5, 'Goods purchased without the original invoice are not to be returned or exchanged', 1);

-- --------------------------------------------------------

--
-- Table structure for table `service_invoice`
--

CREATE TABLE `service_invoice` (
  `id` int(11) NOT NULL,
  `voucher_no` varchar(30) NOT NULL,
  `date` date NOT NULL,
  `employee_id` varchar(100) DEFAULT NULL,
  `customer_id` varchar(30) NOT NULL,
  `total_amount` decimal(20,2) NOT NULL DEFAULT '0.00',
  `total_discount` decimal(20,2) NOT NULL DEFAULT '0.00',
  `invoice_discount` decimal(10,2) NOT NULL DEFAULT '0.00',
  `total_vat_amnt` decimal(10,2) NOT NULL DEFAULT '0.00' COMMENT 'total invoice vat',
  `total_tax` decimal(10,2) DEFAULT '0.00',
  `paid_amount` decimal(10,2) NOT NULL DEFAULT '0.00',
  `due_amount` decimal(10,2) NOT NULL DEFAULT '0.00',
  `shipping_cost` decimal(10,2) NOT NULL DEFAULT '0.00',
  `previous` decimal(10,2) NOT NULL DEFAULT '0.00',
  `details` varchar(250) NOT NULL,
  `sales_by` varchar(20) DEFAULT NULL,
  `is_fixed` int(11) NOT NULL DEFAULT '0',
  `is_dynamic` int(11) NOT NULL DEFAULT '0',
  `is_credit` varchar(10) NOT NULL
) ENGINE=InnoDB DEFAULT CHARSET=utf8;

-- --------------------------------------------------------

--
-- Table structure for table `service_invoice_details`
--

CREATE TABLE `service_invoice_details` (
  `id` int(11) NOT NULL,
  `service_id` int(11) NOT NULL,
  `service_inv_id` varchar(30) NOT NULL,
  `qty` decimal(10,2) NOT NULL DEFAULT '0.00',
  `charge` decimal(10,2) NOT NULL DEFAULT '0.00',
  `discount` decimal(10,2) DEFAULT '0.00',
  `discount_amount` decimal(10,2) DEFAULT '0.00',
  `vat` decimal(10,2) DEFAULT '0.00',
  `vat_amnt` decimal(10,2) DEFAULT '0.00',
  `total` decimal(10,2) NOT NULL DEFAULT '0.00'
) ENGINE=InnoDB DEFAULT CHARSET=utf8;

-- --------------------------------------------------------

--
-- Table structure for table `sub_module`
--

CREATE TABLE `sub_module` (
  `id` int(11) NOT NULL,
  `mid` int(11) NOT NULL,
  `name` varchar(100) CHARACTER SET utf8 NOT NULL,
  `description` text CHARACTER SET utf8,
  `image` varchar(100) CHARACTER SET utf8 DEFAULT NULL,
  `directory` varchar(50) CHARACTER SET utf8 DEFAULT NULL,
  `status` tinyint(1) NOT NULL
) ENGINE=InnoDB DEFAULT CHARSET=latin1;

--
-- Dumping data for table `sub_module`
--

INSERT INTO `sub_module` (`id`, `mid`, `name`, `description`, `image`, `directory`, `status`) VALUES
(1, 1, 'new_invoice', NULL, NULL, 'new_invoice', 1),
(2, 1, 'manage_invoice', NULL, NULL, 'manage_invoice', 1),
(3, 1, 'pos_invoice', NULL, NULL, 'gui_pos', 1),
(4, 2, 'add_customer', NULL, NULL, 'add_customer', 1),
(5, 2, 'manage_customer', NULL, NULL, 'manage_customer', 1),
(6, 0, 'credit_customer', NULL, NULL, 'credit_customer', 1),
(7, 0, 'paid_customer', NULL, NULL, 'paid_customer', 1),
(8, 0, 'customer_ledger', NULL, NULL, 'customer_ledger', 1),
(9, 0, 'customer_advance', NULL, NULL, 'customer_advance', 1),
(10, 3, 'category', NULL, NULL, 'category', 1),
(11, 3, 'manage_category', NULL, NULL, 'manage_category', 1),
(12, 3, 'unit', NULL, NULL, 'unit', 1),
(13, 3, 'manage_unit', NULL, NULL, 'manage_unit', 1),
(14, 3, 'add_product', NULL, NULL, 'create_product', 1),
(15, 3, 'import_product_csv', NULL, NULL, 'add_product_csv', 1),
(16, 3, 'manage_product', NULL, NULL, 'manage_product', 1),
(17, 4, 'add_supplier', NULL, NULL, 'add_supplier', 1),
(18, 4, 'manage_supplier', NULL, NULL, 'manage_supplier', 1),
(19, 0, 'supplier_ledger', NULL, NULL, 'supplier_ledger_report', 1),
(20, 0, 'supplier_advance', NULL, NULL, 'supplier_advance', 1),
(21, 5, 'add_purchase', NULL, NULL, 'add_purchase', 1),
(22, 5, 'manage_purchase', NULL, NULL, 'manage_purchase', 1),
(23, 6, 'stock_report', NULL, NULL, 'stock_report', 1),
(24, 7, 'return', NULL, NULL, 'add_return', 1),
(25, 7, 'stock_return_list', NULL, NULL, 'return_list', 1),
(26, 7, 'supplier_return_list', NULL, NULL, 'supplier_return_list', 1),
(27, 7, 'wastage_return_list', NULL, NULL, 'wastage_return_list', 1),
(28, 8, 'closing', NULL, NULL, 'add_closing', 1),
(29, 8, 'closing_report', NULL, NULL, 'closing_report', 1),
(30, 8, 'todays_report', NULL, NULL, 'all_report', 1),
(31, 8, 'todays_customer_receipt', NULL, NULL, 'todays_customer_receipt', 1),
(32, 8, 'sales_report', NULL, NULL, 'todays_sales_report', 1),
(33, 8, 'due_report', NULL, NULL, 'due_report', 1),
(34, 8, 'purchase_report', NULL, NULL, 'todays_purchase_report', 1),
(35, 8, 'purchase_report_category_wise', NULL, NULL, 'purchase_report_category_wise', 1),
(36, 8, 'sales_report_product_wise', NULL, NULL, 'product_sales_reports_date_wise', 1),
(37, 8, 'sales_report_category_wise', NULL, NULL, 'sales_report_category_wise', 1),
(38, 8, 'shipping_cost_report', NULL, NULL, 'shipping_cost_report', 1),
(39, 8, 'user_wise_sales_report', NULL, NULL, 'user_wise_sales_report', 1),
(40, 8, 'invoice_return', NULL, NULL, 'invoice_return', 1),
(41, 8, 'supplier_return', NULL, NULL, 'supplier_return', 1),
(42, 8, 'tax_report', NULL, NULL, 'tax_report', 1),
(43, 8, 'profit_report', NULL, NULL, 'profit_report', 1),
(44, 9, 'c_o_a', NULL, NULL, 'show_tree', 1),
(45, 9, 'subaccount_list', NULL, NULL, 'subaccount_list', 1),
(46, 9, 'predefined_accounts', NULL, NULL, 'predefined_accounts', 1),
(47, 9, 'financial_year', NULL, NULL, 'financial_year', 1),
(48, 9, 'opening_balance', NULL, NULL, 'opening_balance', 1),
(49, 9, 'credit_voucher', NULL, NULL, 'credit_voucher', 1),
(50, 9, 'voucher_approval', NULL, NULL, 'aprove_v', 1),
(51, 9, 'contra_voucher', NULL, NULL, 'contra_voucher', 1),
(52, 9, 'journal_voucher', NULL, NULL, 'journal_voucher', 1),
(53, 9, 'report', NULL, NULL, 'ac_report', 1),
(54, 9, 'cash_book', NULL, NULL, 'cash_book', 1),
(55, 9, 'Inventory_ledger', NULL, NULL, 'inventory_ledger', 1),
(56, 9, 'bank_book', NULL, NULL, 'bank_book', 1),
(57, 9, 'general_ledger', NULL, NULL, 'general_ledger', 1),
(58, 9, 'trial_balance', NULL, NULL, 'trial_balance', 1),
(60, 9, 'coa_print', NULL, NULL, 'coa_print', 1),
(61, 0, 'add_new_bank', NULL, NULL, 'add_bank', 1),
(62, 0, 'manage_bank', NULL, NULL, 'bank_list', 1),
(63, 0, 'bank_transaction', NULL, NULL, 'bank_transaction', 1),
(64, 0, 'bank_ledger', NULL, NULL, 'bank_ledger', 1),
(65, 11, 'tax_settings', NULL, NULL, 'tax_settings', 1),
(66, 0, 'add_incometax', NULL, NULL, 'add_incometax', 1),
(67, 0, 'manage_income_tax', NULL, NULL, 'manage_income_tax', 1),
(68, 0, 'tax_report', NULL, NULL, 'tax_report', 1),
(69, 0, 'invoice_wise_tax_report', NULL, NULL, 'invoice_wise_tax_report', 1),
(70, 12, 'add_designation', NULL, NULL, 'add_designation', 1),
(71, 12, 'manage_designation', NULL, NULL, 'manage_designation', 1),
(72, 12, 'add_employee', NULL, NULL, 'add_employee', 1),
(73, 12, 'manage_employee', NULL, NULL, 'manage_employee', 1),
(74, 12, 'add_attendance', NULL, NULL, 'add_attendance', 1),
(75, 12, 'manage_attendance', NULL, NULL, 'manage_attendance', 1),
(76, 12, 'attendance_report', NULL, NULL, 'attendance_report', 1),
(77, 0, 'add_benefits', NULL, NULL, 'add_benefits', 1),
(78, 0, 'manage_benefits', NULL, NULL, 'manage_benefits', 1),
(79, 0, 'add_salary_setup', NULL, NULL, 'add_salary_setup', 1),
(80, 0, 'manage_salary_setup', NULL, NULL, 'manage_salary_setup', 1),
(81, 0, 'salary_generate', NULL, NULL, 'salary_generate', 1),
(82, 0, 'manage_salary_generate', NULL, NULL, 'manage_salary_generate', 1),
(83, 0, 'salary_payment', NULL, NULL, 'salary_payment', 1),
(84, 0, 'add_expense_item', NULL, NULL, 'add_expense_item', 1),
(85, 0, 'manage_expense_item', NULL, NULL, 'manage_expense_item', 1),
(86, 0, 'add_expense', NULL, NULL, 'add_expense', 1),
(87, 0, 'manage_expense', NULL, NULL, 'manage_expense', 1),
(88, 0, 'expense_statement', NULL, NULL, 'expense_statement', 1),
(89, 0, 'add_person_officeloan', NULL, NULL, 'add1_person', 1),
(90, 0, 'add_loan_officeloan', NULL, NULL, 'add_office_loan', 1),
(91, 0, 'add_payment_officeloan', NULL, NULL, 'add_loan_payment', 1),
(92, 0, 'manage_loan_officeloan', NULL, NULL, 'manage1_person', 1),
(93, 0, 'add_person_personalloan', NULL, NULL, 'add_person', 1),
(94, 0, 'add_loan_personalloan', NULL, NULL, 'add_loan', 1),
(95, 0, 'add_payment_personalloan', NULL, NULL, 'add_payment', 1),
(96, 0, 'manage_loan_personalloan', NULL, NULL, 'manage_person', 1),
(97, 13, 'add_service', NULL, NULL, 'create_service', 1),
(98, 13, 'manage_service', NULL, NULL, 'manage_service', 1),
(99, 13, 'service_invoice', NULL, NULL, 'service_invoice', 1),
(100, 13, 'manage_service_invoice', NULL, NULL, 'manage_service_invoice', 1),
(102, 15, 'manage_company', NULL, NULL, 'manage_company', 1),
(103, 15, 'add_user', NULL, NULL, 'add_user', 1),
(104, 15, 'manage_users', NULL, NULL, 'manage_user', 1),
(105, 15, 'language', NULL, NULL, 'add_language', 1),
(106, 15, 'currency', NULL, NULL, 'add_currency', 1),
(107, 15, 'setting', NULL, NULL, 'soft_setting', 1),
(108, 15, 'print_setting', NULL, NULL, 'print_setting', 1),
(109, 15, 'mail_setting', NULL, NULL, 'mail_setting', 1),
(110, 15, 'add_role', NULL, NULL, 'add_role', 1),
(111, 15, 'role_list', NULL, NULL, 'role_list', 1),
(112, 15, 'user_assign_role', NULL, NULL, 'user_assign', 1),
(113, 15, 'Permission', NULL, NULL, NULL, 1),
(114, 0, 'sms_configure', NULL, NULL, 'sms_configure', 1),
(115, 15, 'backup_restore', NULL, NULL, 'back_up', 1),
(116, 15, 'import', NULL, NULL, 'sql_import', 1),
(117, 15, 'restore', NULL, NULL, 'restore', 1),
(118, 16, 'add_quotation', NULL, NULL, 'add_quotation', 1),
(119, 16, 'manage_quotation', NULL, NULL, 'manage_quotation', 1),
(120, 16, 'add_to_invoice', NULL, NULL, 'add_to_invoice', 1),
(121, 1, 'terms_list', NULL, NULL, 'terms_list', 1),
(122, 1, 'terms_add', NULL, NULL, 'terms_add', 1),
(123, 9, 'service_payment', NULL, NULL, 'service_payment', 1),
(124, 11, 'vat_tax_setting', NULL, NULL, 'vat_tax_setting', 1),
(125, 9, 'add_payment_method', NULL, NULL, 'add_payment_method', 1),
(126, 9, 'payment_method_list', NULL, NULL, 'payment_method_list', 1),
(127, 9, 'debit_voucher', NULL, NULL, 'debit_voucher', 1),
(128, 9, 'bank_reconciliation', NULL, NULL, 'bank_reconciliation', 1),
(129, 9, 'supplier_payment', NULL, NULL, 'supplier_payment', 1),
(130, 9, 'customer_receive', NULL, NULL, 'customer_receive', 1),
(131, 9, 'cash_adjustment', NULL, NULL, 'cash_adjustment', 1),
(132, 9, 'day_book', NULL, NULL, 'day_book', 1),
(133, 9, 'sub_ledger', NULL, NULL, 'sub_ledger', 1),
(134, 9, 'income_statement_form', NULL, NULL, 'income_statement_form', 1),
(135, 9, 'expenditure_statement', NULL, NULL, 'expenditure_statement', 1),
(136, 9, 'profit_loss_report', NULL, NULL, 'profit_loss_report', 1),
(137, 9, 'balance_sheet', NULL, NULL, 'balance_sheet', 1),
(138, 9, 'fixedasset_schedule', NULL, NULL, 'fixedasset_schedule', 1),
(139, 9, 'receipt_payment', NULL, NULL, 'receipt_payment', 1),
(140, 9, 'bank_reconciliation_report', NULL, NULL, 'bank_reconciliation_report', 1),
(141, 12, 'salary_advance_view', NULL, NULL, 'salary_advance_view', 1),
(142, 12, 'employee_salary_generate', NULL, NULL, 'employee_salary_generate', 1),
(143, 12, 'employee_salary_payment_view', NULL, NULL, 'employee_salary_payment_view', 1);

-- --------------------------------------------------------

--
-- Table structure for table `supplier_information`
--

CREATE TABLE `supplier_information` (
  `supplier_id` bigint(20) NOT NULL,
  `supplier_name` varchar(255) NOT NULL,
  `address` varchar(255) DEFAULT NULL,
  `address2` text NOT NULL,
  `mobile` varchar(100) DEFAULT NULL,
  `emailnumber` varchar(200) DEFAULT NULL,
  `email_address` varchar(200) DEFAULT NULL,
  `contact` varchar(100) DEFAULT NULL,
  `phone` varchar(50) DEFAULT NULL,
  `fax` varchar(100) DEFAULT NULL,
  `city` text,
  `state` text,
  `zip` varchar(50) DEFAULT NULL,
  `country` varchar(250) DEFAULT NULL,
  `details` varchar(255) DEFAULT NULL,
  `status` int(11) NOT NULL
) ENGINE=MyISAM DEFAULT CHARSET=utf8;

-- --------------------------------------------------------

--
-- Table structure for table `supplier_product`
--

CREATE TABLE `supplier_product` (
  `supplier_pr_id` int(11) NOT NULL,
  `product_id` varchar(30) CHARACTER SET utf8 NOT NULL,
  `products_model` varchar(30) CHARACTER SET latin1 DEFAULT NULL,
  `supplier_id` bigint(20) NOT NULL,
  `supplier_price` varchar(100) COLLATE utf8_unicode_ci DEFAULT NULL
) ENGINE=InnoDB DEFAULT CHARSET=utf8 COLLATE=utf8_unicode_ci;

-- --------------------------------------------------------

--
-- Table structure for table `synchronizer_setting`
--

CREATE TABLE `synchronizer_setting` (
  `id` int(11) NOT NULL,
  `hostname` varchar(100) NOT NULL,
  `username` varchar(100) NOT NULL,
  `password` varchar(100) NOT NULL,
  `port` varchar(10) NOT NULL,
  `debug` varchar(10) NOT NULL,
  `project_root` varchar(100) NOT NULL
) ENGINE=InnoDB DEFAULT CHARSET=utf8;

-- --------------------------------------------------------

--
-- Table structure for table `tax_collection`
--

CREATE TABLE `tax_collection` (
  `id` int(11) NOT NULL,
  `date` date NOT NULL,
  `customer_id` varchar(30) NOT NULL,
  `relation_id` varchar(30) NOT NULL
) ENGINE=InnoDB DEFAULT CHARSET=utf8;

-- --------------------------------------------------------

--
-- Table structure for table `tax_settings`
--

CREATE TABLE `tax_settings` (
  `id` int(11) NOT NULL,
  `default_value` float NOT NULL,
  `tax_name` varchar(250) NOT NULL,
  `nt` int(11) NOT NULL,
  `reg_no` varchar(100) NOT NULL,
  `is_show` tinyint(4) NOT NULL DEFAULT '1'
) ENGINE=InnoDB DEFAULT CHARSET=utf8;

-- --------------------------------------------------------

--
-- Table structure for table `units`
--

CREATE TABLE `units` (
  `unit_id` int(11) NOT NULL,
  `unit_name` varchar(255) CHARACTER SET latin1 NOT NULL,
  `status` int(11) NOT NULL
) ENGINE=InnoDB DEFAULT CHARSET=utf8;

--
-- Dumping data for table `units`
--

INSERT INTO `units` (`unit_id`, `unit_name`, `status`) VALUES
(3, 'PCS', 1);

-- --------------------------------------------------------

--
-- Table structure for table `vat_tax_setting`
--

CREATE TABLE `vat_tax_setting` (
  `id` int(11) NOT NULL,
  `dynamic_tax` int(11) NOT NULL DEFAULT '0',
  `fixed_tax` int(11) NOT NULL DEFAULT '0'
) ENGINE=InnoDB DEFAULT CHARSET=utf8mb4;

--
-- Dumping data for table `vat_tax_setting`
--

INSERT INTO `vat_tax_setting` (`id`, `dynamic_tax`, `fixed_tax`) VALUES
(1, 0, 1);

--
-- Indexes for dumped tables
--

--
-- Indexes for table `acc_coa`
--
ALTER TABLE `acc_coa`
  ADD PRIMARY KEY (`id`),
  ADD UNIQUE KEY `HeadCode` (`HeadCode`),
  ADD KEY `HeadName` (`HeadName`),
  ADD KEY `customer_id` (`customer_id`),
  ADD KEY `supplier_id` (`supplier_id`),
  ADD KEY `service_id` (`service_id`),
  ADD KEY `PHeadName` (`PHeadName`),
  ADD KEY `HeadLevel` (`HeadLevel`),
  ADD KEY `IsTransaction` (`IsTransaction`),
  ADD KEY `IsGL` (`IsGL`),
  ADD KEY `IsBudget` (`IsBudget`),
  ADD KEY `IsDepreciation` (`IsDepreciation`),
  ADD KEY `isCashNature` (`isCashNature`),
  ADD KEY `isBankNature` (`isBankNature`);

--
-- Indexes for table `acc_monthly_balance`
--
ALTER TABLE `acc_monthly_balance`
  ADD PRIMARY KEY (`id`);

--
-- Indexes for table `acc_opening_balance`
--
ALTER TABLE `acc_opening_balance`
  ADD PRIMARY KEY (`id`),
  ADD KEY `COAID` (`COAID`),
  ADD KEY `year` (`fyear`);

--
-- Indexes for table `acc_predefine_account`
--
ALTER TABLE `acc_predefine_account`
  ADD PRIMARY KEY (`id`),
  ADD KEY `COAID` (`cashCode`),
  ADD KEY `cashCode` (`cashCode`);

--
-- Indexes for table `acc_subcode`
--
ALTER TABLE `acc_subcode`
  ADD PRIMARY KEY (`id`),
  ADD KEY `subTypeId` (`subTypeId`);

--
-- Indexes for table `acc_subtype`
--
ALTER TABLE `acc_subtype`
  ADD PRIMARY KEY (`id`);

--
-- Indexes for table `acc_transaction`
--
ALTER TABLE `acc_transaction`
  ADD UNIQUE KEY `ID` (`ID`),
  ADD KEY `COAID` (`COAID`),
  ADD KEY `VNo` (`VNo`),
  ADD KEY `RevCodde` (`RevCodde`),
  ADD KEY `subType` (`subType`),
  ADD KEY `subCode` (`subCode`),
  ADD KEY `referenceNo` (`referenceNo`),
  ADD KEY `vid` (`vid`);

--
-- Indexes for table `acc_vaucher`
--
ALTER TABLE `acc_vaucher`
  ADD PRIMARY KEY (`id`),
  ADD KEY `VNo` (`VNo`),
  ADD KEY `fyear` (`fyear`),
  ADD KEY `VDate` (`VDate`),
  ADD KEY `COAID` (`COAID`),
  ADD KEY `RevCodde` (`RevCodde`),
  ADD KEY `subType` (`subType`),
  ADD KEY `subCode` (`subCode`),
  ADD KEY `referenceNo` (`referenceNo`);

--
-- Indexes for table `app_setting`
--
ALTER TABLE `app_setting`
  ADD PRIMARY KEY (`id`);

--
-- Indexes for table `attendance`
--
ALTER TABLE `attendance`
  ADD PRIMARY KEY (`att_id`),
  ADD KEY `employee_id` (`employee_id`);

--
-- Indexes for table `bank_add`
--
ALTER TABLE `bank_add`
  ADD PRIMARY KEY (`id`);

--
-- Indexes for table `closing_records`
--
ALTER TABLE `closing_records`
  ADD PRIMARY KEY (`id`);

--
-- Indexes for table `currency_tbl`
--
ALTER TABLE `currency_tbl`
  ADD PRIMARY KEY (`id`);

--
-- Indexes for table `customer_information`
--
ALTER TABLE `customer_information`
  ADD PRIMARY KEY (`customer_id`),
  ADD KEY `customer_id` (`customer_id`);

--
-- Indexes for table `daily_closing`
--
ALTER TABLE `daily_closing`
  ADD PRIMARY KEY (`closing_id`);

--
-- Indexes for table `designation`
--
ALTER TABLE `designation`
  ADD PRIMARY KEY (`id`);

--
-- Indexes for table `employee_salary_payment`
--
ALTER TABLE `employee_salary_payment`
  ADD PRIMARY KEY (`emp_sal_pay_id`),
  ADD KEY `employee_id` (`employee_id`),
  ADD KEY `generate_id` (`generate_id`);

--
-- Indexes for table `employee_salary_setup`
--
ALTER TABLE `employee_salary_setup`
  ADD PRIMARY KEY (`e_s_s_id`),
  ADD KEY `employee_id` (`employee_id`);

--
-- Indexes for table `expense`
--
ALTER TABLE `expense`
  ADD PRIMARY KEY (`id`);

--
-- Indexes for table `expense_item`
--
ALTER TABLE `expense_item`
  ADD PRIMARY KEY (`id`);

--
-- Indexes for table `financial_year`
--
ALTER TABLE `financial_year`
  ADD PRIMARY KEY (`id`);

--
-- Indexes for table `gmb_salary_advance`
--
ALTER TABLE `gmb_salary_advance`
  ADD PRIMARY KEY (`id`);

--
-- Indexes for table `gmb_salary_generate`
--
ALTER TABLE `gmb_salary_generate`
  ADD PRIMARY KEY (`id`);

--
-- Indexes for table `gmb_salary_sheet_generate`
--
ALTER TABLE `gmb_salary_sheet_generate`
  ADD PRIMARY KEY (`ssg_id`);

--
-- Indexes for table `invoice`
--
ALTER TABLE `invoice`
  ADD PRIMARY KEY (`id`),
  ADD KEY `customer_id` (`customer_id`),
  ADD KEY `invoice_id` (`invoice_id`);

--
-- Indexes for table `invoice_details`
--
ALTER TABLE `invoice_details`
  ADD PRIMARY KEY (`id`),
  ADD KEY `invoice_id` (`invoice_id`),
  ADD KEY `product_id` (`product_id`);

--
-- Indexes for table `language`
--
ALTER TABLE `language`
  ADD PRIMARY KEY (`id`);

--
-- Indexes for table `module`
--
ALTER TABLE `module`
  ADD PRIMARY KEY (`id`);

--
-- Indexes for table `module_purchase_key`
--
ALTER TABLE `module_purchase_key`
  ADD PRIMARY KEY (`id`);

--
-- Indexes for table `payroll_tax_setup`
--
ALTER TABLE `payroll_tax_setup`
  ADD PRIMARY KEY (`tax_setup_id`);

--
-- Indexes for table `personal_loan`
--
ALTER TABLE `personal_loan`
  ADD PRIMARY KEY (`per_loan_id`);

--
-- Indexes for table `person_information`
--
ALTER TABLE `person_information`
  ADD PRIMARY KEY (`id`);

--
-- Indexes for table `person_ledger`
--
ALTER TABLE `person_ledger`
  ADD PRIMARY KEY (`id`),
  ADD KEY `person_id` (`person_id`);

--
-- Indexes for table `pesonal_loan_information`
--
ALTER TABLE `pesonal_loan_information`
  ADD PRIMARY KEY (`id`),
  ADD KEY `person_id` (`person_id`);

--
-- Indexes for table `print_setting`
--
ALTER TABLE `print_setting`
  ADD PRIMARY KEY (`id`);

--
-- Indexes for table `product_category`
--
ALTER TABLE `product_category`
  ADD PRIMARY KEY (`category_id`);

--
-- Indexes for table `product_information`
--
ALTER TABLE `product_information`
  ADD PRIMARY KEY (`id`),
  ADD KEY `category_id` (`category_id`),
  ADD KEY `product_id` (`product_id`);

--
-- Indexes for table `product_purchase`
--
ALTER TABLE `product_purchase`
  ADD PRIMARY KEY (`id`),
  ADD KEY `purchase_id` (`purchase_id`),
  ADD KEY `supplier_id` (`supplier_id`);

--
-- Indexes for table `product_purchase_details`
--
ALTER TABLE `product_purchase_details`
  ADD PRIMARY KEY (`id`),
  ADD KEY `purchase_id` (`purchase_id`),
  ADD KEY `product_id` (`product_id`);

--
-- Indexes for table `product_return`
--
ALTER TABLE `product_return`
  ADD KEY `product_id` (`product_id`),
  ADD KEY `invoice_id` (`invoice_id`),
  ADD KEY `purchase_id` (`purchase_id`),
  ADD KEY `customer_id` (`customer_id`),
  ADD KEY `supplier_id` (`supplier_id`);

--
-- Indexes for table `product_service`
--
ALTER TABLE `product_service`
  ADD PRIMARY KEY (`service_id`);

--
-- Indexes for table `quotation`
--
ALTER TABLE `quotation`
  ADD PRIMARY KEY (`id`),
  ADD UNIQUE KEY `quot_no` (`quot_no`),
  ADD KEY `quotation_id` (`quotation_id`),
  ADD KEY `customer_id` (`customer_id`);

--
-- Indexes for table `quotation_service_used`
--
ALTER TABLE `quotation_service_used`
  ADD PRIMARY KEY (`id`),
  ADD KEY `quot_id` (`quot_id`),
  ADD KEY `service_id` (`service_id`);

--
-- Indexes for table `quotation_taxinfo`
--
ALTER TABLE `quotation_taxinfo`
  ADD PRIMARY KEY (`id`),
  ADD KEY `customer_id` (`customer_id`);

--
-- Indexes for table `quot_products_used`
--
ALTER TABLE `quot_products_used`
  ADD PRIMARY KEY (`id`),
  ADD KEY `product_id` (`product_id`),
  ADD KEY `quot_id` (`quot_id`);

--
-- Indexes for table `role_permission`
--
ALTER TABLE `role_permission`
  ADD PRIMARY KEY (`id`),
  ADD KEY `fk_module_id` (`fk_module_id`),
  ADD KEY `fk_user_id` (`role_id`);

--
-- Indexes for table `salary_sheet_generate`
--
ALTER TABLE `salary_sheet_generate`
  ADD PRIMARY KEY (`ssg_id`);

--
-- Indexes for table `salary_type`
--
ALTER TABLE `salary_type`
  ADD PRIMARY KEY (`salary_type_id`);

--
-- Indexes for table `sec_role`
--
ALTER TABLE `sec_role`
  ADD PRIMARY KEY (`id`);

--
-- Indexes for table `sec_userrole`
--
ALTER TABLE `sec_userrole`
  ADD UNIQUE KEY `ID` (`id`);

--
-- Indexes for table `seles_termscondi`
--
ALTER TABLE `seles_termscondi`
  ADD PRIMARY KEY (`id`);

--
-- Indexes for table `service_invoice`
--
ALTER TABLE `service_invoice`
  ADD PRIMARY KEY (`id`),
  ADD KEY `customer_id` (`customer_id`);

--
-- Indexes for table `service_invoice_details`
--
ALTER TABLE `service_invoice_details`
  ADD PRIMARY KEY (`id`),
  ADD KEY `service_id` (`service_id`);

--
-- Indexes for table `sub_module`
--
ALTER TABLE `sub_module`
  ADD PRIMARY KEY (`id`);

--
-- Indexes for table `supplier_information`
--
ALTER TABLE `supplier_information`
  ADD PRIMARY KEY (`supplier_id`),
  ADD KEY `supplier_id` (`supplier_id`);

--
-- Indexes for table `supplier_product`
--
ALTER TABLE `supplier_product`
  ADD PRIMARY KEY (`supplier_pr_id`),
  ADD KEY `product_id` (`product_id`),
  ADD KEY `supplier_id` (`supplier_id`);

--
-- Indexes for table `tax_collection`
--
ALTER TABLE `tax_collection`
  ADD PRIMARY KEY (`id`),
  ADD KEY `customer_id` (`customer_id`);

--
-- Indexes for table `tax_settings`
--
ALTER TABLE `tax_settings`
  ADD PRIMARY KEY (`id`);

--
-- Indexes for table `units`
--
ALTER TABLE `units`
  ADD PRIMARY KEY (`unit_id`);

--
-- Indexes for table `vat_tax_setting`
--
ALTER TABLE `vat_tax_setting`
  ADD PRIMARY KEY (`id`);

--
-- AUTO_INCREMENT for dumped tables
--

--
-- AUTO_INCREMENT for table `acc_coa`
--
ALTER TABLE `acc_coa`
  MODIFY `id` int(11) NOT NULL AUTO_INCREMENT, AUTO_INCREMENT=239;

--
-- AUTO_INCREMENT for table `acc_monthly_balance`
--
ALTER TABLE `acc_monthly_balance`
  MODIFY `id` int(11) NOT NULL AUTO_INCREMENT;

--
-- AUTO_INCREMENT for table `acc_opening_balance`
--
ALTER TABLE `acc_opening_balance`
  MODIFY `id` int(11) NOT NULL AUTO_INCREMENT;

--
-- AUTO_INCREMENT for table `acc_predefine_account`
--
ALTER TABLE `acc_predefine_account`
  MODIFY `id` int(11) NOT NULL AUTO_INCREMENT, AUTO_INCREMENT=3;

--
-- AUTO_INCREMENT for table `acc_subcode`
--
ALTER TABLE `acc_subcode`
  MODIFY `id` int(11) NOT NULL AUTO_INCREMENT, AUTO_INCREMENT=4;

--
-- AUTO_INCREMENT for table `acc_transaction`
--
ALTER TABLE `acc_transaction`
  MODIFY `ID` int(11) NOT NULL AUTO_INCREMENT;

--
-- AUTO_INCREMENT for table `acc_vaucher`
--
ALTER TABLE `acc_vaucher`
  MODIFY `id` int(11) NOT NULL AUTO_INCREMENT;

--
-- AUTO_INCREMENT for table `app_setting`
--
ALTER TABLE `app_setting`
  MODIFY `id` int(11) NOT NULL AUTO_INCREMENT, AUTO_INCREMENT=2;

--
-- AUTO_INCREMENT for table `attendance`
--
ALTER TABLE `attendance`
  MODIFY `att_id` int(11) NOT NULL AUTO_INCREMENT;

--
-- AUTO_INCREMENT for table `bank_add`
--
ALTER TABLE `bank_add`
  MODIFY `id` int(11) NOT NULL AUTO_INCREMENT;

--
-- AUTO_INCREMENT for table `closing_records`
--
ALTER TABLE `closing_records`
  MODIFY `id` int(11) NOT NULL AUTO_INCREMENT;

--
-- AUTO_INCREMENT for table `currency_tbl`
--
ALTER TABLE `currency_tbl`
  MODIFY `id` int(11) NOT NULL AUTO_INCREMENT, AUTO_INCREMENT=3;

--
-- AUTO_INCREMENT for table `customer_information`
--
ALTER TABLE `customer_information`
  MODIFY `customer_id` bigint(20) NOT NULL AUTO_INCREMENT;

--
-- AUTO_INCREMENT for table `daily_closing`
--
ALTER TABLE `daily_closing`
  MODIFY `closing_id` int(11) NOT NULL AUTO_INCREMENT;

--
-- AUTO_INCREMENT for table `designation`
--
ALTER TABLE `designation`
  MODIFY `id` int(11) NOT NULL AUTO_INCREMENT, AUTO_INCREMENT=2;

--
-- AUTO_INCREMENT for table `employee_salary_payment`
--
ALTER TABLE `employee_salary_payment`
  MODIFY `emp_sal_pay_id` int(11) NOT NULL AUTO_INCREMENT;

--
-- AUTO_INCREMENT for table `employee_salary_setup`
--
ALTER TABLE `employee_salary_setup`
  MODIFY `e_s_s_id` int(10) UNSIGNED NOT NULL AUTO_INCREMENT;

--
-- AUTO_INCREMENT for table `expense`
--
ALTER TABLE `expense`
  MODIFY `id` int(11) NOT NULL AUTO_INCREMENT;

--
-- AUTO_INCREMENT for table `expense_item`
--
ALTER TABLE `expense_item`
  MODIFY `id` int(11) NOT NULL AUTO_INCREMENT;

--
-- AUTO_INCREMENT for table `financial_year`
--
ALTER TABLE `financial_year`
  MODIFY `id` int(11) NOT NULL AUTO_INCREMENT;

--
-- AUTO_INCREMENT for table `gmb_salary_advance`
--
ALTER TABLE `gmb_salary_advance`
  MODIFY `id` int(11) NOT NULL AUTO_INCREMENT;

--
-- AUTO_INCREMENT for table `gmb_salary_generate`
--
ALTER TABLE `gmb_salary_generate`
  MODIFY `id` int(11) NOT NULL AUTO_INCREMENT;

--
-- AUTO_INCREMENT for table `gmb_salary_sheet_generate`
--
ALTER TABLE `gmb_salary_sheet_generate`
  MODIFY `ssg_id` int(11) NOT NULL AUTO_INCREMENT;

--
-- AUTO_INCREMENT for table `invoice`
--
ALTER TABLE `invoice`
  MODIFY `id` int(11) NOT NULL AUTO_INCREMENT;

--
-- AUTO_INCREMENT for table `invoice_details`
--
ALTER TABLE `invoice_details`
  MODIFY `id` int(11) NOT NULL AUTO_INCREMENT;

--
-- AUTO_INCREMENT for table `language`
--
ALTER TABLE `language`
  MODIFY `id` int(10) UNSIGNED NOT NULL AUTO_INCREMENT, AUTO_INCREMENT=1088;

--
-- AUTO_INCREMENT for table `module`
--
ALTER TABLE `module`
  MODIFY `id` int(11) NOT NULL AUTO_INCREMENT, AUTO_INCREMENT=17;

--
-- AUTO_INCREMENT for table `module_purchase_key`
--
ALTER TABLE `module_purchase_key`
  MODIFY `id` int(11) NOT NULL AUTO_INCREMENT;

--
-- AUTO_INCREMENT for table `payroll_tax_setup`
--
ALTER TABLE `payroll_tax_setup`
  MODIFY `tax_setup_id` int(10) UNSIGNED NOT NULL AUTO_INCREMENT;

--
-- AUTO_INCREMENT for table `personal_loan`
--
ALTER TABLE `personal_loan`
  MODIFY `per_loan_id` int(11) NOT NULL AUTO_INCREMENT;

--
-- AUTO_INCREMENT for table `person_information`
--
ALTER TABLE `person_information`
  MODIFY `id` int(11) NOT NULL AUTO_INCREMENT;

--
-- AUTO_INCREMENT for table `person_ledger`
--
ALTER TABLE `person_ledger`
  MODIFY `id` int(11) NOT NULL AUTO_INCREMENT;

--
-- AUTO_INCREMENT for table `pesonal_loan_information`
--
ALTER TABLE `pesonal_loan_information`
  MODIFY `id` int(11) NOT NULL AUTO_INCREMENT;

--
-- AUTO_INCREMENT for table `print_setting`
--
ALTER TABLE `print_setting`
  MODIFY `id` int(11) NOT NULL AUTO_INCREMENT, AUTO_INCREMENT=2;

--
-- AUTO_INCREMENT for table `product_category`
--
ALTER TABLE `product_category`
  MODIFY `category_id` int(11) NOT NULL AUTO_INCREMENT, AUTO_INCREMENT=2;

--
-- AUTO_INCREMENT for table `product_information`
--
ALTER TABLE `product_information`
  MODIFY `id` int(11) NOT NULL AUTO_INCREMENT;

--
-- AUTO_INCREMENT for table `product_purchase`
--
ALTER TABLE `product_purchase`
  MODIFY `id` int(11) NOT NULL AUTO_INCREMENT;

--
-- AUTO_INCREMENT for table `product_purchase_details`
--
ALTER TABLE `product_purchase_details`
  MODIFY `id` int(11) NOT NULL AUTO_INCREMENT;

--
-- AUTO_INCREMENT for table `product_service`
--
ALTER TABLE `product_service`
  MODIFY `service_id` int(11) NOT NULL AUTO_INCREMENT;

--
-- AUTO_INCREMENT for table `quotation`
--
ALTER TABLE `quotation`
  MODIFY `id` int(11) NOT NULL AUTO_INCREMENT;

--
-- AUTO_INCREMENT for table `quotation_service_used`
--
ALTER TABLE `quotation_service_used`
  MODIFY `id` int(11) NOT NULL AUTO_INCREMENT;

--
-- AUTO_INCREMENT for table `quotation_taxinfo`
--
ALTER TABLE `quotation_taxinfo`
  MODIFY `id` int(11) NOT NULL AUTO_INCREMENT;

--
-- AUTO_INCREMENT for table `quot_products_used`
--
ALTER TABLE `quot_products_used`
  MODIFY `id` int(11) NOT NULL AUTO_INCREMENT;

--
-- AUTO_INCREMENT for table `role_permission`
--
ALTER TABLE `role_permission`
  MODIFY `id` int(11) NOT NULL AUTO_INCREMENT, AUTO_INCREMENT=653;

--
-- AUTO_INCREMENT for table `salary_sheet_generate`
--
ALTER TABLE `salary_sheet_generate`
  MODIFY `ssg_id` int(10) UNSIGNED NOT NULL AUTO_INCREMENT;

--
-- AUTO_INCREMENT for table `salary_type`
--
ALTER TABLE `salary_type`
  MODIFY `salary_type_id` int(11) NOT NULL AUTO_INCREMENT;

--
-- AUTO_INCREMENT for table `sec_role`
--
ALTER TABLE `sec_role`
  MODIFY `id` int(11) NOT NULL AUTO_INCREMENT, AUTO_INCREMENT=2;

--
-- AUTO_INCREMENT for table `sec_userrole`
--
ALTER TABLE `sec_userrole`
  MODIFY `id` int(11) NOT NULL AUTO_INCREMENT, AUTO_INCREMENT=3;

--
-- AUTO_INCREMENT for table `seles_termscondi`
--
ALTER TABLE `seles_termscondi`
  MODIFY `id` int(11) NOT NULL AUTO_INCREMENT, AUTO_INCREMENT=6;

--
-- AUTO_INCREMENT for table `service_invoice`
--
ALTER TABLE `service_invoice`
  MODIFY `id` int(11) NOT NULL AUTO_INCREMENT;

--
-- AUTO_INCREMENT for table `service_invoice_details`
--
ALTER TABLE `service_invoice_details`
  MODIFY `id` int(11) NOT NULL AUTO_INCREMENT;

--
-- AUTO_INCREMENT for table `sub_module`
--
ALTER TABLE `sub_module`
  MODIFY `id` int(11) NOT NULL AUTO_INCREMENT, AUTO_INCREMENT=144;

--
-- AUTO_INCREMENT for table `supplier_information`
--
ALTER TABLE `supplier_information`
  MODIFY `supplier_id` bigint(20) NOT NULL AUTO_INCREMENT;

--
-- AUTO_INCREMENT for table `supplier_product`
--
ALTER TABLE `supplier_product`
  MODIFY `supplier_pr_id` int(11) NOT NULL AUTO_INCREMENT;

--
-- AUTO_INCREMENT for table `tax_collection`
--
ALTER TABLE `tax_collection`
  MODIFY `id` int(11) NOT NULL AUTO_INCREMENT;

--
-- AUTO_INCREMENT for table `tax_settings`
--
ALTER TABLE `tax_settings`
  MODIFY `id` int(11) NOT NULL AUTO_INCREMENT;

--
-- AUTO_INCREMENT for table `units`
--
ALTER TABLE `units`
  MODIFY `unit_id` int(11) NOT NULL AUTO_INCREMENT, AUTO_INCREMENT=4;

--
-- AUTO_INCREMENT for table `vat_tax_setting`
--
ALTER TABLE `vat_tax_setting`
  MODIFY `id` int(11) NOT NULL AUTO_INCREMENT, AUTO_INCREMENT=2;
--
-- Database: `slogisticsftwz_hrm`
--
CREATE DATABASE IF NOT EXISTS `slogisticsftwz_hrm` DEFAULT CHARACTER SET latin1 COLLATE latin1_swedish_ci;
USE `slogisticsftwz_hrm`;

-- --------------------------------------------------------

--
-- Table structure for table `acc_coa`
--

CREATE TABLE `acc_coa` (
  `HeadCode` varchar(50) COLLATE utf8_unicode_ci NOT NULL,
  `HeadName` varchar(100) COLLATE utf8_unicode_ci NOT NULL,
  `PHeadName` varchar(50) COLLATE utf8_unicode_ci NOT NULL,
  `HeadLevel` int(11) NOT NULL,
  `IsActive` tinyint(1) NOT NULL,
  `IsTransaction` tinyint(1) NOT NULL,
  `IsGL` tinyint(1) NOT NULL,
  `HeadType` char(1) COLLATE utf8_unicode_ci NOT NULL,
  `IsBudget` tinyint(1) NOT NULL,
  `IsDepreciation` tinyint(1) NOT NULL,
  `DepreciationRate` decimal(18,2) NOT NULL,
  `CreateBy` varchar(50) COLLATE utf8_unicode_ci NOT NULL,
  `CreateDate` datetime NOT NULL,
  `UpdateBy` varchar(50) COLLATE utf8_unicode_ci NOT NULL,
  `UpdateDate` datetime NOT NULL
) ENGINE=InnoDB DEFAULT CHARSET=utf8 COLLATE=utf8_unicode_ci;

--
-- Dumping data for table `acc_coa`
--

INSERT INTO `acc_coa` (`HeadCode`, `HeadName`, `PHeadName`, `HeadLevel`, `IsActive`, `IsTransaction`, `IsGL`, `HeadType`, `IsBudget`, `IsDepreciation`, `DepreciationRate`, `CreateBy`, `CreateDate`, `UpdateBy`, `UpdateDate`) VALUES
('502020000001', '1-GokulK', 'Account Payable', 2, 1, 1, 0, 'L', 0, 0, 0.00, 'Vignesh Kannan', '2023-03-30 00:20:11', '', '0000-00-00 00:00:00'),
('50202', 'Account Payable', 'Current Liabilities', 2, 1, 0, 1, 'L', 0, 0, 0.00, 'admin', '2015-10-15 19:50:43', '', '0000-00-00 00:00:00'),
('1', 'Assets', 'COA', 0, 1, 0, 0, 'A', 0, 0, 0.00, '', '0000-00-00 00:00:00', '', '0000-00-00 00:00:00'),
('10201', 'Cash & Cash Equivalent', 'Current Asset', 2, 1, 0, 1, 'A', 0, 0, 0.00, '2', '2019-11-24 07:55:22', 'admin', '2015-10-15 15:57:55'),
('1020102', 'Cash At Bank', 'Cash & Cash Equivalent', 3, 1, 0, 1, 'A', 0, 0, 0.00, '', '2019-11-23 10:58:48', 'admin', '2015-10-15 15:32:42'),
('1020101', 'Cash In Hand', 'Cash & Cash Equivalent', 3, 1, 1, 1, 'A', 0, 0, 0.00, '2', '2018-07-31 12:56:28', 'admin', '2016-05-23 12:05:43'),
('102', 'Current Asset', 'Assets', 1, 1, 0, 0, 'A', 0, 0, 0.00, '', '0000-00-00 00:00:00', 'admin', '2018-07-07 11:23:00'),
('502', 'Current Liabilities', 'Liabilities', 1, 1, 0, 0, 'L', 0, 0, 0.00, 'anwarul', '2014-08-30 13:18:20', 'admin', '2015-10-15 19:49:21'),
('1020301', 'Employee Receivable', 'Account Receivable', 3, 1, 0, 1, 'A', 0, 0, 0.00, '2', '2018-10-17 11:13:45', 'admin', '2018-07-07 12:31:42'),
('401', 'Employee Salary', 'Expence', 1, 1, 0, 0, 'E', 0, 0, 0.00, '2', '2019-11-24 12:15:56', '', '0000-00-00 00:00:00'),
('2', 'Equity', 'COA', 0, 1, 0, 0, 'L', 0, 0, 0.00, '', '0000-00-00 00:00:00', '', '0000-00-00 00:00:00'),
('4', 'Expence', 'COA', 0, 1, 0, 0, 'E', 0, 0, 0.00, '2', '2019-11-24 05:45:24', '', '0000-00-00 00:00:00'),
('3', 'Income', 'COA', 0, 1, 0, 0, 'I', 0, 0, 0.00, '', '0000-00-00 00:00:00', '', '0000-00-00 00:00:00'),
('5', 'Liabilities', 'COA', 0, 1, 0, 0, 'L', 0, 0, 0.00, 'admin', '2013-07-04 12:32:07', 'admin', '2015-10-15 19:46:54'),
('101', 'Non Current Assets', 'Assets', 1, 1, 0, 0, 'A', 0, 0, 0.00, '', '0000-00-00 00:00:00', 'admin', '2015-10-15 15:29:11'),
('501', 'Non Current Liabilities', 'Liabilities', 1, 1, 0, 0, 'L', 0, 0, 0.00, 'anwarul', '2014-08-30 13:18:20', 'admin', '2015-10-15 19:49:21');

-- --------------------------------------------------------

--
-- Table structure for table `acc_transaction`
--

CREATE TABLE `acc_transaction` (
  `ID` int(11) NOT NULL,
  `VNo` varchar(50) COLLATE utf8_unicode_ci DEFAULT NULL,
  `Vtype` varchar(50) COLLATE utf8_unicode_ci DEFAULT NULL,
  `VDate` date DEFAULT NULL,
  `COAID` varchar(50) COLLATE utf8_unicode_ci NOT NULL,
  `Narration` text COLLATE utf8_unicode_ci,
  `Debit` decimal(18,2) DEFAULT NULL,
  `Credit` decimal(18,2) DEFAULT NULL,
  `StoreID` int(11) NOT NULL,
  `IsPosted` char(10) COLLATE utf8_unicode_ci DEFAULT NULL,
  `CreateBy` varchar(50) COLLATE utf8_unicode_ci DEFAULT NULL,
  `CreateDate` datetime DEFAULT NULL,
  `UpdateBy` varchar(50) COLLATE utf8_unicode_ci DEFAULT NULL,
  `UpdateDate` datetime DEFAULT NULL,
  `IsAppove` char(10) COLLATE utf8_unicode_ci DEFAULT NULL
) ENGINE=InnoDB DEFAULT CHARSET=utf8 COLLATE=utf8_unicode_ci;

-- --------------------------------------------------------

--
-- Table structure for table `attendance_history`
--

CREATE TABLE `attendance_history` (
  `atten_his_id` int(11) NOT NULL,
  `uid` int(11) NOT NULL,
  `id` int(11) NOT NULL DEFAULT '0',
  `state` text NOT NULL,
  `time` datetime NOT NULL
) ENGINE=InnoDB DEFAULT CHARSET=latin1;

-- --------------------------------------------------------

--
-- Table structure for table `award`
--

CREATE TABLE `award` (
  `award_id` int(11) NOT NULL,
  `award_name` varchar(50) NOT NULL,
  `aw_description` varchar(200) NOT NULL,
  `awr_gift_item` varchar(50) NOT NULL,
  `date` date NOT NULL,
  `employee_id` varchar(30) NOT NULL,
  `awarded_by` varchar(30) NOT NULL
) ENGINE=InnoDB DEFAULT CHARSET=latin1;

-- --------------------------------------------------------

--
-- Table structure for table `bank_information`
--

CREATE TABLE `bank_information` (
  `id` int(11) NOT NULL,
  `bank_name` varchar(250) NOT NULL,
  `account_name` varchar(200) DEFAULT NULL,
  `account_number` varchar(100) NOT NULL,
  `branch_name` varchar(250) DEFAULT NULL
) ENGINE=InnoDB DEFAULT CHARSET=latin1;

-- --------------------------------------------------------

--
-- Table structure for table `candidate_basic_info`
--

CREATE TABLE `candidate_basic_info` (
  `can_id` varchar(20) NOT NULL,
  `first_name` varchar(11) CHARACTER SET latin1 NOT NULL,
  `last_name` varchar(30) CHARACTER SET latin1 NOT NULL,
  `email` varchar(30) CHARACTER SET latin1 NOT NULL,
  `phone` varchar(20) CHARACTER SET latin1 NOT NULL,
  `alter_phone` varchar(20) CHARACTER SET latin1 NOT NULL,
  `present_address` varchar(100) CHARACTER SET latin1 NOT NULL,
  `parmanent_address` varchar(100) CHARACTER SET latin1 NOT NULL,
  `picture` text,
  `ssn` varchar(50) NOT NULL,
  `state` varchar(30) NOT NULL,
  `city` varchar(30) NOT NULL,
  `zip` int(11) NOT NULL
) ENGINE=InnoDB DEFAULT CHARSET=utf8;

-- --------------------------------------------------------

--
-- Table structure for table `candidate_education_info`
--

CREATE TABLE `candidate_education_info` (
  `can_edu_id` int(11) NOT NULL,
  `can_id` varchar(30) NOT NULL,
  `degree_name` varchar(30) CHARACTER SET latin1 NOT NULL,
  `university_name` varchar(50) CHARACTER SET latin1 NOT NULL,
  `cgp` varchar(30) CHARACTER SET latin1 NOT NULL,
  `comments` varchar(50) CHARACTER SET latin1 DEFAULT NULL,
  `sequencee` varchar(255) CHARACTER SET latin1 DEFAULT NULL
) ENGINE=InnoDB DEFAULT CHARSET=utf8;

-- --------------------------------------------------------

--
-- Table structure for table `candidate_interview`
--

CREATE TABLE `candidate_interview` (
  `can_int_id` int(11) NOT NULL,
  `can_id` varchar(30) CHARACTER SET latin1 NOT NULL,
  `job_adv_id` varchar(50) CHARACTER SET latin1 NOT NULL,
  `interview_date` varchar(30) CHARACTER SET latin1 NOT NULL,
  `interviewer_id` varchar(50) CHARACTER SET latin1 NOT NULL,
  `interview_marks` varchar(50) CHARACTER SET latin1 NOT NULL,
  `written_total_marks` varchar(50) CHARACTER SET latin1 NOT NULL,
  `mcq_total_marks` varchar(50) CHARACTER SET latin1 NOT NULL,
  `total_marks` varchar(30) NOT NULL,
  `recommandation` varchar(50) CHARACTER SET latin1 NOT NULL,
  `selection` varchar(50) CHARACTER SET latin1 NOT NULL,
  `details` varchar(50) CHARACTER SET latin1 NOT NULL
) ENGINE=InnoDB DEFAULT CHARSET=utf8;

-- --------------------------------------------------------

--
-- Table structure for table `candidate_selection`
--

CREATE TABLE `candidate_selection` (
  `can_sel_id` int(11) NOT NULL,
  `can_id` varchar(30) CHARACTER SET latin1 NOT NULL,
  `employee_id` varchar(50) CHARACTER SET latin1 NOT NULL,
  `pos_id` varchar(30) CHARACTER SET latin1 NOT NULL,
  `selection_terms` varchar(50) CHARACTER SET latin1 DEFAULT NULL
) ENGINE=InnoDB DEFAULT CHARSET=utf8;

-- --------------------------------------------------------

--
-- Table structure for table `candidate_shortlist`
--

CREATE TABLE `candidate_shortlist` (
  `can_short_id` int(11) NOT NULL,
  `can_id` varchar(30) CHARACTER SET latin1 NOT NULL,
  `job_adv_id` int(11) NOT NULL,
  `date_of_shortlist` varchar(50) CHARACTER SET latin1 NOT NULL,
  `interview_date` varchar(30) CHARACTER SET latin1 NOT NULL
) ENGINE=InnoDB DEFAULT CHARSET=utf8;

-- --------------------------------------------------------

--
-- Table structure for table `candidate_workexperience`
--

CREATE TABLE `candidate_workexperience` (
  `can_workexp_id` int(11) NOT NULL,
  `can_id` varchar(30) CHARACTER SET latin1 NOT NULL,
  `company_name` varchar(50) CHARACTER SET latin1 NOT NULL,
  `working_period` varchar(50) CHARACTER SET latin1 NOT NULL,
  `duties` varchar(30) CHARACTER SET latin1 NOT NULL,
  `supervisor` varchar(50) CHARACTER SET latin1 NOT NULL,
  `sequencee` varchar(10) CHARACTER SET latin1 NOT NULL
) ENGINE=InnoDB DEFAULT CHARSET=utf8;

-- --------------------------------------------------------

--
-- Table structure for table `custom_table`
--

CREATE TABLE `custom_table` (
  `custom_id` int(11) NOT NULL,
  `custom_field` varchar(100) NOT NULL,
  `custom_data_type` int(11) NOT NULL,
  `custom_data` text NOT NULL,
  `employee_id` varchar(20) NOT NULL
) ENGINE=InnoDB DEFAULT CHARSET=latin1;

--
-- Dumping data for table `custom_table`
--

INSERT INTO `custom_table` (`custom_id`, `custom_field`, `custom_data_type`, `custom_data`, `employee_id`) VALUES
(2, '34628428', 1, '', '1');

-- --------------------------------------------------------

--
-- Table structure for table `department`
--

CREATE TABLE `department` (
  `dept_id` int(11) NOT NULL,
  `department_name` varchar(100) NOT NULL,
  `parent_id` int(11) NOT NULL
) ENGINE=InnoDB DEFAULT CHARSET=latin1;

--
-- Dumping data for table `department`
--

INSERT INTO `department` (`dept_id`, `department_name`, `parent_id`) VALUES
(1, 'Mechanical', 0),
(2, 'Senior', 1);

-- --------------------------------------------------------

--
-- Table structure for table `deviceinfo`
--

CREATE TABLE `deviceinfo` (
  `id` int(11) NOT NULL,
  `device_ip` varchar(50) NOT NULL
) ENGINE=InnoDB DEFAULT CHARSET=latin1;

--
-- Dumping data for table `deviceinfo`
--

INSERT INTO `deviceinfo` (`id`, `device_ip`) VALUES
(1, '192.168.1.201');

-- --------------------------------------------------------

--
-- Table structure for table `duty_type`
--

CREATE TABLE `duty_type` (
  `id` int(11) NOT NULL,
  `type_name` varchar(30) NOT NULL
) ENGINE=InnoDB DEFAULT CHARSET=latin1;

--
-- Dumping data for table `duty_type`
--

INSERT INTO `duty_type` (`id`, `type_name`) VALUES
(1, 'Full Time'),
(2, 'Part Time'),
(3, 'Contructual'),
(4, 'Other');

-- --------------------------------------------------------

--
-- Table structure for table `employee_benifit`
--

CREATE TABLE `employee_benifit` (
  `id` int(11) NOT NULL,
  `bnf_cl_code` varchar(100) NOT NULL,
  `bnf_cl_code_des` varchar(250) NOT NULL,
  `bnff_acural_date` date NOT NULL,
  `bnf_status` tinyint(4) NOT NULL,
  `employee_id` varchar(30) NOT NULL
) ENGINE=InnoDB DEFAULT CHARSET=latin1;

-- --------------------------------------------------------

--
-- Table structure for table `employee_equipment`
--

CREATE TABLE `employee_equipment` (
  `id` int(11) NOT NULL,
  `employee_id` varchar(20) NOT NULL,
  `equipment_id` int(11) NOT NULL,
  `issue_date` date NOT NULL,
  `damarage_desc` text NOT NULL,
  `return_date` date NOT NULL
) ENGINE=InnoDB DEFAULT CHARSET=latin1;

-- --------------------------------------------------------

--
-- Table structure for table `employee_performance`
--

CREATE TABLE `employee_performance` (
  `emp_per_id` int(11) NOT NULL,
  `employee_id` varchar(50) CHARACTER SET latin1 NOT NULL,
  `note` varchar(50) CHARACTER SET latin1 NOT NULL,
  `date` varchar(50) CHARACTER SET latin1 NOT NULL,
  `note_by` varchar(50) CHARACTER SET latin1 NOT NULL,
  `number_of_star` int(11) NOT NULL,
  `status` varchar(50) CHARACTER SET latin1 NOT NULL,
  `updated_by` varchar(50) CHARACTER SET latin1 NOT NULL
) ENGINE=InnoDB DEFAULT CHARSET=utf8;

-- --------------------------------------------------------

--
-- Table structure for table `employee_position`
--

CREATE TABLE `employee_position` (
  `emp_pos_id` int(10) UNSIGNED NOT NULL,
  `employee_id` varchar(50) CHARACTER SET latin1 NOT NULL,
  `first_name` varchar(50) CHARACTER SET latin1 NOT NULL,
  `position_name` varchar(50) CHARACTER SET latin1 NOT NULL,
  `position_details` varchar(100) CHARACTER SET latin1 NOT NULL
) ENGINE=InnoDB DEFAULT CHARSET=utf8;

-- --------------------------------------------------------

--
-- Table structure for table `employee_salary_payment`
--

CREATE TABLE `employee_salary_payment` (
  `emp_sal_pay_id` int(11) NOT NULL,
  `employee_id` varchar(50) CHARACTER SET latin1 NOT NULL,
  `total_salary` varchar(50) CHARACTER SET latin1 NOT NULL,
  `total_working_minutes` varchar(50) CHARACTER SET latin1 NOT NULL,
  `working_period` varchar(50) CHARACTER SET latin1 NOT NULL,
  `payment_due` varchar(50) CHARACTER SET latin1 NOT NULL,
  `payment_date` varchar(50) CHARACTER SET latin1 NOT NULL,
  `salary_name` varchar(100) DEFAULT NULL,
  `payment_type` int(11) DEFAULT NULL,
  `bank_name` varchar(250) DEFAULT NULL,
  `paid_by` varchar(50) CHARACTER SET latin1 NOT NULL
) ENGINE=InnoDB DEFAULT CHARSET=utf8;

-- --------------------------------------------------------

--
-- Table structure for table `employee_salary_setup`
--

CREATE TABLE `employee_salary_setup` (
  `e_s_s_id` int(11) UNSIGNED NOT NULL,
  `employee_id` varchar(30) CHARACTER SET latin1 NOT NULL,
  `sal_type` varchar(30) NOT NULL,
  `salary_type_id` varchar(30) CHARACTER SET latin1 NOT NULL,
  `amount` varchar(30) CHARACTER SET latin1 NOT NULL,
  `create_date` date DEFAULT NULL,
  `update_date` datetime(6) DEFAULT NULL,
  `update_id` varchar(30) CHARACTER SET latin1 NOT NULL,
  `gross_salary` float NOT NULL
) ENGINE=InnoDB DEFAULT CHARSET=utf8;

-- --------------------------------------------------------

--
-- Table structure for table `employee_sal_pay_type`
--

CREATE TABLE `employee_sal_pay_type` (
  `emp_sal_pay_type_id` int(11) UNSIGNED NOT NULL,
  `payment_period` varchar(50) CHARACTER SET latin1 NOT NULL
) ENGINE=InnoDB DEFAULT CHARSET=utf8;

-- --------------------------------------------------------

--
-- Table structure for table `emp_attendance`
--

CREATE TABLE `emp_attendance` (
  `att_id` int(10) UNSIGNED NOT NULL,
  `employee_id` varchar(50) CHARACTER SET latin1 NOT NULL,
  `date` varchar(30) CHARACTER SET latin1 NOT NULL,
  `sign_in` varchar(30) CHARACTER SET latin1 DEFAULT NULL,
  `sign_out` varchar(30) CHARACTER SET latin1 DEFAULT NULL,
  `staytime` time DEFAULT NULL
) ENGINE=InnoDB DEFAULT CHARSET=utf8;

-- --------------------------------------------------------

--
-- Table structure for table `equipment`
--

CREATE TABLE `equipment` (
  `equipment_id` int(11) NOT NULL,
  `equipment_name` varchar(100) NOT NULL,
  `type_id` int(11) NOT NULL,
  `model` varchar(100) NOT NULL,
  `serial_no` varchar(50) NOT NULL,
  `is_assign` tinyint(4) NOT NULL DEFAULT '0'
) ENGINE=InnoDB DEFAULT CHARSET=latin1;

-- --------------------------------------------------------

--
-- Table structure for table `equipment_type`
--

CREATE TABLE `equipment_type` (
  `type_id` int(11) NOT NULL,
  `type_name` varchar(100) NOT NULL
) ENGINE=InnoDB DEFAULT CHARSET=latin1;

-- --------------------------------------------------------

--
-- Table structure for table `expense_information`
--

CREATE TABLE `expense_information` (
  `id` int(11) NOT NULL,
  `expense_name` varchar(200) NOT NULL
) ENGINE=InnoDB DEFAULT CHARSET=latin1;

-- --------------------------------------------------------

--
-- Table structure for table `gender`
--

CREATE TABLE `gender` (
  `id` int(11) NOT NULL,
  `gender_name` varchar(30) NOT NULL
) ENGINE=InnoDB DEFAULT CHARSET=latin1;

--
-- Dumping data for table `gender`
--

INSERT INTO `gender` (`id`, `gender_name`) VALUES
(1, 'Male'),
(2, 'Female'),
(3, 'Other');

-- --------------------------------------------------------

--
-- Table structure for table `grand_loan`
--

CREATE TABLE `grand_loan` (
  `loan_id` int(11) NOT NULL,
  `employee_id` varchar(50) CHARACTER SET latin1 NOT NULL,
  `permission_by` varchar(30) CHARACTER SET latin1 NOT NULL,
  `loan_details` varchar(30) CHARACTER SET latin1 NOT NULL,
  `amount` varchar(30) CHARACTER SET latin1 NOT NULL,
  `interest_rate` varchar(30) CHARACTER SET latin1 NOT NULL,
  `installment` varchar(30) CHARACTER SET latin1 NOT NULL,
  `installment_period` varchar(30) CHARACTER SET latin1 NOT NULL,
  `repayment_amount` varchar(30) CHARACTER SET latin1 NOT NULL,
  `date_of_approve` varchar(30) CHARACTER SET latin1 NOT NULL,
  `repayment_start_date` varchar(30) CHARACTER SET latin1 NOT NULL,
  `created_by` varchar(30) CHARACTER SET latin1 NOT NULL,
  `updated_by` varchar(30) CHARACTER SET latin1 NOT NULL,
  `loan_status` varchar(30) CHARACTER SET latin1 NOT NULL
) ENGINE=InnoDB DEFAULT CHARSET=utf8;

-- --------------------------------------------------------

--
-- Table structure for table `income_area`
--

CREATE TABLE `income_area` (
  `id` int(11) NOT NULL,
  `income_field` varchar(200) NOT NULL
) ENGINE=InnoDB DEFAULT CHARSET=latin1;

-- --------------------------------------------------------

--
-- Table structure for table `job_advertisement`
--

CREATE TABLE `job_advertisement` (
  `job_adv_id` int(10) UNSIGNED NOT NULL,
  `pos_id` varchar(30) CHARACTER SET latin1 NOT NULL,
  `adv_circular_date` varchar(30) CHARACTER SET latin1 NOT NULL,
  `circular_dadeline` varchar(30) CHARACTER SET latin1 NOT NULL,
  `adv_file` tinytext CHARACTER SET latin1 NOT NULL,
  `adv_details` varchar(255) CHARACTER SET latin1 NOT NULL
) ENGINE=InnoDB DEFAULT CHARSET=utf8;

-- --------------------------------------------------------

--
-- Table structure for table `language`
--

CREATE TABLE `language` (
  `id` int(11) NOT NULL,
  `phrase` varchar(100) NOT NULL,
  `english` varchar(255) NOT NULL
) ENGINE=InnoDB DEFAULT CHARSET=utf8;



-- --------------------------------------------------------

--
-- Table structure for table `leave_apply`
--

CREATE TABLE `leave_apply` (
  `leave_appl_id` int(11) NOT NULL,
  `employee_id` varchar(20) NOT NULL,
  `leave_type_id` int(2) NOT NULL,
  `apply_strt_date` date DEFAULT NULL,
  `apply_end_date` date DEFAULT NULL,
  `apply_day` int(11) NOT NULL,
  `leave_aprv_strt_date` date DEFAULT NULL,
  `leave_aprv_end_date` date DEFAULT NULL,
  `num_aprv_day` varchar(15) NOT NULL,
  `reason` varchar(100) NOT NULL,
  `apply_hard_copy` text,
  `apply_date` date DEFAULT NULL,
  `approve_date` date DEFAULT NULL,
  `approved_by` varchar(30) NOT NULL,
  `leave_type` varchar(50) NOT NULL,
  `status` tinyint(4) NOT NULL DEFAULT '0'
) ENGINE=InnoDB DEFAULT CHARSET=latin1;

-- --------------------------------------------------------

--
-- Table structure for table `leave_type`
--

CREATE TABLE `leave_type` (
  `leave_type_id` int(2) NOT NULL,
  `leave_type` varchar(50) NOT NULL,
  `leave_days` int(2) NOT NULL
) ENGINE=InnoDB DEFAULT CHARSET=latin1;

-- --------------------------------------------------------

--
-- Table structure for table `loan_installment`
--

CREATE TABLE `loan_installment` (
  `loan_inst_id` int(11) NOT NULL,
  `employee_id` varchar(21) CHARACTER SET latin1 NOT NULL,
  `loan_id` varchar(21) CHARACTER SET latin1 NOT NULL,
  `installment_amount` varchar(20) CHARACTER SET latin1 NOT NULL,
  `payment` varchar(20) CHARACTER SET latin1 NOT NULL,
  `date` varchar(20) CHARACTER SET latin1 NOT NULL,
  `received_by` varchar(20) CHARACTER SET latin1 NOT NULL,
  `installment_no` varchar(20) CHARACTER SET latin1 NOT NULL DEFAULT '1',
  `notes` varchar(80) CHARACTER SET latin1 NOT NULL
) ENGINE=InnoDB DEFAULT CHARSET=utf8;

-- --------------------------------------------------------

--
-- Table structure for table `marital_info`
--

CREATE TABLE `marital_info` (
  `id` int(11) NOT NULL,
  `marital_sta` varchar(30) NOT NULL
) ENGINE=InnoDB DEFAULT CHARSET=latin1;

--
-- Dumping data for table `marital_info`
--

INSERT INTO `marital_info` (`id`, `marital_sta`) VALUES
(1, 'Single'),
(2, 'Married'),
(3, 'Divorced'),
(4, 'Widowed'),
(5, 'Other');

-- --------------------------------------------------------

--
-- Table structure for table `message`
--

CREATE TABLE `message` (
  `id` int(11) NOT NULL,
  `sender_id` int(11) NOT NULL,
  `receiver_id` int(11) NOT NULL,
  `subject` varchar(255) NOT NULL,
  `message` text NOT NULL,
  `datetime` datetime NOT NULL,
  `sender_status` tinyint(1) NOT NULL DEFAULT '0' COMMENT '0=unseen, 1=seen, 2=delete',
  `receiver_status` tinyint(1) NOT NULL DEFAULT '0' COMMENT '0=unseen, 1=seen, 2=delete'
) ENGINE=InnoDB DEFAULT CHARSET=utf8;

-- --------------------------------------------------------

--
-- Table structure for table `module`
--

CREATE TABLE `module` (
  `id` int(11) NOT NULL,
  `name` varchar(50) NOT NULL,
  `description` text,
  `image` varchar(255) NOT NULL,
  `directory` varchar(100) NOT NULL,
  `status` tinyint(1) NOT NULL DEFAULT '1'
) ENGINE=InnoDB DEFAULT CHARSET=utf8;

--
-- Dumping data for table `module`
--

INSERT INTO `module` (`id`, `name`, `description`, `image`, `directory`, `status`) VALUES
(39, 'attendance Details ', 'Simple attendance processing System', 'application/modules/attendance/assets/images/thumbnail.jpg', 'attendance', 1),
(40, 'Employee circulation processing System', 'Simple circulation processing System', 'application/modules/circularprocess/assets/images/thumbnail.jpg', 'circularprocess', 1),
(41, 'Employee Details ', 'Simple hrm processing System', 'application/modules/employee/assets/images/thumbnail.jpg', 'employee', 1),
(42, 'Leave Details ', 'Simple leave processing System', 'application/modules/leave/assets/images/thumbnail.jpg', 'leave', 1),
(43, 'Loan Details ', 'Simple loan processing System', 'application/modules/loan/assets/images/thumbnail.jpg', 'loan', 1),
(44, 'TAX Details ', 'Simple tax processing System', 'application/modules/tax/assets/images/thumbnail.jpg', 'tax', 1),
(46, 'Payroll Details ', 'Simple payroll processing System', 'application/modules/payroll/assets/images/thumbnail.jpg', 'payroll', 1),
(48, 'Account', 'Account information', 'application/modules/account/assets/images/thumbnail.jpg', 'account', 1),
(49, 'Notice Details ', 'Simple Notice', 'application/modules/noticeboard/assets/images/thumbnail.jpg', 'noticeboard', 1),
(50, 'Award Details ', 'Simple Award', 'application/modules/award/assets/images/thumbnail.jpg', 'award', 1),
(52, 'asset Details ', 'Simple asset', 'application/modules/asset/assets/images/thumbnail.jpg', 'asset', 1);

-- --------------------------------------------------------

--
-- Table structure for table `module_permission`
--

CREATE TABLE `module_permission` (
  `id` int(11) NOT NULL,
  `fk_module_id` int(11) NOT NULL,
  `fk_user_id` int(11) NOT NULL,
  `create` tinyint(1) DEFAULT NULL,
  `read` tinyint(1) DEFAULT NULL,
  `update` tinyint(1) DEFAULT NULL,
  `delete` tinyint(1) DEFAULT NULL
) ENGINE=InnoDB DEFAULT CHARSET=utf8;

-- --------------------------------------------------------

--
-- Table structure for table `notice_board`
--

CREATE TABLE `notice_board` (
  `notice_id` int(11) NOT NULL,
  `notice_descriptiion` text NOT NULL,
  `notice_date` date NOT NULL,
  `notice_type` varchar(50) NOT NULL,
  `notice_by` varchar(50) NOT NULL,
  `notice_attachment` text
) ENGINE=InnoDB DEFAULT CHARSET=latin1;

-- --------------------------------------------------------

--
-- Table structure for table `payroll_holiday`
--

CREATE TABLE `payroll_holiday` (
  `payrl_holi_id` int(11) UNSIGNED NOT NULL,
  `holiday_name` varchar(30) CHARACTER SET latin1 NOT NULL,
  `start_date` varchar(30) CHARACTER SET latin1 NOT NULL,
  `end_date` varchar(30) CHARACTER SET latin1 NOT NULL,
  `no_of_days` varchar(30) CHARACTER SET latin1 NOT NULL,
  `created_by` varchar(30) CHARACTER SET latin1 NOT NULL,
  `updated_by` varchar(30) CHARACTER SET latin1 NOT NULL
) ENGINE=InnoDB DEFAULT CHARSET=utf8;

-- --------------------------------------------------------

--
-- Table structure for table `payroll_tax_collection`
--

CREATE TABLE `payroll_tax_collection` (
  `tax_coll_id` int(11) UNSIGNED NOT NULL,
  `employee_id` varchar(30) CHARACTER SET latin1 NOT NULL,
  `date_start` varchar(30) CHARACTER SET latin1 NOT NULL,
  `amount_tax` varchar(30) CHARACTER SET latin1 NOT NULL,
  `collection_by` varchar(30) CHARACTER SET latin1 NOT NULL,
  `date_end` varchar(30) CHARACTER SET latin1 NOT NULL,
  `income_net_period` varchar(30) CHARACTER SET latin1 NOT NULL
) ENGINE=InnoDB DEFAULT CHARSET=utf8;

-- --------------------------------------------------------

--
-- Table structure for table `payroll_tax_setup`
--

CREATE TABLE `payroll_tax_setup` (
  `tax_setup_id` int(11) UNSIGNED NOT NULL,
  `start_amount` varchar(30) CHARACTER SET latin1 NOT NULL,
  `end_amount` varchar(30) CHARACTER SET latin1 NOT NULL,
  `rate` varchar(30) CHARACTER SET latin1 NOT NULL,
  `status` varchar(30) CHARACTER SET latin1 NOT NULL
) ENGINE=InnoDB DEFAULT CHARSET=utf8;

-- --------------------------------------------------------

--
-- Table structure for table `pay_frequency`
--

CREATE TABLE `pay_frequency` (
  `id` int(11) NOT NULL,
  `frequency_name` varchar(30) NOT NULL
) ENGINE=InnoDB DEFAULT CHARSET=latin1;

--
-- Dumping data for table `pay_frequency`
--

INSERT INTO `pay_frequency` (`id`, `frequency_name`) VALUES
(1, 'Weekly'),
(2, 'Biweekly'),
(3, 'Annual'),
(4, 'Monthly');

-- --------------------------------------------------------

--
-- Table structure for table `position`
--

CREATE TABLE `position` (
  `pos_id` int(11) NOT NULL,
  `position_name` varchar(255) CHARACTER SET latin1 NOT NULL,
  `position_details` varchar(255) CHARACTER SET latin1 NOT NULL
) ENGINE=InnoDB DEFAULT CHARSET=utf8;

--
-- Dumping data for table `position`
--

INSERT INTO `position` (`pos_id`, `position_name`, `position_details`) VALUES
(1, 'Supervisor', 'Supervisor'),
(2, 'Temporary', 'Temporary'),
(3, 'Permanent', 'Permanent');

-- --------------------------------------------------------

--
-- Table structure for table `rate_type`
--

CREATE TABLE `rate_type` (
  `id` int(11) NOT NULL,
  `r_type_name` varchar(30) NOT NULL
) ENGINE=InnoDB DEFAULT CHARSET=latin1;

-- --------------------------------------------------------

--
-- Table structure for table `salary_setup_header`
--

CREATE TABLE `salary_setup_header` (
  `s_s_h_id` int(11) UNSIGNED NOT NULL,
  `employee_id` varchar(30) CHARACTER SET latin1 NOT NULL,
  `salary_payable` varchar(30) CHARACTER SET latin1 DEFAULT NULL,
  `absent_deduct` varchar(30) CHARACTER SET latin1 DEFAULT NULL,
  `tax_manager` varchar(30) CHARACTER SET latin1 NOT NULL,
  `status` varchar(30) CHARACTER SET latin1 NOT NULL
) ENGINE=InnoDB DEFAULT CHARSET=utf8;

--
-- Dumping data for table `salary_setup_header`
--

INSERT INTO `salary_setup_header` (`s_s_h_id`, `employee_id`, `salary_payable`, `absent_deduct`, `tax_manager`, `status`) VALUES
(1, '34', NULL, '0', '0', ''),
(2, '34', NULL, '0', '0', ''),
(3, '34', NULL, '0', '0', ''),
(4, '1', NULL, '0', '0', ''),
(5, '34', NULL, '0', '0', ''),
(6, '34', NULL, '0', '0', ''),
(7, '34', NULL, '0', '0', ''),
(8, '34', NULL, '0', '0', '');

-- --------------------------------------------------------

--
-- Table structure for table `salary_sheet_generate`
--

CREATE TABLE `salary_sheet_generate` (
  `ssg_id` int(11) UNSIGNED NOT NULL,
  `name` varchar(30) CHARACTER SET latin1 NOT NULL,
  `gdate` varchar(20) DEFAULT NULL,
  `start_date` varchar(30) CHARACTER SET latin1 NOT NULL,
  `end_date` varchar(30) CHARACTER SET latin1 NOT NULL,
  `generate_by` varchar(30) CHARACTER SET latin1 NOT NULL
) ENGINE=InnoDB DEFAULT CHARSET=utf8;

--
-- Dumping data for table `salary_sheet_generate`
--

INSERT INTO `salary_sheet_generate` (`ssg_id`, `name`, `gdate`, `start_date`, `end_date`, `generate_by`) VALUES
(1, 'March 2020', '2020-03-18', '2020-3-1', '2020-3-31', ''),
(2, 'January 2020', '2020-03-23', '2020-1-1', '2020-1-31', ''),
(3, 'February 2020', '2020-03-23', '2020-2-1', '2020-2-29', ''),
(6, 'August 2020', '2020-03-23', '2020-8-1', '2020-8-31', '');

-- --------------------------------------------------------

--
-- Table structure for table `salary_type`
--

CREATE TABLE `salary_type` (
  `salary_type_id` int(10) UNSIGNED NOT NULL,
  `sal_name` varchar(50) CHARACTER SET latin1 NOT NULL,
  `emp_sal_type` varchar(50) CHARACTER SET latin1 NOT NULL,
  `default_amount` varchar(30) NOT NULL,
  `status` varchar(50) NOT NULL
) ENGINE=InnoDB DEFAULT CHARSET=utf8;

--
-- Dumping data for table `salary_type`
--

INSERT INTO `salary_type` (`salary_type_id`, `sal_name`, `emp_sal_type`, `default_amount`, `status`) VALUES
(1, 'Health', '1', '', ''),
(2, 'House Rent', '1', '', ''),
(3, 'PF', '0', '', '');

-- --------------------------------------------------------

--
-- Table structure for table `sec_menu_item`
--

CREATE TABLE `sec_menu_item` (
  `menu_id` int(11) NOT NULL,
  `menu_title` varchar(200) COLLATE utf8_unicode_ci DEFAULT NULL,
  `page_url` varchar(250) COLLATE utf8_unicode_ci DEFAULT NULL,
  `module` varchar(200) COLLATE utf8_unicode_ci DEFAULT NULL,
  `parent_menu` int(11) DEFAULT NULL,
  `is_report` tinyint(1) DEFAULT NULL,
  `createby` int(11) NOT NULL,
  `createdate` datetime NOT NULL
) ENGINE=InnoDB DEFAULT CHARSET=utf8 COLLATE=utf8_unicode_ci;

--
-- Dumping data for table `sec_menu_item`
--

INSERT INTO `sec_menu_item` (`menu_id`, `menu_title`, `page_url`, `module`, `parent_menu`, `is_report`, `createby`, `createdate`) VALUES
(134, 'asset_type', 'type_form', 'asset', 0, 0, 2, '2018-10-04 00:00:00'),
(137, 'equipment', 'equipment_form', 'asset', NULL, 0, 2, '2018-10-04 00:00:00'),
(142, 'asset_assignment', 'maping_form', 'asset', NULL, 0, 2, '2018-10-04 00:00:00'),
(143, 'return', '', 'asset', NULL, 0, 2, '2018-10-04 00:00:00'),
(144, 'return_asset', 'asset_return_form', 'asset', 143, 0, 2, '2018-10-04 00:00:00'),
(145, 'return_list', 'return_list', 'asset', 143, 0, 2, '2018-10-04 00:00:00'),
(147, 'attendance', '', 'attendance', 0, 0, 2, '2018-10-04 00:00:00'),
(148, 'atn_form', 'atnview', 'attendance', 147, 0, 2, '2018-10-04 00:00:00'),
(149, 'new_award', 'award_form', 'award', 0, 0, 2, '2018-10-04 00:00:00'),
(150, 'candidate_basic_info', '', 'recruitment', 0, 0, 2, '2018-10-04 00:00:00'),
(151, 'add_canbasic_info', 'canInfo_form', 'recruitment', 150, 0, 2, '2018-10-04 00:00:00'),
(152, 'can_basicinfo_list', 'canInfoview', 'recruitment', 150, 0, 2, '2018-10-04 00:00:00'),
(153, 'candidate_shortlist', 'shortlist_form', 'recruitment', 0, 0, 2, '2018-10-04 00:00:00'),
(154, 'candidate_interview', 'interview_form', 'recruitment', 0, 0, 2, '2018-10-04 00:00:00'),
(155, 'candidate_selection', 'selection_form', 'recruitment', 0, 0, 2, '2018-10-04 00:00:00'),
(156, 'department', 'dept_form', 'department', 0, 0, 2, '2018-10-04 00:00:00'),
(157, 'division', '', 'department', 0, 0, 2, '2018-10-04 00:00:00'),
(158, 'add_division', 'division_form', 'department', 157, 0, 2, '2018-10-04 00:00:00'),
(159, 'division_list', 'division_list', 'department', 157, 0, 2, '2018-10-04 00:00:00'),
(161, 'position', 'position_form', 'employee', 0, 0, 2, '2018-10-04 00:00:00'),
(162, 'direct_empl', '', 'employee', 0, 0, 2, '2018-10-04 00:00:00'),
(163, 'add_employee', 'employ_form', 'employee', 162, 0, 2, '2018-10-04 00:00:00'),
(164, 'manage_employee', 'employee_view', 'employee', 162, 0, 2, '2018-10-04 00:00:00'),
(165, 'emp_performance', 'emp_performance_form', 'employee', 0, 0, 2, '2018-10-04 00:00:00'),
(167, 'weekly_holiday', 'weeklyform', 'leave', 0, 0, 2, '2018-10-08 00:00:00'),
(168, 'holiday', 'holiday_form', 'leave', 0, 0, 2, '2018-10-08 00:00:00'),
(169, 'others_leave_application', '', 'leave', NULL, 0, 2, '2018-10-08 00:00:00'),
(170, 'loan_grand', 'grandloan_form', 'loan', 0, 0, 2, '2018-10-08 00:00:00'),
(171, 'loan_installment', 'installment_form', 'loan', 0, 0, 2, '2018-10-08 00:00:00'),
(172, 'loan_report', 'ln_report', 'loan', 0, 0, 2, '2018-10-08 00:00:00'),
(173, 'notice', 'notice_form', 'noticeboard', 0, 0, 2, '2018-10-08 00:00:00'),
(174, 'salary_type_setup', 'emp_salarysetup_form', 'payroll', NULL, 0, 2, '2018-10-08 00:00:00'),
(175, 'salary_setup', 'salarysetup_form', 'payroll', 0, 0, 2, '2018-10-08 00:00:00'),
(176, 'salary_generate', 'salary_generate_form', 'payroll', 0, 0, 2, '2018-10-08 00:00:00'),
(177, 'employee_reports', '', 'reports', 0, 0, 2, '2018-10-09 00:00:00'),
(178, 'demographic_report', 'demographic_list', 'reports', 177, 0, 2, '2018-10-09 00:00:00'),
(179, 'posting_report', 'positional_list', 'reports', 177, 0, 2, '2018-10-09 00:00:00'),
(180, 'asset', 'assets_list', 'reports', 177, 0, 2, '2018-10-09 00:00:00'),
(181, 'benifit_report', 'benifit_list', 'reports', 177, 0, 2, '2018-10-09 00:00:00'),
(182, 'custom_report', 'custom_list', 'reports', 177, 0, 2, '2018-10-09 00:00:00'),
(183, 'adhoc_report', 'adhoc_form', 'reports', 0, 0, 2, '2018-10-09 00:00:00'),
(186, 'add_leave_type', 'leave_type_form', 'leave', 169, 0, 2, '2018-10-16 00:00:00'),
(187, 'leave_application', 'other_leave_application_form', 'leave', 169, 0, 2, '2018-10-16 00:00:00'),
(188, 'c_o_a', 'treeview', 'accounts', NULL, 0, 2, '2018-10-18 00:00:00'),
(189, 'balance_adjustment', 'balance_adjustment', 'accounts', 0, 0, 2, '2019-12-14 00:00:00'),
(190, 'cash_adjustment', 'cash_adjustment', 'accounts', 0, 0, 2, '2019-12-14 00:00:00'),
(191, 'bank_adjustment', 'bank_adjustment', 'accounts', 0, 0, 2, '2019-12-14 00:00:00'),
(192, 'payment_type', 'payment_type', 'accounts', 0, 0, 2, '2019-12-14 00:00:00'),
(193, 'debit_voucher', 'debit_voucher', 'accounts', 0, 0, 2, '2018-10-18 00:00:00'),
(194, 'credit_voucher', 'credit_voucher', 'accounts', 0, 0, 2, '2018-10-18 00:00:00'),
(195, 'contra_voucher', 'contra_voucher', 'accounts', 0, 0, 2, '2018-10-18 00:00:00'),
(196, 'journal_voucher', 'journal_voucher', 'accounts', 0, 0, 2, '2018-10-18 00:00:00'),
(197, 'voucher_approval', 'voucher_approve', 'accounts', 0, 0, 2, '2018-10-18 00:00:00'),
(198, 'account_report', '', 'accounts', 0, 0, 2, '2018-10-18 00:00:00'),
(199, 'voucher_report', 'coa', 'accounts', 194, 0, 2, '2018-10-18 00:00:00'),
(200, 'cash_book', 'cash_book', 'accounts', 194, 0, 2, '2018-10-18 00:00:00'),
(201, 'bank_book', 'bank_book', 'accounts', 194, 0, 2, '2018-10-18 00:00:00'),
(202, 'general_ledger', 'general_ledger', 'accounts', 194, 0, 2, '2018-10-18 00:00:00'),
(203, 'trial_balance', 'trial_balance', 'accounts', 194, 0, 2, '2018-10-18 00:00:00'),
(204, 'add_bank', 'add_bank', 'bank', 0, 0, 2, '2019-12-14 00:00:00'),
(205, 'bank_list', 'bank_list', 'bank', 0, 0, 2, '2019-12-14 00:00:00'),
(206, 'profit_loss', 'profit_loss_report', 'accounts', 194, 0, 2, '2018-10-18 00:00:00'),
(207, 'cash_flow', 'cash_flow_report', 'accounts', 194, 0, 2, '2018-10-18 00:00:00'),
(208, 'coa_print', 'coa_print', 'accounts', 194, 0, 2, '2018-10-18 00:00:00'),
(211, 'atn_log_datewise', 'attendance_log_datewise', 'attendance', 147, 0, 2, '2019-12-14 00:00:00'),
(212, 'device_connection', 'device_connect_form', 'attendance', 0, 0, 2, '2019-12-14 00:00:00'),
(213, 'expense_item', 'add_expense', 'expense', 0, 0, 2, '2019-12-14 00:00:00'),
(214, 'expense_sheet', 'expense_sheet', 'expense', 0, 0, 2, '2019-12-14 00:00:00'),
(215, 'expense_statement', 'expense_statement_form', 'expense', 0, 0, 2, '2019-12-14 00:00:00'),
(216, 'income_field', 'add_income', 'income', 0, 0, 2, '2019-12-14 00:00:00'),
(217, 'income_sheet', 'income_sheet', 'income', 0, 0, 2, '2019-12-14 00:00:00'),
(218, 'income_statement', 'income_statement_form', 'income', 0, 0, 2, '2019-12-14 00:00:00'),
(219, 'emp_sal_payment', 'paymentview', 'payroll', 0, 0, 2, '2019-12-14 00:00:00');

-- --------------------------------------------------------

--
