INSERT INTO `product` (`product_id`, `rating_num`, `rating_total`, `rating_user`, `title`, `added_by`, `category`, `description`, `sub_category`, `num_of_imgs`, `sale_price`, `purchase_price`, `shipping_cost`, `add_timestamp`, `featured`, `tag`, `seo_title`, `seo_description`, `status`, `front_image`, `brand`, `current_stock`, `unit`, `additional_fields`, `number_of_view`, `background`, `discount`, `discount_type`, `tax`, `tax_type`, `color`, `options`, `main_image`, `download`, `download_name`, `deal`, `num_of_downloads`, `update_time`, `requirements`, `logo`, `video`, `last_viewed`, `products`, `is_bundle`, `vendor_featured`) VALUES
(201, 0, 0.00, '[]', 'Smart OLED TV', '{\"type\":\"vendor\",\"id\":\"7\"}', 16, '                                        <p>Dimensions (W x H x D): TV without stand: 57.2\" x 32.8\" x 1.8\", TV with stand: 57.2\" x 34.4\" x 8.5\"</p><p>Smart functionality gives you access to your favorite apps and content using webOS 3.5. CONNECTIVITY : Wi-Fi Built In 802.11ac</p><p>Pairs 4K Ultra HD picture clarity with the contrast, color, and detail of High Dynamic Range (HDR) for the most lifelike picture</p><p>Individually lit OLED pixels achieve the ultimate contrast for outstanding picture quality. Resolution: 3840 x 2160</p><p>OLED does not require a backlight giving it deep blacks and making it extremely thin.Other Features :Active HDR with Dolby Vision, Dolby Atmos, Perfect Black, Cinematic Color, Billion Rich Colors, Ultra Luminance, Pixel Level Dimming</p><p>Inputs: 4 HDMI, 3 USB, 1 RF, 1 Composite, Component Shared w/ Composite, 1 Ethernet, 1 Optical, 1 RS232C (Mini Jack). Smart TV Operating System-webOS 3.5</p><p>Power supply (voltage, Hz): 120 Vac 50-60Hz . Recommended sound bars: SJ7, SJ8, and SJ9</p>', 87, '1', 1049.00, 1049.00, '0', '1530440532', 'no', 'tv', NULL, NULL, 'ok', '0', '181', 50, 'Pc', '{\"name\":\"[\\\"Technical Details\\\"]\",\"value\":\"[\\\"<table id=\\\\\\\"productDetails_techSpec_section_1\\\\\\\" class=\\\\\\\"a-keyvalue prodDetTable\\\\\\\" role=\\\\\\\"presentation\\\\\\\" style=\\\\\\\"margin-bottom: 22px; width: 606px; border-bottom: 1px solid rgb(231, 231, 231); table-layout: fixed; padding: 0px; color: rgb(17, 17, 17); font-family: Arial, sans-serif; font-size: 13px; background-color: rgb(255, 255, 255);\\\\\\\"><tbody><tr><th class=\\\\\\\"a-color-secondary a-size-base prodDetSectionEntry\\\\\\\" style=\\\\\\\"vertical-align: top; padding: 7px 14px 6px; background-color: rgb(243, 243, 243); font-weight: 400; border-top: 1px solid rgb(231, 231, 231); word-wrap: break-word; width: 303px; line-height: 19px !important;\\\\\\\">Brand Name<\\\\\\/th><td class=\\\\\\\"a-size-base\\\\\\\" style=\\\\\\\"vertical-align: top; padding: 7px 14px 6px; border-top: 1px solid rgb(231, 231, 231); color: rgb(51, 51, 51); font-family: Arial; line-height: 19px !important;\\\\\\\">LG<\\\\\\/td><\\\\\\/tr><tr><th class=\\\\\\\"a-color-secondary a-size-base prodDetSectionEntry\\\\\\\" style=\\\\\\\"vertical-align: top; padding: 7px 14px 6px; background-color: rgb(243, 243, 243); font-weight: 400; border-top: 1px solid rgb(231, 231, 231); word-wrap: break-word; width: 303px; line-height: 19px !important;\\\\\\\">Item Weight<\\\\\\/th><td class=\\\\\\\"a-size-base\\\\\\\" style=\\\\\\\"vertical-align: top; padding: 7px 14px 6px; border-top: 1px solid rgb(231, 231, 231); color: rgb(51, 51, 51); font-family: Arial; line-height: 19px !important;\\\\\\\">54.5 pounds<\\\\\\/td><\\\\\\/tr><tr><th class=\\\\\\\"a-color-secondary a-size-base prodDetSectionEntry\\\\\\\" style=\\\\\\\"vertical-align: top; padding: 7px 14px 6px; background-color: rgb(243, 243, 243); font-weight: 400; border-top: 1px solid rgb(231, 231, 231); word-wrap: break-word; width: 303px; line-height: 19px !important;\\\\\\\">Product Dimensions<\\\\\\/th><td class=\\\\\\\"a-size-base\\\\\\\" style=\\\\\\\"vertical-align: top; padding: 7px 14px 6px; border-top: 1px solid rgb(231, 231, 231); color: rgb(51, 51, 51); font-family: Arial; line-height: 19px !important;\\\\\\\">57.2 x 8.5 x 34.4 inches<\\\\\\/td><\\\\\\/tr><tr><th class=\\\\\\\"a-color-secondary a-size-base prodDetSectionEntry\\\\\\\" style=\\\\\\\"vertical-align: top; padding: 7px 14px 6px; background-color: rgb(243, 243, 243); font-weight: 400; border-top: 1px solid rgb(231, 231, 231); word-wrap: break-word; width: 303px; line-height: 19px !important;\\\\\\\">Item model number<\\\\\\/th><td class=\\\\\\\"a-size-base\\\\\\\" style=\\\\\\\"vertical-align: top; padding: 7px 14px 6px; border-top: 1px solid rgb(231, 231, 231); color: rgb(51, 51, 51); font-family: Arial; line-height: 19px !important;\\\\\\\">OLED65C7P<\\\\\\/td><\\\\\\/tr><tr><th class=\\\\\\\"a-color-secondary a-size-base prodDetSectionEntry\\\\\\\" style=\\\\\\\"vertical-align: top; padding: 7px 14px 6px; background-color: rgb(243, 243, 243); font-weight: 400; border-top: 1px solid rgb(231, 231, 231); word-wrap: break-word; width: 303px; line-height: 19px !important;\\\\\\\">Batteries<\\\\\\/th><td class=\\\\\\\"a-size-base\\\\\\\" style=\\\\\\\"vertical-align: top; padding: 7px 14px 6px; border-top: 1px solid rgb(231, 231, 231); color: rgb(51, 51, 51); font-family: Arial; line-height: 19px !important;\\\\\\\">2 AA batteries required. (included)<\\\\\\/td><\\\\\\/tr><tr><th class=\\\\\\\"a-color-secondary a-size-base prodDetSectionEntry\\\\\\\" style=\\\\\\\"vertical-align: top; padding: 7px 14px 6px; background-color: rgb(243, 243, 243); font-weight: 400; border-top: 1px solid rgb(231, 231, 231); word-wrap: break-word; width: 303px; line-height: 19px !important;\\\\\\\">Color Name<\\\\\\/th><td class=\\\\\\\"a-size-base\\\\\\\" style=\\\\\\\"vertical-align: top; padding: 7px 14px 6px; border-top: 1px solid rgb(231, 231, 231); color: rgb(51, 51, 51); font-family: Arial; line-height: 19px !important;\\\\\\\">Black<\\\\\\/td><\\\\\\/tr><tr><th class=\\\\\\\"a-color-secondary a-size-base prodDetSectionEntry\\\\\\\" style=\\\\\\\"vertical-align: top; padding: 7px 14px 6px; background-color: rgb(243, 243, 243); font-weight: 400; border-top: 1px solid rgb(231, 231, 231); word-wrap: break-word; width: 303px; line-height: 19px !important;\\\\\\\">Special Features<\\\\\\/th><td class=\\\\\\\"a-size-base\\\\\\\" style=\\\\\\\"vertical-align: top; padding: 7px 14px 6px; border-top: 1px solid rgb(231, 231, 231); color: rgb(51, 51, 51); font-family: Arial; line-height: 19px !important;\\\\\\\">Active HDR with Dolby Vision; Dolby Atmos; Perfect Black; Cinematic Color, Full Web Browser; Billion Rich Colors; Ultra Luminance; Pixel Level Dimming<\\\\\\/td><\\\\\\/tr><\\\\\\/tbody><\\\\\\/table>\\\"]\"}', 0, NULL, '0', 'percent', '0', 'percent', '[\"rgba(204,204,204,1)\"]', '[]', '0', NULL, NULL, NULL, 0, NULL, NULL, NULL, NULL, NULL, NULL, 'no', 'ok'),
(202, 0, 0.00, '[]', 'EG3 Gaming Headset', '{\"type\":\"vendor\",\"id\":\"7\"}', 16, '<p>MULTI-PLATFORM COMPATIBLE -- Support PC (Win7, Win8, Win10 ), PlayStation 4 Console, Laptop and devices with USB audio support. NOTE: When connecting to PS4, Please plug the USB port to the PS4 console. When connecting to Mac, the headset supports music and microphone, but does Not support customized sound effect</p><p>7.1 VIRTUAL SURROUND SOUND FOR IMMERSIVE GAMING EXPERIENCE -- Reflects the in-game environment, so you can hear and detect your enemies and incoming threats and loot all around you. Connect the included USB to your PC and download Mpow Gaming Software in order to fully customize the sound to your liking. You can even program different sound profiles for each game</p><p>ADVANCED 50MM DRIVERS -- Using 50 mm neodymium drivers, Mpow EG3 delivers high-quality stereo sound to keep you immersed in your game or music from start to finish. Perfect for various games like Fortnite, PLAYERUNKNOWN\'S BATTLEGROUNDS, Overwatch, League of Legend, Hearthstone etc.</p><p>LIGHTWEIGHT COMFORT DESIGN -- Crafted for long gaming sessions. With unique tension controls to adjust the tightness of the headset to your personal preference. Soft memory foam earpads block outside sounds and keep your ears cool for distraction-free play. The LED lights add cool atmosphere for your gaming experience</p><p>NOISE CANCELLING MIC &amp; FINGERTIP CONTROL -- Onmi-directional &amp; flexible microphone pick up sound with great sensitivity, which enables you clearly deliver or receive messages while you are in a game. Easy to adjust volume with a mute control housed on the mic shell and volume wheel on the ear cup</p>', 87, '1', 28.99, 28.99, '0', '1530440991', 'no', 'headphone', NULL, NULL, 'ok', '0', '61', 300, 'Pc', '{\"name\":\"[\\\"Additional\\\"]\",\"value\":\"[\\\"<p>Note:<\\\\\\/p><p>Mpow EG3 USB Gaming Headset Supports :<\\\\\\/p><p>Laptop, Win7, Win8, Win10 and devices with USB audio support<\\\\\\/p><p>PS4 (Connect the USB port to PS4 console)<\\\\\\/p><p>Mac (Support music and microphone, but does Not support customized sound effect)<\\\\\\/p><div><br><\\\\\\/div>\\\"]\"}', 0, NULL, '0', 'percent', '0', 'percent', '[\"rgba(23,19,19,1)\",\"rgba(130,46,66,1)\"]', '[]', '0', NULL, NULL, NULL, 0, NULL, NULL, NULL, NULL, NULL, NULL, 'no', 'ok'),
(203, 0, 0.00, '[]', 'ZenBook 13 Ultra-Slim Laptop', '{\"type\":\"vendor\",\"id\":\"7\"}', 16, '<p>13.3 Inch Anti-glare FHD 1920 x 1080 Display, Wide View 170 degrees with Windows 10 Pre-installed</p><p>Latest 8th Gen Intel i5-8250U 1.6 GHz Processor (6M Cache, Turbo up to 3.4GHz), Fast storage and memory featuring 256GB SATA 3 M.2 SSD with 8GB LPDDR3 RAM</p><p>Extensive connectivity with micro HDMI/USB 3.1 Type C, 802.11ac WiFi, and SD Card Reader</p><p>Sleek and light weight 2.6 lbs aluminum body for comfortable portability</p><p>Built-in fingerprint reader with one-touch login via Windows Hello feature</p>', 86, '1', 49.34, 49.34, '0', '1530441757', 'no', 'laptop,asus', NULL, NULL, 'ok', '0', '59', 100, 'Pc', '{\"name\":\"[\\\"Summary\\\",\\\"Technical Details\\\"]\",\"value\":\"[\\\"<table id=\\\\\\\"productDetails_techSpec_section_1\\\\\\\" class=\\\\\\\"a-keyvalue prodDetTable\\\\\\\" role=\\\\\\\"presentation\\\\\\\" style=\\\\\\\"margin-bottom: 22px; width: 606px; border-bottom: 1px solid rgb(231, 231, 231); table-layout: fixed; padding: 0px; color: rgb(17, 17, 17); font-family: Arial, sans-serif; font-size: 13px; background-color: rgb(255, 255, 255);\\\\\\\"><tbody><tr><th class=\\\\\\\"a-color-secondary a-size-base prodDetSectionEntry\\\\\\\" style=\\\\\\\"vertical-align: top; padding: 7px 14px 6px; background-color: rgb(243, 243, 243); font-weight: 400; border-top: 1px solid rgb(231, 231, 231); word-wrap: break-word; width: 303px; line-height: 19px !important;\\\\\\\">Screen Size<\\\\\\/th><td class=\\\\\\\"a-size-base\\\\\\\" style=\\\\\\\"vertical-align: top; padding: 7px 14px 6px; border-top: 1px solid rgb(231, 231, 231); color: rgb(51, 51, 51); font-family: Arial; line-height: 19px !important;\\\\\\\">13.3 inches<\\\\\\/td><\\\\\\/tr><tr><th class=\\\\\\\"a-color-secondary a-size-base prodDetSectionEntry\\\\\\\" style=\\\\\\\"vertical-align: top; padding: 7px 14px 6px; background-color: rgb(243, 243, 243); font-weight: 400; border-top: 1px solid rgb(231, 231, 231); word-wrap: break-word; width: 303px; line-height: 19px !important;\\\\\\\">Max Screen Resolution<\\\\\\/th><td class=\\\\\\\"a-size-base\\\\\\\" style=\\\\\\\"vertical-align: top; padding: 7px 14px 6px; border-top: 1px solid rgb(231, 231, 231); color: rgb(51, 51, 51); font-family: Arial; line-height: 19px !important;\\\\\\\">1920 x 1080<\\\\\\/td><\\\\\\/tr><tr><th class=\\\\\\\"a-color-secondary a-size-base prodDetSectionEntry\\\\\\\" style=\\\\\\\"vertical-align: top; padding: 7px 14px 6px; background-color: rgb(243, 243, 243); font-weight: 400; border-top: 1px solid rgb(231, 231, 231); word-wrap: break-word; width: 303px; line-height: 19px !important;\\\\\\\">Processor<\\\\\\/th><td class=\\\\\\\"a-size-base\\\\\\\" style=\\\\\\\"vertical-align: top; padding: 7px 14px 6px; border-top: 1px solid rgb(231, 231, 231); color: rgb(51, 51, 51); font-family: Arial; line-height: 19px !important;\\\\\\\">1.6 GHz Intel Core i5<\\\\\\/td><\\\\\\/tr><tr><th class=\\\\\\\"a-color-secondary a-size-base prodDetSectionEntry\\\\\\\" style=\\\\\\\"vertical-align: top; padding: 7px 14px 6px; background-color: rgb(243, 243, 243); font-weight: 400; border-top: 1px solid rgb(231, 231, 231); word-wrap: break-word; width: 303px; line-height: 19px !important;\\\\\\\">RAM<\\\\\\/th><td class=\\\\\\\"a-size-base\\\\\\\" style=\\\\\\\"vertical-align: top; padding: 7px 14px 6px; border-top: 1px solid rgb(231, 231, 231); color: rgb(51, 51, 51); font-family: Arial; line-height: 19px !important;\\\\\\\">8 GB LPDDR3<\\\\\\/td><\\\\\\/tr><tr><th class=\\\\\\\"a-color-secondary a-size-base prodDetSectionEntry\\\\\\\" style=\\\\\\\"vertical-align: top; padding: 7px 14px 6px; background-color: rgb(243, 243, 243); font-weight: 400; border-top: 1px solid rgb(231, 231, 231); word-wrap: break-word; width: 303px; line-height: 19px !important;\\\\\\\">Hard Drive<\\\\\\/th><td class=\\\\\\\"a-size-base\\\\\\\" style=\\\\\\\"vertical-align: top; padding: 7px 14px 6px; border-top: 1px solid rgb(231, 231, 231); color: rgb(51, 51, 51); font-family: Arial; line-height: 19px !important;\\\\\\\">256 GB Flash Memory Solid State<\\\\\\/td><\\\\\\/tr><tr><th class=\\\\\\\"a-color-secondary a-size-base prodDetSectionEntry\\\\\\\" style=\\\\\\\"vertical-align: top; padding: 7px 14px 6px; background-color: rgb(243, 243, 243); font-weight: 400; border-top: 1px solid rgb(231, 231, 231); word-wrap: break-word; width: 303px; line-height: 19px !important;\\\\\\\">Graphics Coprocessor<\\\\\\/th><td class=\\\\\\\"a-size-base\\\\\\\" style=\\\\\\\"vertical-align: top; padding: 7px 14px 6px; border-top: 1px solid rgb(231, 231, 231); color: rgb(51, 51, 51); font-family: Arial; line-height: 19px !important;\\\\\\\">Integrated<\\\\\\/td><\\\\\\/tr><tr><th class=\\\\\\\"a-color-secondary a-size-base prodDetSectionEntry\\\\\\\" style=\\\\\\\"vertical-align: top; padding: 7px 14px 6px; background-color: rgb(243, 243, 243); font-weight: 400; border-top: 1px solid rgb(231, 231, 231); word-wrap: break-word; width: 303px; line-height: 19px !important;\\\\\\\">Card Description<\\\\\\/th><td class=\\\\\\\"a-size-base\\\\\\\" style=\\\\\\\"vertical-align: top; padding: 7px 14px 6px; border-top: 1px solid rgb(231, 231, 231); color: rgb(51, 51, 51); font-family: Arial; line-height: 19px !important;\\\\\\\">Integrated<\\\\\\/td><\\\\\\/tr><tr><th class=\\\\\\\"a-color-secondary a-size-base prodDetSectionEntry\\\\\\\" style=\\\\\\\"vertical-align: top; padding: 7px 14px 6px; background-color: rgb(243, 243, 243); font-weight: 400; border-top: 1px solid rgb(231, 231, 231); word-wrap: break-word; width: 303px; line-height: 19px !important;\\\\\\\">Wireless Type<\\\\\\/th><td class=\\\\\\\"a-size-base\\\\\\\" style=\\\\\\\"vertical-align: top; padding: 7px 14px 6px; border-top: 1px solid rgb(231, 231, 231); color: rgb(51, 51, 51); font-family: Arial; line-height: 19px !important;\\\\\\\">802.11.ac<\\\\\\/td><\\\\\\/tr><tr><th class=\\\\\\\"a-color-secondary a-size-base prodDetSectionEntry\\\\\\\" style=\\\\\\\"vertical-align: top; padding: 7px 14px 6px; background-color: rgb(243, 243, 243); font-weight: 400; border-top: 1px solid rgb(231, 231, 231); word-wrap: break-word; width: 303px; line-height: 19px !important;\\\\\\\">Number of USB 3.0 Ports<\\\\\\/th><td class=\\\\\\\"a-size-base\\\\\\\" style=\\\\\\\"vertical-align: top; padding: 7px 14px 6px; border-top: 1px solid rgb(231, 231, 231); color: rgb(51, 51, 51); font-family: Arial; line-height: 19px !important;\\\\\\\">2<\\\\\\/td><\\\\\\/tr><\\\\\\/tbody><\\\\\\/table>\\\",\\\"<table id=\\\\\\\"productDetails_techSpec_section_2\\\\\\\" class=\\\\\\\"a-keyvalue prodDetTable\\\\\\\" role=\\\\\\\"presentation\\\\\\\" style=\\\\\\\"margin-bottom: 22px; width: 606px; border-bottom: 1px solid rgb(231, 231, 231); table-layout: fixed; padding: 0px; color: rgb(17, 17, 17); font-family: Arial, sans-serif; font-size: 13px; background-color: rgb(255, 255, 255);\\\\\\\"><tbody><tr><th class=\\\\\\\"a-color-secondary a-size-base prodDetSectionEntry\\\\\\\" style=\\\\\\\"vertical-align: top; padding: 7px 14px 6px; background-color: rgb(243, 243, 243); font-weight: 400; border-top: 1px solid rgb(231, 231, 231); word-wrap: break-word; width: 303px; line-height: 19px !important;\\\\\\\">Brand Name<\\\\\\/th><td class=\\\\\\\"a-size-base\\\\\\\" style=\\\\\\\"vertical-align: top; padding: 7px 14px 6px; border-top: 1px solid rgb(231, 231, 231); color: rgb(51, 51, 51); font-family: Arial; line-height: 19px !important;\\\\\\\">Asus<\\\\\\/td><\\\\\\/tr><tr><th class=\\\\\\\"a-color-secondary a-size-base prodDetSectionEntry\\\\\\\" style=\\\\\\\"vertical-align: top; padding: 7px 14px 6px; background-color: rgb(243, 243, 243); font-weight: 400; border-top: 1px solid rgb(231, 231, 231); word-wrap: break-word; width: 303px; line-height: 19px !important;\\\\\\\">Series<\\\\\\/th><td class=\\\\\\\"a-size-base\\\\\\\" style=\\\\\\\"vertical-align: top; padding: 7px 14px 6px; border-top: 1px solid rgb(231, 231, 231); color: rgb(51, 51, 51); font-family: Arial; line-height: 19px !important;\\\\\\\">UX330UA-AH55<\\\\\\/td><\\\\\\/tr><tr><th class=\\\\\\\"a-color-secondary a-size-base prodDetSectionEntry\\\\\\\" style=\\\\\\\"vertical-align: top; padding: 7px 14px 6px; background-color: rgb(243, 243, 243); font-weight: 400; border-top: 1px solid rgb(231, 231, 231); word-wrap: break-word; width: 303px; line-height: 19px !important;\\\\\\\">Item model number<\\\\\\/th><td class=\\\\\\\"a-size-base\\\\\\\" style=\\\\\\\"vertical-align: top; padding: 7px 14px 6px; border-top: 1px solid rgb(231, 231, 231); color: rgb(51, 51, 51); font-family: Arial; line-height: 19px !important;\\\\\\\">UX330UA-AH55<\\\\\\/td><\\\\\\/tr><tr><th class=\\\\\\\"a-color-secondary a-size-base prodDetSectionEntry\\\\\\\" style=\\\\\\\"vertical-align: top; padding: 7px 14px 6px; background-color: rgb(243, 243, 243); font-weight: 400; border-top: 1px solid rgb(231, 231, 231); word-wrap: break-word; width: 303px; line-height: 19px !important;\\\\\\\">Operating System<\\\\\\/th><td class=\\\\\\\"a-size-base\\\\\\\" style=\\\\\\\"vertical-align: top; padding: 7px 14px 6px; border-top: 1px solid rgb(231, 231, 231); color: rgb(51, 51, 51); font-family: Arial; line-height: 19px !important;\\\\\\\">Windows 10<\\\\\\/td><\\\\\\/tr><tr><th class=\\\\\\\"a-color-secondary a-size-base prodDetSectionEntry\\\\\\\" style=\\\\\\\"vertical-align: top; padding: 7px 14px 6px; background-color: rgb(243, 243, 243); font-weight: 400; border-top: 1px solid rgb(231, 231, 231); word-wrap: break-word; width: 303px; line-height: 19px !important;\\\\\\\">Item Weight<\\\\\\/th><td class=\\\\\\\"a-size-base\\\\\\\" style=\\\\\\\"vertical-align: top; padding: 7px 14px 6px; border-top: 1px solid rgb(231, 231, 231); color: rgb(51, 51, 51); font-family: Arial; line-height: 19px !important;\\\\\\\">2.6 pounds<\\\\\\/td><\\\\\\/tr><tr><th class=\\\\\\\"a-color-secondary a-size-base prodDetSectionEntry\\\\\\\" style=\\\\\\\"vertical-align: top; padding: 7px 14px 6px; background-color: rgb(243, 243, 243); font-weight: 400; border-top: 1px solid rgb(231, 231, 231); word-wrap: break-word; width: 303px; line-height: 19px !important;\\\\\\\">Product Dimensions<\\\\\\/th><td class=\\\\\\\"a-size-base\\\\\\\" style=\\\\\\\"vertical-align: top; padding: 7px 14px 6px; border-top: 1px solid rgb(231, 231, 231); color: rgb(51, 51, 51); font-family: Arial; line-height: 19px !important;\\\\\\\">12.7 x 8.7 x 0.5 inches<\\\\\\/td><\\\\\\/tr><tr><th class=\\\\\\\"a-color-secondary a-size-base prodDetSectionEntry\\\\\\\" style=\\\\\\\"vertical-align: top; padding: 7px 14px 6px; background-color: rgb(243, 243, 243); font-weight: 400; border-top: 1px solid rgb(231, 231, 231); word-wrap: break-word; width: 303px; line-height: 19px !important;\\\\\\\">Item Dimensions L x W x H<\\\\\\/th><td class=\\\\\\\"a-size-base\\\\\\\" style=\\\\\\\"vertical-align: top; padding: 7px 14px 6px; border-top: 1px solid rgb(231, 231, 231); color: rgb(51, 51, 51); font-family: Arial; line-height: 19px !important;\\\\\\\">12.7 x 8.7 x 0.5 inches<\\\\\\/td><\\\\\\/tr><tr><th class=\\\\\\\"a-color-secondary a-size-base prodDetSectionEntry\\\\\\\" style=\\\\\\\"vertical-align: top; padding: 7px 14px 6px; background-color: rgb(243, 243, 243); font-weight: 400; border-top: 1px solid rgb(231, 231, 231); word-wrap: break-word; width: 303px; line-height: 19px !important;\\\\\\\">Color<\\\\\\/th><td class=\\\\\\\"a-size-base\\\\\\\" style=\\\\\\\"vertical-align: top; padding: 7px 14px 6px; border-top: 1px solid rgb(231, 231, 231); color: rgb(51, 51, 51); font-family: Arial; line-height: 19px !important;\\\\\\\">Gray Metal<\\\\\\/td><\\\\\\/tr><tr><th class=\\\\\\\"a-color-secondary a-size-base prodDetSectionEntry\\\\\\\" style=\\\\\\\"vertical-align: top; padding: 7px 14px 6px; background-color: rgb(243, 243, 243); font-weight: 400; border-top: 1px solid rgb(231, 231, 231); word-wrap: break-word; width: 303px; line-height: 19px !important;\\\\\\\">Processor Brand<\\\\\\/th><td class=\\\\\\\"a-size-base\\\\\\\" style=\\\\\\\"vertical-align: top; padding: 7px 14px 6px; border-top: 1px solid rgb(231, 231, 231); color: rgb(51, 51, 51); font-family: Arial; line-height: 19px !important;\\\\\\\">Intel<\\\\\\/td><\\\\\\/tr><tr><th class=\\\\\\\"a-color-secondary a-size-base prodDetSectionEntry\\\\\\\" style=\\\\\\\"vertical-align: top; padding: 7px 14px 6px; background-color: rgb(243, 243, 243); font-weight: 400; border-top: 1px solid rgb(231, 231, 231); word-wrap: break-word; width: 303px; line-height: 19px !important;\\\\\\\">Processor Count<\\\\\\/th><td class=\\\\\\\"a-size-base\\\\\\\" style=\\\\\\\"vertical-align: top; padding: 7px 14px 6px; border-top: 1px solid rgb(231, 231, 231); color: rgb(51, 51, 51); font-family: Arial; line-height: 19px !important;\\\\\\\">4<\\\\\\/td><\\\\\\/tr><tr><th class=\\\\\\\"a-color-secondary a-size-base prodDetSectionEntry\\\\\\\" style=\\\\\\\"vertical-align: top; padding: 7px 14px 6px; background-color: rgb(243, 243, 243); font-weight: 400; border-top: 1px solid rgb(231, 231, 231); word-wrap: break-word; width: 303px; line-height: 19px !important;\\\\\\\">Computer Memory Type<\\\\\\/th><td class=\\\\\\\"a-size-base\\\\\\\" style=\\\\\\\"vertical-align: top; padding: 7px 14px 6px; border-top: 1px solid rgb(231, 231, 231); color: rgb(51, 51, 51); font-family: Arial; line-height: 19px !important;\\\\\\\">DDR3 SDRAM<\\\\\\/td><\\\\\\/tr><tr><th class=\\\\\\\"a-color-secondary a-size-base prodDetSectionEntry\\\\\\\" style=\\\\\\\"vertical-align: top; padding: 7px 14px 6px; background-color: rgb(243, 243, 243); font-weight: 400; border-top: 1px solid rgb(231, 231, 231); word-wrap: break-word; width: 303px; line-height: 19px !important;\\\\\\\">Flash Memory Size<\\\\\\/th><td class=\\\\\\\"a-size-base\\\\\\\" style=\\\\\\\"vertical-align: top; padding: 7px 14px 6px; border-top: 1px solid rgb(231, 231, 231); color: rgb(51, 51, 51); font-family: Arial; line-height: 19px !important;\\\\\\\">256.0<\\\\\\/td><\\\\\\/tr><tr><th class=\\\\\\\"a-color-secondary a-size-base prodDetSectionEntry\\\\\\\" style=\\\\\\\"vertical-align: top; padding: 7px 14px 6px; background-color: rgb(243, 243, 243); font-weight: 400; border-top: 1px solid rgb(231, 231, 231); word-wrap: break-word; width: 303px; line-height: 19px !important;\\\\\\\">Optical Drive Type<\\\\\\/th><td class=\\\\\\\"a-size-base\\\\\\\" style=\\\\\\\"vertical-align: top; padding: 7px 14px 6px; border-top: 1px solid rgb(231, 231, 231); color: rgb(51, 51, 51); font-family: Arial; line-height: 19px !important;\\\\\\\">None<\\\\\\/td><\\\\\\/tr><tr><th class=\\\\\\\"a-color-secondary a-size-base prodDetSectionEntry\\\\\\\" style=\\\\\\\"vertical-align: top; padding: 7px 14px 6px; background-color: rgb(243, 243, 243); font-weight: 400; border-top: 1px solid rgb(231, 231, 231); word-wrap: break-word; width: 303px; line-height: 19px !important;\\\\\\\">Batteries<\\\\\\/th><td class=\\\\\\\"a-size-base\\\\\\\" style=\\\\\\\"vertical-align: top; padding: 7px 14px 6px; border-top: 1px solid rgb(231, 231, 231); color: rgb(51, 51, 51); font-family: Arial; line-height: 19px !important;\\\\\\\">1 Lithium ion batteries required. (included)<\\\\\\/td><\\\\\\/tr><\\\\\\/tbody><\\\\\\/table>\\\"]\"}', 0, NULL, '0', 'percent', '0', 'percent', '[\"rgba(214,203,203,1)\"]', '[]', '0', NULL, NULL, NULL, 0, NULL, NULL, NULL, NULL, NULL, NULL, 'no', 'ok'),
(204, 0, 0.00, '[]', 'Huawei Mate SE Factory Unlocked', '{\"type\":\"vendor\",\"id\":\"7\"}', 16, '<p>With a 5.93” 18: 9 edge-to-edge all-screen design, high screen-to-body ratio and 2160 x 1080 FHD+ resolution, the HUAWEI FullView display on the Huawei mate SE brings you an immersive visual experience</p><p>The dual-lens 16MP + 2MP rear camera offers an all new portrait mode, letting you capture professional and artistic photos in a single shot with an ultra-fast focus time</p><p>Operation system : android N+EMUI 5.1 and network: LTE FDD/WCDMA/GSM. 4GB RAM, 64 GB storage + Micro SD compatible up to 256GB (not included) + dual nano SIM card capability, 2.36GHz octa-core processor</p><p>Big 3340 mAh battery for tons of screen-time on a single charge and ultra power saving mode to extend your charge even longer, keeping you connected when you need it most</p><p>The sleek metal design of the mate SE is a delight to hold - the 2.5D glass face flows seamlessly into the aluminum chassis forming perfectly rounded edges</p>', 81, '1', 249.99, 249.99, '0', '1530442224', 'no', 'phone', NULL, NULL, 'ok', '0', '170', 200, 'Pc', '{\"name\":\"[\\\"Product description\\\"]\",\"value\":\"[\\\"<p>With a sleek metal design, 4GB RAM + 64GB internal memory, a micro SD card slot to expand (up to 256GB), the factory unlocked Huawei mate SE is an unbelievable value in smartphones. Text, surf and stay connected with social media longer with its 3340 mAh battery and built-in power saving technology. The advanced fingerprint identification system unlocks in a zippy 0.2 seconds and can also be used to take photos. Mate SE features a 5.93\\\\\\\" FHD+ HUAWEI FullView display offering an enhanced and immersive viewing experience. The Huawei mate SE will give you greater field of view when playing games thanks to its 18:9 long aspect ratio accounting for an 82.9% screen-to-body ratio. Mate SE is equipped with 16MP + 2MP dual-lens rear camera and 8MP front camera. Both cameras have a portrait mode and include popular sticker affects. Take selfies with ease by using the gesture control function. The Huawei mate SE combines great looks, power, speed and functionality without breaking the bank.<br><\\\\\\/p>\\\"]\"}', 0, NULL, '0', 'percent', '0', 'percent', '[\"rgba(133,131,131,1)\"]', '[]', '0', NULL, NULL, NULL, 0, NULL, NULL, NULL, NULL, NULL, NULL, 'no', 'ok'),
(205, 0, 0.00, '[]', 'ranya Sports Wireless Earbuds', '{\"type\":\"vendor\",\"id\":\"7\"}', 16, '<ul class=\"a-unordered-list a-vertical a-spacing-none\" style=\"margin-right: 0px; margin-bottom: 0px; margin-left: 18px; color: rgb(148, 148, 148); padding: 0px; font-family: Arial, sans-serif; font-size: 13px;\"><li style=\"list-style: disc; word-wrap: break-word; margin: 0px;\"><span class=\"a-list-item\" style=\"color: rgb(17, 17, 17);\">[HD SOUND WITH DEEP BASS] Featuring Bluetooth 5.0 and lossless HD rendering technology that produce incredible sound quality with deep bass and crystal crisp treble. Tranya true wireless earbuds can block out a lot of surrounding noises, and do avoid wind noise created during running, biking, jogging, etc.</span></li><li style=\"list-style: disc; word-wrap: break-word; margin: 0px;\"><span class=\"a-list-item\" style=\"color: rgb(17, 17, 17);\">[STABLE CONNECTIVITY] Provide stable and seamless connectivity with Bluetooth 5.0 and high sensitivity antenna enabled devices up to 33 feet away, which also ensure low latency and low energy features during data transmission.</span></li><li style=\"list-style: disc; word-wrap: break-word; margin: 0px;\"><span class=\"a-list-item\" style=\"color: rgb(17, 17, 17);\">[EASY TO USE] The earbuds automatically turn on and connect your smart phone when removed from the case; automatically turn off and charge when put back in the case. Also, the headphones can be used to answer/reject calling, skip/play/pause songs, and activate voice assistant, such as Siri.</span></li></ul>', 81, '1', 49.99, 49.99, '0', '1530442470', 'no', 'headphone', NULL, NULL, 'ok', '0', '142', 500, 'Pc', '{\"name\":\"[\\\"Additional\\\"]\",\"value\":\"[\\\"<p>[Secure Fit&amp; Mini Design] Extremely light weight and mini in-ear design with two pairs of ear tips to ensure your headphones stay comfortably firm in place and improve the experience on sports.<\\\\\\/p><p>[LONGER BATTERY LIFE] It is up to 3-4 hours playing time when headphones fully charged. Else the portable charging case could recharge the earbuds 4 additional times. The total play time could be up to 15 hours. You are fully covered by our 1 YEAR WARRANTY and 30 DAYS RETURN GUARANTEE, all you need to do is contact us directly at our customer support.<\\\\\\/p>\\\"]\"}', 0, NULL, '0', 'percent', '0', 'percent', '[\"rgba(204,204,204,1)\"]', '[]', '0', NULL, NULL, NULL, 0, NULL, NULL, NULL, NULL, NULL, NULL, 'no', 'ok'),
(206, 0, 0.00, '[]', 'Wireless Bluetooth Headphones With Microphone', '{\"type\":\"vendor\",\"id\":\"16\"}', 16, '<p>Patented design, with in-ear buds providing crisp, clear melodies and over-ear cups delivering bass you can feel.</p><p>CES 2018 Best of Innovation. Red Dot 2018 Best of the Best Award. 2018 Good Design Award Winner.</p><p>Wireless Bluetooth® with aptX-HD (plus wired options). 20 hour battery life. 6 internal microphones for clear voice calls.</p><p>\"One thing is for certain: in personalized mode, nuraphones sound better than any headphones I\'ve ever used.\" - FACT Magazine</p>', 85, '1', 399.00, 399.00, '0', '1530444179', 'no', 'headphn', NULL, NULL, 'ok', '0', '168', 100, 'Pc', '{\"name\":\"null\",\"value\":\"null\"}', 0, NULL, '0', 'percent', '0', 'percent', '[\"rgba(13,12,12,1)\",\"rgba(191,207,94,1)\"]', '[]', '0', NULL, NULL, NULL, 0, NULL, NULL, NULL, NULL, NULL, NULL, 'no', 'ok'),
(207, 0, 0.00, '[]', 'Foundation Makeup with SPF 30', '{\"type\":\"vendor\",\"id\":\"9\"}', 17, '                                        <p><span style=\"color: rgb(17, 17, 17); font-family: \" amazon=\"\" ember\",=\"\" arial,=\"\" sans-serif;\"=\"\">Our bestselling full coverage foundation makeup with mineral sunscreen broad spectrum SPF 30. This all-day hydrating foundation has a flawless, natural finish that\'s never cakey or masky.</span><br></p>', 93, '2', 39.00, 39.00, '0', '1530509793', 'no', 'mackup', NULL, NULL, 'ok', '0', '211', 500, 'Pc', '{\"name\":\"[\\\"BENEFITS\\\",\\\"SUGGESTED USE\\\"]\",\"value\":\"[\\\"<p>Dermatologist-tested. Sensitive-skin Tested. Allergy-Tested. Fragrance-free. Non-comedogenic.<br><\\\\\\/p>\\\",\\\"<p><span style=\\\\\\\"color: rgb(17, 17, 17); font-family: \\\\\\\" amazon=\\\\\\\"\\\\\\\" ember\\\\\\\",=\\\\\\\"\\\\\\\" arial,=\\\\\\\"\\\\\\\" sans-serif;\\\\\\\"=\\\\\\\"\\\\\\\">Warm makeup foundation in between fingers and apply over desired area. Build coverage. Apply Setting Powder.<\\\\\\/span><br><\\\\\\/p>\\\"]\"}', 0, NULL, '0', 'percent', '0', 'percent', 'null', '[]', '0', NULL, NULL, NULL, 0, NULL, NULL, NULL, NULL, NULL, NULL, 'no', 'ok'),
(208, 0, 0.00, '[]', 'Men’s Restoring Eye Cream for Men', '{\"type\":\"vendor\",\"id\":\"9\"}', 17, '                                        <p>What It Does: This men’s eye cream reduces bags, puffiness, dark circles, and wrinkles around the eyes.</p><p>Who It’s For: Men of any age with any skin type who want brighter, more energized eyes.</p><p>How It Works: This lightweight under eye cream for men absorbs immediately, leaving now greasy residue or shine. Powerful hydrators smooth away wrinkles. Caffeine reduces dark circles and puffiness.</p><p>Key Ingredients: Natural &amp; Certified Organic ingredients, including aloe, protein peptides, MSM, hyaluronic acid, vitamin C, and green tea. 97.5% natural, 70% organic.</p><p>Who We Are: Brickell creates skincare and grooming products for men using natural &amp; certified organic ingredients. Our products are sold in over 20 countries and have appeared in GQ, Men\'s Health, Men\'s Journal, and other popular men’s magazines.</p>', 78, '1', 40.00, 40.00, '0', '1530511770', 'no', 'skin', NULL, NULL, 'ok', '0', '215', 500, 'Pc', '{\"name\":\"[\\\" Product Description\\\"]\",\"value\":\"[\\\"<p>Brickell Men\\\\u2019s Restoring Eye Cream for Men, Natural &amp; Organic Anti Aging Eye Balm To Reduce Puffiness, Wrinkles, Dark Circles, &amp; Under Eye Bags - .5 oz<br><\\\\\\/p>\\\"]\"}', 0, NULL, '0', 'percent', '0', 'percent', '[\"rgba(36,30,30,1)\"]', '[]', '0', NULL, NULL, NULL, 0, NULL, NULL, NULL, NULL, NULL, NULL, 'no', 'ok'),
(209, 0, 0.00, '[]', 'Pure Vitamin C Serum', '{\"type\":\"vendor\",\"id\":\"9\"}', 17, '<p><span style=\"color: rgb(17, 17, 17); font-family: &quot;Amazon Ember&quot;, Arial, sans-serif;\">15% Pure Vitamin C &amp; Natural Origin Hyaluronic Acid helps skin look brighter and feel firmer in 10 days. This Dermatologist grade treatment is an ideal addition to any anti-aging routine.</span><br></p>', 91, '1', 28.50, 28.50, '0', '1530512373', 'no', 'skin,care', NULL, NULL, 'ok', '0', '199', 400, 'Pc', '{\"name\":\"[\\\"BENEFITS\\\",\\\"SUGGESTED USE\\\"]\",\"value\":\"[\\\"<p><span style=\\\\\\\"color: rgb(17, 17, 17); font-family: &quot;Amazon Ember&quot;, Arial, sans-serif;\\\\\\\">This Vitamin C serum formula with 11 ingredients spreads easily without stickiness. Paraben-free. Fragrance-free.<\\\\\\/span><br><\\\\\\/p>\\\",\\\"<p><span style=\\\\\\\"color: rgb(17, 17, 17); font-family: &quot;Amazon Ember&quot;, Arial, sans-serif;\\\\\\\">Every morning, apply 4-5 serum drops in the palm of your hand. Use fingertips to apply to clean dry face.<\\\\\\/span><br><\\\\\\/p>\\\"]\"}', 0, NULL, '0', 'percent', '0', 'percent', '[\"rgba(204,204,204,1)\"]', '[]', '0', NULL, NULL, NULL, 0, NULL, NULL, NULL, NULL, NULL, NULL, 'no', 'ok'),
(210, 0, 0.00, '[]', 'Revision Intellishade SPF 45 Original- 1.7oz.', '{\"type\":\"vendor\",\"id\":\"9\"}', 17, '<p><span style=\"color: rgb(17, 17, 17); font-family: &quot;Amazon Ember&quot;, Arial, sans-serif;\">Award-winning anti-aging tinted moisturizer that gives skin a touch of sheer, healthy color. Formulated with a blend of three peptides and broad-spectrum UVA and UVB protection, it\'s the smart way to care for your skin.</span><br></p>', 96, '1', 75.00, 75.00, '0', '1530512744', 'no', 'sun,care', NULL, NULL, 'ok', '0', '188', 100, 'Pc', '{\"name\":\"[\\\"BENEFITS\\\"]\",\"value\":\"[\\\"<p>Moisturizes and reduces the appearance of fine lines and wrinkles Provides broad-spectrum UV protection<br><\\\\\\/p>\\\"]\"}', 0, NULL, '0', 'percent', '0', 'percent', '[\"rgba(204,204,204,1)\"]', '[]', '0', NULL, NULL, NULL, 0, NULL, NULL, NULL, NULL, NULL, NULL, 'no', 'ok'),
(211, 0, 0.00, '[]', 'Thermal Night Spa', '{\"type\":\"vendor\",\"id\":\"9\"}', 17, '<p><span style=\"color: rgb(17, 17, 17); font-family: &quot;Amazon Ember&quot;, Arial, sans-serif;\">Ultra-comfortable, velvety night cream and face mask. Infuses the skin with hydration overnight, when skin is most receptive to treatments. Skin is soft, soothed and supple by morning. Formulated with Hyaluronic Acid.</span><br></p>', 93, '1', 28.00, 28.00, '0', '1530513322', 'no', 'spa', NULL, NULL, 'ok', '0', '210', 499, 'Pc', '{\"name\":\"[\\\"BENEFITS\\\",\\\"SUGGESTED USE\\\"]\",\"value\":\"[\\\"<p>Skin feels deeply hydrated, soothed and suppler after just one night. Fresher, more radiant-looking skin<br><\\\\\\/p>\\\",\\\"<p>Apply 1-3 times a week. Massage on face and neck with an upward smoothing motion. Leave for 10-15 minutes.<br><\\\\\\/p>\\\"]\"}', 0, NULL, '0', 'percent', '0', 'percent', '[\"rgba(204,204,204,1)\"]', '[]', '0', NULL, NULL, NULL, 0, NULL, NULL, NULL, NULL, NULL, NULL, 'no', 'ok'),
(213, 0, 0.00, '[]', 'Ford Mustang GT Premium', '{\"type\":\"vendor\",\"id\":\"10\"}', 1, '<p>Key Features &amp; Specs</p><p>EPA Classification <span style=\"white-space:pre\"> </span>Subcompact Cars</p><p>MPG/MPGe <span style=\"white-space:pre\">  </span>24 (Est) Highway / 15 (Est) City</p><p>Engine <span style=\"white-space:pre\"> </span>Premium Unleaded V-8 5.0L/302 cu in</p><p>Transmission <span style=\"white-space:pre\">  </span>Manual w/OD</p><p>Drive Train <span style=\"white-space:pre\"> </span>Rear Wheel Drive</p><p>Seating <span style=\"white-space:pre\">  </span>4</p><p>Horsepower <span style=\"white-space:pre\">  </span>460</p>', 1, '1', 39190.00, 39190.00, '0', '1530514870', 'no', 'car', NULL, NULL, 'ok', '0', '40', 149, 'Pc', '{\"name\":\"null\",\"value\":\"null\"}', 0, NULL, '0', 'percent', '0', 'percent', '[\"rgba(23,20,20,1)\",\"rgba(204,28,28,1)\",\"rgba(41,46,166,1)\"]', '[]', '0', NULL, NULL, NULL, 0, NULL, NULL, NULL, NULL, NULL, NULL, 'no', 'ok'),
(214, 0, 0.00, '[]', 'Lamborghini Aventador LP 750-4 Superveloce', '{\"type\":\"vendor\",\"id\":\"10\"}', 1, '<p>Key Features &amp; Specs</p><p>EPA Classification <span style=\"white-space:pre\">  </span>Two-Seaters</p><p>MPG/MPGe <span style=\"white-space:pre\">  </span>17 Highway / 10 City</p><p>Engine <span style=\"white-space:pre\"> </span>Premium Unleaded V-12 6.5L/397 cu in</p><p>Transmission <span style=\"white-space:pre\"> </span>Auto-Shift Manual w/OD</p><p>Drive Train <span style=\"white-space:pre\">  </span>All Wheel Drive</p><p>Seating <span style=\"white-space:pre\"> </span>2</p><p>Horsepower <span style=\"white-space:pre\">  </span>740</p>', 2, '1', 535500.00, 535500.00, '0', '1530515347', 'no', 'car', NULL, NULL, 'ok', '0', '50', 1000, 'Pc', '{\"name\":\"null\",\"value\":\"null\"}', 4, NULL, '0', 'percent', '0', 'percent', '[\"rgba(31,29,29,1)\",\"rgba(71,17,224,1)\",\"rgba(209,189,12,1)\",\"rgba(99,150,16,1)\",\"rgba(237,136,42,1)\"]', '[]', '0', NULL, NULL, NULL, 0, NULL, NULL, NULL, NULL, 1574833547, NULL, 'no', 'ok'),
(216, 0, 0.00, '[]', 'Audi Q5 Summer of Audi Premium Plus', '{\"type\":\"vendor\",\"id\":\"10\"}', 1, '<p><span style=\"font-weight: bold;\">Key Features &amp; Specs</span></p><p>EPA Classification <span style=\"white-space:pre\"> </span>Small Sport Utility Vehicles 4WD</p><p>MPG/MPGe <span style=\"white-space:pre\"> </span>27 Highway / 23 City</p><p>Engine <span style=\"white-space:pre\"> </span>Intercooled Turbo Premium Unleaded I-4 2.0L/121 cu in</p><p>Transmission <span style=\"white-space:pre\">  </span>Auto-Shift Manual w/OD</p><p>Drive Train <span style=\"white-space:pre\">  </span>All Wheel Drive</p><p>Seating <span style=\"white-space:pre\"> </span>5</p><p>Horsepower <span style=\"white-space:pre\">  </span>252</p><p>Overall Crash Safety Rating <span style=\"white-space:pre\"> </span>5 / 5 Stars</p>', 1, '1', 44100.00, 44100.00, '0', '1530523843', 'no', 'audi', NULL, NULL, 'ok', '0', '38', 100, 'Pc', '{\"name\":\"null\",\"value\":\"null\"}', 9, NULL, '0', 'percent', '0', 'percent', '[\"rgba(204,204,204,1)\"]', '[]', '0', NULL, NULL, NULL, 0, NULL, NULL, NULL, NULL, 1574833552, NULL, 'no', 'ok'),
(217, 0, 0.00, '[]', 'Handmade Leather Oxfords Shoes', '{\"type\":\"vendor\",\"id\":\"17\"}', 5, '                                                                                <div class=\"feature\" id=\"featurebullets_feature_div\" style=\'box-sizing: border-box; color: rgb(17, 17, 17); font-family: \"Amazon Ember\", Arial, sans-serif; font-size: 13px; font-style: normal; font-variant-ligatures: normal; font-variant-caps: normal; font-weight: 400; letter-spacing: normal; orphans: 2; text-align: start; text-indent: 0px; text-transform: none; white-space: normal; widows: 2; word-spacing: 0px; -webkit-text-stroke-width: 0px; background-color: rgb(255, 255, 255); text-decoration-style: initial; text-decoration-color: initial;\' data-feature-name=\"featurebullets\"><div class=\"a-section a-spacing-medium a-spacing-top-small\" id=\"feature-bullets\" style=\"box-sizing: border-box; margin-top: 10px !important; margin-bottom: 0px;\"><ul class=\"a-unordered-list a-vertical a-spacing-none\" style=\"box-sizing: border-box; margin: 0px 0px 0px 18px; color: rgb(148, 148, 148); padding: 0px;\"><li style=\"box-sizing: border-box; list-style: disc; word-wrap: break-word; margin: 0px;\"><span class=\"a-list-item\" style=\"box-sizing: border-box; color: rgb(17, 17, 17); word-wrap: break-word; display: block;\">Leather</span></li><li style=\"box-sizing: border-box; list-style: disc; word-wrap: break-word; margin: 0px;\"><span class=\"a-list-item\" style=\"box-sizing: border-box; color: rgb(17, 17, 17); word-wrap: break-word; display: block;\">Imported</span></li><li style=\"box-sizing: border-box; list-style: disc; word-wrap: break-word; margin: 0px;\"><span class=\"a-list-item\" style=\"box-sizing: border-box; color: rgb(17, 17, 17); word-wrap: break-word; display: block;\">Rubber sole</span></li><li style=\"box-sizing: border-box; list-style: disc; word-wrap: break-word; margin: 0px;\"><span class=\"a-list-item\" style=\"box-sizing: border-box; color: rgb(17, 17, 17); word-wrap: break-word; display: block;\">Upper Material: Leather, Lining Material: Leather</span></li><li style=\"box-sizing: border-box; list-style: disc; word-wrap: break-word; margin: 0px;\"><span class=\"a-list-item\" style=\"box-sizing: border-box; color: rgb(17, 17, 17); word-wrap: break-word; display: block;\">using the handmade coloring process that defines the philosophy and soul of our brand</span></li></ul></div></div><div class=\"feature\" id=\"globalStoreInfoBullets_feature_div\" style=\'box-sizing: border-box; color: rgb(17, 17, 17); font-family: \"Amazon Ember\", Arial, sans-serif; font-size: 13px; font-style: normal; font-variant-ligatures: normal; font-variant-caps: normal; font-weight: 400; letter-spacing: normal; orphans: 2; text-align: start; text-indent: 0px; text-transform: none; white-space: normal; widows: 2; word-spacing: 0px; -webkit-text-stroke-width: 0px; background-color: rgb(255, 255, 255); text-decoration-style: initial; text-decoration-color: initial;\' data-feature-name=\"globalStoreInfoBullets\"></div><div class=\"feature\" id=\"edpIngress_feature_div\" style=\'box-sizing: border-box; color: rgb(17, 17, 17); font-family: \"Amazon Ember\", Arial, sans-serif; font-size: 13px; font-style: normal; font-variant-ligatures: normal; font-variant-caps: normal; font-weight: 400; letter-spacing: normal; orphans: 2; text-align: start; text-indent: 0px; text-transform: none; white-space: normal; widows: 2; word-spacing: 0px; -webkit-text-stroke-width: 0px; background-color: rgb(255, 255, 255); text-decoration-style: initial; text-decoration-color: initial;\' data-feature-name=\"edpIngress\"></div><div class=\"feature\" id=\"vendorPoweredCoupon_feature_div\" style=\'box-sizing: border-box; color: rgb(17, 17, 17); font-family: \"Amazon Ember\", Arial, sans-serif; font-size: 13px; font-style: normal; font-variant-ligatures: normal; font-variant-caps: normal; font-weight: 400; letter-spacing: normal; orphans: 2; text-align: start; text-indent: 0px; text-transform: none; white-space: normal; widows: 2; word-spacing: 0px; -webkit-text-stroke-width: 0px; background-color: rgb(255, 255, 255); text-decoration-style: initial; text-decoration-color: initial;\' data-feature-name=\"vendorPoweredCoupon\"></div><div class=\"feature\" id=\"heroQuickPromo_feature_div\" style=\'box-sizing: border-box; color: rgb(17, 17, 17); font-family: \"Amazon Ember\", Arial, sans-serif; font-size: 13px; font-style: normal; font-variant-ligatures: normal; font-variant-caps: normal; font-weight: 400; letter-spacing: normal; orphans: 2; text-align: start; text-indent: 0px; text-transform: none; white-space: normal; widows: 2; word-spacing: 0px; -webkit-text-stroke-width: 0px; background-color: rgb(255, 255, 255); text-decoration-style: initial; text-decoration-color: initial;\' data-feature-name=\"heroQuickPromo\"><div id=\"hero-quick-promo-grid_feature_div\" style=\"box-sizing: border-box;\"><div class=\"a-row a-spacing-medium\" id=\"hero-quick-promo\" style=\"box-sizing: border-box; width: 477.125px; margin-bottom: 18px !important;\"></div></div></div><p><br class=\"Apple-interchange-newline\"><b></b><i></i><u></u><sub></sub><sup></sup><strike></strike><br></p>', 28, '1', 88.95, 88.95, '0', '1531637320', 'no', 'shoe', NULL, NULL, 'ok', '0', '33', 299, 'pc', '{\"name\":\"[\\\"Additional\\\"]\",\"value\":\"[\\\"<p><span style=\'color: rgb(51, 51, 51); font-family: \\\\\\\"Amazon Ember\\\\\\\", Arial, sans-serif; font-size: small; font-style: normal; font-variant-ligatures: normal; font-variant-caps: normal; font-weight: 400; letter-spacing: normal; orphans: 2; text-align: start; text-indent: 0px; text-transform: none; white-space: normal; widows: 2; word-spacing: 0px; -webkit-text-stroke-width: 0px; background-color: rgb(255, 255, 255); text-decoration-style: initial; text-decoration-color: initial; display: inline !important; float: none;\'>Elegant Oxford shoe in full-grain calfskin.Lined premium leather upper. Flawlessly finished with hand-crafted details . A gentleman\'s shoes instantly reveal his status and this is what we had in mind when we created this fine model with a minimalist design. Using the handmade coloring process that defines the philosophy and soul of our brand. This is the Oxford shoe that can be worn all year round for a flawless look.<\\\\\\/span><b><\\\\\\/b><i><\\\\\\/i><u><\\\\\\/u><sub><\\\\\\/sub><sup><\\\\\\/sup><strike><\\\\\\/strike><br><\\\\\\/p>\\\"]\"}', 2, NULL, '0', 'percent', '0', 'percent', '[\"rgba(7,6,6,1)\",\"rgba(91,61,9,1)\",\"rgba(31,37,65,1)\"]', '[{\"no\":\"0\",\"title\":\"size\",\"name\":\"choice_0\",\"type\":\"single_select\",\"option\":[\"S\",\"M\",\"L\"]},{\"no\":\"1\",\"title\":\"Top Note\",\"name\":\"choice_1\",\"type\":\"text\",\"option\":[\"none\"]},{\"no\":\"3\",\"title\":\"Exp\",\"name\":\"choice_3\",\"type\":\"multi_select\",\"option\":[\"one\",\"two\"]},{\"no\":\"4\",\"title\":\"Exp 2\",\"name\":\"choice_4\",\"type\":\"radio\",\"option\":[\"three\",\"four\"]}]', '0', NULL, NULL, NULL, 0, NULL, NULL, NULL, NULL, 1531637669, NULL, 'no', 'ok'),
(218, 0, 0.00, '[]', 'Demo product', '{\"type\":\"admin\",\"id\":\"1\"}', 1, '<p>sdfghjkl<br></p>', 1, '6', 12345.00, 2345.00, '0', '1534136319', 'no', 'car', NULL, NULL, 'ok', '0', '38', 100, 'pc', '{\"name\":\"null\",\"value\":\"null\"}', 137, NULL, '0', 'percent', '0', 'percent', '[\"rgba(204,204,204,1)\"]', '[]', '0', NULL, NULL, NULL, 0, NULL, NULL, NULL, NULL, 1675768558, NULL, 'no', ''),
(219, 0, 0.00, '[]', 'приватка', '{\"type\":\"admin\",\"id\":\"1\"}', 1, '                                                                                <p><br></p>', 1, '1', 9.00, 9.00, '9', '1534582162', 'no', '', NULL, NULL, 'ok', '0', '38', NULL, 'Pc', '{\"name\":\"null\",\"value\":\"null\"}', 1, NULL, '9', 'percent', '9', 'percent', '[\"rgba(204,204,204,1)\"]', '[]', '0', NULL, NULL, NULL, 0, NULL, NULL, NULL, NULL, 1574833557, NULL, 'no', ''),
(220, 0, 0.00, '[]', 'ed', '{\"type\":\"admin\",\"id\":null}', 3, 'good ed', 4, '0', 74.00, 0.00, '0', '1560231184', 'no', NULL, NULL, NULL, '0', '0', '0', 1, '', NULL, 0, NULL, '0', 'amount', '0', 'amount', NULL, '[]', '0', NULL, NULL, NULL, 0, NULL, NULL, NULL, NULL, NULL, NULL, 'no', NULL),
(221, 0, 0.00, '[]', 'shiran', '{\"type\":\"admin\",\"id\":null}', 4, 'Rna shiran', 5, '2', 22.00, 0.00, '0', '1560231185', 'no', NULL, NULL, NULL, 'ok', '0', '0', 2, '', NULL, 0, NULL, '0', 'amount', '0', 'amount', NULL, '[]', '0', NULL, NULL, NULL, 0, NULL, NULL, NULL, NULL, NULL, NULL, 'no', NULL),
(222, 0, 0.00, '[]', 'ed', '{\"type\":\"admin\",\"id\":null}', 3, 'good ed', 4, '0', 74.00, 0.00, '0', '1560231413', 'no', NULL, NULL, NULL, 'ok', '0', '0', 0, '', NULL, 0, NULL, '0', 'amount', '0', 'amount', NULL, '[]', '0', NULL, NULL, NULL, 0, NULL, NULL, NULL, NULL, NULL, NULL, 'no', NULL),
(223, 0, 0.00, '[]', 'shiran', '{\"type\":\"admin\",\"id\":null}', 4, 'Rna shiran', 5, '2', 22.00, 0.00, '0', '1560231414', 'no', NULL, NULL, NULL, 'ok', '0', '0', 0, '', NULL, 0, NULL, '0', 'amount', '0', 'amount', NULL, '[]', '0', NULL, NULL, NULL, 0, NULL, NULL, NULL, NULL, NULL, NULL, 'no', NULL),
(224, 0, 0.00, '[]', 'ed', '{\"type\":\"vendor\",\"id\":\"19\"}', 18, '                                        good ed', 100, '0', 74.00, 51.00, '10', '1560254503', 'no', 'for,good', NULL, NULL, '0', '0', '245', 15, 'Kg', '{\"name\":\"null\",\"value\":\"null\"}', 0, NULL, '6', 'amount', '5', 'percent', 'null', '[]', '0', NULL, NULL, NULL, 0, NULL, NULL, NULL, NULL, NULL, NULL, 'no', 'no'),
(225, 0, 0.00, '[]', 'shiran', '{\"type\":\"vendor\",\"id\":\"19\"}', 4, '                                        Rna shiran', 34, '2', 22.00, 19.00, '0', '1560254504', 'no', 'new,thing,maybe', NULL, NULL, 'ok', '0', '7', 100, 'Pc', '{\"name\":\"null\",\"value\":\"null\"}', 5, NULL, '7', 'percent', '4', 'amount', 'null', '[]', '0', NULL, NULL, NULL, 0, NULL, NULL, NULL, NULL, 1580292826, NULL, 'no', 'no'),
(229, 0, 0.00, '[]', 'skin care', '{\"type\":\"vendor\",\"id\":\"22\"}', 17, '<p>Essential oils </p>', 91, '1', 100.00, 80.00, '5', '1672810493', 'no', 'Oil', 'oil', 'oil', 'ok', '0', '200', 99, '10', '{\"name\":\"null\",\"value\":\"null\"}', 1, NULL, '5', 'percent', '5', 'percent', '[\"rgba(229,222,222,1)\"]', '[]', '0', NULL, NULL, NULL, 0, NULL, NULL, NULL, NULL, 1672892477, NULL, 'no', 'no');

-- --------------------------------------------------------

--
-- Table structure for table `product_affiliation`
--

CREATE TABLE `product_affiliation` (
  `product_affiliation_id` bigint(20) NOT NULL,
  `product_affiliator_id` int(11) NOT NULL,
  `product_affiliator_type` varchar(255) COLLATE utf8mb4_unicode_ci NOT NULL,
  `product_affiliation_code` text COLLATE utf8mb4_unicode_ci NOT NULL,
  `product_id` int(11) NOT NULL,
  `generated_at` timestamp NOT NULL DEFAULT CURRENT_TIMESTAMP
) ENGINE=InnoDB DEFAULT CHARSET=utf8mb4 COLLATE=utf8mb4_unicode_ci;

--
-- Dumping data for table `product_affiliation`
--

INSERT INTO `product_affiliation` (`product_affiliation_id`, `product_affiliator_id`, `product_affiliator_type`, `product_affiliation_code`, `product_id`, `generated_at`) VALUES
(1, 3, '', 'aff_633c966eb2f97153cdeb', 98, '2019-12-10 06:46:48'),
(2, 3, '', 'aff_62a7da485edb52b8808f', 218, '2019-12-10 06:47:50'),
(3, 3, '', 'aff_17725c5b92fc62ebc3f8', 212, '2019-12-12 10:05:34');

-- --------------------------------------------------------

--
-- Table structure for table `product_affiliation_code_use`
--

CREATE TABLE `product_affiliation_code_use` (
  `product_affiliation_code_use_id` bigint(20) NOT NULL,
  `affiliator_id` int(11) NOT NULL,
  `product_id` int(11) NOT NULL,
  `code` varchar(255) COLLATE utf8mb4_unicode_ci NOT NULL,
  `affiliation_user_id` int(11) NOT NULL,
  `points` decimal(20,2) NOT NULL DEFAULT '0.00',
  `currency` decimal(20,2) NOT NULL DEFAULT '0.00',
  `used_at` timestamp NOT NULL DEFAULT CURRENT_TIMESTAMP
) ENGINE=InnoDB DEFAULT CHARSET=utf8mb4 COLLATE=utf8mb4_unicode_ci;

--
-- Dumping data for table `product_affiliation_code_use`
--

INSERT INTO `product_affiliation_code_use` (`product_affiliation_code_use_id`, `affiliator_id`, `product_id`, `code`, `affiliation_user_id`, `points`, `currency`, `used_at`) VALUES
(1, 3, 218, 'aff_62a7da485edb52b8808f', 9, 100.00, 25.00, '2019-12-11 06:26:07'),
(2, 3, 98, 'aff_633c966eb2f97153cdeb', 9, 24.00, 6.00, '2019-12-12 01:41:41'),
(3, 3, 212, 'aff_17725c5b92fc62ebc3f8', 9, 100.00, 25.00, '2019-12-12 05:14:07');

-- --------------------------------------------------------

--
-- Table structure for table `product_affiliation_points_total`
--

CREATE TABLE `product_affiliation_points_total` (
  `product_affiliation_points_total_id` bigint(20) NOT NULL,
  `affiliator_id` int(11) NOT NULL,
  `points` decimal(20,2) NOT NULL DEFAULT '0.00',
  `currency` decimal(20,2) NOT NULL DEFAULT '0.00',
  `updated_at` timestamp NOT NULL DEFAULT CURRENT_TIMESTAMP
) ENGINE=InnoDB DEFAULT CHARSET=utf8mb4 COLLATE=utf8mb4_unicode_ci;

--
-- Dumping data for table `product_affiliation_points_total`
--

INSERT INTO `product_affiliation_points_total` (`product_affiliation_points_total_id`, `affiliator_id`, `points`, `currency`, `updated_at`) VALUES
(1, 3, 224.00, 56.00, '2019-12-12 05:14:07');

-- --------------------------------------------------------

--
-- Table structure for table `role`
--

CREATE TABLE `role` (
  `role_id` int(11) NOT NULL,
  `name` varchar(100) DEFAULT NULL,
  `permission` longtext,
  `description` longtext
) ENGINE=MyISAM DEFAULT CHARSET=utf8;

--
-- Dumping data for table `role`
--

INSERT INTO `role` (`role_id`, `name`, `permission`, `description`) VALUES
(1, 'master', '', 'Master Admin. Adds Admin. Provides account roles.'),
(5, 'Product Manager', '[\"13\",\"17\",\"21\",\"37\",\"41\",\"45\",\"49\"]', 'Manages Products'),
(4, 'Accountant', '[\"9\",\"13\",\"17\",\"21\"]', 'Accountancy and Support'),
(6, 'Manager', '[\"5\",\"13\",\"29\",\"33\",\"37\",\"41\",\"57\",\"63\",\"103\"]', 'Manager of Active Super shop');

-- --------------------------------------------------------

--
-- Table structure for table `sale`
--

CREATE TABLE `sale` (
  `sale_id` int(11) NOT NULL,
  `sale_code` longtext,
  `buyer` longtext,
  `guest_id` varchar(100) DEFAULT NULL,
  `product_details` longtext,
  `shipping_address` longtext,
  `vat` longtext,
  `vat_percent` varchar(10) DEFAULT NULL,
  `shipping` longtext,
  `payment_type` varchar(100) DEFAULT NULL,
  `payment_status` longtext,
  `payment_details` longtext,
  `payment_timestamp` longtext,
  `grand_total` longtext,
  `sale_datetime` longtext,
  `delivary_datetime` longtext,
  `delivery_status` longtext,
  `viewed` longtext
) ENGINE=MyISAM DEFAULT CHARSET=utf8;

--
-- Dumping data for table `sale`
--

INSERT INTO `sale` (`sale_id`, `sale_code`, `buyer`, `guest_id`, `product_details`, `shipping_address`, `vat`, `vat_percent`, `shipping`, `payment_type`, `payment_status`, `payment_details`, `payment_timestamp`, `grand_total`, `sale_datetime`, `delivary_datetime`, `delivery_status`, `viewed`) VALUES
(229, '202302229', '27', NULL, '{\"9b8619251a19057cff70779273e95aa6\":{\"id\":\"130\",\"qty\":1,\"option\":\"{\\\"color\\\":{\\\"title\\\":\\\"Color\\\",\\\"value\\\":\\\"\\\"}}\",\"price\":79.2000000000000028421709430404007434844970703125,\"name\":\"Suit Jacket\",\"shipping\":\"0\",\"tax\":0,\"image\":\"http:\\/\\/4slogisticsftwz.com\\/affiliate\\/uploads\\/product_image\\/product_130_1_thumb.jpg\",\"coupon\":\"\",\"rowid\":\"9b8619251a19057cff70779273e95aa6\",\"subtotal\":79.2000000000000028421709430404007434844970703125}}', '{\"firstname\":\"test\",\"lastname\":\"qa\",\"address1\":\"1\",\"address2\":\"\",\"zip\":\"1\",\"email\":\"geekbanu@gmail.com\",\"phone\":\"8907654321\",\"langlat\":\"\",\"payment_type\":\"cash_on_delivery\"}', '0', '', '0', 'cash_on_delivery', '[{\"admin\":\"\",\"status\":\"due\"}]', '', NULL, '79.2', '1675768707', '', '[{\"admin\":\"\",\"status\":\"pending\",\"comment\":\"\",\"delivery_time\":\"\"}]', NULL),
(228, '202301228', '27', NULL, '{\"013d407166ec4fa56eb1e1f8cbe183b9\":{\"id\":\"138\",\"qty\":1,\"option\":\"{\\\"color\\\":{\\\"title\\\":\\\"Color\\\",\\\"value\\\":\\\"\\\"}}\",\"price\":31.800000000000000710542735760100185871124267578125,\"name\":\"Roll-Up Button Down Shirt\",\"shipping\":\"10\",\"tax\":3.180000000000000159872115546022541821002960205078125,\"image\":\"https:\\/\\/4slogisticsftwz.com\\/affiliate\\/uploads\\/product_image\\/product_138_1_thumb.jpg\",\"coupon\":\"\",\"rowid\":\"013d407166ec4fa56eb1e1f8cbe183b9\",\"subtotal\":31.800000000000000710542735760100185871124267578125}}', '{\"firstname\":\"test\",\"lastname\":\"qa\",\"address1\":\"1\",\"address2\":\"\",\"zip\":\"1\",\"email\":\"geekbanu@gmail.com\",\"phone\":\"8907654321\",\"langlat\":\"\",\"payment_type\":\"cash_on_delivery\"}', '3.18', '', '10', 'cash_on_delivery', '[{\"admin\":\"\",\"status\":\"due\"}]', '', NULL, '44.98', '1672847896', '', '[{\"admin\":\"\",\"status\":\"pending\",\"comment\":\"\",\"delivery_time\":\"\"}]', NULL),
(224, '202212224', 'guest', '224-cJXQ22lLth', '{\"2a79ea27c279e471f4d180b08d62b00a\":{\"id\":\"155\",\"qty\":1,\"option\":\"{\\\"color\\\":{\\\"title\\\":\\\"Color\\\",\\\"value\\\":\\\"\\\"}}\",\"price\":18.989999999999998436805981327779591083526611328125,\"name\":\"BriLove Necklace Set\",\"shipping\":\"11\",\"tax\":0.379799999999999970956565675805904902517795562744140625,\"image\":\"http:\\/\\/4slogisticsftwz.com\\/affiliate\\/uploads\\/product_image\\/product_155_1_thumb.jpg\",\"coupon\":\"\",\"rowid\":\"2a79ea27c279e471f4d180b08d62b00a\",\"subtotal\":18.989999999999998436805981327779591083526611328125},\"1c9ac0159c94d8d0cbedc973445af2da\":{\"id\":\"156\",\"qty\":1,\"option\":\"{\\\"color\\\":{\\\"title\\\":\\\"Color\\\",\\\"value\\\":\\\"\\\"}}\",\"price\":4530,\"name\":\"Stainless Steel Watch\",\"shipping\":\"0\",\"tax\":1041.90000000000009094947017729282379150390625,\"image\":\"http:\\/\\/4slogisticsftwz.com\\/affiliate\\/uploads\\/product_image\\/product_156_1_thumb.jpg\",\"coupon\":\"\",\"rowid\":\"1c9ac0159c94d8d0cbedc973445af2da\",\"subtotal\":4530}}', '{\"firstname\":\"test\",\"lastname\":\"qa\",\"address1\":\"10\",\"address2\":\"10\",\"zip\":\"11111\",\"email\":\"11\",\"phone\":\"11\",\"langlat\":\"\",\"payment_type\":\"cash_on_delivery\"}', '1042.2798', '', '11', 'cash_on_delivery', '[{\"admin\":\"\",\"status\":\"paid\"}]', '', NULL, '5602.2698', '1671373198', '', '[{\"admin\":\"\",\"status\":\"delivered\",\"comment\":\"\",\"delivery_time\":1672796552}]', 'ok'),
(225, '202301225', '27', NULL, '{\"eb163727917cbba1eea208541a643e74\":{\"id\":\"211\",\"qty\":1,\"option\":\"{\\\"color\\\":{\\\"title\\\":\\\"Color\\\",\\\"value\\\":\\\"rgba(204,204,204,1)\\\"}}\",\"price\":25.199999999999999289457264239899814128875732421875,\"name\":\"Thermal Night Spa\",\"shipping\":\"0\",\"tax\":0,\"image\":\"http:\\/\\/4slogisticsftwz.com\\/affiliate\\/uploads\\/product_image\\/product_211_1_thumb.jpg\",\"coupon\":\"1\",\"rowid\":\"eb163727917cbba1eea208541a643e74\",\"subtotal\":25.199999999999999289457264239899814128875732421875}}', '{\"firstname\":\"test\",\"lastname\":\"qa\",\"address1\":\"1\",\"address2\":\"\",\"zip\":\"1\",\"email\":\"geekbanu@gmail.com\",\"phone\":\"8907654321\",\"langlat\":\"\",\"payment_type\":\"cash_on_delivery\"}', '0', '', '0', 'cash_on_delivery', '[{\"vendor\":\"9\",\"status\":\"due\"}]', '', NULL, '25.2', '1672795590', '', '[{\"vendor\":\"9\",\"status\":\"pending\",\"comment\":\"\",\"delivery_time\":\"\"}]', 'ok'),
(226, '202301226', 'guest', '226-w2bKJwU5Lq', '{\"57aeee35c98205091e18d1140e9f38cf\":{\"id\":\"229\",\"qty\":1,\"option\":\"{\\\"color\\\":{\\\"title\\\":\\\"Color\\\",\\\"value\\\":\\\"rgba(229,222,222,1)\\\"}}\",\"price\":95,\"name\":\"skin care\",\"shipping\":\"5\",\"tax\":5,\"image\":\"https:\\/\\/4slogisticsftwz.com\\/affiliate\\/uploads\\/product_image\\/product_229_1_thumb.jpg\",\"coupon\":\"\",\"rowid\":\"57aeee35c98205091e18d1140e9f38cf\",\"subtotal\":95}}', '{\"firstname\":\"geek\",\"lastname\":\"banu\",\"address1\":\"california\",\"address2\":\"\",\"zip\":\"94123\",\"email\":\"geekbanu@gmail.com\",\"phone\":\"8907654321\",\"langlat\":\"\",\"payment_type\":\"cash_on_delivery\"}', '5', '', '5', 'cash_on_delivery', '[{\"vendor\":\"22\",\"status\":\"paid\"}]', NULL, NULL, '105', '1672810751', '', '[{\"vendor\":\"22\",\"status\":\"delivered\",\"comment\":\"\",\"delivery_time\":1672811129}]', 'ok');

-- --------------------------------------------------------

--
-- Table structure for table `slider`
--

CREATE TABLE `slider` (
  `slider_id` int(11) NOT NULL,
  `elements` longtext,
  `status` longtext,
  `title` longtext,
  `style` varchar(20) DEFAULT NULL,
  `serial` int(11) DEFAULT NULL
) ENGINE=InnoDB DEFAULT CHARSET=utf8;

--
-- Dumping data for table `slider`
--

INSERT INTO `slider` (`slider_id`, `elements`, `status`, `title`, `style`, `serial`) VALUES
(2, '{\"images\":[],\"texts\":[{\"name\":\"text_1\",\"text\":\"WELCOME\",\"color\":\"rgba(255,255,255,1)\",\"background\":\"rgba(0,0,0,0)\"},{\"name\":\"text_2\",\"text\":\"YOUR SHOP NAME\",\"color\":\"rgba(255,255,255,1)\",\"background\":\"rgba(0,0,0,0)\"},{\"name\":\"text_3\",\"text\":\"SHOP TITLE\",\"color\":\"rgba(255,255,255,1)\",\"background\":\"rgba(0,0,0,0)\"}]}', 'ok', 'Welcome 2', '1', 2),
(4, '{\"images\":[],\"texts\":[{\"name\":\"text_1\",\"text\":\"Introducing \",\"color\":\"rgba(33,38,51,1)\",\"background\":\"rgba(0,0,0,0)\"},{\"name\":\"text_2\",\"text\":\"Active Super Shop\",\"color\":\"rgba(101,3,199,1)\",\"background\":\"rgba(0,0,0,0)\"},{\"name\":\"text_3\",\"text\":\"Multi-vendor CMS version 1.5.2\",\"color\":\"rgba(167,0,181,1)\",\"background\":\"rgba(0,0,0,0)\"}]}', 'ok', 'Welcome Slider', '1', 3);

-- --------------------------------------------------------

--
-- Table structure for table `slider_style`
--

CREATE TABLE `slider_style` (
  `slider_style_id` int(11) NOT NULL,
  `name` varchar(100) DEFAULT NULL,
  `value` longtext
) ENGINE=MyISAM DEFAULT CHARSET=utf8;

--
-- Dumping data for table `slider_style`
--

INSERT INTO `slider_style` (`slider_style_id`, `name`, `value`) VALUES
(1, 'WELCOME TYPE 1', '{\n   \"full_slide_style\":\"data-ls=\\\"slidedelay:6500;transition2d:all;transition3d:15;\\\"\",\n   \"background\":\"bg\",\n   \"images\":[\n\n   ],\n   \"texts\":[\n      {\n         \"element\":\"h1\",\n         \"show_name\":\"WELCOME\",\n         \"name\":\"text_1\",\n         \"style\":\"top:30%; left:50%; text-shadow: 0px 0px 20px white;  font-weight: 300; font-size:50px;\",\n         \"data_ls\":\"offsetxin:0; durationin:2500; offsetxout:0; durationout:2500; showuntil:1;\",\n         \"color\":\"#ffffff\",\n         \"background\":\"rgba(0,0,0,0)\"\n      },\n      {\n         \"element\":\"h1\",\n         \"show_name\":\"YOUR SHOP NAME\",\n         \"name\":\"text_2\",\n         \"style\":\"top:50%; left:50%; text-shadow: 0px 0px 20px white;  font-weight: 300; font-size:100px;  white-space: nowrap;\",\n         \"data_ls\":\"offsetxin:0; durationin:2500; delayin:500; offsetxout:0; durationout:2500; showuntil:1;\",\n         \"color\":\"#ffffff\",\n         \"background\":\"rgba(0,0,0,0)\"\n      },\n      {\n         \"element\":\"h1\",\n         \"show_name\":\"SHOP TITLE\",\n         \"name\":\"text_3\",\n         \"style\":\"top:70%; left:50%; text-shadow: 0px 0px 20px white;  font-weight: 300; font-size:40px; white-space: nowrap;\",\n         \"data_ls\":\"offsetxin:0; durationin:2500; delayin:1200; offsetxout:0; durationout:2500; showuntil:1;\",\n         \"color\":\"#ffffff\",\n         \"background\":\"rgba(0,0,0,0)\"\n      }\n   ]\n}'),
(2, 'WELCOME TYPE 2', '{\r\n   \"full_slide_style\":\"data-ls=\\\"slidedelay:4500;transition2d:24,25,27,28,34,35,37,38,110,113;\\\"\",\r\n   \"background\":\"bg_apple\",\r\n   \"images\":[\r\n      {\r\n         \"show_name\":\"Image 1\",\r\n         \"name\":\"ase\",\r\n         \"style\":\"top:20px; left:50%;width:220px; white-space: nowrap;\",\r\n         \"data_ls\":\"offsetxin:0; offsetyin:top; durationin:4600; easingin:easeOutQuad; fadein:false; rotatein:-10; offsetxout:0; durationout:1500;\"\r\n      }\r\n   ],\r\n   \"texts\":[\r\n      {\r\n         \"element\":\"h5\",\r\n         \"show_name\":\"WELCOME TO\",\r\n         \"name\":\"text_1\",\r\n         \"style\":\"top:260px; left:50%; text-align: center;  font-weight: 300; width:300px; height:60px; font-size:30px; line-height:60px; border-radius:5px; white-space: nowrap;\",\r\n         \"data_ls\":\"offsetxin:0; scalexin:0; scaleyin:0; offsetxout:0; offsetyout:top; durationout:750; durationin:1000; fadeout:false;\",\r\n         \"color\":\"#ffffff\",\r\n         \"background\":\"#C404BD\"\r\n      },\r\n      {\r\n         \"element\":\"h5\",\r\n         \"show_name\":\"YOUR SHOP NAME\",\r\n         \"name\":\"text_2\",\r\n         \"style\":\"top:340px; left:50%; text-align: center; font-weight: 300; width:500px; height:100px; font-size:40px; line-height:100px; border-radius:5px; white-space: nowrap;\",\r\n         \"data_ls\":\"offsetxin:0; scalexin:0; scaleyin:0; offsetxout:0; offsetyout:bottom; durationin:1000; durationout:750; fadeout:false;\",\r\n         \"color\":\"#ffffff\",\r\n         \"background\":\"#8D00B0\"\r\n      }\r\n   ]\r\n}'),
(3, 'SLIDER TYPE 1', '{\r\n   \"full_slide_style\":\"data-ls=\\\"slidedelay:7000;transition2d:76,77,78,79;\\\"\",\r\n   \"background\":\"bg_apple\",\r\n   \"images\":[\r\n      {\r\n         \"show_name\":\"Product Image 1\",\r\n         \"name\":\"circle_1\",\r\n         \"style\":\"top:35%; left:60%;width:200px; white-space: nowrap; \",\r\n         \"data_ls\":\"offsetxin:0; offsetyin:top; durationin:750; delayin:1500; easingin:easeOutQuart; fadein:false; offsetxout:right; durationout:1000; showuntil:1; easingout:easeInQuart; fadeout:false; \"\r\n      },\r\n      {\r\n         \"show_name\":\"Product Image 2\",\r\n         \"name\":\"circle_2\",\r\n         \"style\":\"top:35%; left:60%;width:200px; white-space: nowrap;\",\r\n         \"data_ls\":\"offsetxin:0; offsetyin:top; durationin:750; delayin:3000; easingin:easeOutQuart; fadein:false; offsetxout:right; durationout:1000; showuntil:1; easingout:easeInQuart; fadeout:false; \"\r\n      },\r\n      {\r\n         \"show_name\":\"Product Image 3\",\r\n         \"name\":\"circle_3\",\r\n         \"style\":\"top:35%; left:60%;width:200px; white-space: nowrap;\",\r\n         \"data_ls\":\"offsetxin:0; offsetyin:top; durationin:750; delayin:4500; easingin:easeOutQuart; fadein:false; offsetxout:right; durationout:1000; easingout:easeInQuart; fadeout:false; \"\r\n      }\r\n   ],\r\n   \"texts\":[\r\n      {\r\n         \"element\":\"h5\",\r\n         \"show_name\":\"+\",\r\n         \"name\":\"feature_bullet_1\",\r\n         \"style\":\"top:105px; left:30px; text-align: center; font-weight: 300; width:30px; height:30px; font-size:30px; line-height:30px; border-radius:100px; white-space: nowrap;\",\r\n         \"data_ls\":\"offsetxin:0; durationin:750; easingin:easeOutQuint; rotatein:90; scalexin:0.5; scaleyin:0.5; offsetxout:0; durationout:750; rotateout:90; scalexout:0.5; scaleyout:0.5;\",\r\n         \"color\":\"#ffffff\",\r\n         \"background\":\"#C404BD\",\r\n         \"other\":\"fixed\"\r\n      },\r\n      {\r\n         \"element\":\"h5\",\r\n         \"show_name\":\"PRODUCT FEATURE 1\",\r\n         \"name\":\"product_feature_1\",\r\n         \"style\":\"top:100px; left:85px; font-weight: 300; font-size:25px; white-space: nowrap;\",\r\n         \"data_ls\":\"offsetxin:left; easingin:easeOutBack; fadein:false; scalexin:0.1; scaleyin:0.1; offsetxout:left; durationout:750; fadeout:false; scalexout:0.1; scaleyout:0.1;\",\r\n         \"color\":\"#000\",\r\n         \"background\":\"rgba(0,0,0,0)\"\r\n      },\r\n      {\r\n         \"element\":\"h5\",\r\n         \"show_name\":\"+\",\r\n         \"name\":\"feature_bullet_2\",\r\n         \"style\":\"top:155px; left:30px; font-weight: 300; text-align: center; width:30px; height:30px; font-size:30px; line-height:30PX; border-radius:100px; white-space: nowrap;\",\r\n         \"data_ls\":\"offsetxin:0; durationin:750; delayin:500; easingin:easeOutQuint; rotatein:90; scalexin:0.5; scaleyin:0.5; offsetxout:0; durationout:750; rotateout:90; scalexout:0.5; scaleyout:0.5; \",\r\n         \"color\":\"#ffffff\",\r\n         \"background\":\"#C404BD\",\r\n         \"other\":\"fixed\"\r\n      },\r\n      {\r\n         \"element\":\"h5\",\r\n         \"show_name\":\"PRODUCT FEATURE 2\",\r\n         \"name\":\"product_feature_2\",\r\n         \"style\":\"top:150px; left:85px; font-weight: 300; font-size:25px; white-space: nowrap;\",\r\n         \"data_ls\":\"offsetxin:left; delayin:500; easingin:easeOutBack; fadein:false; scalexin:0.1; scaleyin:0.1; offsetxout:left; durationout:750; fadeout:false; scalexout:0.1; scaleyout:0.1;\",\r\n         \"color\":\"#000\",\r\n         \"background\":\"rgba(0,0,0,0)\"\r\n      },\r\n      {\r\n         \"element\":\"h5\",\r\n         \"show_name\":\"+\",\r\n         \"name\":\"feature_bullet_3\",\r\n         \"style\":\"top:205px; left:30px; font-weight: 300; text-align: center; width:30px; height:30px; font-size:30px; line-height:30PX; border-radius:100px; white-space: nowrap;\",\r\n         \"data_ls\":\"offsetxin:0; durationin:750; delayin:1000; easingin:easeOutQuint; rotatein:90; scalexin:0.5; scaleyin:0.5; offsetxout:0; durationout:750; rotateout:90; scalexout:0.5; scaleyout:0.5; \",\r\n         \"color\":\"#ffffff\",\r\n         \"background\":\"#C404BD\",\r\n         \"other\":\"fixed\"\r\n      },\r\n      {\r\n         \"element\":\"h5\",\r\n         \"show_name\":\"PRODUCT FEATURE 3\",\r\n         \"name\":\"product_feature_3\",\r\n         \"style\":\"top:200px; left:85px;  font-weight: 300; font-size:25px; white-space: nowrap; \",\r\n         \"data_ls\":\"offsetxin:left; delayin:1000; easingin:easeOutBack; fadein:false; scalexin:0.1; scaleyin:0.1; offsetxout:left; durationout:750; fadeout:false; scalexout:0.1; scaleyout:0.1;\",\r\n         \"color\":\"#000\",\r\n         \"background\":\"rgba(0,0,0,0)\"\r\n      },\r\n      {\r\n         \"element\":\"h5\",\r\n         \"show_name\":\"+\",\r\n         \"name\":\"feature_bullet_4\",\r\n         \"style\":\"top:255px; left:30px; font-weight: 300; text-align: center; width:30px; height:30px; font-size:30px; line-height:30PX;  border-radius:100px; white-space: nowrap; \",\r\n         \"data_ls\":\"offsetxin:0; durationin:750; delayin:1500; easingin:easeOutQuint; rotatein:90; scalexin:0.5; scaleyin:0.5; offsetxout:0; durationout:750; rotateout:90; scalexout:0.5; scaleyout:0.5;\",\r\n         \"color\":\"#ffffff\",\r\n         \"background\":\"#C404BD\",\r\n         \"other\":\"fixed\"\r\n      },\r\n      {\r\n         \"element\":\"h5\",\r\n         \"show_name\":\"PRODUCT FEATURE 4\",\r\n         \"name\":\"product_feature_4\",\r\n         \"style\":\"top:250px; left:85px;  font-weight: 300; font-size:25px; white-space: nowrap;\",\r\n         \"data_ls\":\"offsetxin:left; delayin:1500; easingin:easeOutBack; fadein:false; scalexin:0.1; scaleyin:0.1; offsetxout:left; durationout:750; fadeout:false; scalexout:0.1; scaleyout:0.1;\",\r\n         \"color\":\"#000\",\r\n         \"background\":\"rgba(0,0,0,0)\"\r\n      },\r\n      {\r\n         \"element\":\"h5\",\r\n         \"show_name\":\"+\",\r\n         \"name\":\"feature_bullet_5\",\r\n         \"style\":\"top:305px; left:30px; font-weight: 300; text-align: center; width:30px; height:30px; font-size:30px; line-height:30PX; border-radius:100px; white-space: nowrap;\",\r\n         \"data_ls\":\"offsetxin:0; durationin:750; delayin:2000; easingin:easeOutQuint; rotatein:90; scalexin:0.5; scaleyin:0.5; offsetxout:0; durationout:750; rotateout:90; scalexout:0.5; scaleyout:0.5; \",\r\n         \"color\":\"#ffffff\",\r\n         \"background\":\"#C404BD\",\r\n         \"other\":\"fixed\"\r\n      },\r\n      {\r\n         \"element\":\"h5\",\r\n         \"show_name\":\"PRODUCT FEATURE 5\",\r\n         \"name\":\"product_feature_5\",\r\n         \"style\":\"top:300px; left:85px;  font-weight: 300; font-size:25px; white-space: nowrap;\",\r\n         \"data_ls\":\"offsetxin:left; delayin:2000; easingin:easeOutBack; fadein:false; scalexin:0.1; scaleyin:0.1; offsetxout:left; durationout:750; fadeout:false; scalexout:0.1; scaleyout:0.1;\",\r\n         \"color\":\"#000\",\r\n         \"background\":\"rgba(0,0,0,0)\"\r\n      },\r\n      {\r\n         \"element\":\"h5\",\r\n         \"show_name\":\"PRODUCT TITLE 1\",\r\n         \"name\":\"product_title_1\",\r\n         \"style\":\"top:65%; left:60%; font-weight: 300; font-size:30px; white-space: nowrap;\",\r\n         \"data_ls\":\"offsetxin:0; durationin:450; delayin:1750; easingin:easeOutQuart; scalexin:0; scaleyin:0; offsetxout:0; durationout:1000; showuntil:51; easingout:easeInQuart; scalexout:3; scaleyout:3;\",\r\n         \"color\":\"#000\",\r\n         \"background\":\"rgba(0,0,0,0)\"\r\n      },\r\n      {\r\n         \"element\":\"h5\",\r\n         \"show_name\":\"PRODUCT TITLE 2\",\r\n         \"name\":\"product_title_2\",\r\n         \"style\":\"top:65%; left:60%; font-weight: 300; font-size:30px; white-space: nowrap; \",\r\n         \"data_ls\":\"offsetxin:0; durationin:450; delayin:3250; easingin:easeOutQuart; scalexin:0; scaleyin:0; offsetxout:0; durationout:1000; showuntil:51; easingout:easeInQuart; scalexout:3; scaleyout:3;\",\r\n         \"color\":\"#000\",\r\n         \"background\":\"rgba(0,0,0,0)\"\r\n      },\r\n      {\r\n         \"element\":\"h5\",\r\n         \"show_name\":\"PRODUCT TITLE 3\",\r\n         \"name\":\"product_title_3\",\r\n         \"style\":\"top:65%; left:60%; font-weight: 300; font-size:30px; white-space: nowrap;\",\r\n         \"data_ls\":\"offsetxin:0; durationin:450; delayin:4750; easingin:easeOutQuart; scalexin:0; scaleyin:0; offsetxout:0; durationout:1000; easingout:easeInQuart; scalexout:3; scaleyout:3;\",\r\n         \"color\":\"#000\",\r\n         \"background\":\"rgba(0,0,0,0)\"\r\n      }\r\n   ]\r\n}'),
(4, 'SLIDER TYPE 2', '{\r\n   \"full_slide_style\":\"data-ls=\\\"slidedelay:4500;transition2d:105,106;\\\"\",\r\n   \"background\":\"bg_apple\",\r\n   \"images\":[\r\n      {\r\n         \"style\":\"top:100px;left:80px; white-space:nowrap; width:220px;\",\r\n         \"data_ls\":\"offsetxin:left;durationin:1500; delayin:1400; fadein:false; offsetxout:left; durationout:1000; fadeout:false; \",\r\n         \"name\":\"semi_long_1\",\r\n         \"show_name\":\"PRODUCT IMAGE 1\"\r\n      },\r\n      {\r\n         \"style\":\"top:100px;left:180px; white-space:nowrap;width:220px; \",\r\n         \"data_ls\":\"offsetxin:left;durationin:1500; delayin:1200; fadein:false; offsetxout:left; durationout:1000; fadeout:false; \",\r\n         \"name\":\"semi_long_2\",\r\n         \"show_name\":\"PRODUCT IMAGE 2\"\r\n      },\r\n      {\r\n         \"style\":\"top:100px;left:280px; white-space:nowrap; width:220px;\",\r\n         \"data_ls\":\"offsetxin:left;durationin:1500; delayin:1000; fadein:false; offsetxout:left; durationout:1000; fadeout:false; \",\r\n         \"name\":\"semi_long_3\",\r\n         \"show_name\":\"PRODUCT IMAGE 3\"\r\n      }\r\n   ],\r\n   \"texts\":[\r\n      {\r\n         \"element\":\"h5\",\r\n         \"show_name\":\"PRODUCT TITLE\",\r\n         \"name\":\"product_title\",\r\n         \"style\":\"top:20px;left:700px; font-weight:300; font-size:40px; white-space:nowrap; \",\r\n         \"data_ls\":\"offsetxin:0;scalexin:0.5; scaleyin:0.5; offsetxout:0; durationout:1000; scalexout:0.5; scaleyout:0.5; \",\r\n         \"color\":\"#000\",\r\n         \"background\":\"rgba(0,0,0,0)\"\r\n      },\r\n      {\r\n         \"element\":\"h5\",\r\n         \"show_name\":\"PRODUCT FEATURE 1\",\r\n         \"name\":\"product_feature_1\",\r\n         \"style\":\"top:100px;left:761px; font-weight:300; font-size:30px; white-space:nowrap; \",\r\n         \"data_ls\":\"offsetxin:0;delayin:800; easingin:easeoutquint; scalexin:0.8; scaleyin:0.8; offsetxout:0; durationout:750; scalexout:0.8; scaleyout:0.8; \",\r\n         \"color\":\"#8d00b0\",\r\n         \"background\":\"rgba(0,0,0,0)\"\r\n      },\r\n      {\r\n         \"element\":\"h5\",\r\n         \"show_name\":\"PRODUCT FEATURE 2\",\r\n         \"name\":\"product_feature_2\",\r\n         \"style\":\"top:150px;left:761px; font-weight:300; font-size:30px; white-space:nowrap; \",\r\n         \"data_ls\":\"offsetxin:0;delayin:1300; easingin:easeoutquint; scalexin:0.8; scaleyin:0.8; offsetxout:0; durationout:750; scalexout:0.8; scaleyout:0.8; \",\r\n         \"color\":\"#8d00b0\",\r\n         \"background\":\"rgba(0,0,0,0)\"\r\n      },\r\n      {\r\n         \"element\":\"h5\",\r\n         \"show_name\":\"PRODUCT FEATURe 3\",\r\n         \"name\":\"product_feature_3\",\r\n         \"style\":\"top:200px;left:761px; font-weight:300; font-size:30px; white-space:nowrap; \",\r\n         \"data_ls\":\"offsetxin:0;delayin:1800; easingin:easeoutquint; scalexin:0.8; scaleyin:0.8; offsetxout:0; durationout:750; scalexout:0.8; scaleyout:0.8; \",\r\n         \"color\":\"#8d00b0\",\r\n         \"background\":\"rgba(0,0,0,0)\"\r\n      },\r\n      {\r\n         \"element\":\"h5\",\r\n         \"show_name\":\"PRODUCT FEATURE 4\",\r\n         \"name\":\"product_feature_4\",\r\n         \"style\":\"top:250px;left:761px; font-weight:300; font-size:30px; white-space:nowrap; \",\r\n         \"data_ls\":\"offsetxin:0;delayin:2300; easingin:easeoutquint; scalexin:0.8; scaleyin:0.8; offsetxout:0; durationout:750; scalexout:0.8; scaleyout:0.8; \",\r\n         \"color\":\"#8d00b0\",\r\n         \"background\":\"rgba(0,0,0,0)\"\r\n      },\r\n      {\r\n         \"element\":\"h5\",\r\n         \"show_name\":\"PRODUCT FEATURE 5\",\r\n         \"name\":\"product_feature_5\",\r\n         \"style\":\"top:300px;left:761px; font-weight:300; font-size:30px; white-space:nowrap; \",\r\n         \"data_ls\":\"offsetxin:0;delayin:2800; easingin:easeoutquint; scalexin:0.8; scaleyin:0.8; offsetxout:0; durationout:750; scalexout:0.8; scaleyout:0.8; \",\r\n         \"color\":\"#8d00b0\",\r\n         \"background\":\"rgba(0,0,0,0)\"\r\n      },\r\n      {\r\n         \"element\":\"h5\",\r\n         \"show_name\":\"PRODUCT FEATURE 6\",\r\n         \"name\":\"product_feature_6\",\r\n         \"style\":\"top:350px;left:761px; font-weight:300; font-size:30px; white-space:nowrap; \",\r\n         \"data_ls\":\"offsetxin:0;delayin:3300; easingin:easeoutquint; scalexin:0.8; scaleyin:0.8; offsetxout:0; durationout:750; scalexout:0.8; scaleyout:0.8; \",\r\n         \"color\":\"#8d00b0\",\r\n         \"background\":\"rgba(0,0,0,0)\"\r\n      },\r\n      {\r\n         \"element\":\"h5\",\r\n         \"show_name\":\"+\",\r\n         \"name\":\"feature_bullet_1\",\r\n         \"style\":\"top:107px;left:710px; font-weight:300; text-align:center; width:30px; height:30px; font-size:30px; line-height:30px; border-radius:100px; white-space:nowrap; \",\r\n         \"data_ls\":\"offsetxin:0;durationin:750; delayin:500; easingin:easeoutquint; rotatein:90; scalexin:0.5; scaleyin:0.5; offsetxout:0; durationout:750; rotateout:90; scalexout:0.5; scaleyout:0.5; \",\r\n         \"color\":\"#ffffff\",\r\n         \"background\":\"#c404bd\"\r\n      },\r\n      {\r\n         \"element\":\"h5\",\r\n         \"show_name\":\"+\",\r\n         \"name\":\"feature_bullet_2\",\r\n         \"style\":\"top:157px;left:710px; font-weight:300; text-align:center; width:30px; height:30px; font-size:30px; line-height:30px; border-radius:100px; white-space:nowrap; \",\r\n         \"data_ls\":\"offsetxin:0;durationin:750; delayin:1000; easingin:easeoutquint; rotatein:90; scalexin:0.5; scaleyin:0.5; offsetxout:0; durationout:750; rotateout:90; scalexout:0.5; scaleyout:0.5; \",\r\n         \"color\":\"#ffffff\",\r\n         \"background\":\"#c404bd\"\r\n      },\r\n      {\r\n         \"element\":\"h5\",\r\n         \"show_name\":\"+\",\r\n         \"name\":\"feature_bullet_3\",\r\n         \"style\":\"top:207px;left:710px; font-weight:300; text-align:center; width:30px; height:30px; font-size:30px; line-height:30px; border-radius:100px; white-space:nowrap; \",\r\n         \"data_ls\":\"offsetxin:0;durationin:750; delayin:1500; easingin:easeoutquint; rotatein:90; scalexin:0.5; scaleyin:0.5; offsetxout:0; durationout:750; rotateout:90; scalexout:0.5; scaleyout:0.5; \",\r\n         \"color\":\"#ffffff\",\r\n         \"background\":\"#c404bd\"\r\n      },\r\n      {\r\n         \"element\":\"h5\",\r\n         \"show_name\":\"+\",\r\n         \"name\":\"feature_bullet_4\",\r\n         \"style\":\"top:257px;left:710px; font-weight:300; text-align:center; width:30px; height:30px; font-size:30px; line-height:30px; border-radius:100px; white-space:nowrap; \",\r\n         \"data_ls\":\"offsetxin:0;durationin:750; delayin:2000; easingin:easeoutquint; rotatein:90; scalexin:0.5; scaleyin:0.5; offsetxout:0; durationout:750; rotateout:90; scalexout:0.5; scaleyout:0.5; \",\r\n         \"color\":\"#ffffff\",\r\n         \"background\":\"#c404bd\"\r\n      },\r\n      {\r\n         \"element\":\"h5\",\r\n         \"show_name\":\"+\",\r\n         \"name\":\"feature_bullet_5\",\r\n         \"style\":\"top:307px;left:710px; font-weight:300; text-align:center; width:30px; height:30px; font-size:30px; line-height:30px; border-radius:100px; white-space:nowrap; \",\r\n         \"data_ls\":\"offsetxin:0;durationin:750; delayin:2500; easingin:easeoutquint; rotatein:90; scalexin:0.5; scaleyin:0.5; offsetxout:0; durationout:750; rotateout:90; scalexout:0.5; scaleyout:0.5; \",\r\n         \"color\":\"#ffffff\",\r\n         \"background\":\"#c404bd\"\r\n      },\r\n      {\r\n         \"element\":\"h5\",\r\n         \"show_name\":\"+\",\r\n         \"name\":\"feature_bullet_6\",\r\n         \"style\":\"top:357px;left:710px; font-weight:300; text-align:center; width:30px; height:30px; font-size:30px; line-height:30px; border-radius:100px; white-space:nowrap; \",\r\n         \"data_ls\":\"offsetxin:0;durationin:750; delayin:3000; easingin:easeoutquint; rotatein:90; scalexin:0.5; scaleyin:0.5; offsetxout:0; durationout:750; rotateout:90; scalexout:0.5; scaleyout:0.5; \",\r\n         \"color\":\"#ffffff\",\r\n         \"background\":\"#c404bd\"\r\n      }\r\n   ]\r\n}'),
(5, 'SLIDER TYPE 3', '{\r\n   \"full_slide_style\":\"data-ls=\\\"slidedelay:7500;transition2d:105,106;\\\"\",\r\n   \"background\":\"bg_apple\",\r\n   \"images\":[\r\n      {\r\n         \"style\":\"top:100px;left:580px;width:220px; white-space:nowrap; \",\r\n         \"data_ls\":\"offsetxin:right;durationin:1500; delayin:1400; fadein:false; offsetxout:left; durationout:1000; fadeout:false; \",\r\n         \"name\":\"semi_long_1\",\r\n         \"show_name\":\"PRODUCT IMAGE 1\"\r\n      },\r\n      {\r\n         \"style\":\"top:100px;left:680px;width:220px; white-space:nowrap; \",\r\n         \"data_ls\":\"offsetxin:right;durationin:1500; delayin:1200; fadein:false; offsetxout:left; durationout:1000; fadeout:false; \",\r\n         \"name\":\"semi_long_2\",\r\n         \"show_name\":\"PRODUCT IMAGE 2\"\r\n      },\r\n      {\r\n         \"style\":\"top:100px;left:780px;width:220px; white-space:nowrap; \",\r\n         \"data_ls\":\"offsetxin:right;durationin:1500; delayin:1000; fadein:false; offsetxout:left; durationout:1000; fadeout:false; \",\r\n         \"name\":\"semi_long_3\",\r\n         \"show_name\":\"PRODUCT IMAGE 3\"\r\n      }\r\n   ],\r\n   \"texts\":[\r\n      {\r\n         \"element\":\"h5\",\r\n         \"show_name\":\"PRODUCT TITLE\",\r\n         \"name\":\"product_title\",\r\n         \"style\":\"top:20px;left:80px; font-weight:300; font-size:40px; white-space:nowrap; \",\r\n         \"data_ls\":\"offsetxin:0;scalexin:0.5; scaleyin:0.5; offsetxout:0; durationout:1000; scalexout:0.5; scaleyout:0.5; \",\r\n         \"color\":\"#000\",\r\n         \"background\":\"rgba(0,0,0,0)\"\r\n      },\r\n      {\r\n         \"element\":\"h5\",\r\n         \"show_name\":\"+\",\r\n         \"name\":\"feature_bullet_1\",\r\n         \"style\":\"top:107px;left:71px; font-weight:300; text-align:center; width:30px; height:30px; font-size:30px; line-height:30px; border-radius:100px; white-space:nowrap; \",\r\n         \"data_ls\":\"offsetxin:0;durationin:750; delayin:500; easingin:easeoutquint; rotatein:90; scalexin:0.5; scaleyin:0.5; offsetxout:0; durationout:750; rotateout:90; scalexout:0.5; scaleyout:0.5; \",\r\n         \"color\":\"#ffffff\",\r\n         \"background\":\"#c404bd\"\r\n      },\r\n      {\r\n         \"element\":\"h5\",\r\n         \"show_name\":\"PRODUCT FEATURE 1\",\r\n         \"name\":\"product_feature_1\",\r\n         \"style\":\"top:100px;left:116px; font-weight:300; font-size:30px; white-space:nowrap; \",\r\n         \"data_ls\":\"offsetxin:0;delayin:800; easingin:easeoutquint; scalexin:0.8; scaleyin:0.8; offsetxout:0; durationout:750; scalexout:0.8; scaleyout:0.8; \",\r\n         \"color\":\"#8d00b0\",\r\n         \"background\":\"rgba(0,0,0,0)\"\r\n      },\r\n      {\r\n         \"element\":\"h5\",\r\n         \"show_name\":\"+\",\r\n         \"name\":\"feature_bullet_2\",\r\n         \"style\":\"top:157px;left:71px; font-weight:300; text-align:center; width:30px; height:30px; font-size:30px; line-height:30px; border-radius:100px; white-space:nowrap; \",\r\n         \"data_ls\":\"offsetxin:0;durationin:750; delayin:1000; easingin:easeoutquint; rotatein:90; scalexin:0.5; scaleyin:0.5; offsetxout:0; durationout:750; rotateout:90; scalexout:0.5; scaleyout:0.5; \",\r\n         \"color\":\"#ffffff\",\r\n         \"background\":\"#c404bd\"\r\n      },\r\n      {\r\n         \"element\":\"h5\",\r\n         \"show_name\":\"PRODUCT FEATURE 2\",\r\n         \"name\":\"product_feature_2\",\r\n         \"style\":\"top:150px;left:116px; font-weight:300; font-size:30px; white-space:nowrap; \",\r\n         \"data_ls\":\"offsetxin:0;delayin:1300; easingin:easeoutquint; scalexin:0.8; scaleyin:0.8; offsetxout:0; durationout:750; scalexout:0.8; scaleyout:0.8; \",\r\n         \"color\":\"#8d00b0\",\r\n         \"background\":\"rgba(0,0,0,0)\"\r\n      },\r\n      {\r\n         \"element\":\"h5\",\r\n         \"show_name\":\"+\",\r\n         \"name\":\"feature_bullet_3\",\r\n         \"style\":\"top:207px;left:71px; font-weight:300; text-align:center; width:30px; height:30px; font-size:30px; line-height:30px; border-radius:100px; white-space:nowrap; \",\r\n         \"data_ls\":\"offsetxin:0;durationin:750; delayin:1500; easingin:easeoutquint; rotatein:90; scalexin:0.5; scaleyin:0.5; offsetxout:0; durationout:750; rotateout:90; scalexout:0.5; scaleyout:0.5; \",\r\n         \"color\":\"#ffffff\",\r\n         \"background\":\"#c404bd\"\r\n      },\r\n      {\r\n         \"element\":\"h5\",\r\n         \"show_name\":\"PRODUCT FEATURE 3\",\r\n         \"name\":\"product_feature_3\",\r\n         \"style\":\"top:200px;left:116px; font-weight:300; font-size:30px; white-space:nowrap; \",\r\n         \"data_ls\":\"offsetxin:0;delayin:1800; easingin:easeoutquint; scalexin:0.8; scaleyin:0.8; offsetxout:0; durationout:750; scalexout:0.8; scaleyout:0.8; \",\r\n         \"color\":\"#8d00b0\",\r\n         \"background\":\"rgba(0,0,0,0)\"\r\n      },\r\n      {\r\n         \"element\":\"h5\",\r\n         \"show_name\":\"+\",\r\n         \"name\":\"feature_bullet_4\",\r\n         \"style\":\"top:257px;left:71px; font-weight:300; text-align:center; width:30px; height:30px; font-size:30px; line-height:30px; border-radius:100px; white-space:nowrap; \",\r\n         \"data_ls\":\"offsetxin:0;durationin:750; delayin:2000; easingin:easeoutquint; rotatein:90; scalexin:0.5; scaleyin:0.5; offsetxout:0; durationout:750; rotateout:90; scalexout:0.5; scaleyout:0.5; \",\r\n         \"color\":\"#ffffff\",\r\n         \"background\":\"#c404bd\"\r\n      },\r\n      {\r\n         \"element\":\"h5\",\r\n         \"show_name\":\"PRODUCT FEATURE 4\",\r\n         \"name\":\"product_feature_4\",\r\n         \"style\":\"top:250px;left:116px; font-weight:300; font-size:30px; white-space:nowrap; \",\r\n         \"data_ls\":\"offsetxin:0;delayin:2300; easingin:easeoutquint; scalexin:0.8; scaleyin:0.8; offsetxout:0; durationout:750; scalexout:0.8; scaleyout:0.8; \",\r\n         \"color\":\"#8d00b0\",\r\n         \"background\":\"rgba(0,0,0,0)\"\r\n      },\r\n      {\r\n         \"element\":\"h5\",\r\n         \"show_name\":\"+\",\r\n         \"name\":\"feature_bullet_5\",\r\n         \"style\":\"top:307px;left:71px; font-weight:300; text-align:center; width:30px; height:30px; font-size:30px; line-height:30px; border-radius:100px; white-space:nowrap; \",\r\n         \"data_ls\":\"offsetxin:0;durationin:750; delayin:2500; easingin:easeoutquint; rotatein:90; scalexin:0.5; scaleyin:0.5; offsetxout:0; durationout:750; rotateout:90; scalexout:0.5; scaleyout:0.5; \",\r\n         \"color\":\"#ffffff\",\r\n         \"background\":\"#c404bd\"\r\n      },\r\n      {\r\n         \"element\":\"h5\",\r\n         \"show_name\":\"PRODUCT FEATURE 5\",\r\n         \"name\":\"product_feature_5\",\r\n         \"style\":\"top:300px;left:116px; font-weight:300; font-size:30px; white-space:nowrap;\",\r\n         \"data_ls\":\"offsetxin:0;delayin:2800; easingin:easeoutquint; scalexin:0.8; scaleyin:0.8; offsetxout:0; durationout:750; scalexout:0.8; scaleyout:0.8; \",\r\n         \"color\":\"#8d00b0\",\r\n         \"background\":\"rgba(0,0,0,0)\"\r\n      },\r\n      {\r\n         \"element\":\"h5\",\r\n         \"show_name\":\"+\",\r\n         \"name\":\"feature_bullet_6\",\r\n         \"style\":\"top:357px;left:71px; font-weight:300; text-align:center; width:30px; height:30px; font-size:30px; line-height:30px; border-radius:100px; white-space:nowrap; \",\r\n         \"data_ls\":\"offsetxin:0;durationin:750; delayin:3000; easingin:easeoutquint; rotatein:90; scalexin:0.5; scaleyin:0.5; offsetxout:0; durationout:750; rotateout:90; scalexout:0.5; scaleyout:0.5; \",\r\n         \"color\":\"#ffffff\",\r\n         \"background\":\"#c404bd\"\r\n      },\r\n      {\r\n         \"element\":\"h5\",\r\n         \"show_name\":\"PRODUCT FEATURE 6\",\r\n         \"name\":\"product_feature_6\",\r\n         \"style\":\"top:350px;left:116px; font-weight:300; font-size:30px; white-space:nowrap; \",\r\n         \"data_ls\":\"offsetxin:0;delayin:3300; easingin:easeoutquint; scalexin:0.8; scaleyin:0.8; offsetxout:0; durationout:750; scalexout:0.8; scaleyout:0.8; \",\r\n         \"color\":\"#8d00b0\",\r\n         \"background\":\"rgba(0,0,0,0)\"\r\n      }\r\n   ]\r\n}'),
(6, 'SLIDER TYPE 4', '{\r\n   \"full_slide_style\":\"data-ls=\\\"slidedelay:7500;transition2d:105,106;\\\"\",\r\n   \"background\":\"bg_apple\",\r\n   \"images\":[\r\n      {\r\n         \"name\":\"long_1\",\r\n         \"style\":\"top:60px;left:578px;width:200px; white-space:nowrap; \",\r\n         \"data_ls\":\"offsetxin:0;durationin:4000; delayin:1500; easingin:easeinoutquad; scalexin:1.1; scaleyin:1.1; offsetxout:0; durationout:1000; scalexout:0.9; scaleyout:0.9; \",\r\n         \"show_name\":\"PRODUCT IMAGE 1\"\r\n      },\r\n      {\r\n         \"name\":\"semi_long_1\",\r\n         \"style\":\"top:170px;left:800px;width:200px; white-space:nowrap; \",\r\n         \"data_ls\":\"offsetxin:0;durationin:4000; delayin:1500; easingin:easeinoutquad; scalexin:1.1; scaleyin:1.1; offsetxout:0; durationout:1000; scalexout:0.9; scaleyout:0.9; \",\r\n         \"show_name\":\"PRODUCT IMAGE 2\"\r\n      },\r\n      {\r\n         \"name\":\"square_1\",\r\n         \"style\":\"top:265px;left:1020px;width:200px; white-space:nowrap; \",\r\n         \"data_ls\":\"offsetxin:0;durationin:4000; delayin:1500; easingin:easeinoutquad; scalexin:1.1; scaleyin:1.1; offsetxout:0; durationout:1000; scalexout:0.9; scaleyout:0.9; \",\r\n         \"show_name\":\"PRODUCT IMAGE 3\"\r\n      }\r\n   ],\r\n   \"texts\":[\r\n      {\r\n         \"element\":\"h1\",\r\n         \"show_name\":\"PRODUCT TITLE\",\r\n         \"name\":\"product_title\",\r\n         \"style\":\"top:20px;left:50px; font-size:50px; font-weight:300; white-space:nowrap; \",\r\n         \"data_ls\":\"offsetxin:0;durationin:3000; delayin:500; easingin:easeoutelastic; rotatexin:90; transformoriginin:50; bottom; 0; offsetxout:0; rotatexout:90; transformoriginout:50; \",\r\n         \"color\":\"#000\",\r\n         \"background\":\"rgba(0,0,0,0)\"\r\n      },\r\n      {\r\n         \"element\":\"div\",\r\n         \"show_name\":\"PRODUCT FEATURE 1\",\r\n         \"name\":\"product_feature_1\",\r\n         \"style\":\"top:100px;left:50px; text-align:justify; width:500px; font-size:20px; \",\r\n         \"data_ls\":\"offsetxin:-150;durationin:2000; delayin:500; easingin:easeinoutquart; rotateyin:-40; offsetxout:-150; durationout:1000; rotateyout:-40; \",\r\n         \"color\":\"#470467\",\r\n         \"background\":\"rgba(0,0,0,0)\"\r\n      },\r\n      {\r\n         \"element\":\"div\",\r\n         \"show_name\":\"PRODUCT FEATURE 2\",\r\n         \"name\":\"product_feature_2\",\r\n         \"style\":\"top:150px;left:50px; text-align:justify; width:500px; font-size:20px; \",\r\n         \"data_ls\":\"offsetxin:-150;durationin:2000; delayin:1000; easingin:easeinoutquart; rotateyin:-40; offsetxout:-150; durationout:1000; rotateyout:-40; \",\r\n         \"color\":\"#470467\",\r\n         \"background\":\"rgba(0,0,0,0)\"\r\n      },\r\n      {\r\n         \"element\":\"div\",\r\n         \"show_name\":\"PRODUCT FEATURE 3\",\r\n         \"name\":\"product_feature_3\",\r\n         \"style\":\"top:200px;left:50px; text-align:justify; width:500px; font-size:20px; \",\r\n         \"data_ls\":\"offsetxin:-150;durationin:2000; delayin:1500; easingin:easeinoutquart; rotateyin:-40; offsetxout:-150; durationout:1000; rotateyout:-40; \",\r\n         \"color\":\"#470467\",\r\n         \"background\":\"rgba(0,0,0,0)\"\r\n      },\r\n      {\r\n         \"element\":\"div\",\r\n         \"show_name\":\"PRODUCT FEATURE 4\",\r\n         \"name\":\"product_feature_4\",\r\n         \"style\":\"top:250px;left:50px; text-align:justify; width:500px; font-size:20px; \",\r\n         \"data_ls\":\"offsetxin:-150;durationin:2000; delayin:2000; easingin:easeinoutquart; rotateyin:-40; offsetxout:-150; durationout:1000; rotateyout:-40; \",\r\n         \"color\":\"#470467\",\r\n         \"background\":\"rgba(0,0,0,0)\"\r\n      },\r\n      {\r\n         \"element\":\"div\",\r\n         \"show_name\":\"PRODUCT FEATURE 5\",\r\n         \"name\":\"product_feature_5\",\r\n         \"style\":\"top:300px;left:50px; text-align:justify; width:500px; font-size:20px; \",\r\n         \"data_ls\":\"offsetxin:-150;durationin:2000; delayin:2500; easingin:easeinoutquart; rotateyin:-40; offsetxout:-150; durationout:1000; rotateyout:-40; \",\r\n         \"color\":\"#470467\",\r\n         \"background\":\"rgba(0,0,0,0)\"\r\n      },\r\n      {\r\n         \"element\":\"div\",\r\n         \"show_name\":\"PRODUCT FEATURE 6\",\r\n         \"name\":\"product_feature_6\",\r\n         \"style\":\"top:350px;left:50px; text-align:justify; width:500px; font-size:20px; \",\r\n         \"data_ls\":\"offsetxin:-150;durationin:2000; delayin:3000; easingin:easeinoutquart; rotateyin:-40; offsetxout:-150; durationout:1000; rotateyout:-40; \",\r\n         \"color\":\"#470467\",\r\n         \"background\":\"rgba(0,0,0,0)\"\r\n      },\r\n      {\r\n         \"element\":\"div\",\r\n         \"show_name\":\"PRODUCT FEATURE 7\",\r\n         \"name\":\"product_feature_7\",\r\n         \"style\":\"top:400px;left:50px; text-align:justify; width:500px; font-size:20px; \",\r\n         \"data_ls\":\"offsetxin:-150;durationin:2000; delayin:3500; easingin:easeinoutquart; rotateyin:-40; offsetxout:-150; durationout:1000; rotateyout:-40; \",\r\n         \"color\":\"#470467\",\r\n         \"background\":\"rgba(0,0,0,0)\"\r\n      }\r\n   ]\r\n}'),
(7, 'SLIDER TYPE 5', '{\n   \"full_slide_style\":\"data-ls=\\\"slidedelay:7500;transition2d:73,102;\\\"\",\n   \"background\":\"bg_apple\",\n   \"images\":[\n      {\n         \"name\":\"long_1\",\n         \"style\":\"top:50%; left:50%;width:200px; white-space:nowrap;\",\n         \"data_ls\" : \"\",\n         \"show_name\":\"IMAGE\"\n      }\n   ],\n   \"texts\":[\n      {\n         \"element\":\"h6\",\n         \"show_name\":\"PRICE\",\n         \"name\":\"price\",\n         \"style\":\"top:55%; left:39%; durationin:500; delayin:600; fadein:false; rotatein:30; durationout:500; fadeout:false; slidedirection:fade; slideoutdirection:fade; scalein:0.1; scaleout:0.1; font-weight:300; box-shadow:0px 2px 8px -2px black; padding-top:5px; padding-right:20px; padding-bottom:5px; padding-left:20px; font-size:30px; color:#ffffff; background:#B816B2; border-radius:5px; white-space:nowrap;\",\n         \"data_ls\" : \"\",\n         \"color\":\"#ffffff\",\n         \"background\":\"#b816b2\"\n      },\n      {\n         \"element\":\"h6\",\n         \"show_name\":\"PRODUCT TITLE\",\n         \"name\":\"product_title\",\n         \"style\":\"top:45%; left:36%; durationin:500; delayin:500; fadein:false; rotatein:-30; durationout:500; fadeout:false; slidedirection:fade; slideoutdirection:fade; scalein:0.1;scaleout:0.1; font-weight:300; box-shadow:0px 2px 8px -2px black; padding-top:5px; padding-right:20px; padding-bottom:5px; padding-left:20px; font-size:30px; color:#ffffff; background:#760093;border-radius:5px; white-space:nowrap;\",\n         \"data_ls\" : \"\",\n         \"color\":\"#ffffff\",\n         \"background\":\"#760093\"\n      }\n   ]\n}'),
(8, 'SLIDER TYPE 6', '{\r\n   \"full_slide_style\":\"data-ls=\\\"slidedelay:7500;transition2d:73,102;\\\"\",\r\n   \"background\":\"bg_apple\",\r\n   \"images\":[\r\n      {\r\n         \"style\":\"top:100px;left:100px; width:250px; white-space:nowrap; \",\r\n         \"data_ls\":\"offsetxin:0;durationin:3000; delayin:1500; rotateyin:90; transformoriginin:left; 0; offsetxout:0; durationout:750; rotateyout:90; transformoriginout:left; \",\r\n         \"name\":\"semi_long_1\",\r\n         \"show_name\":\"PRODUCT IMAGE 1\"\r\n      },\r\n      {\r\n         \"style\":\"top:100px;left:400px; width:250px; white-space:nowrap; \",\r\n         \"data_ls\":\"offsetxin:0;durationin:3000; delayin:1500; rotateyin:-90; transformoriginin:right; 0; offsetxout:0; durationout:750; rotateyout:90; transformoriginout:right; \",\r\n         \"name\":\"semi_long_2\",\r\n         \"show_name\":\"PRODUCT IMAGE 2\"\r\n      }\r\n   ],\r\n   \"texts\":[\r\n      {\r\n         \"element\":\"h1\",\r\n         \"show_name\":\"PRODUCT TITLE\",\r\n         \"name\":\"product_title\",\r\n         \"style\":\"font-family:Roboto;top:25px; left:192px; font-weight:100; text-align:center; width:340px; font-size:40px; border-radius:5px; white-space:nowrap; \",\r\n         \"data_ls\":\"offsetxin:0;durationin:2500; delayin:2000; easingin:easeoutelastic; rotatexin:90; transformoriginin:50; bottom; 0; offsetxout:0; rotateout:-90; transformoriginout:left; \",\r\n         \"color\":\"#34009d\",\r\n         \"background\":\"rgba(0,0,0,0)\"\r\n      },\r\n      {\r\n         \"element\":\"p\",\r\n         \"show_name\":\" DUMMY TEXT 1\",\r\n         \"name\":\"dummy_text_1\",\r\n         \"style\":\"top:50px;left:800px; font-weight:300; height:40px; padding-right:10px; padding-left:10px; font-size:30px; line-height:37px; border-radius:4px; white-space:nowrap; \",\r\n         \"data_ls\":\"durationin:1500;delayin:2300; rotatein:20; rotatexin:30; scalexin:1.5; scaleyin:1.5; transformoriginin:left; 0; durationout:750; rotateout:20; rotatexout:-30; scalexout:0; scaleyout:0; transformoriginout:left; \",\r\n         \"color\":\"#ffffff\",\r\n         \"background\":\"#740091\"\r\n      },\r\n      {\r\n         \"element\":\"p\",\r\n         \"show_name\":\"DUMMY TEXT 2\",\r\n         \"name\":\"dummy_text_2\",\r\n         \"style\":\"top:90px;left:800px; font-weight:300; font-size:24px; white-space:nowrap; \",\r\n         \"data_ls\":\"offsetxin:0;durationin:1500; delayin:2700; rotateyin:90; skewxin:60; transformoriginin:25; 0; offsetxout:100; durationout:750; skewxout:60; \",\r\n         \"color\":\"#ff00f6\",\r\n         \"background\":\"rgba(0,0,0,0)\"\r\n      },\r\n      {\r\n         \"element\":\"p\",\r\n         \"show_name\":\"DUMMY TEXT 3\",\r\n         \"name\":\"dummy_text_3\",\r\n         \"style\":\"top:150px;left:800px; font-weight:300; height:40px; padding-right:10px; padding-left:10px; font-size:30px; line-height:37px; border-radius:4px; white-space:nowrap; \",\r\n         \"data_ls\":\"durationin:1500;delayin:3000; rotatein:20; rotatexin:30; scalexin:1.5; scaleyin:1.5; transformoriginin:left; 0; durationout:750; rotateout:20; rotatexout:-30; scalexout:0; scaleyout:0; transformoriginout:left; \",\r\n         \"color\":\"#ffffff\",\r\n         \"background\":\"#740091\"\r\n      },\r\n      {\r\n         \"element\":\"p\",\r\n         \"show_name\":\"DUMMY TEXT 4\",\r\n         \"name\":\"dummy_text_4\",\r\n         \"style\":\"top:190px;left:800px; font-weight:300; font-size:24px; white-space:nowrap; \",\r\n         \"data_ls\":\"offsetxin:0;durationin:1500; delayin:3400; rotateyin:90; skewxin:60; transformoriginin:25; 0; offsetxout:100; durationout:750; skewxout:60; \",\r\n         \"color\":\"#ff00f6\",\r\n         \"background\":\"rgba(0,0,0,0)\"\r\n      },\r\n      {\r\n         \"element\":\"p\",\r\n         \"show_name\":\"DUMMY TEXT 5\",\r\n         \"name\":\"dummy_text_5\",\r\n         \"style\":\"top:250px;left:800px; font-weight:300; height:40px; padding-right:10px; padding-left:10px; font-size:30px; line-height:37px; border-radius:4px; white-space:nowrap; \",\r\n         \"data_ls\":\"durationin:1500;delayin:3700; rotatein:20; rotatexin:30; scalexin:1.5; scaleyin:1.5; transformoriginin:left; 0; durationout:750; rotateout:20; rotatexout:-30; scalexout:0; scaleyout:0; transformoriginout:left; \",\r\n         \"color\":\"#ffffff\",\r\n         \"background\":\"#740091\"\r\n      },\r\n      {\r\n         \"element\":\"p\",\r\n         \"show_name\":\"DUMMY TEXT 6\",\r\n         \"name\":\"dummy_text_6\",\r\n         \"style\":\"top:290px;left:799px; font-weight:300; font-size:24px; white-space:nowrap; \",\r\n         \"data_ls\":\"offsetxin:0;durationin:1500; delayin:4100; rotateyin:90; skewxin:60; transformoriginin:25; 0; offsetxout:100; durationout:750; skewxout:60; \",\r\n         \"color\":\"#ff00f6\",\r\n         \"background\":\"rgba(0,0,0,0)\"\r\n      },\r\n      {\r\n         \"element\":\"p\",\r\n         \"show_name\":\"DUMMY TEXT 7\",\r\n         \"name\":\"dummy_text_7\",\r\n         \"style\":\"top:360px;left:800px; font-weight:300; height:40px; padding-right:10px; padding-left:10px; font-size:30px; line-height:37px; border-radius:4px; white-space:nowrap; \",\r\n         \"data_ls\":\"durationin:1500;delayin:4400; rotatein:20; rotatexin:30; scalexin:1.5; scaleyin:1.5; transformoriginin:left; 0; durationout:750; rotateout:20; rotatexout:-30; scalexout:0; scaleyout:0; transformoriginout:left; \",\r\n         \"color\":\"#ffffff\",\r\n         \"background\":\"#740091\"\r\n      },\r\n      {\r\n         \"element\":\"p\",\r\n         \"show_name\":\"DUMMY TEXT 8\",\r\n         \"name\":\"dummy_text_8\",\r\n         \"style\":\"top:400px;left:799px; font-weight:300; font-size:24px; white-space:nowrap; \",\r\n         \"data_ls\":\"offsetxin:0;durationin:1500; delayin:4800; rotateyin:90; skewxin:60; transformoriginin:25; 0; offsetxout:100; durationout:750; skewxout:60; \",\r\n         \"color\":\"#ff00f6\",\r\n         \"background\":\"rgba(0,0,0,0)\"\r\n      }\r\n   ]\r\n}'),
(9, 'SLIDER TYPE 7', '{\r\n   \"full_slide_style\":\"data-ls=\\\"slidedelay:7500;transition2d:73,102;\\\"\",\r\n   \"background\":\"bg_apple\",\r\n   \"images\":[\r\n      {\r\n         \"style\":\"top:50px; left:50%;width:278px; white-space:nowrap;\",\r\n         \"data_ls\":\"durationin:1500;scalexin:0.8; scaleyin:0.8; scalexout:0.8; scaleyout:0.8; \",\r\n         \"name\":\"semi_long_1\",\r\n         \"show_name\":\"IMAGE\"\r\n      }\r\n   ],\r\n   \"texts\":[\r\n      {\r\n         \"element\":\"p\",\r\n         \"show_name\":\"DUMMY TEXT 1\",\r\n         \"name\":\"dummy_text_1\",\r\n         \"style\":\"top:80px;left:20px; font-weight:300; height:40px; padding-right:10px; padding-left:10px; font-size:30px; line-height:37px; white-space:nowrap; \",\r\n         \"data_ls\":\"offsetxin:-50;durationin:2000; delayin:1000; offsetxout:-50; durationout:1000; \",\r\n         \"color\":\"#fd2931\",\r\n         \"background\":\"rgba(255,255,255,0.85)\"\r\n      },\r\n      {\r\n         \"element\":\"p\",\r\n         \"show_name\":\"DUMMY TEXT 2\",\r\n         \"name\":\"dummy_text_2\",\r\n         \"style\":\"top:140px;left:20px; font-weight:300; height:40px; padding-right:10px; padding-left:10px; font-size:30px; line-height:37px; white-space:nowrap; \",\r\n         \"data_ls\":\"offsetxin:-50;durationin:2000; delayin:1500; offsetxout:-50; durationout:1000; \",\r\n         \"color\":\"#fd2931\",\r\n         \"background\":\"rgba(255,255,255,0.85)\"\r\n      },\r\n      {\r\n         \"element\":\"p\",\r\n         \"show_name\":\"DUMMY TEXT 3\",\r\n         \"name\":\"dummy_text_3\",\r\n         \"style\":\"top:200px;left:20px; font-weight:300; height:40px; padding-right:10px; padding-left:10px; font-size:30px; line-height:37px; white-space:nowrap; \",\r\n         \"data_ls\":\"offsetxin:-50;durationin:2000; delayin:2000; offsetxout:-50; durationout:1000; \",\r\n         \"color\":\"#fd2931\",\r\n         \"background\":\"rgba(255,255,255,0.85)\"\r\n      },\r\n      {\r\n         \"element\":\"p\",\r\n         \"show_name\":\"DUMMY TEXT 4\",\r\n         \"name\":\"dummy_text_4\",\r\n         \"style\":\"top:260px;left:20px; font-weight:300; height:40px; padding-right:10px; padding-left:10px; font-size:30px; line-height:37px; white-space:nowrap; \",\r\n         \"data_ls\":\"offsetxin:-50;durationin:2000; delayin:2500; offsetxout:-50; durationout:1000; \",\r\n         \"color\":\"#fd2931\",\r\n         \"background\":\"rgba(255,255,255,0.85)\"\r\n      },\r\n      {\r\n         \"element\":\"p\",\r\n         \"show_name\":\"DUMMY TEXT 5\",\r\n         \"name\":\"dummy_text_5\",\r\n         \"style\":\"top:320px;left:20px; font-weight:300; height:40px; padding-right:10px; padding-left:10px; font-size:30px; line-height:37px; white-space:nowrap; \",\r\n         \"data_ls\":\"offsetxin:-50;durationin:2000; delayin:3000; offsetxout:-50; durationout:1000; \",\r\n         \"color\":\"#fd2931\",\r\n         \"background\":\"rgba(255,255,255,0.85)\"\r\n      },\r\n      {\r\n         \"element\":\"p\",\r\n         \"show_name\":\"DUMMY TEXT 6\",\r\n         \"name\":\"dummy_text_6\",\r\n         \"style\":\"top:380px;left:20px; font-weight:300; height:40px; padding-right:10px; padding-left:10px; font-size:30px; line-height:37px; white-space:nowrap; \",\r\n         \"data_ls\":\"offsetxin:-50;durationin:2000; delayin:3500; offsetxout:-50; durationout:1000; \",\r\n         \"color\":\"#fd2931\",\r\n         \"background\":\"rgba(255,255,255,0.85)\"\r\n      },\r\n      {\r\n         \"element\":\"p\",\r\n         \"show_name\":\"PRODUCT TITLE\",\r\n         \"name\":\"product_title\",\r\n         \"style\":\"top:50%;left:900px; font-weight:100; text-align:right; padding:15px; font-size:40px; line-height:37px; font-family:roboto; border-radius:4px; white-space:nowrap; \",\r\n         \"data_ls\":\"offsetxin:0;durationin:2500; delayin:3250; easingin:easeoutelastic; rotatexin:90; transformoriginin:50; top; 0; offsetxout:0; durationout:1000; rotatexout:90; transformoriginout:50; bottom; \",\r\n         \"color\":\"#fff\",\r\n         \"background\":\"#11008b\"\r\n      },\r\n      {\r\n         \"element\":\"p\",\r\n         \"show_name\":\"DUMMY TEXT 6\",\r\n         \"name\":\"dummy_text_6\",\r\n         \"style\":\"top:505px;left:983px; font-family:; flower; font-size:30px; white-space:nowrap; \",\r\n         \"data_ls\":\"offsetxin:-50;delayin:3500; skewxin:60; scalexin:1.5; offsetxout:-50; durationout:1000; skewxout:60; scalexout:1.5; \",\r\n         \"color\":\"#d9482b\",\r\n         \"background\":\"rgba(0,0,0,0)\"\r\n      }\r\n   ]\r\n}');
INSERT INTO `slider_style` (`slider_style_id`, `name`, `value`) VALUES
(10, 'SLIDER TYPE 8', '{\r\n   \"full_slide_style\":\"data-ls=\\\"slidedelay:7000;transition2d:76,77,78,79;\\\"\",\r\n   \"background\":\"bg_apple\",\r\n   \"images\":[\r\n      {\r\n         \"style\":\"top:120px; left:42%;width:180px; white-space:nowrap; \",\r\n         \"data_ls\":\"durationin:1500;scalexin:0.8; scaleyin:0.8; scalexout:0.8; scaleyout:0.8; \",\r\n         \"name\":\"semi_long_1\",\r\n         \"show_name\":\"PRODUCT IMAGE 1\"\r\n      },\r\n      {\r\n         \"style\":\"top:120px; left:58%;width:180px; white-space:nowrap; \",\r\n         \"data_ls\":\"durationin:1500;scalexin:0.8; scaleyin:0.8; scalexout:0.8; scaleyout:0.8; \",\r\n         \"name\":\"semi_long_2\",\r\n         \"show_name\":\"PRODUCT IMAGE 2\"\r\n      },\r\n      {\r\n         \"style\":\"top:50px; left:50%;width:200px; white-space:nowrap; \",\r\n         \"data_ls\":\"durationin:1500;scalexin:0.8; scaleyin:0.8; scalexout:0.8; scaleyout:0.8; \",\r\n         \"name\":\"long_1\",\r\n         \"show_name\":\"PRODUCT IMAGE 3\"\r\n      }\r\n   ],\r\n   \"texts\":[\r\n      {\r\n         \"element\":\"p\",\r\n         \"show_name\":\"DUMMY TEXT 1\",\r\n         \"name\":\"dummy_text_1\",\r\n         \"style\":\"top:80px;left:20px; font-weight:300; height:40px; padding-right:10px; padding-left:10px; font-size:30px; line-height:37px; white-space:nowrap; \",\r\n         \"data_ls\":\"offsetxin:-50;durationin:2000; delayin:1000; offsetxout:-50; durationout:1000; \",\r\n         \"color\":\"#fd2931\",\r\n         \"background\":\"rgba(255,255,255,0.85)\"\r\n      },\r\n      {\r\n         \"element\":\"p\",\r\n         \"show_name\":\"DUMMY TEXT 2\",\r\n         \"name\":\"dummy_text_2\",\r\n         \"style\":\"top:140px;left:20px; font-weight:300; height:40px; padding-right:10px; padding-left:10px; font-size:30px; line-height:37px; white-space:nowrap; \",\r\n         \"data_ls\":\"offsetxin:-50;durationin:2000; delayin:1500; offsetxout:-50; durationout:1000; \",\r\n         \"color\":\"#fd2931\",\r\n         \"background\":\"rgba(255,255,255,0.85)\"\r\n      },\r\n      {\r\n         \"element\":\"p\",\r\n         \"show_name\":\"DUMMY TEXT 3\",\r\n         \"name\":\"dummy_text_3\",\r\n         \"style\":\"top:200px;left:20px; font-weight:300; height:40px; padding-right:10px; padding-left:10px; font-size:30px; line-height:37px; white-space:nowrap; \",\r\n         \"data_ls\":\"offsetxin:-50;durationin:2000; delayin:2000; offsetxout:-50; durationout:1000; \",\r\n         \"color\":\"#fd2931\",\r\n         \"background\":\"rgba(255,255,255,0.85)\"\r\n      },\r\n      {\r\n         \"element\":\"p\",\r\n         \"show_name\":\"DUMMY TEXT 4\",\r\n         \"name\":\"dummy_text_4\",\r\n         \"style\":\"top:260px;left:20px; font-weight:300; height:40px; padding-right:10px; padding-left:10px; font-size:30px; line-height:37px; white-space:nowrap; \",\r\n         \"data_ls\":\"offsetxin:-50;durationin:2000; delayin:2500; offsetxout:-50; durationout:1000; \",\r\n         \"color\":\"#fd2931\",\r\n         \"background\":\"rgba(255,255,255,.85)\"\r\n      },\r\n      {\r\n         \"element\":\"p\",\r\n         \"show_name\":\"DUMMY TEXT 5\",\r\n         \"name\":\"dummy_text_5\",\r\n         \"style\":\"top:320px;left:20px; font-weight:300; height:40px; padding-right:10px; padding-left:10px; font-size:30px; line-height:37px; white-space:nowrap; \",\r\n         \"data_ls\":\"offsetxin:-50;durationin:2000; delayin:3000; offsetxout:-50; durationout:1000; \",\r\n         \"color\":\"#fd2931\",\r\n         \"background\":\"rgba(255,255,255,0.85)\"\r\n      },\r\n      {\r\n         \"element\":\"p\",\r\n         \"show_name\":\"DUMMY TEXT 6\",\r\n         \"name\":\"dummy_text_6\",\r\n         \"style\":\"top:380px;left:20px; font-weight:300; height:40px; padding-right:10px; padding-left:10px; font-size:30px; line-height:37px; white-space:nowrap; \",\r\n         \"data_ls\":\"offsetxin:-50;durationin:2000; delayin:3500; offsetxout:-50; durationout:1000; \",\r\n         \"color\":\"#fd2931\",\r\n         \"background\":\"rgba(255,255,255,0.85)\"\r\n      },\r\n      {\r\n         \"element\":\"p\",\r\n         \"show_name\":\"PRODUCT TITLE\",\r\n         \"name\":\"product_title\",\r\n         \"style\":\"top:50%;left:900px; font-weight:100; text-align:right; padding:15px; font-size:40px; line-height:37px; font-family:roboto; border-radius:4px; white-space:nowrap; \",\r\n         \"data_ls\":\"offsetxin:0;durationin:2500; delayin:3250; easingin:easeoutelastic; rotatexin:90; transformoriginin:50; top; 0; offsetxout:0; durationout:1000; rotatexout:90; transformoriginout:50; bottom; \",\r\n         \"color\":\"#fff\",\r\n         \"background\":\"#11008b\"\r\n      },\r\n      {\r\n         \"element\":\"p\",\r\n         \"show_name\":\"DUMMY TEXT 7\",\r\n         \"name\":\"dummy_text_7\",\r\n         \"style\":\"top:505px;left:983px; font-family:; flower; font-size:30px; white-space:nowrap; \",\r\n         \"data_ls\":\"offsetxin:-50;delayin:3500; skewxin:60; scalexin:1.5; offsetxout:-50; durationout:1000; skewxout:60; scalexout:1.5; \",\r\n         \"color\":\"#000\",\r\n         \"background\":\"rgba(0,0,0,0)\"\r\n      }\r\n   ]\r\n}'),
(11, 'WELCOME TYPE 3', '{\r\n   \"full_slide_style\":\"data-ls=\\\"slidedelay:8000;transition2d:4;\\\"\",\r\n   \"background\":\"bg_apple\",\r\n   \"images\":[\r\n      {\r\n         \"show_name\":\"Image 1\",\r\n         \"name\":\"ase\",\r\n         \"style\":\"top:45%; left:45%;width:200px; white-space: nowrap;\",\r\n         \"data_ls\":\"offsetxin:0; durationin:1500; delayin:3000; rotateyin:90; transformoriginin:right 50% 0; offsetxout:0; durationout:1500; showuntil:1000; rotateyout:-90; transformoriginout:right 50% 0;\"\r\n      }\r\n   ],\r\n   \"texts\":[\r\n      {\r\n         \"element\":\"p\",\r\n         \"show_name\":\"Introducing\",\r\n         \"name\":\"text_1\",\r\n         \"style\":\"top:40%; left:50%; font-weight: 300; font-size:30px; white-space: nowrap;\",\r\n         \"data_ls\":\"offsetxin:50; durationin:750; easingin:easeOutBack; skewxin:-50; offsetxout:-50; durationout:600; showuntil:1500; easingout:easeInBack; skewxout:50;\",\r\n         \"color\":\"#C505BD\",\r\n         \"background\":\"rgba(1,1,1,0)\"\r\n      },\r\n      {\r\n         \"element\":\"p\",\r\n         \"show_name\":\"Your Shop Name\",\r\n         \"name\":\"text_2\",\r\n         \"style\":\"top:50%; left:50%; font-weight: 300; font-size:50px; white-space: nowrap;\",\r\n         \"data_ls\":\"offsetxin:-100; durationin:750; delayin:250; easingin:easeOutBack; skewxin:-50; offsetxout:100; durationout:600; showuntil:1500; easingout:easeInBack; skewxout:50;\",\r\n         \"color\":\"#8D00AF\",\r\n         \"background\":\"rgba(1,1,1,0)\"\r\n      },\r\n      {\r\n         \"element\":\"p\",\r\n         \"show_name\":\"your Shop Slogan\",\r\n         \"name\":\"text_3\",\r\n         \"style\":\"top:47%; left:690px; font-weight: 300; font-size:35px; white-space: nowrap;\",\r\n         \"data_ls\":\"offsetxin:0; durationin:1500; delayin:3000; rotateyin:90; transformoriginin:left 50% 0; offsetxout:0; durationout:1500; showuntil:1500; rotateyout:-90; transformoriginout:left 50% 0;\",\r\n         \"color\":\"#8D00AF\",\r\n         \"background\":\"rgba(1,1,1,0)\"\r\n      }\r\n   ]\r\n}'),
(12, 'SLIDER TYPE 9', '{\r\n   \"full_slide_style\":\"data-ls=\\\"slidedelay:9500;transition2d:5;timeshift:-3000;\\\"\",\r\n   \"background\":\"bg_apple\",\r\n   \"images\":[\r\n      {\r\n         \"show_name\":\"Image 1\",\r\n         \"name\":\"semi_long_1\",\r\n         \"style\":\"top:120px; left:300px; width:200px; white-space: nowrap;\",\r\n         \"data_ls\":\"offsetxin:0; offsetyin:100; durationin:2000; delayin:1000; offsetxout:-100; offsetyout:50; durationout:2000; showuntil:2010;\"\r\n      },\r\n      {\r\n         \"show_name\":\"Image 2\",\r\n         \"name\":\"semi_long_2\",\r\n         \"style\":\"top:120px; left:200px; width:200px; white-space: nowrap;\",\r\n         \"data_ls\":\"offsetxin:0; offsetyin:100; durationin:2000; delayin:2000; offsetxout:-100; offsetyout:50; durationout:2000; showuntil:2010;\"\r\n      },\r\n      {\r\n         \"show_name\":\"Image 3\",\r\n         \"name\":\"semi_long_3\",\r\n         \"style\":\"top:120px; left:100px; width:200px; white-space: nowrap;\",\r\n         \"data_ls\":\"offsetxin:0; offsetyin:100; durationin:2000; delayin:3000; offsetxout:-100; offsetyout:50; durationout:2000; showuntil:2010;\"\r\n      }\r\n   ],\r\n   \"texts\":[\r\n      {\r\n         \"element\":\"h1\",\r\n         \"show_name\":\"PRODUCT TITLE\",\r\n         \"name\":\"text_1\",\r\n         \"style\":\"top:60px; left:800px; font-weight: 300; font-size:50px; white-space: nowrap;\",\r\n         \"data_ls\":\"offsetxin:50; durationin:3000; rotateyin:60; transformoriginin:right 50% 0; offsetxout:-50; durationout:3000; rotateyout:-60; transformoriginout:left 50% 0;\",\r\n         \"color\":\"#730091\",\r\n         \"background\":\"rgba(1,1,1,0)\"\r\n      },\r\n      {\r\n         \"element\":\"h2\",\r\n         \"show_name\":\"BIG SALE\",\r\n         \"name\":\"text_2\",\r\n         \"style\":\"top:120px; left:801px; font-weight: 300; font-size:30px; white-space: nowrap;\",\r\n         \"data_ls\":\"offsetxin:-50; durationin:3000; delayin:500; rotateyin:-60; transformoriginin:left 50% 0; offsetxout:50; durationout:3000; rotateyout:60; transformoriginout:right 50% 0;\",\r\n         \"color\":\"#FA6BF3\",\r\n         \"background\":\"rgba(1,1,1,0)\"\r\n      },\r\n      {\r\n         \"element\":\"h3\",\r\n         \"show_name\":\"$99\",\r\n         \"name\":\"text_3\",\r\n         \"style\":\"top:200px; left:850px; font-weight: 300; font-size:120px; white-space: nowrap;\",\r\n         \"data_ls\":\"offsetxin:0; durationin:4000; delayin:2000; rotateyin:450; transformoriginin:left 50% 0; offsetxout:0; durationout:500; easingout:easeInBack; rotateyout:90; transformoriginout:left 50% 0;\",\r\n         \"color\":\"#730091\",\r\n         \"background\":\"rgba(1,1,1,0)\"\r\n      }\r\n   ]\r\n}');

-- --------------------------------------------------------

--
-- Table structure for table `slides`
--

CREATE TABLE `slides` (
  `slides_id` int(11) NOT NULL,
  `button_color` longtext,
  `text_color` longtext,
  `button_text` varchar(300) DEFAULT NULL,
  `button_link` varchar(500) DEFAULT NULL,
  `uploaded_by` longtext,
  `added_by` longtext,
  `status` varchar(20) DEFAULT NULL
) ENGINE=InnoDB DEFAULT CHARSET=utf8;

--
-- Dumping data for table `slides`
--

INSERT INTO `slides` (`slides_id`, `button_color`, `text_color`, `button_text`, `button_link`, `uploaded_by`, `added_by`, `status`) VALUES
(15, '', '', '', '', 'vendor', '{\"type\":\"vendor\",\"id\":\"3\"}', 'ok'),
(16, 'rgba(0,0,0,1)', 'rgba(0,0,0,1)', '', '', 'vendor', '{\"type\":\"vendor\",\"id\":\"3\"}', 'ok'),
(19, 'rgba(0,0,0,1)', 'rgba(0,0,0,1)', '', '', 'admin', '{\"type\":\"admin\",\"id\":\"1\"}', 'ok'),
(20, 'rgba(0,0,0,1)', 'rgba(0,0,0,1)', '', '', 'admin', '{\"type\":\"admin\",\"id\":\"1\"}', 'ok'),
(21, 'rgba(0,0,0,1)', 'rgba(0,0,0,1)', '', '', 'admin', '{\"type\":\"admin\",\"id\":\"1\"}', 'ok'),
(22, 'rgba(0,0,0,1)', 'rgba(0,0,0,1)', '', '', 'admin', '{\"type\":\"admin\",\"id\":\"1\"}', 'ok'),
(23, 'rgba(0,0,0,1)', 'rgba(0,0,0,1)', '', '', 'admin', '{\"type\":\"admin\",\"id\":\"1\"}', '0'),
(24, 'rgba(0,0,0,1)', 'rgba(0,0,0,1)', '', '', 'admin', '{\"type\":\"admin\",\"id\":\"1\"}', 'ok'),
(25, 'rgba(0,0,0,1)', 'rgba(0,0,0,1)', '', '', 'vendor', '{\"type\":\"vendor\",\"id\":\"3\"}', 'ok'),
(26, 'rgba(255,0,0,1)', 'rgba(255,255,255,1)', 'Demo', '', 'vendor', '{\"type\":\"vendor\",\"id\":\"12\"}', '0'),
(27, 'rgba(134,217,29,1)', 'rgba(29,92,214,1)', 'link', 'www.google.com', 'vendor', '{\"type\":\"vendor\",\"id\":\"13\"}', 'ok'),
(28, 'rgba(0,0,0,1)', 'rgba(0,0,0,1)', '', '', 'admin', '{\"type\":\"admin\",\"id\":\"1\"}', 'ok'),
(29, 'rgba(0,0,0,1)', 'rgba(0,0,0,1)', '', '', 'admin', '{\"type\":\"admin\",\"id\":\"1\"}', 'ok'),
(30, 'rgba(0,0,0,1)', 'rgba(0,0,0,1)', '', '', 'vendor', '{\"type\":\"vendor\",\"id\":\"5\"}', 'ok'),
(31, 'rgba(0,0,0,1)', 'rgba(0,0,0,1)', '', '', 'vendor', '{\"type\":\"vendor\",\"id\":\"5\"}', 'ok'),
(32, 'rgba(0,0,0,1)', 'rgba(0,0,0,1)', '', '', 'vendor', '{\"type\":\"vendor\",\"id\":\"5\"}', 'ok'),
(33, 'rgba(0,0,0,1)', 'rgba(0,0,0,1)', '', '', 'vendor', '{\"type\":\"vendor\",\"id\":\"5\"}', 'ok'),
(34, 'rgba(245,233,233,1)', 'rgba(18,17,17,1)', 'Demo', 'https://www.google.com', 'vendor', '{\"type\":\"vendor\",\"id\":\"17\"}', 'ok');

-- --------------------------------------------------------

--
-- Table structure for table `social_links`
--

CREATE TABLE `social_links` (
  `social_links_id` int(11) NOT NULL,
  `type` longtext,
  `value` longtext
) ENGINE=MyISAM DEFAULT CHARSET=utf8;

--
-- Dumping data for table `social_links`
--

INSERT INTO `social_links` (`social_links_id`, `type`, `value`) VALUES
(1, 'facebook', 'http://facebook.com/'),
(2, 'google-plus', 'http://google.com/'),
(3, 'twitter', 'http://twitter.com/'),
(4, 'skype', 'http://skype.com/'),
(5, 'pinterest', 'http://pinterest.com/'),
(6, 'youtube', 'http://youtube.com/');

-- --------------------------------------------------------

--
-- Table structure for table `stock`
--

CREATE TABLE `stock` (
  `stock_id` int(11) NOT NULL,
  `type` longtext,
  `category` longtext,
  `sub_category` longtext,
  `product` longtext,
  `quantity` longtext,
  `rate` longtext,
  `total` longtext,
  `reason_note` longtext,
  `datetime` longtext,
  `sale_id` varchar(30) DEFAULT NULL,
  `added_by` varchar(50) DEFAULT NULL
) ENGINE=MyISAM DEFAULT CHARSET=utf8;

--
-- Dumping data for table `stock`
--

INSERT INTO `stock` (`stock_id`, `type`, `category`, `sub_category`, `product`, `quantity`, `rate`, `total`, `reason_note`, `datetime`, `sale_id`, `added_by`) VALUES
(1, 'add', '6', '15', '42', '50', '140.00', '7000', '', '1474202947', NULL, NULL),
(2, 'add', '6', '13', '41', '80', '220.00', '17600', '', '1474205403', NULL, NULL),
(3, 'add', '3', '19', '45', '10', '400.00', '4000', '', '1474273237', NULL, '{\"type\":\"vendor\",\"id\":\"2\"}'),
(4, 'destroy', '3', '19', '45', '3', NULL, '3', '', '1474273259', NULL, '{\"type\":\"vendor\",\"id\":\"2\"}'),
(5, 'add', '7', '24', '46', '50', '170.00', '8500', '', '1474279907', NULL, '{\"type\":\"vendor\",\"id\":\"3\"}'),
(6, 'add', '7', '23', '47', '25', '8.00', '200', '', '1474283137', NULL, '{\"type\":\"vendor\",\"id\":\"3\"}'),
(7, 'add', '7', '25', '48', '35', '6.00', '210', '', '1474284193', NULL, '{\"type\":\"vendor\",\"id\":\"3\"}'),
(8, 'add', '5', '29', '50', '50', '15.25', '762.5', '', '1474485138', NULL, '{\"type\":\"vendor\",\"id\":\"3\"}'),
(9, 'add', '5', '29', '49', '45', '34.35', '1545.75', '', '1474485156', NULL, '{\"type\":\"vendor\",\"id\":\"3\"}'),
(10, 'add', '5', '29', '51', '25', '11.11', '277.75', '', '1474485808', NULL, '{\"type\":\"vendor\",\"id\":\"3\"}'),
(11, 'add', '5', '29', '52', '18', '9.56', '172.08', '', '1474487386', NULL, '{\"type\":\"vendor\",\"id\":\"3\"}'),
(12, 'add', '5', '27', '53', '10', '85.00', '850', '', '1474488421', NULL, '{\"type\":\"vendor\",\"id\":\"3\"}'),
(13, 'add', '5', '27', '55', '15', '101.00', '1515', '', '1474489704', NULL, '{\"type\":\"vendor\",\"id\":\"3\"}'),
(14, 'add', '5', '27', '54', '15', '100.00', '1500', '', '1474489715', NULL, '{\"type\":\"vendor\",\"id\":\"3\"}'),
(15, 'add', '5', '27', '56', '25', '85.00', '2125', '', '1474490017', NULL, '{\"type\":\"vendor\",\"id\":\"3\"}'),
(16, 'add', '5', '28', '57', '20', '65.00', '1300', '', '1474490674', NULL, '{\"type\":\"vendor\",\"id\":\"3\"}'),
(17, 'add', '5', '28', '58', '25', '60.00', '1500', '', '1474491530', NULL, '{\"type\":\"vendor\",\"id\":\"3\"}'),
(18, 'add', '5', '28', '59', '20', '65.00', '1300', '', '1474492165', NULL, '{\"type\":\"vendor\",\"id\":\"3\"}'),
(19, 'add', '5', '30', '61', '100', '41.00', '4100', '', '1474493210', NULL, '{\"type\":\"vendor\",\"id\":\"3\"}'),
(20, 'add', '5', '28', '60', '20', '75.00', '1500', '', '1474493219', NULL, '{\"type\":\"vendor\",\"id\":\"3\"}'),
(21, 'add', '5', '30', '62', '80', '620.00', '49600', '', '1474493510', NULL, '{\"type\":\"vendor\",\"id\":\"3\"}'),
(22, 'add', '5', '30', '63', '50', '650.00', '32500', '', '1474493879', NULL, '{\"type\":\"vendor\",\"id\":\"3\"}'),
(23, 'add', '4', '9', '65', '30', '11.26', '337.8', '', '1474572304', NULL, '{\"type\":\"vendor\",\"id\":\"5\"}'),
(24, 'add', '4', '9', '66', '35', '15.35', '537.25', '', '1474572782', NULL, '{\"type\":\"vendor\",\"id\":\"5\"}'),
(25, 'add', '4', '9', '67', '30', '13.20', '396', '', '1474574151', NULL, '{\"type\":\"vendor\",\"id\":\"5\"}'),
(26, 'add', '4', '10', '68', '20', '12.36', '247.2', '', '1474575119', NULL, '{\"type\":\"vendor\",\"id\":\"5\"}'),
(27, 'add', '4', '10', '69', '30', '8.20', '245.99999999999997', '', '1474575712', NULL, '{\"type\":\"vendor\",\"id\":\"5\"}'),
(28, 'add', '4', '11', '70', '25', '3.35', '83.75', '', '1474576989', NULL, '{\"type\":\"vendor\",\"id\":\"5\"}'),
(29, 'add', '4', '11', '71', '50', '2.88', '144', '', '1474577860', NULL, '{\"type\":\"vendor\",\"id\":\"5\"}'),
(30, 'add', '4', '11', '72', '10', '8.90', '89', '', '1474578795', NULL, '{\"type\":\"vendor\",\"id\":\"5\"}'),
(31, 'add', '4', '36', '73', '15', '38.32', '574.8', '', '1474580033', NULL, '{\"type\":\"vendor\",\"id\":\"5\"}'),
(32, 'add', '4', '36', '74', '20', '41.38', '827.6', '', '1474580235', NULL, '{\"type\":\"vendor\",\"id\":\"5\"}'),
(33, 'add', '4', '36', '75', '20', '39.63', '792.6', '', '1474580993', NULL, NULL),
(34, 'add', '1', '3', '76', '10', '43567.00', '435670', '', '1474721288', NULL, '{\"type\":\"vendor\",\"id\":\"3\"}'),
(35, 'add', '1', '3', '77', '15', '58378.00', '875670', '', '1474722264', NULL, '{\"type\":\"vendor\",\"id\":\"3\"}'),
(36, 'add', '1', '3', '78', '20', '131772.00', '2635440', '', '1474722788', NULL, '{\"type\":\"vendor\",\"id\":\"3\"}'),
(37, 'add', '1', '63', '79', '5', '1734589.00', '8672945', '', '1474790400', NULL, '{\"type\":\"vendor\",\"id\":\"3\"}'),
(38, 'add', '1', '63', '80', '10', '558900.00', '5589000', '', '1474792233', NULL, NULL),
(39, 'add', '1', '63', '81', '5', '3234690.00', '16173450', '', '1474792382', NULL, NULL),
(40, 'add', '1', '63', '82', '8', '4467490.00', '35739920', '', '1474792879', NULL, NULL),
(41, 'add', '1', '5', '83', '12', '11670.00', '140040', '', '1474793757', NULL, NULL),
(42, 'add', '1', '5', '84', '25', '42879.00', '1071975', '', '1474796354', NULL, NULL),
(43, 'add', '1', '5', '85', '18', '74590.00', '1342620', '', '1474796688', NULL, NULL),
(44, 'add', '1', '2', '86', '16', '45000.00', '720000', '', '1474799085', NULL, NULL),
(45, 'add', '1', '6', '87', '10', '41000.00', '410000', '', '1474800049', NULL, NULL),
(46, 'add', '1', '6', '88', '25', '33890.00', '847250', '', '1474800332', NULL, NULL),
(47, 'add', '1', '6', '89', '10', '42000.00', '420000', '', '1474801376', NULL, NULL),
(48, 'add', '2', '62', '90', '45', '61897.00', '2785365', '', '1474802601', NULL, NULL),
(49, 'add', '2', '17', '92', '55', '42000.00', '2310000', '', '1474803009', NULL, '{\"type\":\"vendor\",\"id\":\"3\"}'),
(50, 'add', '2', '62', '91', '10', '65000.00', '650000', '', '1474889590', NULL, NULL),
(52, 'add', '4', '10', '69', '0', '8.20', '0', '', '1475390469', NULL, NULL),
(53, 'add', '2', '18', '93', '10', '350.00', '3500', '', '1475483558', NULL, NULL),
(54, 'add', '2', '18', '94', '10', '350.00', '3500', '', '1475485603', NULL, NULL),
(56, 'add', '2', '18', '96', '100', '350.00', '35000', '', '1475498670', NULL, NULL),
(59, 'add', '1', '3', '4', '100', '88000.00', '8800000', '', '1476007723', NULL, NULL),
(60, 'add', '1', '2', '1', '50', '120000.00', '6000000', '', '1476007803', NULL, NULL),
(61, 'destroy', '4', '36', '74', '2', NULL, '0', 'sale', '1517725191', '5', NULL),
(62, 'destroy', '4', '36', '73', '1', NULL, '0', 'sale', '1517732450', '6', NULL),
(63, 'destroy', '4', '36', '73', '1', NULL, '0', 'sale', '1517732639', '7', NULL),
(64, 'add', '4', '10', '37', '100', '150.00', '15000', '', '1517942532', NULL, NULL),
(65, 'add', '4', '8', '36', '100', '210.00', '0', '', '1517942542', NULL, NULL),
(66, 'add', '4', '35', '35', '100', '240.00', '24000', '', '1517942553', NULL, NULL),
(67, 'add', '4', '9', '26', '100', '10.00', '1000', '', '1517942563', NULL, NULL),
(68, 'add', '4', '37', '25', '100', '250.00', '25000', '', '1517942574', NULL, NULL),
(69, 'add', '4', '37', '24', '100', '400.00', '40000', '', '1517942585', NULL, NULL),
(70, 'add', '4', '37', '23', '100', '210.00', '21000', '', '1517942598', NULL, NULL),
(71, 'add', '4', '40', '18', '200', '100.00', '20000', '', '1517942609', NULL, NULL),
(72, 'add', '4', '35', '17', '150', '120.00', '18000', '', '1517942624', NULL, NULL),
(73, 'add', '4', '39', '16', '200', '110.00', '22000', '', '1517942637', NULL, NULL),
(74, 'add', '4', '37', '15', '200', '130.00', '0', '', '1517942647', NULL, NULL),
(75, 'add', '4', '34', '14', '100', '320.00', '32000', '', '1517942656', NULL, NULL),
(76, 'add', '4', '8', '12', '200', '180.00', '36000', '', '1517942666', NULL, NULL),
(77, 'add', '4', '11', '11', '100', '6500.00', '650000', '', '1517942677', NULL, NULL),
(78, 'add', '1', '5', '2', '100', '18000.00', '1800000', '', '1517942691', NULL, NULL),
(79, 'add', '4', '10', '7', '500', '35.00', '17500', '', '1517942704', NULL, NULL),
(80, 'add', '5', '30', '8', '300', '650.00', '195000', '', '1517942726', NULL, NULL),
(81, 'add', '5', '28', '9', '500', '120.00', '60000', '', '1517942751', NULL, NULL),
(82, 'add', '16', '78', '101', '10', '95.00', '950', '', '1518078812', NULL, NULL),
(83, 'add', '16', '78', '103', '20', '125.00', '2500', '', '1518079324', NULL, NULL),
(84, 'add', '16', '78', '102', '15', '125.00', '1875', '', '1518079332', NULL, NULL),
(85, 'add', '16', '78', '104', '15', '125.00', '1875', '', '1518079423', NULL, NULL),
(86, 'add', '16', '78', '104', '100', '125.00', '12500', '', '1518079433', NULL, NULL),
(87, 'add', '16', '78', '103', '150', '125.00', '18750', '', '1518079443', NULL, NULL),
(88, 'add', '16', '78', '102', '90', '125.00', '11250', '', '1518079453', NULL, NULL),
(89, 'add', '16', '78', '101', '120', '95.00', '11400', '', '1518079464', NULL, NULL),
(90, 'add', '1', '6', '89', '50', '42000.00', '2100000', '', '1518079474', NULL, NULL),
(91, 'add', '1', '6', '88', '50', '33890.00', '1694500', '', '1518079483', NULL, NULL),
(92, 'add', '1', '6', '87', '80', '41000.00', '3280000', '', '1518079495', NULL, NULL),
(93, 'add', '1', '6', '86', '80', '45000.00', '3600000', '', '1518079507', NULL, NULL),
(94, 'add', '16', '78', '105', '120', '110.00', '13200', '', '1518079727', NULL, NULL),
(95, 'add', '16', '78', '106', '150', '122.00', '18300', '', '1518079898', NULL, NULL),
(96, 'add', '16', '79', '107', '120', '145.00', '17400', '', '1518080173', NULL, NULL),
(97, 'add', '16', '79', '108', '80', '144.00', '11520', '', '1518080359', NULL, NULL),
(98, 'add', '16', '79', '110', '50', '75.00', '3750', '', '1518081142', NULL, NULL),
(99, 'add', '16', '79', '109', '60', '140.00', '8400', '', '1518081151', NULL, NULL),
(100, 'add', '16', '79', '111', '100', '95.00', '9500', '', '1518081235', NULL, NULL),
(101, 'add', '16', '79', '112', '150', '50.00', '7500', '', '1518081346', NULL, NULL),
(102, 'add', '16', '80', '113', '150', '95.00', '14250', '', '1518081575', NULL, NULL),
(103, 'add', '16', '80', '114', '130', '98.00', '12740', '', '1518081650', NULL, NULL),
(104, 'add', '16', '80', '115', '200', '100.00', '20000', '', '1518081994', NULL, NULL),
(105, 'add', '5', '27', '117', '85', '45.00', '3825', '', '1518082666', NULL, NULL),
(106, 'add', '16', '80', '116', '100', '92.00', '9200', '', '1518082674', NULL, NULL),
(107, 'add', '5', '27', '118', '80', '56.00', '4480', '', '1518082825', NULL, NULL),
(108, 'add', '5', '27', '120', '80', '65.00', '5200', '', '1518083101', NULL, NULL),
(109, 'add', '5', '27', '119', '80', '65.00', '5200', '', '1518083110', NULL, NULL),
(110, 'add', '5', '28', '121', '50', '79.00', '3950', '', '1518083320', NULL, NULL),
(111, 'add', '5', '28', '122', '60', '55.00', '3300', '', '1518083433', NULL, NULL),
(112, 'add', '5', '28', '123', '60', '66.00', '3960', '', '1518083632', NULL, NULL),
(113, 'add', '5', '29', '124', '82', '45.00', '3690', '', '1518083830', NULL, NULL),
(114, 'add', '5', '29', '124', '56', '45.00', '2520', '', '1518084168', NULL, NULL),
(115, 'add', '5', '30', '126', '55', '90.00', '4950', '', '1518084178', NULL, NULL),
(116, 'add', '5', '30', '127', '80', '125.00', '10000', '', '1518084186', NULL, NULL),
(117, 'add', '5', '29', '125', '50', '56.00', '2800', '', '1518084194', NULL, NULL),
(118, 'add', '4', '37', '128', '80', '120.00', '9600', '', '1518086137', NULL, NULL),
(119, 'add', '4', '37', '129', '100', '145.00', '14500', '', '1518086245', NULL, NULL),
(120, 'add', '1', '2', '130', '50', '32000.00', '1600000', '', '1518091220', NULL, NULL),
(127, 'destroy', '0', '0', '101', '1', NULL, '0', 'sale', '1521374128', '15', NULL),
(133, 'add', '4', '10', '37', '500', '150.00', '75000', '', '1522827326', NULL, NULL),
(134, 'add', '1', '5', '2', '100', '18000.00', '1800000', '', '1522827360', NULL, NULL),
(135, 'add', '4', '10', '7', '1000', '35.00', '35000', '', '1522827390', NULL, NULL),
(136, 'add', '4', '34', '14', '150', '320.00', '0', '', '1522827433', NULL, NULL),
(137, 'add', '4', '37', '15', '200', '130.00', '0', '', '1522827463', NULL, NULL),
(138, 'add', '4', '39', '16', '200', '110.00', '0', '', '1522827488', NULL, NULL),
(139, 'add', '4', '35', '17', '100', '120.00', '12000', '', '1522827994', NULL, NULL),
(140, 'add', '4', '40', '18', '150', '100.00', '15000', '', '1522828021', NULL, NULL),
(141, 'add', '4', '35', '35', '200', '240.00', '0', '', '1522828073', NULL, NULL),
(142, 'add', '4', '9', '26', '200', '10.00', '0', '', '1522828105', NULL, NULL),
(143, 'add', '4', '37', '25', '200', '250.00', '50000', '', '1522828132', NULL, NULL),
(144, 'add', '4', '37', '24', '200', '400.00', '0', '', '1522828163', NULL, NULL),
(145, 'add', '4', '37', '23', '300', '210.00', '0', '', '1522828256', NULL, NULL),
(146, 'add', '4', '8', '36', '400', '210.00', '0', '', '1522828286', NULL, NULL),
(147, 'add', '4', '8', '12', '300', '180.00', '0', '', '1522828328', NULL, NULL),
(148, 'add', '4', '11', '11', '250', '6500.00', '0', '', '1522828413', NULL, NULL),
(149, 'add', '5', '28', '9', '250', '120.00', '0', '', '1522828467', NULL, NULL),
(150, 'add', '5', '30', '8', '300', '650.00', '195000', '', '1522828488', NULL, NULL),
(151, 'add', '17', '78', '103', '30', '4.40', '132', '', '1522837440', NULL, NULL),
(152, 'add', '17', '78', '104', '50', '4.72', '236', '', '1522837706', NULL, NULL),
(153, 'add', '17', '78', '105', '20', '5.50', '110', '', '1522837862', NULL, NULL),
(154, 'add', '18', '79', '106', '15', '18.30', '274.5', '', '1522838553', NULL, NULL),
(155, 'add', '18', '79', '107', '12', '22.63', '271.56', '', '1522838928', NULL, NULL),
(156, 'add', '21', '80', '108', '5', '57.53', '287.65', '', '1522841201', NULL, NULL),
(157, 'add', '21', '80', '109', '1', '58.77', '58.77', '', '1522841562', NULL, NULL),
(158, 'add', '16', '81', '110', '5', '719.99', '3599.95', '', '1522842237', NULL, NULL),
(159, 'add', '16', '81', '111', '3', '209.99', '629.97', '', '1522842721', NULL, NULL),
(160, 'add', '16', '81', '112', '2', '629.99', '1259.98', '', '1522842852', NULL, NULL),
(161, 'add', '1', '3', '124', '200', '54000.00', '10800000', '', '1522922112', NULL, NULL),
(162, 'add', '1', '3', '125', '300', '59000.00', '17700000', '', '1522922301', NULL, NULL),
(163, 'add', '5', '27', '127', '25', '169.99', '4249.75', '', '1522925860', NULL, NULL),
(164, 'add', '5', '27', '127', '75', '169.99', '12749.25', '', '1522925881', NULL, NULL),
(165, 'add', '5', '27', '128', '100', '372.06', '37206', '', '1522926055', NULL, NULL),
(166, 'add', '5', '27', '130', '500', '79.20', '0', '', '1522930929', NULL, NULL),
(167, 'add', '5', '28', '129', '500', '50.00', '0', '', '1522930942', NULL, NULL),
(174, 'add', '1', '6', '131', '25', '26999.00', '674975', '', '1523857079', NULL, NULL),
(175, 'add', '1', '6', '132', '10', '4999.00', '49990', '', '1523861112', NULL, NULL),
(176, 'add', '1', '63', '133', '5', '117139.33', '585696.65', '', '1523863280', NULL, NULL),
(177, 'add', '1', '63', '134', '10', '794782.29', '7947822.9', '', '1523863576', NULL, NULL),
(178, 'add', '5', '28', '135', '200', '63.75', '12750', '', '1523867199', NULL, NULL),
(179, 'add', '5', '28', '136', '150', '44.99', '6748.5', '', '1523867819', NULL, NULL),
(180, 'add', '5', '29', '137', '500', '52.99', '26495', '', '1523868841', NULL, NULL),
(181, 'add', '5', '29', '138', '300', '31.80', '9540', '', '1523869110', NULL, NULL),
(182, 'add', '5', '29', '139', '300', '45.99', '13797', '', '1523869336', NULL, NULL),
(183, 'add', '5', '30', '140', '50', '26724.99', '1336249.5', '', '1523870296', NULL, NULL),
(184, 'add', '5', '30', '141', '100', '664.99', '66499', '', '1523870578', NULL, NULL),
(185, 'add', '16', '81', '142', '100', '794.00', '79400', '', '1523871020', NULL, NULL),
(186, 'add', '16', '81', '143', '100', '625.00', '62500', '', '1523871351', NULL, NULL),
(187, 'add', '16', '81', '144', '200', '409.00', '81800', '', '1523871782', NULL, NULL),
(188, 'add', '16', '83', '145', '50', '70.72', '3536', '', '1523872591', NULL, NULL),
(189, 'add', '16', '83', '146', '100', '11.58', '1158', '', '1523872944', NULL, NULL),
(190, 'add', '16', '83', '147', '140', '91.97', '12875.8', '', '1523873194', NULL, NULL),
(191, 'add', '16', '83', '148', '200', '96.28', '19256', '', '1523873449', NULL, NULL),
(192, 'add', '16', '83', '149', '50', '105.97', '5298.5', '', '1523873845', NULL, NULL),
(193, 'add', '16', '83', '150', '200', '36.43', '7286', '', '1523874195', NULL, NULL),
(194, 'add', '4', '9', '151', '300', '43.98', '13193.999999999998', '', '1523874895', NULL, NULL),
(195, 'add', '4', '10', '152', '250', '13.59', '3397.5', '', '1523875175', NULL, NULL),
(196, 'add', '4', '9', '153', '300', '19.99', '5996.999999999999', '', '1523875678', NULL, NULL),
(197, 'add', '4', '10', '154', '200', '16.29', '3258', '', '1523875974', NULL, NULL),
(198, 'add', '4', '11', '155', '50', '18.99', '949.4999999999999', '', '1523876663', NULL, NULL),
(199, 'add', '4', '11', '156', '10', '4530.00', '45300', '', '1523876990', NULL, NULL),
(200, 'add', '4', '37', '157', '100', '51.00', '5100', '', '1523877983', NULL, NULL),
(201, 'add', '4', '37', '158', '120', '158.99', '19078.800000000003', '', '1523878181', NULL, NULL),
(203, 'add', '16', '87', '159', '500', '4500.00', '2250000', '', '1524784507', NULL, NULL),
(204, 'add', '16', '85', '160', '500', '1000.00', '0', '', '1524784752', NULL, NULL),
(205, 'add', '16', '88', '161', '500', '800.00', '0', '', '1524784866', NULL, NULL),
(206, 'add', '16', '86', '162', '500', '900.00', '450000', '', '1524845655', NULL, NULL),
(207, 'add', '16', '81', '166', '12', '125.00', '1500', '', '1524911159', NULL, '{\"type\":\"vendor\",\"id\":\"9\"}'),
(208, 'add', '16', '81', '168', '5', '1190.00', '5950', '', '1524984498', NULL, '{\"type\":\"vendor\",\"id\":\"10\"}'),
(209, 'add', '16', '83', '169', '5', '800.00', '4000', '', '1524984850', NULL, '{\"type\":\"vendor\",\"id\":\"10\"}'),
(210, 'add', '16', '81', '170', '25', '1195.00', '29875', '', '1524984898', NULL, '{\"type\":\"vendor\",\"id\":\"10\"}'),
(211, 'add', '16', '81', '171', '25', '1190.00', '29750', '', '1524985905', NULL, '{\"type\":\"vendor\",\"id\":\"10\"}'),
(216, 'add', '4', '11', '172', '50', '40.00', '2000', '', '1528779289', NULL, NULL),
(217, 'add', '4', '11', '173', '50', '62.00', '3100', '', '1528779815', NULL, NULL),
(218, 'add', '4', '11', '174', '50', '30.00', '1500', '', '1528780266', NULL, NULL),
(219, 'add', '5', '89', '175', '100', '68.00', '6800', '', '1528785307', NULL, NULL),
(220, 'add', '5', '89', '176', '120', '12.00', '1440', '', '1528785411', NULL, NULL),
(221, 'add', '5', '89', '177', '45', '10.00', '450', '', '1528785743', NULL, NULL),
(222, 'add', '5', '89', '178', '60', '74.80', '4488', '', '1528786064', NULL, NULL),
(223, 'add', '16', '88', '180', '10', '3500.00', '35000', '', '1528787255', NULL, NULL),
(226, 'add', '4', '8', '183', '25', '180.00', '4500', '', '1530166850', NULL, '{\"type\":\"vendor\",\"id\":\"16\"}'),
(261, 'add', '21', '80', '184', '500', '189.99', '94995', '', '1530427971', NULL, '{\"type\":\"vendor\",\"id\":\"16\"}'),
(262, 'add', '21', '80', '185', '50', '40.99', '2049.5', '', '1530428579', NULL, '{\"type\":\"vendor\",\"id\":\"16\"}'),
(263, 'add', '16', '83', '186', '300', '249.00', '74700', '', '1530428936', NULL, '{\"type\":\"vendor\",\"id\":\"16\"}'),
(264, 'add', '16', '86', '187', '50', '1049.00', '52450', '', '1530429328', NULL, '{\"type\":\"vendor\",\"id\":\"16\"}'),
(265, 'add', '5', '90', '188', '100', '154.99', '15499', '', '1530429645', NULL, '{\"type\":\"vendor\",\"id\":\"16\"}'),
(266, 'add', '5', '90', '189', '500', '38.98', '19490', '', '1530431736', NULL, '{\"type\":\"vendor\",\"id\":\"16\"}'),
(267, 'add', '5', '30', '190', '500', '99.84', '49920', '', '1530434062', NULL, '{\"type\":\"vendor\",\"id\":\"16\"}'),
(268, 'add', '5', '28', '191', '100', '56.99', '5699', '', '1530434437', NULL, '{\"type\":\"vendor\",\"id\":\"16\"}'),
(269, 'add', '21', '80', '192', '200', '385.00', '77000', '', '1530435423', NULL, '{\"type\":\"vendor\",\"id\":\"12\"}'),
(270, 'add', '21', '80', '193', '300', '80.00', '24000', '', '1530435832', NULL, '{\"type\":\"vendor\",\"id\":\"12\"}'),
(271, 'add', '21', '80', '194', '50', '199.99', '9999.5', '', '1530436258', NULL, '{\"type\":\"vendor\",\"id\":\"12\"}'),
(272, 'add', '21', '80', '195', '400', '39.99', '15996', '', '1530436731', NULL, '{\"type\":\"vendor\",\"id\":\"12\"}'),
(273, 'add', '21', '80', '196', '100', '230.97', '23097', '', '1530437119', NULL, '{\"type\":\"vendor\",\"id\":\"12\"}'),
(274, 'add', '4', '40', '197', '200', '23.99', '4798', '', '1530437673', NULL, '{\"type\":\"vendor\",\"id\":\"1\"}'),
(275, 'add', '4', '35', '198', '500', '34.99', '17495', '', '1530438201', NULL, '{\"type\":\"vendor\",\"id\":\"1\"}'),
(276, 'add', '4', '36', '199', '140', '34.98', '4897.2', '', '1530438511', NULL, '{\"type\":\"vendor\",\"id\":\"1\"}'),
(277, 'add', '4', '11', '200', '600', '12.97', '7782', '', '1530439263', NULL, '{\"type\":\"vendor\",\"id\":\"1\"}'),
(278, 'add', '16', '87', '201', '50', '1049.00', '52450', '', '1530440570', NULL, '{\"type\":\"vendor\",\"id\":\"7\"}'),
(279, 'add', '16', '87', '202', '300', '28.99', '8697', '', '1530441002', NULL, '{\"type\":\"vendor\",\"id\":\"7\"}'),
(280, 'add', '16', '86', '203', '100', '49.34', '4934', '', '1530441771', NULL, '{\"type\":\"vendor\",\"id\":\"7\"}'),
(281, 'add', '16', '81', '204', '200', '249.99', '49998', '', '1530442235', NULL, '{\"type\":\"vendor\",\"id\":\"7\"}'),
(282, 'add', '16', '81', '205', '500', '49.99', '24995', '', '1530442480', NULL, '{\"type\":\"vendor\",\"id\":\"7\"}'),
(283, 'add', '16', '85', '206', '100', '399.00', '39900', '', '1530444192', NULL, '{\"type\":\"vendor\",\"id\":\"16\"}'),
(284, 'add', '17', '93', '207', '500', '39.00', '19500', '', '1530509804', NULL, '{\"type\":\"vendor\",\"id\":\"9\"}'),
(285, 'add', '17', '78', '208', '500', '40.00', '20000', '', '1530511789', NULL, '{\"type\":\"vendor\",\"id\":\"9\"}'),
(286, 'add', '17', '91', '209', '400', '28.50', '11400', '', '1530512382', NULL, '{\"type\":\"vendor\",\"id\":\"9\"}'),
(287, 'add', '17', '96', '210', '100', '75.00', '7500', '', '1530512762', NULL, '{\"type\":\"vendor\",\"id\":\"9\"}'),
(288, 'add', '17', '93', '211', '500', '28.00', '14000', '', '1530513333', NULL, '{\"type\":\"vendor\",\"id\":\"9\"}'),
(289, 'add', '1', '1', '212', '50', '63750.00', '3187500', '', '1530514188', NULL, '{\"type\":\"vendor\",\"id\":\"10\"}'),
(290, 'add', '1', '1', '213', '150', '39190.00', '5878500', '', '1530514879', NULL, '{\"type\":\"vendor\",\"id\":\"10\"}'),
(291, 'add', '1', '2', '214', '1000', '535500.00', '535500000', '', '1530515357', NULL, '{\"type\":\"vendor\",\"id\":\"10\"}'),
(292, 'add', '1', '1', '215', '100', '15350.00', '1535000', '', '1530523300', NULL, '{\"type\":\"vendor\",\"id\":\"10\"}'),
(293, 'add', '1', '1', '216', '100', '44100.00', '4410000', '', '1530523869', NULL, '{\"type\":\"vendor\",\"id\":\"10\"}'),
(301, 'destroy', '4', '11', '172', '1', NULL, '0', 'sale', '1530779882', '99', NULL),
(302, 'destroy', '0', '0', '179', '1', NULL, '0', 'sale', '1530780344', '100', NULL),
(303, 'destroy', '5', '30', '190', '1', NULL, '0', 'sale', '1530780876', '103', NULL),
(304, 'destroy', '0', '0', '122', '1', NULL, '0', 'sale', '1530781627', '104', NULL),
(314, 'add', '5', '28', '217', '200', '88.95', '17790', '', '1531637332', NULL, '{\"type\":\"vendor\",\"id\":\"17\"}'),
(315, 'add', '5', '28', '217', '100', '88.95', '8895', '', '1531637661', NULL, '{\"type\":\"vendor\",\"id\":\"17\"}'),
(327, 'add', '16', '88', '180', '500', '3500.00', '1750000', '', '1531642809', NULL, NULL),
(328, 'add', '4', '11', '200', '500', '12.97', '6485', '', '1531642840', NULL, NULL),
(329, 'add', '4', '11', '174', '500', '30.00', '15000', '', '1531642856', NULL, NULL),
(330, 'add', '4', '11', '172', '500', '40.00', '20000', '', '1531642878', NULL, NULL),
(331, 'add', '4', '11', '155', '500', '18.99', '9495', '', '1531642899', NULL, NULL),
(335, 'add', '5', '27', '220', '125', '110.00', '13750', '', '1554029932', NULL, '{\"type\":\"vendor\",\"id\":\"18\"}'),
(344, 'add', '24', '114', '226', '10', '20.00', '200', '', '1571652007', NULL, NULL),
(346, 'add', '24', '114', '227', '100', '117.00', '11700', '', '1571724012', NULL, '{\"type\":\"vendor\",\"id\":\"5\"}'),
(347, 'add', '24', '114', '228', '100', '36.00', '3600', '', '1571724396', NULL, '{\"type\":\"vendor\",\"id\":\"5\"}'),
(350, 'add', '4', '5', '225', '100', '19.00', '1900', '', '1574742818', NULL, NULL),
(351, 'add', '1', '1', '218', '100', '234', '23400', '', '1575877383', NULL, NULL),
(378, 'destroy', '5', '29', '138', '1', NULL, '0', 'sale', '1672847896', '228', NULL),
(379, 'destroy', '5', '27', '130', '1', NULL, '0', 'sale', '1675768707', '229', NULL),
(355, 'destroy', '12', '66', '98', '1', NULL, '0', 'sale', '1576064394', '211', NULL),
(356, 'destroy', '12', '66', '98', '1', NULL, '0', 'sale', '1576064677', '212', NULL),
(360, 'destroy', '16', '88', '161', '1', NULL, '0', 'sale', '1583400477', '218', NULL),
(361, 'destroy', '4', '11', '172', '1', NULL, '0', 'sale', '1583402656', '219', NULL),
(362, 'destroy', '1', '1', '213', '1', NULL, '0', 'sale', '1583406268', '220', NULL),
(373, 'destroy', '4', '11', '155', '1', NULL, '0', 'sale', '1671373198', '224', NULL),
(374, 'destroy', '4', '11', '156', '1', NULL, '0', 'sale', '1671373198', '224', NULL),
(375, 'destroy', '17', '93', '211', '1', NULL, '0', 'sale', '1672795590', '225', NULL),
(376, 'add', '17', '91', '229', '100', '80.00', '8000', '', '1672810509', NULL, '{\"type\":\"vendor\",\"id\":\"22\"}'),
(377, 'destroy', '17', '91', '229', '1', NULL, '0', 'sale', '1672810751', '226', NULL);

-- --------------------------------------------------------

--
-- Table structure for table `subscribe`
--

CREATE TABLE `subscribe` (
  `subscribe_id` int(11) NOT NULL,
  `email` varchar(600) DEFAULT NULL
) ENGINE=MyISAM DEFAULT CHARSET=utf8;

--
-- Dumping data for table `subscribe`
--

INSERT INTO `subscribe` (`subscribe_id`, `email`) VALUES
(1, 'sub1@mail.com'),
(2, 'sub2@mail.com'),
(3, 'sub3@mail.com'),
(4, 'sub4@mail.com');

-- --------------------------------------------------------

--
-- Table structure for table `sub_category`
--

CREATE TABLE `sub_category` (
  `sub_category_id` int(11) NOT NULL,
  `sub_category_name` longtext,
  `category` longtext,
  `brand` varchar(2000) NOT NULL DEFAULT '[]',
  `digital` varchar(10) DEFAULT NULL,
  `banner` longtext,
  `affiliation` tinyint(4) NOT NULL DEFAULT '0',
  `affiliation_points` decimal(10,0) NOT NULL DEFAULT '0'
) ENGINE=MyISAM DEFAULT CHARSET=utf8;

--
-- Dumping data for table `sub_category`
--

INSERT INTO `sub_category` (`sub_category_id`, `sub_category_name`, `category`, `brand`, `digital`, `banner`, `affiliation`, `affiliation_points`) VALUES
(1, 'Car', '1', '[\"41\",\"40\",\"39\",\"38\",\"44\",\"45\",\"46\",\"47\",\"51\",\"52\",\"54\"]', NULL, 'sub_category_1.jpg', 1, 100),
(2, 'Racing Car', '1', '[\"41\",\"40\",\"39\",\"38\",\"45\",\"46\",\"47\",\"50\",\"51\",\"52\",\"54\",\"55\"]', NULL, 'sub_category_2.jpg', 0, 0),
(3, 'Luxury SUV', '1', '[\"41\",\"40\",\"39\",\"38\",\"45\",\"47\",\"51\",\"54\",\"148\",\"151\",\"152\"]', NULL, 'sub_category_3.jpg', 0, 0),
(5, 'Chopper Bike', '1', '[\"39\",\"45\",\"48\",\"52\",\"56\",\"57\"]', NULL, 'sub_category_5.jpg', 0, 0),
(6, 'Racing Bike', '1', '[\"45\",\"52\",\"57\",\"153\",\"155\",\"156\",\"157\",\"158\"]', NULL, 'sub_category_6.jpg', 0, 0),
(8, 'Party Dress', '4', '[\"8\",\"10\",\"11\",\"159\",\"160\"]', NULL, 'sub_category_8.jpg', 0, 0),
(9, 'Women Secret', '4', '[\"10\",\"13\",\"14\",\"15\",\"150\"]', NULL, 'sub_category_9.jpg', 0, 0),
(10, 'Sleeping Dress', '4', '[\"10\",\"11\",\"14\",\"15\",\"159\"]', NULL, 'sub_category_10.jpg', 0, 0),
(11, 'Beauty & Health', '4', '[\"8\",\"9\",\"100\",\"160\",\"162\",\"221\"]', NULL, 'sub_category_11.jpg', 0, 0),
(27, 'Formal Dress', '5', '[\"22\",\"25\",\"26\",\"27\",\"30\"]', NULL, 'sub_category_27.jpg', 0, 0),
(28, 'Men\'s shoe', '5', '[\"17\",\"23\",\"24\",\"33\",\"35\"]', NULL, 'sub_category_28.jpg', 0, 0),
(29, 'Casual Dress', '5', '[\"20\",\"21\",\"23\",\"31\",\"37\",\"102\"]', NULL, 'sub_category_29.jpg', 0, 0),
(30, 'Men Watch', '5', '[\"17\",\"18\",\"23\",\"29\",\"31\",\"34\",\"63\"]', NULL, 'sub_category_30.jpg', 0, 0),
(34, 'Bridal Attire', '4', '[\"6\",\"7\",\"9\",\"13\",\"100\"]', NULL, 'sub_category_34.jpg', 0, 0),
(35, 'Formal Dress', '4', '[\"8\",\"11\",\"15\",\"16\",\"163\"]', NULL, 'sub_category_35.jpg', 0, 0),
(36, 'Women\'s Shoe', '4', '[\"12\",\"14\",\"15\",\"19\",\"100\",\"159\"]', NULL, 'sub_category_36.jpg', 0, 0),
(37, 'Fragrance World', '4', '[\"7\",\"10\",\"11\",\"14\",\"15\",\"100\"]', NULL, 'sub_category_37.jpg', 0, 0),
(39, 'Women\'s Time Zone', '4', '[\"15\",\"16\",\"17\",\"18\",\"19\",\"100\"]', NULL, 'sub_category_39.jpg', 0, 0),
(40, 'Casual wear', '4', '[\"7\",\"8\",\"15\",\"17\",\"163\"]', NULL, 'sub_category_40.jpg', 0, 0),
(63, 'Private Air', '1', '[\"40\",\"39\",\"38\",\"46\",\"47\",\"55\"]', NULL, 'sub_category_63.jpg', 0, 0),
(64, 'HTML', '12', '[]', 'ok', 'sub_category_64.jpg', 0, 0),
(65, 'CSS', '12', '[]', 'ok', 'sub_category_65.jpg', 0, 0),
(66, 'php', '12', '[]', 'ok', 'sub_category_66.jpg', 1, 24),
(67, 'wordpress', '12', '[]', 'ok', 'sub_category_67.jpg', 0, 0),
(72, 'Logo design', '13', '[]', 'ok', 'sub_category_72.jpg', 0, 0),
(73, '3D Design', '13', '[]', 'ok', 'sub_category_73.jpg', 0, 0),
(74, 'Web element', '13', '[]', 'ok', 'sub_category_74.jpg', 0, 0),
(75, 'Printing solution', '13', '[]', 'ok', 'sub_category_75.jpg', 0, 0),
(78, 'Only Skin', '17', '[\"11\",\"159\",\"193\",\"207\",\"215\",\"219\",\"220\"]', NULL, 'sub_category_78.', 0, 0),
(79, 'Make-up', '18', '[\"146\",\"159\",\"188\",\"193\",\"212\",\"213\",\"241\",\"242\"]', NULL, 'sub_category_79.', 0, 0),
(80, 'furniture', '21', '[\"224\",\"226\",\"227\",\"228\"]', NULL, 'sub_category_80.', 0, 0),
(81, 'Cell phone', '16', '[\"59\",\"60\",\"63\",\"142\",\"167\",\"168\",\"170\",\"171\",\"172\"]', NULL, 'sub_category_81.', 0, 0),
(83, 'Tools', '16', '[\"173\",\"174\",\"175\",\"176\",\"177\",\"178\",\"179\",\"180\"]', NULL, 'sub_category_83.', 0, 0),
(85, 'Mobile', '16', '[\"59\",\"60\",\"61\",\"62\",\"63\",\"64\",\"168\",\"169\",\"171\",\"172\"]', NULL, 'sub_category_85.jpg', 0, 0),
(86, 'Laptop', '16', '[\"59\",\"60\",\"61\",\"62\",\"63\",\"64\",\"181\",\"182\"]', NULL, 'sub_category_86.jpg', 0, 0),
(87, 'Desktop PC', '16', '[\"59\",\"60\",\"61\",\"63\",\"64\",\"181\",\"182\"]', NULL, 'sub_category_87.jpg', 0, 0),
(88, 'DSLR Camera', '16', '[\"142\",\"143\",\"144\",\"183\",\"184\",\"185\",\"186\"]', NULL, 'sub_category_88.jpg', 0, 0),
(89, 'Accessories', '5', '[\"11\",\"30\",\"35\",\"100\",\"162\",\"222\"]', NULL, 'sub_category_89.', 0, 0),
(90, 'Outerwear & Jackets', '5', '[\"23\",\"35\",\"100\",\"165\",\"166\"]', NULL, 'sub_category_90.', 0, 0),
(91, 'Essential Oil', '17', '[\"196\",\"197\",\"198\",\"199\",\"200\",\"201\"]', NULL, 'sub_category_91.', 0, 0),
(92, 'Face Mask', '17', '[\"202\",\"203\",\"204\",\"205\",\"206\",\"207\",\"208\",\"209\"]', NULL, 'sub_category_92.', 0, 0),
(93, 'Facial Care', '17', '[\"188\",\"193\",\"210\",\"211\",\"212\",\"213\"]', NULL, 'sub_category_93.', 0, 0),
(94, 'Body Care', '17', '[\"188\",\"193\",\"210\",\"212\",\"213\",\"215\",\"216\"]', NULL, 'sub_category_94.', 0, 0),
(95, 'Facial Steamer', '17', '[\"188\",\"193\",\"210\",\"211\",\"212\",\"213\"]', NULL, 'sub_category_95.', 0, 0),
(96, 'Sun care', '17', '[\"188\",\"189\",\"190\",\"192\",\"193\",\"223\"]', NULL, 'sub_category_96.', 0, 0),
(97, 'Hair care', '18', '[\"213\",\"229\",\"230\",\"232\",\"233\"]', NULL, 'sub_category_97.', 0, 0),
(98, 'Deodorants', '18', '[\"232\",\"234\",\"235\",\"236\",\"237\"]', NULL, 'sub_category_98.', 0, 0),
(99, 'Beauty aids', '18', '[\"238\",\"239\",\"240\",\"241\",\"242\"]', NULL, 'sub_category_99.', 0, 0),
(100, 'Bath toiletries', '18', '[\"243\",\"244\",\"245\",\"246\",\"247\"]', NULL, 'sub_category_100.', 0, 0),
(101, 'Oral health', '18', '[\"248\",\"249\",\"250\",\"251\",\"252\",\"253\",\"254\",\"255\"]', NULL, 'sub_category_101.', 0, 0),
(102, 'Shaving products', '18', '[\"\",\"237\",\"256\",\"257\",\"258\",\"259\",\"260\"]', NULL, 'sub_category_102.', 0, 0),
(103, 'Luxury toiletries & cosmetics', '18', '[\"41\",\"11\",\"159\",\"188\",\"193\",\"211\",\"212\",\"213\",\"215\",\"229\",\"232\",\"241\",\"242\"]', NULL, 'sub_category_103.', 0, 0),
(104, 'Hot Categories', '23', '[\"63\",\"167\",\"169\",\"171\",\"261\",\"262\",\"263\",\"264\"]', NULL, 'sub_category_104.', 0, 0),
(105, 'Cases & Covers', '23', '[\"63\",\"169\",\"171\",\"261\",\"262\",\"263\",\"264\"]', NULL, 'sub_category_105.', 0, 0),
(106, 'Mobile Phone Accessories', '23', '[\"63\",\"167\",\"169\",\"171\",\"261\",\"262\",\"263\",\"264\"]', NULL, 'sub_category_106.', 0, 0),
(107, 'Mobile Phone Parts', '23', '[\"63\",\"169\",\"261\",\"262\",\"263\",\"264\"]', NULL, 'sub_category_107.', 0, 0),
(108, 'Kitchen & Dining ', '21', '[\"265\",\"266\",\"267\",\"268\",\"269\",\"270\",\"271\",\"272\",\"273\"]', NULL, 'sub_category_108.', 0, 0),
(110, 'Home Essentials', '21', '[\"265\",\"266\",\"268\",\"270\",\"272\",\"273\"]', NULL, 'sub_category_110.', 0, 0),
(111, 'Home Cleaning Supplies', '21', '[\"267\",\"268\",\"269\",\"271\",\"272\",\"273\"]', NULL, 'sub_category_111.', 0, 0),
(112, 'Decor', '21', '[\"266\",\"268\",\"270\",\"271\",\"272\",\"273\"]', NULL, 'sub_category_112.', 0, 0),
(113, 'Indoor Lights', '21', '[\"267\",\"268\",\"269\",\"270\"]', NULL, 'sub_category_113.', 0, 0),
(115, 'Hobby', '1', '[\"38\"]', NULL, 'sub_category_115.', 0, 211),
(116, 'python', '12', '[]', 'ok', 'sub_category_116.', 0, 24),
(117, 'Flask - Django', '12', '[]', 'ok', 'sub_category_117.', 0, 0),
(118, 'Belts', '5', '[\"149\"]', NULL, 'sub_category_118.', 0, 0);

-- --------------------------------------------------------

--
-- Table structure for table `ticket`
--

CREATE TABLE `ticket` (
  `ticket_id` int(11) NOT NULL,
  `time` varchar(30) DEFAULT NULL,
  `from_where` varchar(100) DEFAULT NULL,
  `to_where` varchar(100) DEFAULT NULL,
  `subject` varchar(100) DEFAULT NULL,
  `view_status` varchar(30) DEFAULT NULL
) ENGINE=InnoDB DEFAULT CHARSET=utf8;

-- --------------------------------------------------------

--
-- Table structure for table `ticket_message`
--

CREATE TABLE `ticket_message` (
  `ticket_message_id` int(11) NOT NULL,
  `time` varchar(30) DEFAULT NULL,
  `from_where` varchar(100) DEFAULT NULL,
  `to_where` varchar(100) DEFAULT NULL,
  `ticket_id` int(11) DEFAULT NULL,
  `subject` varchar(100) DEFAULT NULL,
  `view_status` varchar(100) DEFAULT NULL,
  `message` longtext
) ENGINE=InnoDB DEFAULT CHARSET=utf8;

--
-- Dumping data for table `ticket_message`
--

INSERT INTO `ticket_message` (`ticket_message_id`, `time`, `from_where`, `to_where`, `ticket_id`, `subject`, `view_status`, `message`) VALUES
(1, '1475585594', '{\"type\":\"user\",\"id\":\"3\"}', '{\"type\":\"admin\",\"id\":\"\"}', 1, 'check', '{\"user_show\":\"ok\",\"admin_show\":\"ok\"}', 'check ticket'),
(2, '1476180432', '{\"type\":\"user\",\"id\":\"3\"}', '{\"type\":\"admin\",\"id\":\"\"}', 1, 'check', '{\"user_show\":\"ok\",\"admin_show\":\"ok\"}', 'example ticket'),
(3, '1476180432', '{\"type\":\"user\",\"id\":\"3\"}', '{\"type\":\"admin\",\"id\":\"\"}', 1, 'check', '{\"user_show\":\"ok\",\"admin_show\":\"ok\"}', 'example ticket'),
(4, '1526117716', '{\"type\":\"user\",\"id\":\"11\"}', '{\"type\":\"admin\",\"id\":\"\"}', 2, 'Demo', '{\"user_show\":\"ok\",\"admin_show\":\"ok\"}', 'dummy text'),
(5, '1526117806', '{\"type\":\"admin\",\"id\":\"\"}', '{\"type\":\"user\",\"id\":\"11\"}', 2, 'Demo', '{\"user_show\":\"ok\",\"admin_show\":\"ok\"}', 'DEmo'),
(6, '1528018344', '{\"type\":\"user\",\"id\":\"13\"}', '{\"type\":\"admin\",\"id\":\"\"}', 3, 'demo', '{\"user_show\":\"ok\",\"admin_show\":\"ok\"}', 'demo'),
(7, '1528095351', '{\"type\":\"user\",\"id\":\"7\"}', '{\"type\":\"admin\",\"id\":\"\"}', 4, 'Aut omnis quas in vero rerum vitae omnis accusantium', '{\"user_show\":\"ok\",\"admin_show\":\"ok\"}', 'Excepturi aut repellendus Incidunt quia atque voluptatum quasi nihil dolore nihil anim corporis ut nulla delectus'),
(8, '1528095981', '{\"type\":\"user\",\"id\":\"7\"}', '{\"type\":\"admin\",\"id\":\"\"}', 4, 'Aut omnis quas in vero rerum vitae omnis accusantium', '{\"user_show\":\"ok\",\"admin_show\":\"ok\"}', 'hi'),
(9, '1528095997', '{\"type\":\"user\",\"id\":\"7\"}', '{\"type\":\"admin\",\"id\":\"\"}', 4, 'Aut omnis quas in vero rerum vitae omnis accusantium', '{\"user_show\":\"ok\",\"admin_show\":\"ok\"}', 'hjkhkj'),
(10, '1530002748', '{\"type\":\"user\",\"id\":\"17\"}', '{\"type\":\"admin\",\"id\":\"\"}', 5, 'Demo', '{\"user_show\":\"ok\",\"admin_show\":\"ok\"}', 'Demo text'),
(11, '1531634451', '{\"type\":\"user\",\"id\":\"23\"}', '{\"type\":\"admin\",\"id\":\"\"}', 6, 'qwert', '{\"user_show\":\"ok\",\"admin_show\":\"ok\"}', 'qwertyuiop'),
(12, '1531634471', '{\"type\":\"admin\",\"id\":\"\"}', '{\"type\":\"user\",\"id\":\"23\"}', 6, 'qwert', '{\"user_show\":\"ok\",\"admin_show\":\"ok\"}', 'dfghjkl;\''),
(13, '1554012558', '{\"type\":\"user\",\"id\":\"24\"}', '{\"type\":\"admin\",\"id\":\"\"}', 7, 'Hey Admin ', '{\"user_show\":\"ok\",\"admin_show\":\"ok\"}', 'I have a problem'),
(14, '1554012639', '{\"type\":\"admin\",\"id\":\"\"}', '{\"type\":\"user\",\"id\":\"24\"}', 7, 'Hey Admin ', '{\"user_show\":\"ok\",\"admin_show\":\"ok\"}', 'Here is the solution'),
(15, '1554012692', '{\"type\":\"user\",\"id\":\"24\"}', '{\"type\":\"admin\",\"id\":\"\"}', 8, 'New', '{\"user_show\":\"ok\",\"admin_show\":\"no\"}', 'New Problem'),
(16, '1554012735', '{\"type\":\"user\",\"id\":\"24\"}', '{\"type\":\"admin\",\"id\":\"\"}', 9, 'rr', '{\"user_show\":\"ok\",\"admin_show\":\"no\"}', 'rrtt'),
(17, '1554012767', '{\"type\":\"user\",\"id\":\"24\"}', '{\"type\":\"admin\",\"id\":\"\"}', 10, 'Keu ', '{\"user_show\":\"ok\",\"admin_show\":\"no\"}', 'Jert'),
(18, '1554013847', '{\"type\":\"user\",\"id\":\"24\"}', '{\"type\":\"admin\",\"id\":\"\"}', 11, 'sdfdsf', '{\"user_show\":\"ok\",\"admin_show\":\"no\"}', 'dsfds'),
(19, '1554014267', '{\"type\":\"user\",\"id\":\"24\"}', '{\"type\":\"admin\",\"id\":\"\"}', 12, 'sdfds sf sdf', '{\"user_show\":\"ok\",\"admin_show\":\"no\"}', 'sd fdsf'),
(20, '1554014514', '{\"type\":\"user\",\"id\":\"24\"}', '{\"type\":\"admin\",\"id\":\"\"}', 13, 'ddfg ', '{\"user_show\":\"ok\",\"admin_show\":\"no\"}', 'g dfgdg'),
(21, '1554014780', '{\"type\":\"user\",\"id\":\"24\"}', '{\"type\":\"admin\",\"id\":\"\"}', 14, 'dfgd', '{\"user_show\":\"ok\",\"admin_show\":\"no\"}', 'dfgdfg'),
(22, '1554015730', '{\"type\":\"user\",\"id\":\"24\"}', '{\"type\":\"admin\",\"id\":\"\"}', 15, 'rtrt', '{\"user_show\":\"ok\",\"admin_show\":\"no\"}', 'rtretrfggf dfg dfgdf gdfg \r\n\r\n\r\n\r\n\r\n\r\n\r\n\r\n'),
(23, '1554015759', '{\"type\":\"user\",\"id\":\"24\"}', '{\"type\":\"admin\",\"id\":\"\"}', 16, 'Samuel', '{\"user_show\":\"ok\",\"admin_show\":\"no\"}', 'Jackson'),
(24, '1554016172', '{\"type\":\"user\",\"id\":\"24\"}', '{\"type\":\"admin\",\"id\":\"\"}', 17, 'JJ ', '{\"user_show\":\"ok\",\"admin_show\":\"no\"}', 'aBRAHAM\r\n'),
(25, '1554019237', '{\"type\":\"user\",\"id\":\"24\"}', '{\"type\":\"admin\",\"id\":\"\"}', 11, 'sdfdsf', '{\"user_show\":\"ok\",\"admin_show\":\"no\"}', 'dj'),
(26, '1554019253', '{\"type\":\"user\",\"id\":\"24\"}', '{\"type\":\"admin\",\"id\":\"\"}', 11, 'sdfdsf', '{\"user_show\":\"ok\",\"admin_show\":\"no\"}', 'Samind Ujal '),
(27, '1554020191', '{\"type\":\"user\",\"id\":\"24\"}', '{\"type\":\"admin\",\"id\":\"\"}', 18, 'sam', '{\"user_show\":\"ok\",\"admin_show\":\"no\"}', 'mas\r\nsms '),
(28, '1554020208', '{\"type\":\"user\",\"id\":\"24\"}', '{\"type\":\"admin\",\"id\":\"\"}', 11, 'sdfdsf', '{\"user_show\":\"ok\",\"admin_show\":\"no\"}', 'Santakul'),
(29, '1560245785', '{\"type\":\"user\",\"id\":\"24\"}', '{\"type\":\"admin\",\"id\":\"\"}', 19, 'ss', '{\"user_show\":\"ok\",\"admin_show\":\"ok\"}', 'ss');

-- --------------------------------------------------------

--
-- Table structure for table `ui_settings`
--

CREATE TABLE `ui_settings` (
  `ui_settings_id` int(11) NOT NULL,
  `type` longtext,
  `value` longtext
) ENGINE=MyISAM DEFAULT CHARSET=utf8;

--
-- Dumping data for table `ui_settings`
--

INSERT INTO `ui_settings` (`ui_settings_id`, `type`, `value`) VALUES
(5, 'filter_div', 'on'),
(6, 'admin_login_logo', '46'),
(7, 'admin_nav_logo', '18'),
(8, 'home_top_logo', '77'),
(9, 'home_bottom_logo', '76'),
(11, 'fav_ext', 'png'),
(12, 'side_bar_pos_category', 'right'),
(14, 'footer_color', 'purple-1'),
(15, 'header_color', 'purple-1'),
(19, 'parallax_blog_title', 'LATEST BLOGS'),
(16, 'font', 'Roboto'),
(17, 'parallax_vendor_title', 'OUR VENDOR'),
(18, 'home_page_style', '3'),
(20, 'no_of_featured_products', '6'),
(21, 'no_of_vendor', '10'),
(22, 'no_of_brands', '12'),
(23, 'brand_show', 'ok'),
(24, 'featured_show', 'ok'),
(25, 'vandors_show', 'ok'),
(26, 'blog_show', 'ok'),
(27, 'parallax_search_title', 'Search Products'),
(28, 'no_of_blog', '3'),
(29, 'featured_product_box_style', '1'),
(30, 'no_of_todays_deal', '6'),
(31, 'special_products_show', 'ok'),
(32, 'category_slides', 'ok'),
(33, 'home_categories', '[{\"category\":\"4\",\"sub_category\":[\"11\",\"36\"],\"color_back\":\"rgba(250,101,235,1)\",\"color_text\":\"rgba(255,255,255,1)\"}]'),
(34, 'category_product_box_style', '2'),
(35, 'top_slide_categories', '[\"1\",\"4\",\"5\",\"16\",\"17\",\"18\",\"23\",\"12\",\"13\",\"21\"]'),
(36, 'email_theme_style', 'style_1'),
(37, 'email_theme_style_2', '<div style=\"margin: 0px 10px; background: #45a9b9; padding: 30px;\"><div style=\"margin: 0px auto; background: #eff7ff; padding: 30px;\">[[body]]</div></div>'),
(38, 'email_theme_style_3', '<div style=\"margin: 0px 10px; background: repeating-linear-gradient(-45deg, red 0, red 1em, #fffdeb 0, #fffdeb 2em, #58a 0, #58a 3em, #fffdeb 0, #fffdeb 4em); padding: 15px;\"><div style=\"margin: 0px auto; background: #fffdeb; padding: 30px;\">[[body]]</div></div>'),
(39, 'email_theme_style_4', '<div style=\"margin: 0px 10px; background: #f7f7f7; padding: 30px;\"><div style=\"padding: 30px; background: #76cece; border-radius:5px 5px 0px 0px; box-shadow: 0px -1px 7px #616565; display:block;\"><div style=\"background-image:url([[logo]]); background-repeat:no-repeat; height:80px; width:auto; display:block;\"></div></div><div style=\"margin: 0px auto; background: rgba(255, 255, 255, 0.91); padding: 30px; box-shadow: 0px 3px 7px #616565; border-radius:0px 0px 5x 5px;\">[[body]]</div></div>'),
(40, 'product_bundle_show', 'ok'),
(41, 'no_of_product_bundle', '6'),
(42, 'product_bundle_box_style', '2'),
(43, 'customer_product_show', 'ok'),
(44, 'no_of_customer_product', '6'),
(45, 'header_homepage_status', 'yes'),
(46, 'header_all_categories_status', 'yes'),
(47, 'header_featured_products_status', 'yes'),
(48, 'header_todays_deal_status', 'yes'),
(49, 'header_bundled_product_status', 'yes'),
(50, 'header_classifieds_status', 'yes'),
(51, 'header_latest_products_status', 'yes'),
(52, 'header_all_brands_status', 'yes'),
(53, 'header_all_vendors_status', 'yes'),
(54, 'header_blogs_status', 'yes'),
(55, 'header_store_locator_status', 'yes'),
(56, 'header_contact_status', 'yes'),
(57, 'header_more_status', 'yes'),
(58, 'home3_categories', '[{\\\"category\\\":\\\"4\\\",\\\"sub_category\\\":[\\\"8\\\",\\\"11\\\",\\\"34\\\",\\\"35\\\",\\\"36\\\",\\\"37\\\",\\\"39\\\",\\\"40\\\"],\\\"color_back\\\":null,\\\"color_text\\\":null},{\\\"category\\\":\\\"5\\\",\\\"sub_category\\\":[\\\"27\\\",\\\"28\\\",\\\"29\\\",\\\"30\\\",\\\"89\\\",\\\"90\\\"],\\\"color_back\\\":null,\\\"color_text\\\":null}]'),
(59, 'todays_deal_show', 'ok'),
(60, 'todays_deal_product_box_style', '4'),
(61, 'no_of_deal_products', '8');

-- --------------------------------------------------------

--
-- Table structure for table `user`
--

CREATE TABLE `user` (
  `user_id` int(11) NOT NULL,
  `username` longtext,
  `surname` varchar(100) DEFAULT NULL,
  `email` longtext,
  `phone` longtext,
  `address1` longtext,
  `address2` longtext,
  `city` longtext,
  `zip` longtext,
  `langlat` varchar(100) DEFAULT NULL,
  `password` longtext,
  `fb_id` longtext,
  `g_id` varchar(50) DEFAULT NULL,
  `g_photo` longtext,
  `creation_date` longtext,
  `google_plus` longtext,
  `skype` longtext,
  `facebook` longtext,
  `wishlist` longtext,
  `last_login` varchar(50) DEFAULT NULL,
  `user_type` varchar(100) DEFAULT 'default',
  `user_type_till` varchar(200) DEFAULT NULL,
  `left_product_type` varchar(5000) NOT NULL DEFAULT '[]',
  `downloads` varchar(10000) NOT NULL DEFAULT '[]',
  `country` longtext,
  `state` longtext,
  `wallet` varchar(1000) DEFAULT NULL,
  `product_upload` int(11) DEFAULT NULL,
  `package_info` longtext
) ENGINE=MyISAM DEFAULT CHARSET=utf8;

--
-- Dumping data for table `user`
--

INSERT INTO `user` (`user_id`, `username`, `surname`, `email`, `phone`, `address1`, `address2`, `city`, `zip`, `langlat`, `password`, `fb_id`, `g_id`, `g_photo`, `creation_date`, `google_plus`, `skype`, `facebook`, `wishlist`, `last_login`, `user_type`, `user_type_till`, `left_product_type`, `downloads`, `country`, `state`, `wallet`, `product_upload`, `package_info`) VALUES
(1, 'rorurehy', 'Fleming', 'customer1@shop.com', '+532-55-5730682', 'USA', 'USA', 'New York', '88604', '(37.09024, -95.71289100000001)', '7110eda4d09e062aa5e4a390b0a572ac0d2c0220', NULL, NULL, NULL, '1474453509', '', '', '', '[]', '1575893437', 'default', NULL, '[]', '[]', 'USA', 'NY', NULL, 0, '[]'),
(22, 'Guest', 'Demo', 'marketing@gmail.com', '+736-68-4155522', 'USA', 'USA', 'New York', '10024', '(37.09024, -95.71289100000001)', '7110eda4d09e062aa5e4a390b0a572ac0d2c0220', NULL, NULL, NULL, '1530764839', NULL, NULL, NULL, '[\"172\"]', '1532842963', 'default', NULL, '[]', '[]', 'USA', 'NY', NULL, 47, '[{\"current_package\":\"Gold\",\"package_price\":\"35\",\"payment_type\":\"SSLcommerz\"}]'),
(2, 'rorurehy', 'Fleming', 'customer2@shop.com', '+532-55-5730682', 'USA', '', 'New York', '88604', '', '7110eda4d09e062aa5e4a390b0a572ac0d2c0220', NULL, NULL, NULL, '1474453555', '', '', '', '[]', '1575973145', 'default', NULL, '[]', '[]', '', '', NULL, 0, '[]'),
(3, 'Customer', 'Seller', 'customer3@shop.com', '1000452345', 'Demo address  line 1', 'Demo address  line 2', 'Newyork', '1234', '(40.7127837, -74.00594130000002)', '7110eda4d09e062aa5e4a390b0a572ac0d2c0220', NULL, NULL, NULL, '1474454007', '', '', '', '[\"63\",\"100\",\"99\",\"73\",\"71\",\"57\",\"55\",\"82\",\"83\"]', '1580303101', 'default', NULL, '[]', '[{\"sale\":1,\"product\":\"44\"}]', '', '', 'MTMx', 17, '[{\"current_package\":\"Platinum\",\"package_price\":\"45\",\"payment_type\":\"Stripe\"}]'),
(4, 'Developer Activeitzone', NULL, 'customer4@shop.com', NULL, NULL, NULL, NULL, NULL, NULL, '8cb623db6471', NULL, '107111794830756336948', 'https://lh3.googleusercontent.com/-XdUIqdMkCWA/AAAAAAAAAAI/AAAAAAAAAAA/4252rscbv5M/photo.jpg?sz=50', '1475421685', NULL, NULL, NULL, '[]', '1475421685', 'default', NULL, '[]', '[]', NULL, NULL, NULL, 0, '[]'),
(7, 'Demo', 'customer', 'customer@shop.com', '07894561234', 'Rio Vista, ', 'CA', 'California', '1219', '', '7110eda4d09e062aa5e4a390b0a572ac0d2c0220', NULL, NULL, NULL, '1475479276', '', '', '', '[\"126\",\"78\",\"79\",\"98\",\"71\",\"216\"]', '1584336781', 'default', NULL, '[]', '[{\"sale\":12,\"product\":\"98\"},{\"sale\":17,\"product\":\"99\"},{\"sale\":56,\"product\":\"182\"}]', 'USA', 'CA', 'MzYzLjkyMjY3NQ==', 49, '[{\"current_package\":\"Gold\",\"package_price\":\"35\",\"payment_type\":\"SSLcommerz\"}]'),
(9, 'Demo', 'Name', 'customer5@shop.com', '0789456123', 'Dhaka', 'Lalmatia', 'Dhaka', '1207', '', '7110eda4d09e062aa5e4a390b0a572ac0d2c0220', NULL, NULL, NULL, '1519797521', NULL, NULL, NULL, '[]', '1576145412', 'default', NULL, '[]', '[{\"sale\":211,\"product\":\"98\"},{\"sale\":212,\"product\":\"98\"}]', 'Bangladesh', 'Dhaka', NULL, 0, '[]'),
(13, 'Customer', 'Shop', 'customer6@shop.com', '+546-50-8760220', 'USA', 'USA', 'NY', '4321', '(37.09024, -95.71289100000001)', '7110eda4d09e062aa5e4a390b0a572ac0d2c0220', NULL, NULL, NULL, '1528012629', NULL, NULL, NULL, '[\"126\"]', '1528172761', 'default', NULL, '[]', '[]', 'Usa', 'NY', 'MjAwMA==', 9, '[{\"current_package\":\"Bronze\",\"package_price\":\"15\",\"payment_type\":\"Stripe\"}]'),
(14, 'demo', 'user', 'customer7@shop.com', '+546-50-8760221', 'Usa', 'usa', 'NY', '1234', '', '7110eda4d09e062aa5e4a390b0a572ac0d2c0220', NULL, NULL, NULL, '1528017067', NULL, NULL, NULL, '[]', '1528017080', 'default', NULL, '[]', '[]', 'USA', 'NY', NULL, 2, '[]'),
(15, 'Georgia ', 'Ray', 'customer8@shop.com', '+546-50-8760222', 'USA', 'USA', 'NY', '4321', '', '7110eda4d09e062aa5e4a390b0a572ac0d2c0220', NULL, NULL, NULL, '1528256799', NULL, NULL, NULL, '[\"121\",\"156\"]', '1528348360', 'default', NULL, '[]', '[]', 'USA', 'NY', 'NTAwMA==', 10, '[{\"current_package\":\"Bronze\",\"package_price\":\"15\",\"payment_type\":\"Stripe\"}]'),
(16, 'Travis ', 'Lee', 'customer9@shop.com', '+546-50-8760223', 'USA', 'USA', 'NY', '4321', '', '7110eda4d09e062aa5e4a390b0a572ac0d2c0220', NULL, NULL, NULL, '1528274410', NULL, NULL, NULL, '[]', '1528274442', 'default', NULL, '[]', '[]', 'USA', 'NY', NULL, 15, '[{\"current_package\":\"Silver\",\"package_price\":\"25\",\"payment_type\":\"Stripe\"}]'),
(17, 'Larry ', 'Pena', 'customer10@shop.com', '+546-50-8760224', 'USA', 'USA', 'New York', '4321', '(37.09024, -95.71289100000001)', '7110eda4d09e062aa5e4a390b0a572ac0d2c0220', NULL, NULL, NULL, '1528277606', '', '', '', '[\"180\"]', '1530430385', 'default', NULL, '[]', '[]', 'USA', 'NY', 'NTAwMA==', 19, '[{\"current_package\":\"Gold\",\"package_price\":\"35\",\"payment_type\":\"Stripe\"}]'),
(18, 'Nora ', 'Harris', 'customer11@shop.com', '+546-50-8760225', 'USA', 'USA', 'NY', '4321', '', '7110eda4d09e062aa5e4a390b0a572ac0d2c0220', NULL, NULL, NULL, '1528278159', NULL, NULL, NULL, '[]', '1530430727', 'default', NULL, '[]', '[]', 'USA', 'NY', NULL, 25, '[{\"current_package\":\"Platinum\",\"package_price\":\"45\",\"payment_type\":\"Stripe\"}]'),
(21, 'pajezupebu', 'Burgess', 'customer12@shop.com', '+499-60-2936405', '525 Oak Court', 'Quaerat deserunt ea elit incidunt porro quidem commodo eos minus inventore minim quam maiores cumque molestiae Nam voluptatem', 'Eum doloribus dolores eos ea ex irure quaerat repellendus', '42072', '', '7110eda4d09e062aa5e4a390b0a572ac0d2c0220', NULL, NULL, NULL, '1530422295', NULL, NULL, NULL, '[]', '1531038698', 'default', NULL, '[]', '[]', 'Deleniti atque minim deserunt cupiditate fugiat voluptatibus quos autem modi perspiciatis est error', 'Quia officiis est est dolore et dolorum', NULL, 2, '[]'),
(23, 'Demo', 'Test', 'Demo@gmail.com', '1234567890', 'usa', '', 'New York', '10024', '(37.09024, -95.71289100000001)', '7110eda4d09e062aa5e4a390b0a572ac0d2c0220', NULL, NULL, NULL, '1531631611', NULL, NULL, NULL, '[]', '1532409701', 'default', NULL, '[]', '[]', 'USA', 'NY', 'Mzk1NQ==', 26, '[{\"current_package\":\"Platinum\",\"package_price\":\"45\",\"payment_type\":\"Wallet\"}]'),
(24, 'H', 'M', 'hm@gmail.com', '1234', 'USA', 'NY\r\n', 'NYC', '1122', '', '7110eda4d09e062aa5e4a390b0a572ac0d2c0220', NULL, NULL, NULL, '1554012425', NULL, NULL, NULL, '[]', '1560848755', 'default', NULL, '[]', '[{\"sale\":187,\"product\":\"221\"},{\"sale\":188,\"product\":\"98\"},{\"sale\":189,\"product\":\"98\"},{\"sale\":190,\"product\":\"98\"},{\"sale\":194,\"product\":\"100\"}]', 'Bangladesh', 'Dhk div', NULL, 69, '[{\"current_package\":\"Platinum\",\"package_price\":\"45\",\"payment_type\":\"Stripe\"}]'),
(25, 'tokegidov', 'Price', 'lolodag@mailinator.net', '+ 798-6429', '60 Second Court', 'Eaque cillum ut a eu', 'Dolore quam unde qui', '46284', '', '7110eda4d09e062aa5e4a390b0a572ac0d2c0220', NULL, NULL, NULL, '1571651783', NULL, NULL, NULL, '[]', '1571724448', 'default', NULL, '[]', '[]', 'Quod quia laboriosam', 'Exercitationem sed t', NULL, 2, '[]'),
(26, 'Test', 'QA', 'geekbanu@gamil.com', '8', '11', '1', '1', '1', '', '356a192b7913b04c54574d18c28d46e6395428ab', NULL, NULL, NULL, '1672669680', NULL, NULL, NULL, '[]', NULL, 'default', NULL, '[]', '[]', '1', '1', NULL, 2, '[]'),
(27, 'test', 'qa', 'geekbanu@gmail.com', '8907654321', '1', '', '1', '1', '', '3b659ee084c0a75c0fa0170057b17a1d1b358ad4', NULL, NULL, NULL, '1672669770', NULL, NULL, NULL, '[]', '1675768471', 'default', NULL, '[]', '[]', '11', '11', NULL, 0, '[]');

-- --------------------------------------------------------

--
-- Table structure for table `user_rating`
--

CREATE TABLE `user_rating` (
  `rating_id` bigint(20) NOT NULL,
  `user_id` int(11) NOT NULL,
  `product_id` int(11) NOT NULL,
  `product_type` varchar(255) COLLATE utf8mb4_unicode_ci NOT NULL,
  `rating` decimal(10,2) NOT NULL,
  `comment` text COLLATE utf8mb4_unicode_ci NOT NULL,
  `created_at` timestamp NOT NULL DEFAULT CURRENT_TIMESTAMP,
  `updated_at` timestamp NOT NULL DEFAULT CURRENT_TIMESTAMP
) ENGINE=InnoDB DEFAULT CHARSET=utf8mb4 COLLATE=utf8mb4_unicode_ci;

-- --------------------------------------------------------

--
-- Table structure for table `vendor`
--

CREATE TABLE `vendor` (
  `vendor_id` int(11) NOT NULL,
  `name` varchar(200) DEFAULT NULL,
  `email` varchar(70) DEFAULT NULL,
  `password` varchar(200) DEFAULT NULL,
  `company` varchar(500) DEFAULT NULL,
  `display_name` varchar(500) DEFAULT NULL,
  `address1` longtext,
  `address2` longtext,
  `status` varchar(10) DEFAULT NULL,
  `membership` varchar(50) DEFAULT NULL,
  `create_timestamp` int(20) DEFAULT NULL,
  `approve_timestamp` int(20) DEFAULT NULL,
  `member_timestamp` int(20) DEFAULT NULL,
  `member_expire_timestamp` int(11) DEFAULT NULL,
  `details` longtext,
  `last_login` int(20) DEFAULT NULL,
  `facebook` varchar(300) DEFAULT NULL,
  `skype` varchar(300) DEFAULT NULL,
  `google_plus` varchar(300) DEFAULT NULL,
  `twitter` varchar(300) DEFAULT NULL,
  `youtube` varchar(300) DEFAULT NULL,
  `pinterest` varchar(300) DEFAULT NULL,
  `stripe_details` varchar(500) DEFAULT NULL,
  `paypal_email` varchar(200) DEFAULT NULL,
  `preferred_payment` varchar(100) DEFAULT NULL,
  `cash_set` varchar(20) DEFAULT NULL,
  `stripe_set` varchar(20) DEFAULT NULL,
  `paypal_set` varchar(20) DEFAULT NULL,
  `phone` varchar(100) DEFAULT NULL,
  `keywords` longtext,
  `seo_title` varchar(255) DEFAULT NULL,
  `seo_description` varchar(255) DEFAULT NULL,
  `description` longtext,
  `lat_lang` varchar(300) NOT NULL DEFAULT '(0,0)',
  `country` longtext,
  `city` longtext,
  `zip` longtext,
  `state` longtext,
  `c2_set` varchar(20) DEFAULT NULL,
  `c2_user` longtext,
  `c2_secret` longtext,
  `vp_set` varchar(50) DEFAULT NULL,
  `vp_merchant_id` varchar(500) DEFAULT NULL,
  `pum_set` varchar(20) DEFAULT NULL,
  `pum_merchant_key` varchar(500) DEFAULT NULL,
  `pum_merchant_salt` varchar(500) DEFAULT NULL,
  `bitcoin_set` varchar(500) DEFAULT NULL,
  `bitcoin_coinpayments_merchant` varchar(500) DEFAULT NULL
) ENGINE=InnoDB DEFAULT CHARSET=utf8;

--
-- Dumping data for table `vendor`
--

INSERT INTO `vendor` (`vendor_id`, `name`, `email`, `password`, `company`, `display_name`, `address1`, `address2`, `status`, `membership`, `create_timestamp`, `approve_timestamp`, `member_timestamp`, `member_expire_timestamp`, `details`, `last_login`, `facebook`, `skype`, `google_plus`, `twitter`, `youtube`, `pinterest`, `stripe_details`, `paypal_email`, `preferred_payment`, `cash_set`, `stripe_set`, `paypal_set`, `phone`, `keywords`, `seo_title`, `seo_description`, `description`, `lat_lang`, `country`, `city`, `zip`, `state`, `c2_set`, `c2_user`, `c2_secret`, `vp_set`, `vp_merchant_id`, `pum_set`, `pum_merchant_key`, `pum_merchant_salt`, `bitcoin_set`, `bitcoin_coinpayments_merchant`) VALUES
(1, 'Lydia Moran', 'vendor1@shop.com', '7110eda4d09e062aa5e4a390b0a572ac0d2c0220', 'Short Frye Associates', 'Lavinia Mckee', '88 South Clarendon Drive', 'Voluptatem et dolores quas et architecto est enim aut est et aut cum et aut aut praesentium sint', 'approved', '0', 1473433365, 0, NULL, 1533031057, 'Lorem Ipsumis simply dummy text of the printing and typesetting industry Lorem Ipsumis simply dummy text of the printing and typesetting industry Lorem Ipsumis simply dummy text of the printing and typesetting industry', NULL, NULL, NULL, NULL, NULL, NULL, NULL, NULL, NULL, NULL, NULL, 'ok', 'ok', '123456799', '', 'Lydia Moran - Home for women\'s clothing and shoes', 'Best women shoes , dress jwellery in Moscow,Russia', 'Lydia Moran products', '(40.7859464, -73.9741874)', 'USA', 'New York', '10024', 'NY', NULL, NULL, NULL, NULL, NULL, '', '', '', NULL, NULL),
(3, 'Tom Cruise', 'vendor@shop.com', '7110eda4d09e062aa5e4a390b0a572ac0d2c0220', 'Dark Lane', 'Tom', '3367 Essex Court Grand Isle, VT 05458 ', '3367 Essex Court Grand Isle, VT 05458 B', 'approved', '0', 1474269533, 0, NULL, 1535022478, 'Lorem Ipsum is simply dummy text of the printing and typesetting industry. Lorem Ipsum has been the industry\'s standard dummy text ever since the 1500s, when an unknown printer took a galley of type and scrambled it to make a type specimen book. It has survived not only five centuries, but also the leap into electronic typesetting, remaining essentially unchanged. It was popularised in the 1960s with the release of Letraset sheets containing Lorem Ipsum passages, and more recently with desktop publishing software like Aldus PageMaker including versions of Lorem Ipsum.', NULL, NULL, NULL, NULL, NULL, NULL, NULL, '{\"publishable\":\"\",\"secret\":\"\"}', '', NULL, 'ok', NULL, NULL, '', NULL, NULL, NULL, NULL, '(44.72254359999999, -73.2923538)', '', '711-2880 Nulla St. Mankato Mississippi 96522 (257) ', '563-7401', '', NULL, '', '', NULL, '', 'ok', 'RR2LThlB', '3M85o3dezx', NULL, NULL),
(5, 'Youn Sijin', 'vendor2@shop.com', '7110eda4d09e062aa5e4a390b0a572ac0d2c0220', 'DOTS', 'Youn', '2759 Wyatt Street, HINSDALE, New York', '2759 Wyatt Street, HINSDALE, New York', 'approved', '0', 1474568426, 0, NULL, 1477161249, 'Lorem Ipsumis simply dummy text of the printing and typesetting industry Lorem Ipsumis simply dummy text of the printing and typesetting industry Lorem Ipsumis simply dummy text of the printing and typesetting industry', NULL, NULL, NULL, NULL, NULL, NULL, NULL, NULL, NULL, NULL, NULL, NULL, NULL, '', NULL, NULL, NULL, NULL, '(41.804962, -87.922823)', 'USA', 'New York', '10025', 'NY', NULL, NULL, NULL, NULL, NULL, '', '', '', NULL, NULL),
(7, 'Tony Stark', 'vendor3@shop.com', '7110eda4d09e062aa5e4a390b0a572ac0d2c0220', 'Brenton', 'Tony Stark', '6649 N Blue Gum St, New Orleans', 'Louisiana, USA', 'approved', '0', 1475065812, 0, NULL, NULL, 'Lorem Ipsumis simply dummy text of the printing and typesetting industry Lorem Ipsumis simply dummy text of the printing and typesetting industry Lorem Ipsumis simply dummy text of the printing and typesetting industry', NULL, NULL, NULL, NULL, NULL, NULL, NULL, NULL, NULL, NULL, NULL, NULL, NULL, '+546-50-8760222', NULL, NULL, NULL, NULL, '(29.95106579999999, -90.0715323)', 'usa', 'New York', '', 'ny', NULL, NULL, NULL, NULL, NULL, '', '', '', NULL, NULL),
(9, 'Ray Torres', 'vendor4@shop.com', '7110eda4d09e062aa5e4a390b0a572ac0d2c0220', 'Gallegos and Everett Co.', 'Cheyenne Medina', '462 Nobel Road', 'Est sint vel irure nulla numquam voluptatem quae et ullam eu dolor corporis sed sed eiusmod enim odio dolore', 'approved', '0', 1524910945, 0, NULL, NULL, 'Lorem Ipsumis simply dummy text of the printing and typesetting industry Lorem Ipsumis simply dummy text of the printing and typesetting industry Lorem Ipsumis simply dummy text of the printing and typesetting industry', NULL, NULL, NULL, NULL, NULL, NULL, NULL, NULL, NULL, NULL, NULL, NULL, NULL, '+546-50-8760200', NULL, NULL, NULL, NULL, '(0,0)', 'Et laborum Dolores qui voluptatem quam', 'Esse ullam dolore lorem exercitationem expedita quidem deserunt aliquid amet unde facere amet', '34026', 'Sunt eaque quis ea necessitatibus commodo aut consequatur quas non consectetur', NULL, NULL, NULL, NULL, NULL, '', '', '', NULL, NULL),
(10, 'Amaya Dixon', 'vendor5@shop.com', '7110eda4d09e062aa5e4a390b0a572ac0d2c0220', 'Daniels and Wiley Associates', 'Denton Hansen', '957 West Milton Drive', 'Laboriosam dignissimos enim quidem sapiente qui et excepturi animi alias vitae', 'approved', '0', 1524982214, 0, NULL, 1527668695, 'Lorem Ipsumis simply dummy text of the printing and typesetting industry Lorem Ipsumis simply dummy text of the printing and typesetting industry Lorem Ipsumis simply dummy text of the printing and typesetting industry', NULL, NULL, NULL, NULL, NULL, NULL, NULL, '{\"publishable\":\"\",\"secret\":\"\"}', 'alvi@gmail.com', NULL, NULL, 'ok', 'ok', '+546-50-8760218999', NULL, NULL, NULL, NULL, '(0,0)', 'Omnis ab nulla tenetur sit voluptatem officiis ut delectus ut illum illo excepturi totam soluta sit ', 'Dolor magna soluta officia aut delectus voluptates', '83862', 'Sunt voluptate consequatur amet ut sint veniam saepe velit aut optio accusantium nisi non qui', NULL, '', '', NULL, '', '', '', '', NULL, NULL),
(12, 'Deborah Cohen', 'vendor6@shop.com', '7110eda4d09e062aa5e4a390b0a572ac0d2c0220', 'Johns Atkinson Trading', 'Idona Snider', '566 South Rocky Fabien Extension', 'Nostrum ullamco ratione nihil do sed vero esse dolor officia neque commodi voluptatum pariatur', 'approved', '0', 1530074631, 0, NULL, NULL, 'Lorem Ipsumis simply dummy text of the printing and typesetting industry Lorem Ipsumis simply dummy text of the printing and typesetting industry Lorem Ipsumis simply dummy text of the printing and typesetting industry', NULL, NULL, NULL, NULL, NULL, NULL, NULL, NULL, NULL, NULL, NULL, NULL, NULL, '', NULL, NULL, NULL, NULL, '(0,0)', 'Anim pariatur Enim commodo enim excepteur', 'Velit quia eaque earum id quis impedit et ad blanditiis non asperiores', '71533', 'Et non modi dolor magni enim minus', NULL, NULL, NULL, NULL, NULL, '', '', '', NULL, NULL),
(16, 'Arsenio Mckenzie', 'vendor7@shop.com', '7110eda4d09e062aa5e4a390b0a572ac0d2c0220', 'Reid and Kennedy Traders', 'Carissa Newman', '834 West Old Court', 'Dolores corrupti quae ut aut totam laborum Fugiat pariatur Aut esse repudiandae illo', 'approved', '0', 1530089088, 0, NULL, 1532761512, 'Lorem Ipsumis simply dummy text of the printing and typesetting industry Lorem Ipsumis simply dummy text of the printing and typesetting industry Lorem Ipsumis simply dummy text of the printing and typesetting industry ', NULL, NULL, NULL, NULL, NULL, NULL, NULL, '{\"publishable\":\"pk_test_SuCjGKYkw5J5c0ZXvCfvX3zx\",\"secret\":\"sk_test_NYIpPjs6gbmuogdwUuJ8She4\"}', 'vendor7@shop.com', NULL, 'ok', 'ok', 'ok', '098775543213', NULL, NULL, NULL, NULL, '(0,0)', 'Illo recusandae Aut obcaecati ut exercitation corrupti fugiat accusantium occaecat', 'Sit illum consequatur Ullam sequi dolor ipsum est quam veniam est aut enim vel porro hic', '92170', 'Aliquid irure id amet anim repellendus Eos in laborum Eum exercitation fuga Quis eiusmod voluptas es', NULL, '', '', NULL, '', '', '', '', NULL, NULL),
(17, 'vendor', 'vendor@gmail.com', '7110eda4d09e062aa5e4a390b0a572ac0d2c0220', 'Demo', 'demo vendor', 'usa', '', 'pending', '0', 1531634920, 0, NULL, 1534230745, 'Lorem Ipsumis simply dummy text of the printing and typesetting industry Lorem Ipsumis simply dummy text of the printing and typesetting industry Lorem Ipsumis simply dummy text of the printing and typesetting industry', NULL, NULL, NULL, NULL, NULL, NULL, NULL, '{\"publishable\":\"pk_test_SuCjGKYkw5J5c0ZXvCfvX3zx\",\"secret\":\"sk_test_NYIpPjs6gbmuogdwUuJ8She4\"}', '', NULL, 'ok', 'ok', 'ok', '0987654321', NULL, NULL, NULL, NULL, '(0,0)', 'usa', 'new york', '10024', 'ny', NULL, '', '', NULL, '', '', '', '', NULL, NULL),
(19, 'Mevendor', 'me@vendor.com', '7110eda4d09e062aa5e4a390b0a572ac0d2c0220', '1234', 'mevendor', '1234', '1234', 'approved', '0', 1554028232, 0, NULL, NULL, NULL, NULL, NULL, NULL, NULL, NULL, NULL, NULL, NULL, NULL, NULL, NULL, NULL, NULL, NULL, NULL, NULL, NULL, NULL, '(0,0)', '1234', '1234', '1234', '1234', NULL, NULL, NULL, NULL, NULL, NULL, NULL, NULL, NULL, NULL),
(21, '234234', '23423432234@234.com', '40bd001563085fc35165329ea1ff5c5ecbdbbeef', '123', '234234', '123', '123', 'pending', '0', 1672751030, 0, NULL, NULL, NULL, NULL, NULL, NULL, NULL, NULL, NULL, NULL, NULL, NULL, NULL, NULL, NULL, NULL, NULL, NULL, NULL, NULL, NULL, '(0,0)', '123', '123', '12342', '123123', NULL, NULL, NULL, NULL, NULL, NULL, NULL, NULL, NULL, NULL),
(22, 'test', 'psgeek11@gmail.com', '3b659ee084c0a75c0fa0170057b17a1d1b358ad4', 'Fashio', 'qa', 'California', '', 'approved', '0', 1672809714, 0, NULL, NULL, NULL, NULL, NULL, NULL, NULL, NULL, NULL, NULL, NULL, NULL, NULL, 'ok', NULL, NULL, NULL, NULL, NULL, NULL, NULL, '(0,0)', 'US', 'San Francisco', '94123', 'San Francisco', NULL, NULL, NULL, NULL, NULL, NULL, NULL, NULL, NULL, NULL),
(23, 'test', 'test@gmail.com', '0f5847f6d2e7aa503ec359983c7ae4fb38cd724d', 'TEST', 'qa', 'CALIFORNIA', '', 'approved', '0', 1673075428, 0, NULL, NULL, NULL, NULL, NULL, NULL, NULL, NULL, NULL, NULL, NULL, NULL, NULL, NULL, NULL, NULL, NULL, NULL, NULL, NULL, NULL, '(0,0)', 'us', 'california', '12345', 'SAN', NULL, NULL, NULL, NULL, NULL, NULL, NULL, NULL, NULL, NULL),
(24, 'Gopi', 'ktg024@gmail.com', '922638757934f188ee35eef4c8f9f641aac8fbfa', 'asdf', 'Gopi', '308, 17TH CROSS, 26TH MAIN, 6TH PHASE', 'JP NAGAR', 'pending', '0', 1673691311, 0, NULL, NULL, NULL, NULL, NULL, NULL, NULL, NULL, NULL, NULL, NULL, NULL, NULL, NULL, NULL, NULL, NULL, NULL, NULL, NULL, NULL, '(0,0)', 'India', 'BANGALORE', '56007-8___', 'Karnataka', NULL, NULL, NULL, NULL, NULL, NULL, NULL, NULL, NULL, NULL),
(25, 'Gopi', 'ktg0241@gmail.com', '922638757934f188ee35eef4c8f9f641aac8fbfa', '1234', '123123', '308, 17TH CROSS, 26TH MAIN, 6TH PHASE', 'JP NAGAR', 'pending', '0', 1673692012, 0, NULL, NULL, NULL, NULL, NULL, NULL, NULL, NULL, NULL, NULL, NULL, NULL, NULL, NULL, NULL, NULL, NULL, NULL, NULL, NULL, NULL, '(0,0)', 'India', 'BANGALORE', '56007-8___', 'Karnataka', NULL, NULL, NULL, NULL, NULL, NULL, NULL, NULL, NULL, NULL),
(26, 'Gopi', 'ktg0242@gmail.com', '3da541559918a808c2402bba5012f6c60b27661c', '', 'werwrw', '308, 17TH CROSS, 26TH MAIN, 6TH PHASE', 'JP NAGAR', 'pending', '0', 1673695651, 0, NULL, NULL, NULL, NULL, NULL, NULL, NULL, NULL, NULL, NULL, NULL, NULL, NULL, NULL, NULL, NULL, NULL, NULL, NULL, NULL, NULL, '(0,0)', 'India', 'BANGALORE', '56007-8___', 'Karnataka', NULL, NULL, NULL, NULL, NULL, NULL, NULL, NULL, NULL, NULL),
(27, 'Gopi Kuppan Thirumalai', 'gopikt@outlook.com', '7110eda4d09e062aa5e4a390b0a572ac0d2c0220', '', '1234', '10 W Trimble Rd, San Jose', '', 'pending', '0', 1673696122, 0, NULL, NULL, NULL, NULL, NULL, NULL, NULL, NULL, NULL, NULL, NULL, NULL, NULL, NULL, NULL, NULL, NULL, NULL, NULL, NULL, NULL, '(0,0)', 'United States', 'San Jose', '95131', 'California', NULL, NULL, NULL, NULL, NULL, NULL, NULL, NULL, NULL, NULL),
(28, 'Gopi Kuppan Thirumalai', 'ktg0234@gmail.com', '40bd001563085fc35165329ea1ff5c5ecbdbbeef', '', '234234', '2610 Orchard parkway', '', 'pending', '0', 1673696382, 0, NULL, NULL, NULL, NULL, NULL, NULL, NULL, NULL, NULL, NULL, NULL, NULL, NULL, NULL, NULL, NULL, NULL, NULL, NULL, NULL, NULL, '(0,0)', 'United States', 'San Jose', '95134', 'California', NULL, NULL, NULL, NULL, NULL, NULL, NULL, NULL, NULL, NULL),
(29, '123123', 'asdf@asdf.com', '40bd001563085fc35165329ea1ff5c5ecbdbbeef', '123', '123', '2610 Orchard parkway', '', 'pending', '0', 1673696710, 0, NULL, NULL, NULL, NULL, NULL, NULL, NULL, NULL, NULL, NULL, NULL, NULL, NULL, NULL, NULL, NULL, NULL, NULL, NULL, NULL, NULL, '(0,0)', 'United States', 'San Jose', '95134', 'California', NULL, NULL, NULL, NULL, NULL, NULL, NULL, NULL, NULL, NULL),
(30, '123', '123123@gmail.com', '601f1889667efaebb33b8c12572835da3f027f78', '123', '123', '10 W Trimble Rd, San Jose', '', 'pending', '0', 1673699281, 0, NULL, NULL, NULL, NULL, NULL, NULL, NULL, NULL, NULL, NULL, NULL, NULL, NULL, NULL, NULL, NULL, NULL, NULL, NULL, NULL, NULL, '(0,0)', 'United States', 'San Jose', '95131', 'California', NULL, NULL, NULL, NULL, NULL, NULL, NULL, NULL, NULL, NULL),
(31, 'Gopi Kuppan Thirumalai', 'ktg024123123@gmail.com', '922638757934f188ee35eef4c8f9f641aac8fbfa', '', '123', '2610 Orchard parkway', '', 'pending', '0', 1673700418, 0, NULL, NULL, NULL, NULL, NULL, NULL, NULL, NULL, NULL, NULL, NULL, NULL, NULL, NULL, NULL, NULL, NULL, NULL, NULL, NULL, NULL, '(0,0)', 'United States', 'San Jose', '95134', 'California', NULL, NULL, NULL, NULL, NULL, NULL, NULL, NULL, NULL, NULL),
(32, 'Gopi Kuppan Thirumalai', 'ktg024123@gmail.com', '40bd001563085fc35165329ea1ff5c5ecbdbbeef', '', '123', '2610 Orchard parkway', '', 'pending', '0', 1673700517, 0, NULL, NULL, NULL, NULL, NULL, NULL, NULL, NULL, NULL, NULL, NULL, NULL, NULL, NULL, NULL, NULL, NULL, NULL, NULL, NULL, NULL, '(0,0)', 'United States', 'San Jose', '95134', 'California', NULL, NULL, NULL, NULL, NULL, NULL, NULL, NULL, NULL, NULL),
(33, 'Gopi', 'ktg0243434@gmail.com', 'da4b9237bacccdf19c0760cab7aec4a8359010b0', '', '123', '308, 17TH CROSS, 26TH MAIN, 6TH PHASE', 'JP NAGAR', 'approved', '0', 1673702081, 0, NULL, NULL, NULL, NULL, NULL, NULL, NULL, NULL, NULL, NULL, NULL, NULL, NULL, NULL, NULL, NULL, NULL, NULL, NULL, NULL, NULL, '(0,0)', 'India', 'BANGALORE', '56007-8___', 'Karnataka', NULL, NULL, NULL, NULL, NULL, NULL, NULL, NULL, NULL, NULL);

-- --------------------------------------------------------

--
-- Table structure for table `vendor_invoice`
--

CREATE TABLE `vendor_invoice` (
  `vendor_invoice_id` int(11) NOT NULL,
  `vendor_id` int(11) DEFAULT NULL,
  `amount` varchar(50) DEFAULT NULL,
  `timestamp` int(11) DEFAULT NULL,
  `status` varchar(100) DEFAULT NULL,
  `method` varchar(100) DEFAULT NULL,
  `payment_details` longtext
) ENGINE=InnoDB DEFAULT CHARSET=utf8;

--
-- Dumping data for table `vendor_invoice`
--

INSERT INTO `vendor_invoice` (`vendor_invoice_id`, `vendor_id`, `amount`, `timestamp`, `status`, `method`, `payment_details`) VALUES
(2, 3, '324.9273', 1525579407, 'paid', 'cash', ''),
(3, 3, '5.6843418860808E-14', 1528263035, 'due', 'cash', ''),
(4, 3, '5.6843418860808E-14', 1528263055, 'paid', 'cash', ''),
(6, 3, '250', 1529559027, 'due', 'payUmoney', NULL),
(7, 3, '0', 1529559101, NULL, 'payUmoney', NULL),
(8, 3, '0', 1529559230, 'due', 'payUmoney', NULL),
(9, 3, '0', 1529559369, 'due', 'payUmoney', NULL),
(10, 3, '0', 1529559610, 'due', 'payUmoney', NULL),
(11, 3, '0', 1529559624, 'due', 'payUmoney', NULL),
(12, 3, '0', 1529559765, 'due', 'payUmoney', NULL),
(13, 3, '0', 1529559781, 'due', 'payUmoney', NULL),
(14, 3, '220', 1529560632, NULL, 'payUmoney', NULL),
(15, 3, '250', 1529560733, 'due', 'payUmoney', NULL),
(25, 16, '4295.89', 1532512294, 'paid', 'stripe', 'Customer Info: \n{\"\\u0000*\\u0000_opts\":{\"headers\":[],\"apiKey\":\"sk_test_NYIpPjs6gbmuogdwUuJ8She4\"},\"\\u0000*\\u0000_values\":{\"id\":\"cus_DIKJSgpKH7t3sV\",\"object\":\"customer\",\"account_balance\":0,\"created\":1532512293,\"currency\":null,\"default_source\":\"card_1CrjeUKmGdRDZlHSSgm3uUI8\",\"delinquent\":false,\"description\":null,\"discount\":null,\"email\":\"ceo.activeitzone@gmail.com\",\"invoice_prefix\":\"8A7DC79\",\"livemode\":false,\"metadata\":{},\"shipping\":null,\"sources\":{},\"subscriptions\":{}},\"\\u0000*\\u0000_unsavedValues\":{},\"\\u0000*\\u0000_transientValues\":{},\"\\u0000*\\u0000_retrieveOptions\":[]}\n \n Charge Info: \n{\"\\u0000*\\u0000_opts\":{\"headers\":[],\"apiKey\":\"sk_test_NYIpPjs6gbmuogdwUuJ8She4\"},\"\\u0000*\\u0000_values\":{\"id\":\"ch_1CrjedKmGdRDZlHSytg15z2v\",\"object\":\"charge\",\"amount\":5370,\"amount_refunded\":0,\"application\":null,\"application_fee\":null,\"balance_transaction\":\"txn_1CrjedKmGdRDZlHSNzJEg10u\",\"captured\":true,\"created\":1532512295,\"currency\":\"usd\",\"customer\":\"cus_DIKJSgpKH7t3sV\",\"description\":null,\"destination\":null,\"dispute\":null,\"failure_code\":null,\"failure_message\":null,\"fraud_details\":[],\"invoice\":null,\"livemode\":false,\"metadata\":{},\"on_behalf_of\":null,\"order\":null,\"outcome\":{},\"paid\":true,\"receipt_email\":null,\"receipt_number\":null,\"refunded\":false,\"refunds\":{},\"review\":null,\"shipping\":null,\"source\":{},\"source_transfer\":null,\"statement_descriptor\":null,\"status\":\"succeeded\",\"transfer_group\":null},\"\\u0000*\\u0000_unsavedValues\":{},\"\\u0000*\\u0000_transientValues\":{},\"\\u0000*\\u0000_retrieveOptions\":[]}'),
(26, 22, '73.50', 1672811418, 'due', 'cash', ''),
(27, 22, '73.50', 1672811437, 'paid', 'cash', '');

-- --------------------------------------------------------

--
-- Table structure for table `wallet_load`
--

CREATE TABLE `wallet_load` (
  `wallet_load_id` int(11) NOT NULL,
  `user` varchar(100) DEFAULT NULL,
  `amount` varchar(1000) DEFAULT NULL,
  `method` varchar(100) DEFAULT NULL,
  `status` longtext,
  `timestamp` varchar(100) DEFAULT NULL,
  `payment_details` longtext
) ENGINE=MyISAM DEFAULT CHARSET=latin1;

--
-- Dumping data for table `wallet_load`
--

INSERT INTO `wallet_load` (`wallet_load_id`, `user`, `amount`, `method`, `status`, `timestamp`, `payment_details`) VALUES
(1, '8', '500', 'stripe', 'paid', '1517724197', 'Customer Info: \n{\"\\u0000*\\u0000_opts\":{\"headers\":[],\"apiKey\":\"sk_test_NYIpPjs6gbmuogdwUuJ8She4\"},\"\\u0000*\\u0000_values\":{\"id\":\"cus_CGD0YQw7B62I38\",\"object\":\"customer\",\"account_balance\":0,\"created\":1517724196,\"currency\":null,\"default_source\":\"card_1BrgapKmGdRDZlHSSMFOLv2m\",\"delinquent\":false,\"description\":null,\"discount\":null,\"email\":null,\"invoice_prefix\":\"6d34e931e9\",\"livemode\":false,\"metadata\":{},\"shipping\":null,\"sources\":{},\"subscriptions\":{}},\"\\u0000*\\u0000_unsavedValues\":{},\"\\u0000*\\u0000_transientValues\":{},\"\\u0000*\\u0000_retrieveOptions\":[]}\n \n Charge Info: \n{\"\\u0000*\\u0000_opts\":{\"headers\":[],\"apiKey\":\"sk_test_NYIpPjs6gbmuogdwUuJ8She4\"},\"\\u0000*\\u0000_values\":{\"id\":\"ch_1BrgavKmGdRDZlHSmk8RfDyU\",\"object\":\"charge\",\"amount\":50000,\"amount_refunded\":0,\"application\":null,\"application_fee\":null,\"balance_transaction\":\"txn_1BrgavKmGdRDZlHSovrdDAZr\",\"captured\":true,\"created\":1517724197,\"currency\":\"usd\",\"customer\":\"cus_CGD0YQw7B62I38\",\"description\":null,\"destination\":null,\"dispute\":null,\"failure_code\":null,\"failure_message\":null,\"fraud_details\":[],\"invoice\":null,\"livemode\":false,\"metadata\":{},\"on_behalf_of\":null,\"order\":null,\"outcome\":{},\"paid\":true,\"receipt_email\":null,\"receipt_number\":null,\"refunded\":false,\"refunds\":{},\"review\":null,\"shipping\":null,\"source\":{},\"source_transfer\":null,\"statement_descriptor\":null,\"status\":\"succeeded\",\"transfer_group\":null},\"\\u0000*\\u0000_unsavedValues\":{},\"\\u0000*\\u0000_transientValues\":{},\"\\u0000*\\u0000_retrieveOptions\":[]}'),
(4, '7', '1000', 'stripe', 'paid', '1518067735', 'Customer Info: \n{\"\\u0000*\\u0000_opts\":{\"headers\":[],\"apiKey\":\"sk_test_NYIpPjs6gbmuogdwUuJ8She4\"},\"\\u0000*\\u0000_values\":{\"id\":\"cus_CHhMag8O50VaHI\",\"object\":\"customer\",\"account_balance\":0,\"created\":1518067734,\"currency\":null,\"default_source\":\"card_1Bt7xlKmGdRDZlHSPQR35wSG\",\"delinquent\":false,\"description\":null,\"discount\":null,\"email\":null,\"invoice_prefix\":\"4a211cb13d\",\"livemode\":false,\"metadata\":{},\"shipping\":null,\"sources\":{},\"subscriptions\":{}},\"\\u0000*\\u0000_unsavedValues\":{},\"\\u0000*\\u0000_transientValues\":{},\"\\u0000*\\u0000_retrieveOptions\":[]}\n \n Charge Info: \n{\"\\u0000*\\u0000_opts\":{\"headers\":[],\"apiKey\":\"sk_test_NYIpPjs6gbmuogdwUuJ8She4\"},\"\\u0000*\\u0000_values\":{\"id\":\"ch_1Bt7xrKmGdRDZlHSIOGetvuw\",\"object\":\"charge\",\"amount\":100000,\"amount_refunded\":0,\"application\":null,\"application_fee\":null,\"balance_transaction\":\"txn_1Bt7xrKmGdRDZlHS4aoaW4pY\",\"captured\":true,\"created\":1518067735,\"currency\":\"usd\",\"customer\":\"cus_CHhMag8O50VaHI\",\"description\":null,\"destination\":null,\"dispute\":null,\"failure_code\":null,\"failure_message\":null,\"fraud_details\":[],\"invoice\":null,\"livemode\":false,\"metadata\":{},\"on_behalf_of\":null,\"order\":null,\"outcome\":{},\"paid\":true,\"receipt_email\":null,\"receipt_number\":null,\"refunded\":false,\"refunds\":{},\"review\":null,\"shipping\":null,\"source\":{},\"source_transfer\":null,\"statement_descriptor\":null,\"status\":\"succeeded\",\"transfer_group\":null},\"\\u0000*\\u0000_unsavedValues\":{},\"\\u0000*\\u0000_transientValues\":{},\"\\u0000*\\u0000_retrieveOptions\":[]}'),
(5, '7', '500', 'paypal', 'due', '1518455611', '[]'),
(7, '7', '50', 'paypal', 'due', '1519804590', '[]'),
(8, '7', '50', 'paypal', 'due', '1519805069', '[]'),
(40, '7', '1000', 'paypal', 'pending', '1527662380', 'testing'),
(41, '7', '1000', 'stripe', 'paid', '1523850882', 'Customer Info: \n{\"\\u0000*\\u0000_opts\":{\"headers\":[],\"apiKey\":\"sk_test_NYIpPjs6gbmuogdwUuJ8She4\"},\"\\u0000*\\u0000_values\":{\"id\":\"cus_CglyFhGtTEn5Rw\",\"object\":\"customer\",\"account_balance\":0,\"created\":1523850881,\"currency\":null,\"default_source\":\"card_1CHOQKKmGdRDZlHSWlsub8PR\",\"delinquent\":false,\"description\":null,\"discount\":null,\"email\":null,\"invoice_prefix\":\"55A02F2\",\"livemode\":false,\"metadata\":{},\"shipping\":null,\"sources\":{},\"subscriptions\":{}},\"\\u0000*\\u0000_unsavedValues\":{},\"\\u0000*\\u0000_transientValues\":{},\"\\u0000*\\u0000_retrieveOptions\":[]}\n \n Charge Info: \n{\"\\u0000*\\u0000_opts\":{\"headers\":[],\"apiKey\":\"sk_test_NYIpPjs6gbmuogdwUuJ8She4\"},\"\\u0000*\\u0000_values\":{\"id\":\"ch_1CHOQQKmGdRDZlHSmVqPSfof\",\"object\":\"charge\",\"amount\":100000,\"amount_refunded\":0,\"application\":null,\"application_fee\":null,\"balance_transaction\":\"txn_1CHOQQKmGdRDZlHSHTZAUnwy\",\"captured\":true,\"created\":1523850882,\"currency\":\"usd\",\"customer\":\"cus_CglyFhGtTEn5Rw\",\"description\":null,\"destination\":null,\"dispute\":null,\"failure_code\":null,\"failure_message\":null,\"fraud_details\":[],\"invoice\":null,\"livemode\":false,\"metadata\":{},\"on_behalf_of\":null,\"order\":null,\"outcome\":{},\"paid\":true,\"receipt_email\":null,\"receipt_number\":null,\"refunded\":false,\"refunds\":{},\"review\":null,\"shipping\":null,\"source\":{},\"source_transfer\":null,\"statement_descriptor\":null,\"status\":\"succeeded\",\"transfer_group\":null},\"\\u0000*\\u0000_unsavedValues\":{},\"\\u0000*\\u0000_transientValues\":{},\"\\u0000*\\u0000_retrieveOptions\":[]}'),
(42, '11', '1000', 'paypal', 'due', '1526117372', '[]'),
(43, '11', '1000', 'stripe', 'paid', '1526117453', 'Customer Info: \n{\"\\u0000*\\u0000_opts\":{\"headers\":[],\"apiKey\":\"sk_test_NYIpPjs6gbmuogdwUuJ8She4\"},\"\\u0000*\\u0000_values\":{\"id\":\"cus_CqbGW0YNtvcREq\",\"object\":\"customer\",\"account_balance\":0,\"created\":1526117452,\"currency\":null,\"default_source\":\"card_1CQu3uKmGdRDZlHSrzC62YUh\",\"delinquent\":false,\"description\":null,\"discount\":null,\"email\":null,\"invoice_prefix\":\"66A1B35\",\"livemode\":false,\"metadata\":{},\"shipping\":null,\"sources\":{},\"subscriptions\":{}},\"\\u0000*\\u0000_unsavedValues\":{},\"\\u0000*\\u0000_transientValues\":{},\"\\u0000*\\u0000_retrieveOptions\":[]}\n \n Charge Info: \n{\"\\u0000*\\u0000_opts\":{\"headers\":[],\"apiKey\":\"sk_test_NYIpPjs6gbmuogdwUuJ8She4\"},\"\\u0000*\\u0000_values\":{\"id\":\"ch_1CQu41KmGdRDZlHSpp4r8Atn\",\"object\":\"charge\",\"amount\":100000,\"amount_refunded\":0,\"application\":null,\"application_fee\":null,\"balance_transaction\":\"txn_1CQu41KmGdRDZlHSfawtbM2r\",\"captured\":true,\"created\":1526117453,\"currency\":\"usd\",\"customer\":\"cus_CqbGW0YNtvcREq\",\"description\":null,\"destination\":null,\"dispute\":null,\"failure_code\":null,\"failure_message\":null,\"fraud_details\":[],\"invoice\":null,\"livemode\":false,\"metadata\":{},\"on_behalf_of\":null,\"order\":null,\"outcome\":{},\"paid\":true,\"receipt_email\":null,\"receipt_number\":null,\"refunded\":false,\"refunds\":{},\"review\":null,\"shipping\":null,\"source\":{},\"source_transfer\":null,\"statement_descriptor\":null,\"status\":\"succeeded\",\"transfer_group\":null},\"\\u0000*\\u0000_unsavedValues\":{},\"\\u0000*\\u0000_transientValues\":{},\"\\u0000*\\u0000_retrieveOptions\":[]}'),
(44, '13', '4000', 'paypal', 'due', '1528014769', '[]'),
(45, '13', '2000', 'stripe', 'paid', '1528014852', 'Customer Info: \n{\"\\u0000*\\u0000_opts\":{\"headers\":[],\"apiKey\":\"sk_test_NYIpPjs6gbmuogdwUuJ8She4\"},\"\\u0000*\\u0000_values\":{\"id\":\"cus_CypKoO0j152SBl\",\"object\":\"customer\",\"account_balance\":0,\"created\":1528014864,\"currency\":null,\"default_source\":\"card_1CYrfKKmGdRDZlHSpMLENA98\",\"delinquent\":false,\"description\":null,\"discount\":null,\"email\":null,\"invoice_prefix\":\"B82E3F3\",\"livemode\":false,\"metadata\":{},\"shipping\":null,\"sources\":{},\"subscriptions\":{}},\"\\u0000*\\u0000_unsavedValues\":{},\"\\u0000*\\u0000_transientValues\":{},\"\\u0000*\\u0000_retrieveOptions\":[]}\n \n Charge Info: \n{\"\\u0000*\\u0000_opts\":{\"headers\":[],\"apiKey\":\"sk_test_NYIpPjs6gbmuogdwUuJ8She4\"},\"\\u0000*\\u0000_values\":{\"id\":\"ch_1CYrfSKmGdRDZlHSYJxiAZgz\",\"object\":\"charge\",\"amount\":200000,\"amount_refunded\":0,\"application\":null,\"application_fee\":null,\"balance_transaction\":\"txn_1CYrfSKmGdRDZlHSDavgb3gk\",\"captured\":true,\"created\":1528014866,\"currency\":\"usd\",\"customer\":\"cus_CypKoO0j152SBl\",\"description\":null,\"destination\":null,\"dispute\":null,\"failure_code\":null,\"failure_message\":null,\"fraud_details\":[],\"invoice\":null,\"livemode\":false,\"metadata\":{},\"on_behalf_of\":null,\"order\":null,\"outcome\":{},\"paid\":true,\"receipt_email\":null,\"receipt_number\":null,\"refunded\":false,\"refunds\":{},\"review\":null,\"shipping\":null,\"source\":{},\"source_transfer\":null,\"statement_descriptor\":null,\"status\":\"succeeded\",\"transfer_group\":null},\"\\u0000*\\u0000_unsavedValues\":{},\"\\u0000*\\u0000_transientValues\":{},\"\\u0000*\\u0000_retrieveOptions\":[]}'),
(46, '15', '5000', 'stripe', 'paid', '1528348710', 'Customer Info: \n{\"\\u0000*\\u0000_opts\":{\"headers\":[],\"apiKey\":\"sk_test_NYIpPjs6gbmuogdwUuJ8She4\"},\"\\u0000*\\u0000_values\":{\"id\":\"cus_D0H4Qix0Od4VKZ\",\"object\":\"customer\",\"account_balance\":0,\"created\":1528348726,\"currency\":null,\"default_source\":\"card_1CaGWBKmGdRDZlHSO3Fff73X\",\"delinquent\":false,\"description\":null,\"discount\":null,\"email\":null,\"invoice_prefix\":\"1AD0DFE\",\"livemode\":false,\"metadata\":{},\"shipping\":null,\"sources\":{},\"subscriptions\":{}},\"\\u0000*\\u0000_unsavedValues\":{},\"\\u0000*\\u0000_transientValues\":{},\"\\u0000*\\u0000_retrieveOptions\":[]}\n \n Charge Info: \n{\"\\u0000*\\u0000_opts\":{\"headers\":[],\"apiKey\":\"sk_test_NYIpPjs6gbmuogdwUuJ8She4\"},\"\\u0000*\\u0000_values\":{\"id\":\"ch_1CaGWJKmGdRDZlHSEnZ0FTBn\",\"object\":\"charge\",\"amount\":500000,\"amount_refunded\":0,\"application\":null,\"application_fee\":null,\"balance_transaction\":\"txn_1CaGWKKmGdRDZlHSwbeV2PTy\",\"captured\":true,\"created\":1528348727,\"currency\":\"usd\",\"customer\":\"cus_D0H4Qix0Od4VKZ\",\"description\":null,\"destination\":null,\"dispute\":null,\"failure_code\":null,\"failure_message\":null,\"fraud_details\":[],\"invoice\":null,\"livemode\":false,\"metadata\":{},\"on_behalf_of\":null,\"order\":null,\"outcome\":{},\"paid\":true,\"receipt_email\":null,\"receipt_number\":null,\"refunded\":false,\"refunds\":{},\"review\":null,\"shipping\":null,\"source\":{},\"source_transfer\":null,\"statement_descriptor\":null,\"status\":\"succeeded\",\"transfer_group\":null},\"\\u0000*\\u0000_unsavedValues\":{},\"\\u0000*\\u0000_transientValues\":{},\"\\u0000*\\u0000_retrieveOptions\":[]}'),
(47, '7', '10000', 'pum', 'due', '1529490145', '[]'),
(48, '7', '', 'pum', 'due', '1529492063', '[]'),
(49, '7', '', 'pum', 'due', '1529492100', '[]'),
(50, '7', '', 'payu', 'due', '1529492324', '[]'),
(51, '7', '1000', 'pum', 'due', '1529492411', '[]'),
(52, '7', '', 'pum', 'due', '1529492473', '[]'),
(53, '7', '', 'pum', 'due', '1529492681', '[]'),
(54, '7', '1000', 'pum', 'due', '1529493122', '[]'),
(55, '7', '1000', 'pum', 'due', '1529493178', '[]'),
(56, '7', '10000', 'pum', 'due', '1529493787', '[]'),
(61, '7', '9', 'stripe', 'paid', '1530002551', 'Customer Info: \n{\"\\u0000*\\u0000_opts\":{\"headers\":[],\"apiKey\":\"sk_test_NYIpPjs6gbmuogdwUuJ8She4\"},\"\\u0000*\\u0000_values\":{\"id\":\"cus_D7ReEvEpBqS4NK\",\"object\":\"customer\",\"account_balance\":0,\"created\":1530002549,\"currency\":null,\"default_source\":\"card_1ChCklKmGdRDZlHSUIPmOpTa\",\"delinquent\":false,\"description\":null,\"discount\":null,\"email\":null,\"invoice_prefix\":\"C9E4A94\",\"livemode\":false,\"metadata\":{},\"shipping\":null,\"sources\":{},\"subscriptions\":{}},\"\\u0000*\\u0000_unsavedValues\":{},\"\\u0000*\\u0000_transientValues\":{},\"\\u0000*\\u0000_retrieveOptions\":[]}\n \n Charge Info: \n{\"\\u0000*\\u0000_opts\":{\"headers\":[],\"apiKey\":\"sk_test_NYIpPjs6gbmuogdwUuJ8She4\"},\"\\u0000*\\u0000_values\":{\"id\":\"ch_1ChCksKmGdRDZlHSirYxwBQw\",\"object\":\"charge\",\"amount\":900,\"amount_refunded\":0,\"application\":null,\"application_fee\":null,\"balance_transaction\":\"txn_1ChCktKmGdRDZlHSx0iE3JF7\",\"captured\":true,\"created\":1530002550,\"currency\":\"usd\",\"customer\":\"cus_D7ReEvEpBqS4NK\",\"description\":null,\"destination\":null,\"dispute\":null,\"failure_code\":null,\"failure_message\":null,\"fraud_details\":[],\"invoice\":null,\"livemode\":false,\"metadata\":{},\"on_behalf_of\":null,\"order\":null,\"outcome\":{},\"paid\":true,\"receipt_email\":null,\"receipt_number\":null,\"refunded\":false,\"refunds\":{},\"review\":null,\"shipping\":null,\"source\":{},\"source_transfer\":null,\"statement_descriptor\":null,\"status\":\"succeeded\",\"transfer_group\":null},\"\\u0000*\\u0000_unsavedValues\":{},\"\\u0000*\\u0000_transientValues\":{},\"\\u0000*\\u0000_retrieveOptions\":[]}'),
(62, '17', '5000', 'stripe', 'paid', '1530002584', 'Customer Info: \n{\"\\u0000*\\u0000_opts\":{\"headers\":[],\"apiKey\":\"sk_test_NYIpPjs6gbmuogdwUuJ8She4\"},\"\\u0000*\\u0000_values\":{\"id\":\"cus_D7RewmuWEVXK8O\",\"object\":\"customer\",\"account_balance\":0,\"created\":1530002582,\"currency\":null,\"default_source\":\"card_1ChClIKmGdRDZlHSEAlZ37dY\",\"delinquent\":false,\"description\":null,\"discount\":null,\"email\":null,\"invoice_prefix\":\"72A87E5\",\"livemode\":false,\"metadata\":{},\"shipping\":null,\"sources\":{},\"subscriptions\":{}},\"\\u0000*\\u0000_unsavedValues\":{},\"\\u0000*\\u0000_transientValues\":{},\"\\u0000*\\u0000_retrieveOptions\":[]}\n \n Charge Info: \n{\"\\u0000*\\u0000_opts\":{\"headers\":[],\"apiKey\":\"sk_test_NYIpPjs6gbmuogdwUuJ8She4\"},\"\\u0000*\\u0000_values\":{\"id\":\"ch_1ChClPKmGdRDZlHSFSoPTHXd\",\"object\":\"charge\",\"amount\":500000,\"amount_refunded\":0,\"application\":null,\"application_fee\":null,\"balance_transaction\":\"txn_1ChClPKmGdRDZlHSEiZYfL6z\",\"captured\":true,\"created\":1530002583,\"currency\":\"usd\",\"customer\":\"cus_D7RewmuWEVXK8O\",\"description\":null,\"destination\":null,\"dispute\":null,\"failure_code\":null,\"failure_message\":null,\"fraud_details\":[],\"invoice\":null,\"livemode\":false,\"metadata\":{},\"on_behalf_of\":null,\"order\":null,\"outcome\":{},\"paid\":true,\"receipt_email\":null,\"receipt_number\":null,\"refunded\":false,\"refunds\":{},\"review\":null,\"shipping\":null,\"source\":{},\"source_transfer\":null,\"statement_descriptor\":null,\"status\":\"succeeded\",\"transfer_group\":null},\"\\u0000*\\u0000_unsavedValues\":{},\"\\u0000*\\u0000_transientValues\":{},\"\\u0000*\\u0000_retrieveOptions\":[]}'),
(63, '7', '100', 'pum', 'due', '1530684206', '[]'),
(64, '23', '4000', 'stripe', 'paid', '1531631786', 'Customer Info: \n{\"\\u0000*\\u0000_opts\":{\"headers\":[],\"apiKey\":\"sk_test_NYIpPjs6gbmuogdwUuJ8She4\"},\"\\u0000*\\u0000_values\":{\"id\":\"cus_DEVcnI3Zo7vX2x\",\"object\":\"customer\",\"account_balance\":0,\"created\":1531631788,\"currency\":null,\"default_source\":\"card_1Co2amKmGdRDZlHSkv9Pbbss\",\"delinquent\":false,\"description\":null,\"discount\":null,\"email\":null,\"invoice_prefix\":\"0D4B893\",\"livemode\":false,\"metadata\":{},\"shipping\":null,\"sources\":{},\"subscriptions\":{}},\"\\u0000*\\u0000_unsavedValues\":{},\"\\u0000*\\u0000_transientValues\":{},\"\\u0000*\\u0000_retrieveOptions\":[]}\n \n Charge Info: \n{\"\\u0000*\\u0000_opts\":{\"headers\":[],\"apiKey\":\"sk_test_NYIpPjs6gbmuogdwUuJ8She4\"},\"\\u0000*\\u0000_values\":{\"id\":\"ch_1Co2avKmGdRDZlHSpSoSEvEQ\",\"object\":\"charge\",\"amount\":400000,\"amount_refunded\":0,\"application\":null,\"application_fee\":null,\"balance_transaction\":\"txn_1Co2awKmGdRDZlHSRLWeQBT2\",\"captured\":true,\"created\":1531631789,\"currency\":\"usd\",\"customer\":\"cus_DEVcnI3Zo7vX2x\",\"description\":null,\"destination\":null,\"dispute\":null,\"failure_code\":null,\"failure_message\":null,\"fraud_details\":[],\"invoice\":null,\"livemode\":false,\"metadata\":{},\"on_behalf_of\":null,\"order\":null,\"outcome\":{},\"paid\":true,\"receipt_email\":null,\"receipt_number\":null,\"refunded\":false,\"refunds\":{},\"review\":null,\"shipping\":null,\"source\":{},\"source_transfer\":null,\"statement_descriptor\":null,\"status\":\"succeeded\",\"transfer_group\":null},\"\\u0000*\\u0000_unsavedValues\":{},\"\\u0000*\\u0000_transientValues\":{},\"\\u0000*\\u0000_retrieveOptions\":[]}'),
(66, '7', '10', 'ssl', 'paid', '1532421610', '[]'),
(71, '3', '6', 'affiliation_point_conversion', 'paid', '1576132901', '[]'),
(70, '3', '25', 'affiliation_point_conversion', 'paid', '1576063567', '[]'),
(72, '3', '25', 'affiliation_point_conversion', 'paid', '1576145647', '[]'),
(73, '27', '10', 'pum', 'pending', '1672809334', 'Check status'),
(74, '27', '100', 'paypal', 'pending', '1672809564', 'for savings'),
(75, '27', '10', 'pum', 'pending', '1672813078', 'done');

--
-- Indexes for dumped tables
--

--
-- Indexes for table `admin`
--
ALTER TABLE `admin`
  ADD PRIMARY KEY (`admin_id`);

--
-- Indexes for table `banner`
--
ALTER TABLE `banner`
  ADD PRIMARY KEY (`banner_id`);

--
-- Indexes for table `blog`
--
ALTER TABLE `blog`
  ADD PRIMARY KEY (`blog_id`);

--
-- Indexes for table `blog_category`
--
ALTER TABLE `blog_category`
  ADD PRIMARY KEY (`blog_category_id`);

--
-- Indexes for table `brand`
--
ALTER TABLE `brand`
  ADD PRIMARY KEY (`brand_id`);

--
-- Indexes for table `bundle_stock`
--
ALTER TABLE `bundle_stock`
  ADD PRIMARY KEY (`stock_id`);

--
-- Indexes for table `business_settings`
--
ALTER TABLE `business_settings`
  ADD PRIMARY KEY (`business_settings_id`);

--
-- Indexes for table `category`
--
ALTER TABLE `category`
  ADD PRIMARY KEY (`category_id`);

--
-- Indexes for table `ci_sessions`
--
ALTER TABLE `ci_sessions`
  ADD PRIMARY KEY (`id`),
  ADD KEY `ci_sessions_timestamp` (`timestamp`);

--
-- Indexes for table `contact_message`
--
ALTER TABLE `contact_message`
  ADD PRIMARY KEY (`contact_message_id`);

--
-- Indexes for table `coupon`
--
ALTER TABLE `coupon`
  ADD PRIMARY KEY (`coupon_id`);

--
-- Indexes for table `currency_settings`
--
ALTER TABLE `currency_settings`
  ADD PRIMARY KEY (`currency_settings_id`);

--
-- Indexes for table `customer_product`
--
ALTER TABLE `customer_product`
  ADD PRIMARY KEY (`customer_product_id`);

--
-- Indexes for table `email_template`
--
ALTER TABLE `email_template`
  ADD PRIMARY KEY (`email_template_id`);

--
-- Indexes for table `general_settings`
--
ALTER TABLE `general_settings`
  ADD PRIMARY KEY (`general_settings_id`);

--
-- Indexes for table `language`
--
ALTER TABLE `language`
  ADD PRIMARY KEY (`word_id`);

--
-- Indexes for table `language_list`
--
ALTER TABLE `language_list`
  ADD PRIMARY KEY (`language_list_id`);

--
-- Indexes for table `logo`
--
ALTER TABLE `logo`
  ADD PRIMARY KEY (`logo_id`);

--
-- Indexes for table `membership`
--
ALTER TABLE `membership`
  ADD PRIMARY KEY (`membership_id`);

--
-- Indexes for table `membership_payment`
--
ALTER TABLE `membership_payment`
  ADD PRIMARY KEY (`membership_payment_id`);

--
-- Indexes for table `message`
--
ALTER TABLE `message`
  ADD PRIMARY KEY (`message_id`);

--
-- Indexes for table `message_thread`
--
ALTER TABLE `message_thread`
  ADD PRIMARY KEY (`message_thread_id`);

--
-- Indexes for table `package`
--
ALTER TABLE `package`
  ADD PRIMARY KEY (`package_id`);

--
-- Indexes for table `package_payment`
--
ALTER TABLE `package_payment`
  ADD PRIMARY KEY (`package_payment_id`);

--
-- Indexes for table `page`
--
ALTER TABLE `page`
  ADD PRIMARY KEY (`page_id`);

--
-- Indexes for table `permission`
--
ALTER TABLE `permission`
  ADD PRIMARY KEY (`permission_id`);

--
-- Indexes for table `product`
--
ALTER TABLE `product`
  ADD PRIMARY KEY (`product_id`);

--
-- Indexes for table `product_affiliation`
--
ALTER TABLE `product_affiliation`
  ADD PRIMARY KEY (`product_affiliation_id`);

--
-- Indexes for table `product_affiliation_code_use`
--
ALTER TABLE `product_affiliation_code_use`
  ADD PRIMARY KEY (`product_affiliation_code_use_id`);

--
-- Indexes for table `product_affiliation_points_total`
--
ALTER TABLE `product_affiliation_points_total`
  ADD PRIMARY KEY (`product_affiliation_points_total_id`);

--
-- Indexes for table `role`
--
ALTER TABLE `role`
  ADD PRIMARY KEY (`role_id`);

--
-- Indexes for table `sale`
--
ALTER TABLE `sale`
  ADD PRIMARY KEY (`sale_id`);

--
-- Indexes for table `slider`
--
ALTER TABLE `slider`
  ADD PRIMARY KEY (`slider_id`);

--
-- Indexes for table `slider_style`
--
ALTER TABLE `slider_style`
  ADD PRIMARY KEY (`slider_style_id`);

--
-- Indexes for table `slides`
--
ALTER TABLE `slides`
  ADD PRIMARY KEY (`slides_id`);

--
-- Indexes for table `social_links`
--
ALTER TABLE `social_links`
  ADD PRIMARY KEY (`social_links_id`);

--
-- Indexes for table `stock`
--
ALTER TABLE `stock`
  ADD PRIMARY KEY (`stock_id`);

--
-- Indexes for table `subscribe`
--
ALTER TABLE `subscribe`
  ADD PRIMARY KEY (`subscribe_id`);

--
-- Indexes for table `sub_category`
--
ALTER TABLE `sub_category`
  ADD PRIMARY KEY (`sub_category_id`);

--
-- Indexes for table `ticket`
--
ALTER TABLE `ticket`
  ADD PRIMARY KEY (`ticket_id`);

--
-- Indexes for table `ticket_message`
--
ALTER TABLE `ticket_message`
  ADD PRIMARY KEY (`ticket_message_id`);

--
-- Indexes for table `ui_settings`
--
ALTER TABLE `ui_settings`
  ADD PRIMARY KEY (`ui_settings_id`);

--
-- Indexes for table `user`
--
ALTER TABLE `user`
  ADD PRIMARY KEY (`user_id`);

--
-- Indexes for table `user_rating`
--
ALTER TABLE `user_rating`
  ADD PRIMARY KEY (`rating_id`);

--
-- Indexes for table `vendor`
--
ALTER TABLE `vendor`
  ADD PRIMARY KEY (`vendor_id`);

--
-- Indexes for table `vendor_invoice`
--
ALTER TABLE `vendor_invoice`
  ADD PRIMARY KEY (`vendor_invoice_id`);

--
-- Indexes for table `wallet_load`
--
ALTER TABLE `wallet_load`
  ADD PRIMARY KEY (`wallet_load_id`);

--
-- AUTO_INCREMENT for dumped tables
--

--
-- AUTO_INCREMENT for table `admin`
--
ALTER TABLE `admin`
  MODIFY `admin_id` int(11) NOT NULL AUTO_INCREMENT, AUTO_INCREMENT=4;

--
-- AUTO_INCREMENT for table `banner`
--
ALTER TABLE `banner`
  MODIFY `banner_id` int(11) NOT NULL AUTO_INCREMENT, AUTO_INCREMENT=27;

--
-- AUTO_INCREMENT for table `blog`
--
ALTER TABLE `blog`
  MODIFY `blog_id` int(11) NOT NULL AUTO_INCREMENT, AUTO_INCREMENT=15;

--
-- AUTO_INCREMENT for table `blog_category`
--
ALTER TABLE `blog_category`
  MODIFY `blog_category_id` int(11) NOT NULL AUTO_INCREMENT, AUTO_INCREMENT=7;

--
-- AUTO_INCREMENT for table `brand`
--
ALTER TABLE `brand`
  MODIFY `brand_id` int(11) NOT NULL AUTO_INCREMENT, AUTO_INCREMENT=275;

--
-- AUTO_INCREMENT for table `bundle_stock`
--
ALTER TABLE `bundle_stock`
  MODIFY `stock_id` int(11) NOT NULL AUTO_INCREMENT, AUTO_INCREMENT=27;

--
-- AUTO_INCREMENT for table `business_settings`
--
ALTER TABLE `business_settings`
  MODIFY `business_settings_id` int(11) NOT NULL AUTO_INCREMENT, AUTO_INCREMENT=58;

--
-- AUTO_INCREMENT for table `category`
--
ALTER TABLE `category`
  MODIFY `category_id` int(11) NOT NULL AUTO_INCREMENT, AUTO_INCREMENT=25;

--
-- AUTO_INCREMENT for table `contact_message`
--
ALTER TABLE `contact_message`
  MODIFY `contact_message_id` int(11) NOT NULL AUTO_INCREMENT;

--
-- AUTO_INCREMENT for table `coupon`
--
ALTER TABLE `coupon`
  MODIFY `coupon_id` int(11) NOT NULL AUTO_INCREMENT, AUTO_INCREMENT=2;

--
-- AUTO_INCREMENT for table `currency_settings`
--
ALTER TABLE `currency_settings`
  MODIFY `currency_settings_id` int(11) NOT NULL AUTO_INCREMENT, AUTO_INCREMENT=28;

--
-- AUTO_INCREMENT for table `customer_product`
--
ALTER TABLE `customer_product`
  MODIFY `customer_product_id` int(11) NOT NULL AUTO_INCREMENT, AUTO_INCREMENT=38;

--
-- AUTO_INCREMENT for table `email_template`
--
ALTER TABLE `email_template`
  MODIFY `email_template_id` int(11) NOT NULL AUTO_INCREMENT, AUTO_INCREMENT=10;

--
-- AUTO_INCREMENT for table `general_settings`
--
ALTER TABLE `general_settings`
  MODIFY `general_settings_id` int(11) NOT NULL AUTO_INCREMENT, AUTO_INCREMENT=96;

--
-- AUTO_INCREMENT for table `language`
--
ALTER TABLE `language`
  MODIFY `word_id` int(11) NOT NULL AUTO_INCREMENT, AUTO_INCREMENT=1699;

--
-- AUTO_INCREMENT for table `language_list`
--
ALTER TABLE `language_list`
  MODIFY `language_list_id` int(11) NOT NULL AUTO_INCREMENT, AUTO_INCREMENT=7;

--
-- AUTO_INCREMENT for table `logo`
--
ALTER TABLE `logo`
  MODIFY `logo_id` int(11) NOT NULL AUTO_INCREMENT, AUTO_INCREMENT=78;

--
-- AUTO_INCREMENT for table `membership`
--
ALTER TABLE `membership`
  MODIFY `membership_id` int(11) NOT NULL AUTO_INCREMENT, AUTO_INCREMENT=8;

--
-- AUTO_INCREMENT for table `membership_payment`
--
ALTER TABLE `membership_payment`
  MODIFY `membership_payment_id` int(11) NOT NULL AUTO_INCREMENT, AUTO_INCREMENT=29;

--
-- AUTO_INCREMENT for table `message`
--
ALTER TABLE `message`
  MODIFY `message_id` int(11) NOT NULL AUTO_INCREMENT;

--
-- AUTO_INCREMENT for table `message_thread`
--
ALTER TABLE `message_thread`
  MODIFY `message_thread_id` int(11) NOT NULL AUTO_INCREMENT;

--
-- AUTO_INCREMENT for table `package`
--
ALTER TABLE `package`
  MODIFY `package_id` int(11) NOT NULL AUTO_INCREMENT, AUTO_INCREMENT=6;

--
-- AUTO_INCREMENT for table `package_payment`
--
ALTER TABLE `package_payment`
  MODIFY `package_payment_id` int(11) NOT NULL AUTO_INCREMENT, AUTO_INCREMENT=27;

--
-- AUTO_INCREMENT for table `page`
--
ALTER TABLE `page`
  MODIFY `page_id` int(11) NOT NULL AUTO_INCREMENT, AUTO_INCREMENT=13;

--
-- AUTO_INCREMENT for table `permission`
--
ALTER TABLE `permission`
  MODIFY `permission_id` int(11) NOT NULL AUTO_INCREMENT, AUTO_INCREMENT=115;

--
-- AUTO_INCREMENT for table `product`
--
ALTER TABLE `product`
  MODIFY `product_id` int(11) NOT NULL AUTO_INCREMENT, AUTO_INCREMENT=230;

--
-- AUTO_INCREMENT for table `product_affiliation`
--
ALTER TABLE `product_affiliation`
  MODIFY `product_affiliation_id` bigint(20) NOT NULL AUTO_INCREMENT, AUTO_INCREMENT=4;

--
-- AUTO_INCREMENT for table `product_affiliation_code_use`
--
ALTER TABLE `product_affiliation_code_use`
  MODIFY `product_affiliation_code_use_id` bigint(20) NOT NULL AUTO_INCREMENT, AUTO_INCREMENT=4;

--
-- AUTO_INCREMENT for table `product_affiliation_points_total`
--
ALTER TABLE `product_affiliation_points_total`
  MODIFY `product_affiliation_points_total_id` bigint(20) NOT NULL AUTO_INCREMENT, AUTO_INCREMENT=2;

--
-- AUTO_INCREMENT for table `role`
--
ALTER TABLE `role`
  MODIFY `role_id` int(11) NOT NULL AUTO_INCREMENT, AUTO_INCREMENT=7;

--
-- AUTO_INCREMENT for table `sale`
--
ALTER TABLE `sale`
  MODIFY `sale_id` int(11) NOT NULL AUTO_INCREMENT, AUTO_INCREMENT=230;

--
-- AUTO_INCREMENT for table `slider`
--
ALTER TABLE `slider`
  MODIFY `slider_id` int(11) NOT NULL AUTO_INCREMENT, AUTO_INCREMENT=5;

--
-- AUTO_INCREMENT for table `slider_style`
--
ALTER TABLE `slider_style`
  MODIFY `slider_style_id` int(11) NOT NULL AUTO_INCREMENT, AUTO_INCREMENT=13;

--
-- AUTO_INCREMENT for table `slides`
--
ALTER TABLE `slides`
  MODIFY `slides_id` int(11) NOT NULL AUTO_INCREMENT, AUTO_INCREMENT=35;

--
-- AUTO_INCREMENT for table `social_links`
--
ALTER TABLE `social_links`
  MODIFY `social_links_id` int(11) NOT NULL AUTO_INCREMENT, AUTO_INCREMENT=7;

--
-- AUTO_INCREMENT for table `stock`
--
ALTER TABLE `stock`
  MODIFY `stock_id` int(11) NOT NULL AUTO_INCREMENT, AUTO_INCREMENT=380;

--
-- AUTO_INCREMENT for table `subscribe`
--
ALTER TABLE `subscribe`
  MODIFY `subscribe_id` int(11) NOT NULL AUTO_INCREMENT, AUTO_INCREMENT=5;

--
-- AUTO_INCREMENT for table `sub_category`
--
ALTER TABLE `sub_category`
  MODIFY `sub_category_id` int(11) NOT NULL AUTO_INCREMENT, AUTO_INCREMENT=119;

--
-- AUTO_INCREMENT for table `ticket`
--
ALTER TABLE `ticket`
  MODIFY `ticket_id` int(11) NOT NULL AUTO_INCREMENT;

--
-- AUTO_INCREMENT for table `ticket_message`
--
ALTER TABLE `ticket_message`
  MODIFY `ticket_message_id` int(11) NOT NULL AUTO_INCREMENT, AUTO_INCREMENT=30;

--
-- AUTO_INCREMENT for table `ui_settings`
--
ALTER TABLE `ui_settings`
  MODIFY `ui_settings_id` int(11) NOT NULL AUTO_INCREMENT, AUTO_INCREMENT=62;

--
-- AUTO_INCREMENT for table `user`
--
ALTER TABLE `user`
  MODIFY `user_id` int(11) NOT NULL AUTO_INCREMENT, AUTO_INCREMENT=28;

--
-- AUTO_INCREMENT for table `user_rating`
--
ALTER TABLE `user_rating`
  MODIFY `rating_id` bigint(20) NOT NULL AUTO_INCREMENT;

--
-- AUTO_INCREMENT for table `vendor`
--
ALTER TABLE `vendor`
  MODIFY `vendor_id` int(11) NOT NULL AUTO_INCREMENT, AUTO_INCREMENT=34;

--
-- AUTO_INCREMENT for table `vendor_invoice`
--
ALTER TABLE `vendor_invoice`
  MODIFY `vendor_invoice_id` int(11) NOT NULL AUTO_INCREMENT, AUTO_INCREMENT=28;

--
-- AUTO_INCREMENT for table `wallet_load`
--
ALTER TABLE `wallet_load`
  MODIFY `wallet_load_id` int(11) NOT NULL AUTO_INCREMENT, AUTO_INCREMENT=76;
--
-- Database: `slogisticsftwz_crm`
--
CREATE DATABASE IF NOT EXISTS `slogisticsftwz_crm` DEFAULT CHARACTER SET latin1 COLLATE latin1_swedish_ci;
USE `slogisticsftwz_crm`;

-- --------------------------------------------------------

--
-- Table structure for table `acc_coa`
--

CREATE TABLE `acc_coa` (
  `id` int(11) NOT NULL,
  `HeadCode` int(11) NOT NULL,
  `HeadName` varchar(100) NOT NULL,
  `PHeadName` varchar(200) NOT NULL,
  `PHeadCode` varchar(50) DEFAULT NULL,
  `HeadLevel` int(11) NOT NULL,
  `IsActive` tinyint(1) NOT NULL,
  `IsTransaction` tinyint(1) NOT NULL,
  `IsGL` tinyint(1) NOT NULL,
  `isCashNature` int(11) NOT NULL DEFAULT '0',
  `isBankNature` int(11) NOT NULL DEFAULT '0',
  `HeadType` char(1) NOT NULL,
  `IsBudget` tinyint(1) NOT NULL,
  `IsDepreciation` tinyint(1) NOT NULL,
  `customer_id` varchar(50) DEFAULT NULL,
  `supplier_id` varchar(50) DEFAULT NULL,
  `bank_id` varchar(100) DEFAULT NULL,
  `service_id` varchar(50) DEFAULT NULL,
  `DepreciationRate` decimal(18,2) NOT NULL,
  `CreateBy` varchar(50) NOT NULL,
  `CreateDate` datetime NOT NULL,
  `UpdateBy` varchar(50) NOT NULL,
  `UpdateDate` datetime NOT NULL,
  `isSubType` int(11) NOT NULL DEFAULT '0',
  `subType` int(11) NOT NULL DEFAULT '1',
  `isStock` int(11) NOT NULL DEFAULT '0',
  `isFixedAssetSch` int(11) NOT NULL DEFAULT '0',
  `noteNo` varchar(20) DEFAULT NULL,
  `assetCode` varchar(20) DEFAULT NULL,
  `depCode` varchar(20) DEFAULT NULL
) ENGINE=InnoDB DEFAULT CHARSET=utf8;

--
-- Dumping data for table `acc_coa`
--

INSERT INTO `acc_coa` (`id`, `HeadCode`, `HeadName`, `PHeadName`, `PHeadCode`, `HeadLevel`, `IsActive`, `IsTransaction`, `IsGL`, `isCashNature`, `isBankNature`, `HeadType`, `IsBudget`, `IsDepreciation`, `customer_id`, `supplier_id`, `bank_id`, `service_id`, `DepreciationRate`, `CreateBy`, `CreateDate`, `UpdateBy`, `UpdateDate`, `isSubType`, `subType`, `isStock`, `isFixedAssetSch`, `noteNo`, `assetCode`, `depCode`) VALUES
(8, 50202, 'Accounts Payable', 'Current Liabilities', '502', 3, 1, 0, 1, 0, 0, 'L', 0, 0, NULL, NULL, NULL, NULL, 0.00, '1', '2022-05-17 12:52:17', '0', '0000-00-00 00:00:00', 0, 1, 0, 0, NULL, NULL, NULL),
(10, 1, 'Assets', 'COA', '0', 1, 1, 0, 0, 0, 0, 'A', 0, 0, NULL, NULL, NULL, NULL, 0.00, '0', '0000-00-00 00:00:00', '0', '0000-00-00 00:00:00', 0, 1, 0, 0, '', '', ''),
(13, 10201, 'Cash', 'Current Asset', '102', 3, 1, 0, 0, 0, 0, 'A', 0, 0, NULL, NULL, NULL, NULL, 0.00, '1', '2022-04-10 12:07:11', '0', '2015-10-15 15:57:55', 0, 1, 0, 0, NULL, NULL, NULL),
(15, 1020101, 'Cash In Hand', 'Cash', '10201', 4, 1, 1, 1, 1, 0, 'A', 0, 0, NULL, NULL, NULL, NULL, 0.00, '1', '2022-04-12 08:16:03', '0', '2016-05-23 12:05:43', 0, 1, 0, 0, NULL, NULL, NULL),
(16, 102, 'Current Asset', 'Assets', '1', 2, 1, 0, 0, 0, 0, 'A', 0, 0, NULL, NULL, NULL, NULL, 0.00, '0', '0000-00-00 00:00:00', '0', '2018-07-07 11:23:00', 0, 1, 0, 0, '', '', ''),
(17, 502, 'Current Liabilities', 'Liabilities', '5', 2, 1, 0, 0, 0, 0, 'L', 0, 0, NULL, NULL, NULL, NULL, 0.00, '0', '2014-08-30 13:18:20', '0', '2015-10-15 19:49:21', 0, 1, 0, 0, '', '', ''),
(23, 401, 'Cost of Goods Solds', 'Expenses', '4', 2, 1, 1, 1, 0, 0, 'E', 0, 0, NULL, NULL, NULL, NULL, 0.00, '1', '2022-04-02 10:28:34', '0', '0000-00-00 00:00:00', 0, 1, 0, 0, '', '', ''),
(24, 2, 'Shareholder\'s Equity', 'COA', '0', 1, 1, 0, 0, 0, 0, 'L', 0, 0, NULL, NULL, NULL, NULL, 0.00, '0', '0000-00-00 00:00:00', '0', '0000-00-00 00:00:00', 0, 1, 0, 0, '', '', ''),
(25, 4, 'Expenses', 'COA', '0', 1, 1, 0, 0, 0, 0, 'E', 0, 0, NULL, NULL, NULL, NULL, 0.00, '2', '2019-11-24 05:45:24', '0', '0000-00-00 00:00:00', 0, 1, 0, 0, '', '', ''),
(26, 101, 'Fixed Assets', 'Assets', '1', 2, 1, 0, 0, 0, 0, 'A', 0, 0, NULL, NULL, NULL, NULL, 0.00, '0', '0000-00-00 00:00:00', '0', '2015-10-15 15:29:11', 0, 1, 0, 0, '', '', ''),
(27, 402, 'Over Head Cost', 'Expenses', '4', 2, 1, 1, 1, 0, 0, 'E', 0, 0, NULL, NULL, NULL, NULL, 0.00, '1', '2022-04-04 10:01:58', '0', '0000-00-00 00:00:00', 0, 1, 0, 0, '', '', ''),
(29, 3, 'Income', 'COA', '0', 1, 1, 0, 0, 0, 0, 'I', 0, 0, NULL, NULL, NULL, NULL, 0.00, '0', '0000-00-00 00:00:00', '0', '0000-00-00 00:00:00', 0, 1, 0, 0, '', '', ''),
(30, 5, 'Liabilities', 'COA', '0', 1, 1, 0, 0, 0, 0, 'L', 0, 0, NULL, NULL, NULL, NULL, 0.00, '0', '2013-07-04 12:32:07', '0', '2015-10-15 19:46:54', 0, 1, 0, 0, '', '', ''),
(31, 501, 'Long Term Liabilities', 'Liabilities', '5', 2, 1, 0, 0, 0, 0, 'L', 0, 0, NULL, NULL, NULL, NULL, 0.00, '0', '2014-08-30 13:18:20', '0', '2015-10-15 19:49:21', 0, 1, 0, 0, '', '', ''),
(33, 301, 'Direct Income', 'Income', '3', 2, 1, 1, 1, 0, 0, 'I', 0, 0, NULL, NULL, NULL, NULL, 0.00, '1', '2022-04-02 10:31:45', '0', '0000-00-00 00:00:00', 0, 1, 0, 0, '', '', ''),
(35, 302, 'Indirect Income', 'Income', '3', 2, 1, 1, 1, 0, 0, 'I', 0, 0, NULL, NULL, NULL, NULL, 0.00, '1', '2022-04-02 10:55:45', '0', '0000-00-00 00:00:00', 0, 1, 0, 0, '', '', ''),
(36, 5020201, 'Supplier Payable', 'Accounts Payable', '50202', 4, 1, 0, 1, 0, 0, 'L', 0, 0, NULL, NULL, NULL, NULL, 0.00, '1', '2022-05-17 12:52:44', '0', '0000-00-00 00:00:00', 1, 4, 0, 0, NULL, NULL, NULL),
(41, 10203, 'Prepaid Expenses', 'Current Asset', '102', 3, 1, 0, 0, 0, 0, 'A', 0, 0, NULL, NULL, NULL, NULL, 0.00, '1', '2022-04-10 06:45:19', '0', '0000-00-00 00:00:00', 0, 1, 0, 0, NULL, NULL, NULL),
(43, 10204, 'Inventory', 'Current Asset', '102', 3, 1, 0, 0, 0, 0, 'A', 0, 0, NULL, NULL, NULL, NULL, 0.00, '1', '2022-04-10 06:48:32', '0', '0000-00-00 00:00:00', 0, 1, 0, 0, NULL, NULL, NULL),
(44, 50203, 'Accrued Expenses', 'Current Liabilities', '502', 3, 1, 0, 0, 0, 0, 'L', 0, 0, NULL, NULL, NULL, NULL, 0.00, '1', '2022-04-10 06:50:20', '0', '0000-00-00 00:00:00', 0, 1, 0, 0, NULL, NULL, NULL),
(46, 50101, 'Long-Term Debt', 'Long Term Liabilities', '501', 3, 1, 0, 0, 0, 0, 'L', 0, 0, NULL, NULL, NULL, NULL, 0.00, '1', '2022-04-10 06:51:45', '0', '0000-00-00 00:00:00', 0, 1, 0, 0, NULL, NULL, NULL),
(47, 50102, 'Other Long-Term  Liabilities', 'Long Term Liabilities', '501', 3, 1, 0, 0, 0, 0, 'L', 0, 0, NULL, NULL, NULL, NULL, 0.00, '1', '2022-04-10 06:53:04', '0', '0000-00-00 00:00:00', 0, 1, 0, 0, NULL, NULL, NULL),
(48, 201, 'Equity', 'Shareholder\'s Equity', '2', 2, 1, 0, 0, 0, 0, 'L', 0, 0, NULL, NULL, NULL, NULL, 0.00, '0', '2022-04-10 06:56:38', '0', '2022-04-10 06:56:38', 0, 1, 0, 0, NULL, NULL, NULL),
(49, 20101, 'Equity Capital', 'Equity', '201', 3, 1, 0, 0, 0, 0, 'L', 0, 0, NULL, NULL, NULL, NULL, 0.00, '1', '2022-05-17 12:31:33', '0', '0000-00-00 00:00:00', 0, 1, 0, 0, NULL, NULL, NULL),
(50, 20102, 'Retained Earnings', 'Equity', '201', 3, 1, 0, 0, 0, 0, 'L', 0, 0, NULL, NULL, NULL, NULL, 0.00, '1', '2022-04-10 07:01:45', '0', '0000-00-00 00:00:00', 0, 1, 0, 0, NULL, NULL, NULL),
(51, 10101, 'Property & Equipment', 'Fixed Assets', '101', 3, 1, 0, 0, 0, 0, 'A', 0, 0, NULL, NULL, NULL, NULL, 0.00, '1', '2022-04-10 11:35:53', '0', '0000-00-00 00:00:00', 0, 1, 0, 0, NULL, NULL, NULL),
(52, 10102, 'Goodwills', 'Fixed Assets', '101', 3, 1, 0, 0, 0, 0, 'A', 0, 0, NULL, NULL, NULL, NULL, 0.00, '1', '2022-04-23 06:47:21', '0', '0000-00-00 00:00:00', 0, 1, 0, 0, NULL, NULL, NULL),
(53, 30101, 'Construction Income', 'Direct Income', '301', 3, 1, 0, 0, 0, 0, 'I', 0, 0, NULL, NULL, NULL, NULL, 0.00, '1', '2022-04-10 08:08:04', '0', '0000-00-00 00:00:00', 0, 1, 0, 0, NULL, NULL, NULL),
(54, 30102, 'Reimbursement Income', 'Direct Income', '301', 3, 1, 0, 0, 0, 0, 'I', 0, 0, NULL, NULL, NULL, NULL, 0.00, '1', '2022-04-10 08:09:02', '0', '0000-00-00 00:00:00', 0, 1, 0, 0, NULL, NULL, NULL),
(55, 40101, 'Cost of Goods Sold', 'Cost of Goods Solds', '401', 3, 1, 0, 0, 0, 0, 'E', 0, 0, NULL, NULL, NULL, NULL, 0.00, '1', '2022-04-10 08:13:52', '0', '0000-00-00 00:00:00', 0, 1, 0, 0, NULL, NULL, NULL),
(56, 40102, 'Job Expenses', 'Cost of Goods Solds', '401', 3, 1, 0, 0, 0, 0, 'E', 0, 0, NULL, NULL, NULL, NULL, 0.00, '1', '2022-04-10 08:14:18', '0', '0000-00-00 00:00:00', 0, 1, 0, 0, NULL, NULL, NULL),
(57, 40201, 'Automobile', 'Over Head Cost', '402', 3, 1, 0, 0, 0, 0, 'E', 0, 0, NULL, NULL, NULL, NULL, 0.00, '1', '2022-04-10 08:14:37', '0', '0000-00-00 00:00:00', 0, 1, 0, 0, NULL, NULL, NULL),
(58, 40202, 'Bank Service Charges', 'Over Head Cost', '402', 3, 1, 0, 0, 0, 0, 'E', 0, 0, NULL, NULL, NULL, NULL, 0.00, '1', '2022-04-10 08:15:32', '0', '0000-00-00 00:00:00', 0, 1, 0, 0, NULL, NULL, NULL),
(59, 40203, 'Insurance', 'Over Head Cost', '402', 3, 1, 0, 0, 0, 0, 'E', 0, 0, NULL, NULL, NULL, NULL, 0.00, '1', '2022-04-10 08:15:58', '0', '0000-00-00 00:00:00', 0, 1, 0, 0, NULL, NULL, NULL),
(60, 40204, 'Interest Expenses', 'Over Head Cost', '402', 3, 1, 0, 0, 0, 0, 'E', 0, 0, NULL, NULL, NULL, NULL, 0.00, '1', '2022-04-10 08:16:36', '0', '0000-00-00 00:00:00', 0, 1, 0, 0, NULL, NULL, NULL),
(61, 40205, 'Payroll Expenses', 'Over Head Cost', '402', 3, 1, 0, 0, 0, 0, 'E', 0, 0, NULL, NULL, NULL, NULL, 0.00, '1', '2022-04-10 08:17:08', '0', '0000-00-00 00:00:00', 0, 1, 0, 0, NULL, NULL, NULL),
(62, 40206, 'Postage', 'Over Head Cost', '402', 3, 1, 0, 0, 0, 0, 'E', 0, 0, NULL, NULL, NULL, NULL, 0.00, '1', '2022-04-10 08:17:26', '0', '0000-00-00 00:00:00', 0, 1, 0, 0, NULL, NULL, NULL),
(63, 40207, 'Professional Fees', 'Over Head Cost', '402', 3, 1, 0, 0, 0, 0, 'E', 0, 0, NULL, NULL, NULL, NULL, 0.00, '1', '2022-04-10 08:17:55', '0', '0000-00-00 00:00:00', 0, 1, 0, 0, NULL, NULL, NULL),
(64, 40208, 'Repairs', 'Over Head Cost', '402', 3, 1, 0, 0, 0, 0, 'E', 0, 0, NULL, NULL, NULL, NULL, 0.00, '1', '2022-04-10 08:18:38', '0', '0000-00-00 00:00:00', 0, 1, 0, 0, NULL, NULL, NULL),
(65, 40209, 'Tools and Macchnery', 'Over Head Cost', '402', 3, 1, 0, 0, 0, 0, 'E', 0, 0, NULL, NULL, NULL, NULL, 0.00, '1', '2022-04-10 08:28:02', '0', '0000-00-00 00:00:00', 0, 1, 0, 0, NULL, NULL, NULL),
(66, 40210, 'Utilities', 'Over Head Cost', '402', 3, 1, 0, 0, 0, 0, 'E', 0, 0, NULL, NULL, NULL, NULL, 0.00, '1', '2022-04-10 08:28:42', '0', '0000-00-00 00:00:00', 0, 1, 0, 0, NULL, NULL, NULL),
(67, 4021001, 'Electic Bill', 'Utilities', '40210', 4, 1, 0, 0, 0, 0, 'E', 0, 0, NULL, NULL, NULL, NULL, 0.00, '1', '2022-04-10 09:05:45', '0', '0000-00-00 00:00:00', 0, 1, 0, 0, NULL, NULL, NULL),
(68, 4021002, 'House Rent', 'Utilities', '40210', 4, 1, 0, 0, 0, 0, 'E', 0, 0, NULL, NULL, NULL, NULL, 0.00, '1', '2022-04-10 09:06:05', '0', '0000-00-00 00:00:00', 0, 1, 0, 0, NULL, NULL, NULL),
(69, 10205, 'Cash at Bank', 'Current Asset', '102', 3, 1, 0, 0, 0, 0, 'A', 0, 0, NULL, NULL, NULL, NULL, 0.00, '1', '2022-05-17 12:44:19', '0', '0000-00-00 00:00:00', 0, 1, 0, 0, NULL, NULL, NULL),
(75, 1010201, 'Goodwill', 'Goodwills', '10102', 4, 1, 0, 0, 0, 0, 'A', 0, 0, NULL, NULL, NULL, NULL, 15.00, '1', '2022-04-23 06:45:48', '0', '0000-00-00 00:00:00', 0, 1, 0, 1, NULL, 'GD001', NULL),
(77, 5020401, 'property sales', 'Unearned Revenue', '50204', 4, 1, 0, 0, 0, 0, 'L', 0, 0, NULL, NULL, NULL, NULL, 0.00, '1', '2022-04-10 11:40:48', '0', '0000-00-00 00:00:00', 0, 1, 0, 0, NULL, NULL, NULL),
(78, 5010101, 'Debts', 'Long-Term Debt', '50101', 4, 1, 0, 0, 0, 0, 'L', 0, 0, NULL, NULL, NULL, NULL, 0.00, '1', '2022-04-10 11:41:49', '0', '0000-00-00 00:00:00', 0, 1, 0, 0, NULL, NULL, NULL),
(79, 5010201, 'Other Long-Term  Liabilities', 'Other Long-Term  Liabilities', '50102', 4, 1, 0, 0, 0, 0, 'L', 0, 0, NULL, NULL, NULL, NULL, 0.00, '1', '2022-04-10 11:42:03', '0', '0000-00-00 00:00:00', 0, 1, 0, 0, NULL, NULL, NULL),
(80, 2010101, 'Capital Fund', 'Equity Capital', '20101', 4, 1, 0, 0, 0, 0, 'L', 0, 0, NULL, NULL, NULL, NULL, 0.00, '1', '2022-04-10 11:42:36', '0', '0000-00-00 00:00:00', 0, 1, 0, 0, NULL, NULL, NULL),
(81, 2010201, 'Current year Profit & Loss', 'Retained Earnings', '20102', 4, 1, 0, 0, 0, 0, 'L', 0, 0, NULL, NULL, NULL, NULL, 0.00, '1', '2022-04-10 11:42:53', '0', '0000-00-00 00:00:00', 0, 1, 0, 0, NULL, NULL, NULL),
(82, 2010202, 'Last year Profit & Loss', 'Retained Earnings', '20102', 4, 1, 0, 0, 0, 0, 'L', 0, 0, NULL, NULL, NULL, NULL, 0.00, '1', '2022-04-10 11:43:03', '0', '0000-00-00 00:00:00', 0, 1, 0, 0, NULL, NULL, NULL),
(84, 50201, 'Provisions', 'Current Liabilities', '502', 3, 1, 0, 0, 0, 0, 'L', 0, 0, NULL, NULL, NULL, NULL, 0.00, '1', '2022-04-10 11:46:00', '0', '0000-00-00 00:00:00', 0, 1, 0, 0, NULL, NULL, NULL),
(85, 5020104, 'Depreciation of Goodwill', 'Depreciations', '50205', 4, 1, 0, 0, 0, 0, 'L', 0, 0, NULL, NULL, NULL, NULL, 0.00, '1', '2022-04-23 06:47:07', '0', '0000-00-00 00:00:00', 0, 1, 0, 1, NULL, NULL, 'GD001'),
(86, 50204, 'Unearned Revenue', 'Current Liabilities', '502', 3, 1, 0, 0, 0, 0, 'L', 0, 0, NULL, NULL, NULL, NULL, 0.00, '1', '2022-05-17 12:53:09', '0', '0000-00-00 00:00:00', 0, 1, 0, 0, NULL, NULL, NULL),
(88, 10206, 'Advance', 'Current Asset', '102', 3, 1, 0, 0, 0, 0, 'A', 0, 0, NULL, NULL, NULL, NULL, 0.00, '1', '2022-04-11 11:56:56', '0', '0000-00-00 00:00:00', 0, 1, 0, 0, NULL, NULL, NULL),
(89, 1020601, 'Advance against Employee', 'Advance', '10206', 4, 1, 0, 0, 0, 0, 'A', 0, 0, NULL, NULL, NULL, NULL, 0.00, '1', '2022-04-11 11:57:18', '0', '0000-00-00 00:00:00', 1, 2, 0, 0, NULL, NULL, NULL),
(90, 1020602, 'Advance Against Customer', 'Advance', '10206', 4, 1, 0, 0, 0, 0, 'A', 0, 0, NULL, NULL, NULL, NULL, 0.00, '1', '2022-04-11 11:57:35', '0', '0000-00-00 00:00:00', 1, 3, 0, 0, NULL, NULL, NULL),
(91, 1020102, 'Petty Cash', 'Cash', '10201', 4, 1, 0, 0, 1, 0, 'A', 0, 0, NULL, NULL, NULL, NULL, 0.00, '1', '2022-04-12 08:16:19', '0', '0000-00-00 00:00:00', 0, 1, 0, 0, NULL, NULL, NULL),
(94, 40301, 'Purchase Account', 'Purchase Accounts', '402', 3, 1, 0, 0, 0, 0, 'E', 0, 0, NULL, NULL, NULL, NULL, 0.00, '0', '2022-04-16 10:31:43', '0', '2022-04-16 10:31:43', 0, 1, 0, 0, NULL, NULL, NULL),
(95, 4030102, 'Purchase', 'Purchase Account', '40201', 4, 1, 0, 0, 0, 0, 'E', 0, 0, NULL, NULL, NULL, NULL, 0.00, '1', '2022-04-16 10:33:59', '0', '0000-00-00 00:00:00', 0, 1, 0, 0, NULL, NULL, NULL),
(96, 30103, 'Sales Accounts', 'Direct Income', '301', 3, 1, 0, 0, 0, 0, 'I', 0, 0, NULL, NULL, NULL, NULL, 0.00, '1', '2022-04-16 10:34:37', '0', '0000-00-00 00:00:00', 0, 1, 0, 0, NULL, NULL, NULL),
(97, 3010301, 'Sales Account', 'Sales Accounts', '30103', 4, 1, 0, 0, 0, 0, 'I', 0, 0, NULL, NULL, NULL, NULL, 0.00, '1', '2022-04-16 10:34:57', '0', '0000-00-00 00:00:00', 0, 1, 0, 0, NULL, NULL, NULL),
(99, 4020501, 'Salary Expense', 'Payroll Expenses', '40205', 4, 1, 0, 0, 0, 0, 'E', 0, 0, NULL, NULL, NULL, NULL, 0.00, '1', '2022-04-20 06:24:08', '0', '0000-00-00 00:00:00', 0, 1, 0, 0, NULL, NULL, NULL),
(104, 5020102, 'Provision for npf contribution', 'Provisions', '50201', 4, 1, 0, 0, 0, 0, 'L', 0, 0, NULL, NULL, NULL, NULL, 0.00, '1', '2022-05-10 06:19:45', '0', '0000-00-00 00:00:00', 0, 1, 0, 0, NULL, NULL, NULL),
(106, 5020101, 'Provision for State Income Tax', 'Provisions', '50201', 4, 1, 0, 0, 0, 0, 'L', 0, 0, NULL, NULL, NULL, NULL, 0.00, '1', '2022-04-26 06:44:29', '0', '0000-00-00 00:00:00', 0, 1, 0, 0, NULL, NULL, NULL),
(107, 40211, 'State Income Tax', 'Over Head Cost', '402', 3, 1, 0, 0, 0, 0, 'E', 0, 0, NULL, NULL, NULL, NULL, 0.00, '1', '2022-04-26 06:44:46', '0', '0000-00-00 00:00:00', 0, 1, 0, 0, NULL, NULL, NULL),
(108, 4021101, 'State Income Tax', 'State Income Tax', '40211', 4, 1, 0, 0, 0, 0, 'E', 0, 0, NULL, NULL, NULL, NULL, 0.00, '1', '2022-04-26 06:45:00', '0', '0000-00-00 00:00:00', 0, 1, 0, 0, NULL, NULL, NULL),
(110, 40212, 'Employeer ICF Expense', 'Over Head Cost', '402', 3, 1, 0, 0, 0, 0, 'E', 0, 0, NULL, NULL, NULL, NULL, 0.00, '1', '2022-05-10 06:35:37', '0', '0000-00-00 00:00:00', 0, 1, 0, 0, NULL, NULL, NULL),
(111, 4021201, 'Employeer 1% ICF Expense', 'Employeer ICF Expense', '40212', 4, 1, 0, 0, 0, 0, 'E', 0, 0, NULL, NULL, NULL, NULL, 0.00, '1', '2022-05-17 11:34:02', '0', '0000-00-00 00:00:00', 0, 1, 0, 0, NULL, NULL, NULL),
(112, 50205, 'Depreciations', 'Current Liabilities', '502', 3, 1, 0, 0, 0, 0, 'L', 0, 0, NULL, NULL, NULL, NULL, 0.00, '0', '2022-05-10 09:35:15', '0', '2022-05-10 09:35:15', 0, 1, 0, 0, NULL, NULL, NULL),
(191, 4020502, 'Employee 5 % NPF Expenses', 'Payroll Expenses', '40205', 4, 1, 0, 0, 0, 0, 'E', 0, 0, NULL, NULL, NULL, NULL, 0.00, '1', '2022-05-17 11:32:14', '0', '0000-00-00 00:00:00', 0, 1, 0, 0, NULL, NULL, NULL),
(192, 4020503, 'Employee 10 % NPF Expenses', 'Payroll Expenses', '40205', 4, 1, 0, 0, 0, 0, 'E', 0, 0, NULL, NULL, NULL, NULL, 0.00, '1', '2022-05-17 11:32:36', '0', '0000-00-00 00:00:00', 0, 1, 0, 0, NULL, NULL, NULL),
(221, 50206, 'Aoounts pay by name supplier', 'Current Liabilities', '502', 3, 1, 0, 0, 0, 0, 'L', 0, 0, NULL, NULL, NULL, NULL, 0.00, '1', '2022-06-13 11:51:32', '0', '0000-00-00 00:00:00', 0, 1, 0, 0, NULL, NULL, NULL),
(229, 10208, 'Accounts Receivable', 'Current Asset', '102', 3, 1, 0, 0, 0, 0, 'A', 0, 0, NULL, NULL, NULL, NULL, 0.00, '1', '2022-06-16 07:05:42', '0', '0000-00-00 00:00:00', 0, 1, 0, 0, NULL, NULL, NULL),
(230, 1020801, 'Customer Receivable', 'Accounts Receivable', '10208', 4, 1, 0, 0, 0, 0, 'A', 0, 0, NULL, NULL, NULL, NULL, 0.00, '1', '2022-06-16 07:07:17', '0', '0000-00-00 00:00:00', 1, 3, 0, 0, NULL, NULL, NULL),
(231, 1020802, 'Employee Receivable', 'Accounts Receivable', '10208', 4, 1, 0, 0, 0, 0, 'A', 0, 0, NULL, NULL, NULL, NULL, 0.00, '1', '2022-06-16 07:06:58', '0', '0000-00-00 00:00:00', 1, 2, 0, 0, NULL, NULL, NULL),
(232, 1020401, 'Inventory account', 'Inventory', '10204', 4, 1, 0, 0, 0, 0, 'A', 0, 0, NULL, NULL, NULL, NULL, 0.00, '1', '2022-06-15 07:53:16', '', '0000-00-00 00:00:00', 0, 1, 0, 0, NULL, NULL, NULL),
(233, 4010101, 'Cost of Goods Sold Account', 'Cost of Goods Sold', '40101', 4, 1, 0, 0, 0, 0, 'E', 0, 0, NULL, NULL, NULL, NULL, 0.00, '1', '2022-06-15 08:58:18', '', '0000-00-00 00:00:00', 0, 1, 0, 0, NULL, NULL, NULL),
(234, 30104, 'Service Accounts', 'Direct Income', '301', 3, 1, 0, 0, 0, 0, 'I', 0, 0, NULL, NULL, NULL, NULL, 0.00, '1', '2022-06-15 16:23:37', '', '0000-00-00 00:00:00', 0, 1, 0, 0, NULL, NULL, NULL),
(235, 3010401, 'Service Account', 'Service Accounts', '30104', 4, 1, 0, 0, 0, 0, 'I', 0, 0, NULL, NULL, NULL, NULL, 0.00, '1', '2022-06-15 16:24:11', '', '0000-00-00 00:00:00', 0, 1, 0, 0, NULL, NULL, NULL),
(238, 2116000001, '1-MDHossen', 'Employee Ledger', NULL, 4, 1, 1, 0, 0, 0, 'L', 0, 0, NULL, NULL, NULL, NULL, 0.00, '1', '2022-07-20 10:47:55', '', '0000-00-00 00:00:00', 0, 1, 0, 0, NULL, NULL, NULL);

-- --------------------------------------------------------

--
-- Table structure for table `acc_monthly_balance`
--

CREATE TABLE `acc_monthly_balance` (
  `id` int(11) NOT NULL,
  `fyear` int(11) NOT NULL,
  `COAID` int(11) NOT NULL,
  `balance1` decimal(18,2) NOT NULL DEFAULT '0.00',
  `balance2` decimal(18,2) NOT NULL DEFAULT '0.00',
  `balance3` decimal(18,2) NOT NULL DEFAULT '0.00',
  `balance4` decimal(18,2) NOT NULL DEFAULT '0.00',
  `balance5` decimal(18,2) NOT NULL DEFAULT '0.00',
  `balance6` decimal(18,2) NOT NULL DEFAULT '0.00',
  `balance7` decimal(18,2) NOT NULL DEFAULT '0.00',
  `balance8` decimal(18,2) NOT NULL DEFAULT '0.00',
  `balance9` decimal(18,2) NOT NULL DEFAULT '0.00',
  `balance10` decimal(18,2) NOT NULL DEFAULT '0.00',
  `balance11` decimal(18,2) NOT NULL DEFAULT '0.00',
  `balance12` decimal(18,2) NOT NULL DEFAULT '0.00',
  `totalBalance` decimal(18,2) NOT NULL DEFAULT '0.00',
  `updatedDate` datetime NOT NULL DEFAULT CURRENT_TIMESTAMP
) ENGINE=InnoDB DEFAULT CHARSET=utf8mb4;

-- --------------------------------------------------------

--
-- Table structure for table `acc_opening_balance`
--

CREATE TABLE `acc_opening_balance` (
  `id` int(11) NOT NULL,
  `fyear` int(11) NOT NULL,
  `COAID` int(11) NOT NULL,
  `subType` int(11) NOT NULL DEFAULT '1',
  `subCode` int(11) DEFAULT NULL,
  `Debit` decimal(10,0) NOT NULL,
  `Credit` decimal(10,0) NOT NULL,
  `openDate` date NOT NULL,
  `CreateBy` int(11) NOT NULL,
  `CreateDate` datetime NOT NULL
) ENGINE=InnoDB DEFAULT CHARSET=utf8mb4;

-- --------------------------------------------------------

--
-- Table structure for table `acc_predefine_account`
--

CREATE TABLE `acc_predefine_account` (
  `id` int(11) NOT NULL,
  `cashCode` int(11) NOT NULL,
  `bankCode` int(11) NOT NULL,
  `advance` int(11) NOT NULL,
  `fixedAsset` int(11) NOT NULL,
  `purchaseCode` int(11) NOT NULL,
  `salesCode` int(11) NOT NULL,
  `serviceCode` int(11) NOT NULL,
  `customerCode` int(11) NOT NULL,
  `supplierCode` int(11) NOT NULL,
  `costs_of_good_solds` int(11) NOT NULL,
  `vat` int(11) NOT NULL,
  `tax` int(11) NOT NULL,
  `inventoryCode` int(11) NOT NULL,
  `CPLCode` int(11) NOT NULL,
  `LPLCode` int(11) NOT NULL,
  `salary_code` int(11) DEFAULT NULL,
  `emp_npf_contribution` int(11) DEFAULT NULL,
  `empr_npf_contribution` int(11) DEFAULT NULL,
  `emp_icf_contribution` int(11) DEFAULT NULL,
  `empr_icf_contribution` int(11) DEFAULT NULL,
  `prov_state_tax` int(11) NOT NULL,
  `state_tax` int(11) NOT NULL,
  `prov_npfcode` int(11) DEFAULT NULL
) ENGINE=InnoDB DEFAULT CHARSET=utf8mb4;

--
-- Dumping data for table `acc_predefine_account`
--

INSERT INTO `acc_predefine_account` (`id`, `cashCode`, `bankCode`, `advance`, `fixedAsset`, `purchaseCode`, `salesCode`, `serviceCode`, `customerCode`, `supplierCode`, `costs_of_good_solds`, `vat`, `tax`, `inventoryCode`, `CPLCode`, `LPLCode`, `salary_code`, `emp_npf_contribution`, `empr_npf_contribution`, `emp_icf_contribution`, `empr_icf_contribution`, `prov_state_tax`, `state_tax`, `prov_npfcode`) VALUES
(2, 10201, 10205, 10206, 101, 1020401, 3010301, 3010401, 1020801, 5020201, 4010101, 0, 4021101, 1020401, 2010201, 2010202, 4020501, 4020502, 4020503, 4021201, 0, 5020101, 4021101, 5020102);

-- --------------------------------------------------------

--
-- Table structure for table `acc_subcode`
--

CREATE TABLE `acc_subcode` (
  `id` int(11) NOT NULL,
  `subTypeId` int(11) NOT NULL,
  `name` varchar(250) NOT NULL,
  `referenceNo` int(11) NOT NULL,
  `status` int(11) NOT NULL DEFAULT '1',
  `created_by` int(11) NOT NULL,
  `created_date` date NOT NULL,
  `updated_by` int(11) NOT NULL,
  `updated_date` timestamp NOT NULL DEFAULT CURRENT_TIMESTAMP ON UPDATE CURRENT_TIMESTAMP
) ENGINE=InnoDB DEFAULT CHARSET=utf8mb4;

--
-- Dumping data for table `acc_subcode`
--

INSERT INTO `acc_subcode` (`id`, `subTypeId`, `name`, `referenceNo`, `status`, `created_by`, `created_date`, `updated_by`, `updated_date`) VALUES
(1, 4, 'jhon 2', 1, 1, 0, '2022-07-19', 0, '2022-07-19 05:19:00'),
(3, 3, 'walking customer', 2, 1, 0, '2022-07-20', 1, '2022-07-25 21:07:17');

-- --------------------------------------------------------

--
-- Table structure for table `acc_subtype`
--

CREATE TABLE `acc_subtype` (
  `id` int(11) NOT NULL,
  `subtypeName` varchar(200) NOT NULL,
  `staus` int(11) NOT NULL DEFAULT '1',
  `created_by` int(11) NOT NULL,
  `created_date` datetime NOT NULL
) ENGINE=InnoDB DEFAULT CHARSET=utf8mb4;

--
-- Dumping data for table `acc_subtype`
--

INSERT INTO `acc_subtype` (`id`, `subtypeName`, `staus`, `created_by`, `created_date`) VALUES
(1, 'None', 1, 1, '2022-04-05 10:19:27'),
(2, 'Employee', 1, 1, '2022-04-06 08:14:48'),
(3, 'Customer', 1, 1, '2022-04-10 08:49:22'),
(4, 'Supplier', 1, 1, '2022-04-10 08:49:22'),
(6, 'Agent', 1, 1, '2022-04-10 08:50:12');

-- --------------------------------------------------------

--
-- Table structure for table `acc_transaction`
--

CREATE TABLE `acc_transaction` (
  `ID` int(11) NOT NULL,
  `vid` int(11) NOT NULL,
  `fyear` int(11) NOT NULL,
  `VNo` varchar(50) CHARACTER SET utf8 DEFAULT NULL,
  `Vtype` varchar(50) CHARACTER SET utf8 DEFAULT NULL,
  `referenceNo` varchar(20) COLLATE utf8_unicode_ci DEFAULT NULL,
  `VDate` date DEFAULT NULL,
  `COAID` varchar(50) CHARACTER SET utf8 NOT NULL,
  `Narration` text CHARACTER SET utf8,
  `chequeNo` varchar(30) COLLATE utf8_unicode_ci DEFAULT NULL,
  `chequeDate` date DEFAULT NULL,
  `isHonour` int(11) DEFAULT NULL,
  `ledgerComment` varchar(100) COLLATE utf8_unicode_ci NOT NULL DEFAULT '0',
  `Debit` decimal(18,2) DEFAULT NULL,
  `Credit` decimal(18,2) DEFAULT NULL,
  `StoreID` int(11) NOT NULL DEFAULT '0',
  `IsPosted` char(10) CHARACTER SET utf8 DEFAULT NULL,
  `is_opening` int(11) NOT NULL DEFAULT '0',
  `CreateBy` varchar(50) CHARACTER SET utf8 DEFAULT NULL,
  `CreateDate` datetime DEFAULT NULL,
  `UpdateBy` varchar(50) CHARACTER SET utf8 DEFAULT NULL,
  `UpdateDate` datetime DEFAULT NULL,
  `IsAppove` char(10) CHARACTER SET utf8 DEFAULT NULL,
  `RevCodde` bigint(20) NOT NULL,
  `subType` int(11) NOT NULL DEFAULT '1',
  `subCode` int(11) DEFAULT NULL
) ENGINE=InnoDB DEFAULT CHARSET=utf8 COLLATE=utf8_unicode_ci;

-- --------------------------------------------------------

--
-- Table structure for table `acc_vaucher`
--

CREATE TABLE `acc_vaucher` (
  `id` int(11) NOT NULL,
  `fyear` int(11) NOT NULL,
  `VNo` varchar(50) NOT NULL,
  `Vtype` varchar(50) NOT NULL,
  `referenceNo` varchar(50) DEFAULT NULL,
  `VDate` date NOT NULL,
  `COAID` int(11) NOT NULL,
  `Narration` varchar(255) DEFAULT NULL,
  `chequeno` varchar(30) DEFAULT NULL,
  `chequeDate` date DEFAULT NULL,
  `isHonour` int(11) NOT NULL DEFAULT '0',
  `ledgerComment` varchar(255) DEFAULT NULL,
  `Debit` decimal(18,2) NOT NULL DEFAULT '0.00',
  `Credit` decimal(18,2) NOT NULL DEFAULT '0.00',
  `RevCodde` int(11) NOT NULL,
  `subType` int(11) NOT NULL DEFAULT '1',
  `subCode` int(11) DEFAULT NULL,
  `isApproved` int(11) NOT NULL DEFAULT '0',
  `CreateBy` int(11) NOT NULL,
  `CreateDate` datetime NOT NULL,
  `UpdateBy` int(11) DEFAULT NULL,
  `UpdateDate` datetime DEFAULT NULL,
  `approvedBy` int(11) DEFAULT NULL,
  `approvedDate` datetime DEFAULT NULL,
  `isyearClosed` tinyint(1) NOT NULL DEFAULT '0',
  `status` int(11) NOT NULL DEFAULT '0' COMMENT '0 = non yet transfer to transation,  1 = Tranfer to transition'
) ENGINE=InnoDB DEFAULT CHARSET=utf8mb4;

-- --------------------------------------------------------

--
-- Table structure for table `activity_logs`
--

CREATE TABLE `activity_logs` (
  `activity_id` int(11) NOT NULL,
  `user_id` varchar(11) NOT NULL COMMENT 'for employee , it will save employee_id',
  `type` varchar(30) NOT NULL COMMENT 'ticket, employee, attendnace etc.',
  `action` varchar(15) NOT NULL COMMENT 'create, update, delete',
  `action_id` varchar(15) NOT NULL,
  `table_name` varchar(30) DEFAULT NULL,
  `slug` varchar(150) NOT NULL,
  `form_data` text,
  `create_date` datetime NOT NULL DEFAULT CURRENT_TIMESTAMP,
  `status` tinyint(1) NOT NULL DEFAULT '0' COMMENT '1=created, 2=updated, 3=deleted	'
) ENGINE=InnoDB DEFAULT CHARSET=utf8mb4;

-- --------------------------------------------------------

--
-- Table structure for table `app_setting`
--

CREATE TABLE `app_setting` (
  `id` int(11) NOT NULL,
  `localhserver` varchar(250) DEFAULT NULL,
  `onlineserver` varchar(250) DEFAULT NULL,
  `hotspot` varchar(250) DEFAULT NULL
) ENGINE=InnoDB DEFAULT CHARSET=utf8;

--
-- Dumping data for table `app_setting`
--

INSERT INTO `app_setting` (`id`, `localhserver`, `onlineserver`, `hotspot`) VALUES
(1, 'http://4slogisticsftwz.com/demo/crm', 'http://4slogisticsftwz.com/demo/crm', 'http://4slogisticsftwz.com/demo/crm');

-- --------------------------------------------------------

--
-- Table structure for table `attendance`
--

CREATE TABLE `attendance` (
  `att_id` int(11) NOT NULL,
  `employee_id` int(11) NOT NULL,
  `date` date NOT NULL,
  `sign_in` varchar(30) NOT NULL,
  `sign_out` varchar(30) NOT NULL,
  `staytime` varchar(30) NOT NULL
) ENGINE=InnoDB DEFAULT CHARSET=utf8;

-- --------------------------------------------------------

--
-- Table structure for table `bank_add`
--

CREATE TABLE `bank_add` (
  `id` int(11) NOT NULL,
  `bank_id` varchar(255) NOT NULL,
  `bank_name` varchar(255) NOT NULL,
  `ac_name` varchar(250) DEFAULT NULL,
  `ac_number` varchar(250) DEFAULT NULL,
  `branch` varchar(250) DEFAULT NULL,
  `signature_pic` varchar(250) DEFAULT NULL,
  `status` int(11) DEFAULT NULL
) ENGINE=InnoDB DEFAULT CHARSET=utf8;

-- --------------------------------------------------------

--
-- Table structure for table `closing_records`
--

CREATE TABLE `closing_records` (
  `id` int(11) NOT NULL,
  `head_code` bigint(20) DEFAULT NULL,
  `opening_balance` decimal(10,2) NOT NULL DEFAULT '0.00',
  `amount_in` decimal(10,2) NOT NULL DEFAULT '0.00',
  `amount_out` decimal(10,2) NOT NULL DEFAULT '0.00',
  `closign_balance` decimal(10,2) NOT NULL DEFAULT '0.00',
  `datetime` timestamp NOT NULL DEFAULT CURRENT_TIMESTAMP,
  `user_id` varchar(20) DEFAULT NULL,
  `status` int(11) DEFAULT NULL
) ENGINE=InnoDB DEFAULT CHARSET=utf8mb4;

-- --------------------------------------------------------

--
-- Table structure for table `company_information`
--

CREATE TABLE `company_information` (
  `company_id` varchar(250) NOT NULL,
  `company_name` varchar(50) NOT NULL,
  `email` varchar(50) NOT NULL,
  `address` text NOT NULL,
  `mobile` varchar(50) NOT NULL,
  `website` varchar(50) NOT NULL,
  `vat_no` varchar(50) DEFAULT NULL,
  `cr_no` varchar(50) DEFAULT NULL,
  `status` int(11) NOT NULL
) ENGINE=InnoDB DEFAULT CHARSET=utf8;

--
-- Dumping data for table `company_information`
--

INSERT INTO `company_information` (`company_id`, `company_name`, `email`, `address`, `mobile`, `website`, `vat_no`, `cr_no`, `status`) VALUES
('1', 'Demo Company', 'demo@mail.com', 'Company Demo Address', '123456', 'https://www.demo.com/', '', '', 1);

-- --------------------------------------------------------

--
-- Table structure for table `currency_tbl`
--

CREATE TABLE `currency_tbl` (
  `id` int(11) NOT NULL,
  `currency_name` varchar(50) NOT NULL,
  `icon` text NOT NULL
) ENGINE=InnoDB DEFAULT CHARSET=utf8;

--
-- Dumping data for table `currency_tbl`
--

INSERT INTO `currency_tbl` (`id`, `currency_name`, `icon`) VALUES
(2, 'USD', '$');

-- --------------------------------------------------------

--
-- Table structure for table `customer_information`
--

CREATE TABLE `customer_information` (
  `customer_id` bigint(20) NOT NULL,
  `customer_name` varchar(255) DEFAULT NULL,
  `customer_address` varchar(255) DEFAULT NULL,
  `address2` text NOT NULL,
  `customer_mobile` varchar(100) DEFAULT NULL,
  `customer_email` varchar(100) DEFAULT NULL,
  `email_address` varchar(200) DEFAULT NULL,
  `contact` varchar(100) DEFAULT NULL,
  `phone` varchar(50) DEFAULT NULL,
  `fax` varchar(100) DEFAULT NULL,
  `city` text,
  `state` text,
  `zip` varchar(50) DEFAULT NULL,
  `country` varchar(250) DEFAULT NULL,
  `status` int(11) NOT NULL COMMENT '1=paid,2=credit',
  `create_date` timestamp NOT NULL DEFAULT CURRENT_TIMESTAMP,
  `create_by` varchar(30) DEFAULT NULL
) ENGINE=MyISAM DEFAULT CHARSET=utf8;

-- --------------------------------------------------------

--
-- Table structure for table `daily_banking_add`
--

CREATE TABLE `daily_banking_add` (
  `banking_id` varchar(255) NOT NULL,
  `date` datetime DEFAULT NULL,
  `bank_id` varchar(100) DEFAULT NULL,
  `deposit_type` varchar(255) DEFAULT NULL,
  `transaction_type` varchar(255) DEFAULT NULL,
  `description` text,
  `amount` int(11) DEFAULT NULL,
  `status` int(11) DEFAULT NULL
) ENGINE=InnoDB DEFAULT CHARSET=utf8;

-- --------------------------------------------------------

--
-- Table structure for table `daily_closing`
--

CREATE TABLE `daily_closing` (
  `closing_id` int(11) NOT NULL,
  `last_day_closing` float NOT NULL,
  `cash_in` float NOT NULL,
  `cash_out` float NOT NULL,
  `date` varchar(250) NOT NULL,
  `amount` float NOT NULL,
  `adjustment` float DEFAULT NULL,
  `status` int(11) NOT NULL
) ENGINE=InnoDB DEFAULT CHARSET=utf8;

-- --------------------------------------------------------

--
-- Table structure for table `designation`
--

CREATE TABLE `designation` (
  `id` int(11) NOT NULL,
  `designation` varchar(150) NOT NULL,
  `details` text NOT NULL
) ENGINE=InnoDB DEFAULT CHARSET=utf8;

--
-- Dumping data for table `designation`
--

INSERT INTO `designation` (`id`, `designation`, `details`) VALUES
(1, 'sales man', '');

-- --------------------------------------------------------

--
-- Table structure for table `email_config`
--

CREATE TABLE `email_config` (
  `id` int(11) NOT NULL,
  `protocol` text NOT NULL,
  `smtp_host` text NOT NULL,
  `smtp_port` text NOT NULL,
  `smtp_user` varchar(35) NOT NULL,
  `smtp_pass` varchar(35) NOT NULL,
  `mailtype` varchar(30) DEFAULT NULL,
  `isinvoice` tinyint(4) NOT NULL,
  `isservice` tinyint(4) NOT NULL,
  `isquotation` tinyint(4) NOT NULL
) ENGINE=InnoDB DEFAULT CHARSET=utf8;

--
-- Dumping data for table `email_config`
--

INSERT INTO `email_config` (`id`, `protocol`, `smtp_host`, `smtp_port`, `smtp_user`, `smtp_pass`, `mailtype`, `isinvoice`, `isservice`, `isquotation`) VALUES
(1, 'ssmtp', 'ssl://ssmtp.gmail.com', '25', 'info@eholol.com', 'demo123456', 'html', 0, 0, 0);

-- --------------------------------------------------------

--
-- Table structure for table `employee_history`
--

CREATE TABLE `employee_history` (
  `id` int(11) NOT NULL,
  `first_name` varchar(50) NOT NULL,
  `last_name` varchar(50) NOT NULL,
  `designation` varchar(100) NOT NULL,
  `phone` varchar(50) NOT NULL,
  `rate_type` int(11) NOT NULL,
  `hrate` float NOT NULL,
  `email` varchar(50) NOT NULL,
  `blood_group` varchar(10) NOT NULL,
  `address_line_1` text NOT NULL,
  `address_line_2` text NOT NULL,
  `image` text,
  `country` varchar(50) NOT NULL,
  `city` varchar(50) NOT NULL,
  `zip` varchar(50) NOT NULL
) ENGINE=InnoDB DEFAULT CHARSET=utf8;

-- --------------------------------------------------------

--
-- Table structure for table `employee_salary_payment`
--

CREATE TABLE `employee_salary_payment` (
  `emp_sal_pay_id` int(11) NOT NULL,
  `generate_id` int(11) NOT NULL,
  `employee_id` varchar(50) CHARACTER SET latin1 NOT NULL,
  `total_salary` decimal(18,2) NOT NULL DEFAULT '0.00',
  `total_working_minutes` varchar(50) CHARACTER SET latin1 NOT NULL,
  `working_period` varchar(50) CHARACTER SET latin1 NOT NULL,
  `payment_due` varchar(50) CHARACTER SET latin1 NOT NULL,
  `payment_date` varchar(50) CHARACTER SET latin1 NOT NULL,
  `salary_name` varchar(100) DEFAULT NULL,
  `payment_type` int(11) DEFAULT NULL,
  `bank_name` varchar(255) DEFAULT NULL,
  `paid_by` varchar(50) CHARACTER SET latin1 NOT NULL,
  `salary_month` varchar(70) DEFAULT NULL
) ENGINE=InnoDB DEFAULT CHARSET=utf8;

-- --------------------------------------------------------

--
-- Table structure for table `employee_salary_setup`
--

CREATE TABLE `employee_salary_setup` (
  `e_s_s_id` int(10) UNSIGNED NOT NULL,
  `employee_id` varchar(30) CHARACTER SET latin1 NOT NULL,
  `sal_type` varchar(30) NOT NULL,
  `salary_type_id` varchar(30) CHARACTER SET latin1 NOT NULL,
  `amount` decimal(12,2) NOT NULL DEFAULT '0.00',
  `is_percentage` int(11) DEFAULT NULL COMMENT 'all amount will add or deduct on percent if true ',
  `create_date` date DEFAULT NULL,
  `update_date` datetime(6) DEFAULT NULL,
  `update_id` varchar(30) CHARACTER SET latin1 NOT NULL,
  `gross_salary` float NOT NULL
) ENGINE=InnoDB DEFAULT CHARSET=utf8;

-- --------------------------------------------------------

--
-- Table structure for table `expense`
--

CREATE TABLE `expense` (
  `id` int(11) NOT NULL,
  `date` date NOT NULL,
  `type` varchar(100) NOT NULL,
  `voucher_no` varchar(50) NOT NULL,
  `amount` float NOT NULL
) ENGINE=InnoDB DEFAULT CHARSET=utf8;

-- --------------------------------------------------------

--
-- Table structure for table `expense_item`
--

CREATE TABLE `expense_item` (
  `id` int(11) NOT NULL,
  `expense_item_name` varchar(200) NOT NULL
) ENGINE=InnoDB DEFAULT CHARSET=utf8;

-- --------------------------------------------------------

--
-- Table structure for table `financial_year`
--

CREATE TABLE `financial_year` (
  `id` int(11) NOT NULL,
  `yearName` varchar(30) NOT NULL,
  `startDate` date NOT NULL,
  `endDate` date NOT NULL,
  `isCloseReq` tinyint(1) NOT NULL DEFAULT '0',
  `status` tinyint(1) NOT NULL DEFAULT '2' COMMENT '1=active, 0=closed, 2=pending',
  `created_by` int(6) NOT NULL,
  `created_date` datetime NOT NULL DEFAULT CURRENT_TIMESTAMP,
  `updated_by` int(6) DEFAULT NULL,
  `updated_date` datetime DEFAULT NULL
) ENGINE=InnoDB DEFAULT CHARSET=utf8;

-- --------------------------------------------------------

--
-- Table structure for table `gmb_salary_advance`
--

CREATE TABLE `gmb_salary_advance` (
  `id` int(11) NOT NULL,
  `employee_id` int(50) NOT NULL,
  `salary_month` varchar(50) NOT NULL COMMENT 'for the month advance will be deducted',
  `amount` decimal(11,0) NOT NULL,
  `release_amount` decimal(11,0) DEFAULT '0',
  `paid` tinyint(4) NOT NULL DEFAULT '0' COMMENT 'paid_to_employee',
  `CreateDate` date NOT NULL,
  `CreateBy` int(11) NOT NULL,
  `UpdateDate` date DEFAULT NULL,
  `UpdateBy` int(11) DEFAULT NULL
) ENGINE=InnoDB DEFAULT CHARSET=utf8mb4;

-- --------------------------------------------------------

--
-- Table structure for table `gmb_salary_generate`
--

CREATE TABLE `gmb_salary_generate` (
  `id` int(11) NOT NULL,
  `sal_month_year` varchar(50) NOT NULL,
  `employee_id` varchar(11) NOT NULL,
  `tin_no` int(50) DEFAULT NULL COMMENT 'TIN No',
  `total_attendance` varchar(11) DEFAULT NULL COMMENT 'tagret_hours / days',
  `total_count` varchar(11) DEFAULT NULL COMMENT 'weorked_hours / days',
  `atten_allowance` decimal(11,2) DEFAULT NULL COMMENT 'based on taget hours / days',
  `gross` decimal(11,2) NOT NULL COMMENT 'from employee_file table',
  `basic` decimal(11,2) NOT NULL COMMENT 'from employee_file table',
  `transport` decimal(11,2) NOT NULL,
  `house_rent` decimal(11,2) DEFAULT NULL,
  `medical` decimal(11,2) DEFAULT NULL,
  `other_allowance` decimal(11,2) DEFAULT NULL,
  `gross_salary` decimal(11,2) NOT NULL COMMENT 'after adding all allowance with basic',
  `income_tax` decimal(11,2) DEFAULT NULL COMMENT 'from employee_file table it will convert to amount',
  `soc_sec_npf_tax` decimal(11,2) DEFAULT NULL COMMENT 'from employee_file table it will convert to amount',
  `employer_contribution` decimal(11,2) DEFAULT NULL COMMENT '10 % of basic if there soc.sec.tax available ',
  `icf_amount` decimal(11,0) NOT NULL COMMENT 'Id social security tax available',
  `loan_deduct` decimal(11,2) DEFAULT NULL,
  `loan_id` int(11) DEFAULT NULL COMMENT 'From grand_loan table',
  `salary_advance` decimal(11,2) DEFAULT NULL,
  `salary_adv_id` int(11) DEFAULT NULL COMMENT 'From gmb_salary_advance table',
  `lwp` decimal(11,2) DEFAULT NULL COMMENT 'leave without pay	',
  `pf` decimal(11,2) DEFAULT NULL COMMENT 'providend fund',
  `stamp` decimal(11,2) DEFAULT NULL COMMENT 'deduct type',
  `net_salary` decimal(11,2) DEFAULT NULL COMMENT 'after deduct net amount from gross salary',
  `createDate` date DEFAULT NULL,
  `createBy` varchar(11) NOT NULL,
  `updateDate` date DEFAULT NULL,
  `updateBy` varchar(11) DEFAULT NULL,
  `medical_benefit` decimal(11,2) DEFAULT NULL,
  `family_benefit` decimal(11,2) DEFAULT NULL,
  `transportation_benefit` decimal(11,2) DEFAULT NULL,
  `other_benefit` decimal(11,2) DEFAULT NULL,
  `normal_working_hrs_month` decimal(20,2) DEFAULT NULL,
  `actual_working_hrs_month` decimal(20,2) DEFAULT NULL,
  `hourly_rate_basic` decimal(20,2) DEFAULT NULL,
  `hourly_rate_trasport_allowance` decimal(20,2) DEFAULT NULL,
  `basic_salary_pro_rated` decimal(20,2) DEFAULT NULL,
  `transport_allowance_pro_rated` decimal(20,2) DEFAULT NULL,
  `basic_transport_allowance` decimal(20,2) DEFAULT NULL
) ENGINE=InnoDB DEFAULT CHARSET=utf8mb4;

-- --------------------------------------------------------

--
-- Table structure for table `gmb_salary_sheet_generate`
--

CREATE TABLE `gmb_salary_sheet_generate` (
  `ssg_id` int(11) NOT NULL,
  `name` varchar(30) NOT NULL,
  `gdate` varchar(30) DEFAULT NULL,
  `start_date` varchar(30) NOT NULL,
  `end_date` varchar(30) NOT NULL,
  `generate_by` varchar(30) NOT NULL COMMENT 'user_id',
  `approved` tinyint(1) DEFAULT '0' COMMENT '1 = approved, 0= not approved',
  `approved_by` varchar(20) DEFAULT NULL,
  `approved_date` date DEFAULT NULL
) ENGINE=InnoDB DEFAULT CHARSET=utf8mb4;

-- --------------------------------------------------------

--
